Sep 01 02:06:03 devstack cinder-volume[87389]: DEBUG cinder.volume.drivers.remotefs [None req-77ff7059-5de5-4ec2-b5c3-8c87ebcd12aa tempest-VolumeSnapshotQuotasNegativeTestJSON-2039535061 None] Creating offline snapshot 9d498629-9769-46a7-959e-22131f858a23 of volume dc3631a0-5804-489c-a8e0-a294b629bd64 {{(pid=87389) _create_snapshot /opt/stack/cinder/cinder/volume/drivers/remotefs.py:1816}}
Sep 01 02:06:03 devstack cinder-volume[87389]: DEBUG oslo.privsep.daemon [-] privsep: reply[58fca932-30d9-4543-8904-afcd7d31bf0b]: (4, 'qcow2') {{(pid=88409) _call_back /opt/stack/data/venv/lib/python3.12/site-packages/oslo_privsep/daemon.py:580}}
Sep 01 02:06:03 devstack cinder-volume[87389]: DEBUG oslo_concurrency.processutils [None req-77ff7059-5de5-4ec2-b5c3-8c87ebcd12aa tempest-VolumeSnapshotQuotasNegativeTestJSON-2039535061 None] Running cmd (subprocess): /opt/stack/data/venv/bin/python3.12 -m oslo_concurrency.prlimit --as=1073741824 --cpu=60 -- sudo cinder-rootwrap /etc/cinder/rootwrap.conf env LC_ALL=C qemu-img info -f qcow2 --output=json --force-share /opt/stack/data/cinder/mnt/aba79c69aa3972c2fcfe29b1e940baf0/volume-dc3631a0-5804-489c-a8e0-a294b629bd64 {{(pid=87389) execute /opt/stack/data/venv/lib/python3.12/site-packages/oslo_concurrency/processutils.py:440}}
Sep 01 02:06:04 devstack sudo[92090]: quobyte : PWD=/ ; USER=root ; COMMAND=/opt/stack/data/venv/bin/cinder-rootwrap /etc/cinder/rootwrap.conf env LC_ALL=C qemu-img info -f qcow2 --output=json --force-share /opt/stack/data/cinder/mnt/aba79c69aa3972c2fcfe29b1e940baf0/volume-dc3631a0-5804-489c-a8e0-a294b629bd64
Sep 01 02:06:04 devstack sudo[92090]: pam_unix(sudo:session): session opened for user root(uid=0) by (uid=1000)
Sep 01 02:06:04 devstack sudo[92090]: pam_unix(sudo:session): session closed for user root
Sep 01 02:06:04 devstack cinder-volume[87389]: DEBUG oslo_concurrency.processutils [None req-77ff7059-5de5-4ec2-b5c3-8c87ebcd12aa tempest-VolumeSnapshotQuotasNegativeTestJSON-2039535061 None] CMD "/opt/stack/data/venv/bin/python3.12 -m oslo_concurrency.prlimit --as=1073741824 --cpu=60 -- sudo cinder-rootwrap /etc/cinder/rootwrap.conf env LC_ALL=C qemu-img info -f qcow2 --output=json --force-share /opt/stack/data/cinder/mnt/aba79c69aa3972c2fcfe29b1e940baf0/volume-dc3631a0-5804-489c-a8e0-a294b629bd64" returned: 0 in 0.478s {{(pid=87389) execute /opt/stack/data/venv/lib/python3.12/site-packages/oslo_concurrency/processutils.py:468}}
Sep 01 02:06:04 devstack cinder-volume[87389]: DEBUG oslo_concurrency.processutils [None req-77ff7059-5de5-4ec2-b5c3-8c87ebcd12aa tempest-VolumeSnapshotQuotasNegativeTestJSON-2039535061 None] Running cmd (subprocess): sudo cinder-rootwrap /etc/cinder/rootwrap.conf qemu-img create -f qcow2 -o backing_file=/opt/stack/data/cinder/mnt/aba79c69aa3972c2fcfe29b1e940baf0/volume-dc3631a0-5804-489c-a8e0-a294b629bd64,backing_fmt=qcow2 /opt/stack/data/cinder/mnt/aba79c69aa3972c2fcfe29b1e940baf0/volume-dc3631a0-5804-489c-a8e0-a294b629bd64.9d498629-9769-46a7-959e-22131f858a23 1G {{(pid=87389) execute /opt/stack/data/venv/lib/python3.12/site-packages/oslo_concurrency/processutils.py:440}}
Sep 01 02:06:04 devstack sudo[92106]: quobyte : PWD=/ ; USER=root ; COMMAND=/opt/stack/data/venv/bin/cinder-rootwrap /etc/cinder/rootwrap.conf qemu-img create -f qcow2 -o backing_file=/opt/stack/data/cinder/mnt/aba79c69aa3972c2fcfe29b1e940baf0/volume-dc3631a0-5804-489c-a8e0-a294b629bd64,backing_fmt=qcow2 /opt/stack/data/cinder/mnt/aba79c69aa3972c2fcfe29b1e940baf0/volume-dc3631a0-5804-489c-a8e0-a294b629bd64.9d498629-9769-46a7-959e-22131f858a23 1G
Sep 01 02:06:04 devstack sudo[92106]: pam_unix(sudo:session): session opened for user root(uid=0) by (uid=1000)
Sep 01 02:06:05 devstack sudo[92106]: pam_unix(sudo:session): session closed for user root
Sep 01 02:06:05 devstack cinder-volume[87389]: DEBUG oslo_concurrency.processutils [None req-77ff7059-5de5-4ec2-b5c3-8c87ebcd12aa tempest-VolumeSnapshotQuotasNegativeTestJSON-2039535061 None] CMD "sudo cinder-rootwrap /etc/cinder/rootwrap.conf qemu-img create -f qcow2 -o backing_file=/opt/stack/data/cinder/mnt/aba79c69aa3972c2fcfe29b1e940baf0/volume-dc3631a0-5804-489c-a8e0-a294b629bd64,backing_fmt=qcow2 /opt/stack/data/cinder/mnt/aba79c69aa3972c2fcfe29b1e940baf0/volume-dc3631a0-5804-489c-a8e0-a294b629bd64.9d498629-9769-46a7-959e-22131f858a23 1G" returned: 0 in 0.619s {{(pid=87389) execute /opt/stack/data/venv/lib/python3.12/site-packages/oslo_concurrency/processutils.py:468}}
Sep 01 02:06:05 devstack cinder-volume[87389]: DEBUG oslo_concurrency.processutils [None req-77ff7059-5de5-4ec2-b5c3-8c87ebcd12aa tempest-VolumeSnapshotQuotasNegativeTestJSON-2039535061 None] Running cmd (subprocess): sudo cinder-rootwrap /etc/cinder/rootwrap.conf qemu-img rebase -u -b volume-dc3631a0-5804-489c-a8e0-a294b629bd64 -F qcow2 /opt/stack/data/cinder/mnt/aba79c69aa3972c2fcfe29b1e940baf0/volume-dc3631a0-5804-489c-a8e0-a294b629bd64.9d498629-9769-46a7-959e-22131f858a23 {{(pid=87389) execute /opt/stack/data/venv/lib/python3.12/site-packages/oslo_concurrency/processutils.py:440}}
Sep 01 02:06:05 devstack sudo[92114]: quobyte : PWD=/ ; USER=root ; COMMAND=/opt/stack/data/venv/bin/cinder-rootwrap /etc/cinder/rootwrap.conf qemu-img rebase -u -b volume-dc3631a0-5804-489c-a8e0-a294b629bd64 -F qcow2 /opt/stack/data/cinder/mnt/aba79c69aa3972c2fcfe29b1e940baf0/volume-dc3631a0-5804-489c-a8e0-a294b629bd64.9d498629-9769-46a7-959e-22131f858a23
Sep 01 02:06:05 devstack sudo[92114]: pam_unix(sudo:session): session opened for user root(uid=0) by (uid=1000)
Sep 01 02:06:05 devstack sudo[92114]: pam_unix(sudo:session): session closed for user root
Sep 01 02:06:05 devstack cinder-volume[87389]: DEBUG oslo_concurrency.processutils [None req-77ff7059-5de5-4ec2-b5c3-8c87ebcd12aa tempest-VolumeSnapshotQuotasNegativeTestJSON-2039535061 None] CMD "sudo cinder-rootwrap /etc/cinder/rootwrap.conf qemu-img rebase -u -b volume-dc3631a0-5804-489c-a8e0-a294b629bd64 -F qcow2 /opt/stack/data/cinder/mnt/aba79c69aa3972c2fcfe29b1e940baf0/volume-dc3631a0-5804-489c-a8e0-a294b629bd64.9d498629-9769-46a7-959e-22131f858a23" returned: 0 in 0.339s {{(pid=87389) execute /opt/stack/data/venv/lib/python3.12/site-packages/oslo_concurrency/processutils.py:468}}
Sep 01 02:06:05 devstack cinder-volume[87389]: WARNING cinder.volume.drivers.remotefs [None req-77ff7059-5de5-4ec2-b5c3-8c87ebcd12aa tempest-VolumeSnapshotQuotasNegativeTestJSON-2039535061 None] /opt/stack/data/cinder/mnt/aba79c69aa3972c2fcfe29b1e940baf0/volume-dc3631a0-5804-489c-a8e0-a294b629bd64.9d498629-9769-46a7-959e-22131f858a23 is being set with open permissions: ugo+rw
Sep 01 02:06:05 devstack cinder-volume[87389]: DEBUG oslo_concurrency.processutils [None req-77ff7059-5de5-4ec2-b5c3-8c87ebcd12aa tempest-VolumeSnapshotQuotasNegativeTestJSON-2039535061 None] Running cmd (subprocess): sudo cinder-rootwrap /etc/cinder/rootwrap.conf chmod ugo+rw /opt/stack/data/cinder/mnt/aba79c69aa3972c2fcfe29b1e940baf0/volume-dc3631a0-5804-489c-a8e0-a294b629bd64.9d498629-9769-46a7-959e-22131f858a23 {{(pid=87389) execute /opt/stack/data/venv/lib/python3.12/site-packages/oslo_concurrency/processutils.py:440}}
Sep 01 02:06:05 devstack sudo[92119]: quobyte : PWD=/ ; USER=root ; COMMAND=/opt/stack/data/venv/bin/cinder-rootwrap /etc/cinder/rootwrap.conf chmod ugo+rw /opt/stack/data/cinder/mnt/aba79c69aa3972c2fcfe29b1e940baf0/volume-dc3631a0-5804-489c-a8e0-a294b629bd64.9d498629-9769-46a7-959e-22131f858a23
Sep 01 02:06:05 devstack sudo[92119]: pam_unix(sudo:session): session opened for user root(uid=0) by (uid=1000)
Sep 01 02:06:05 devstack sudo[92119]: pam_unix(sudo:session): session closed for user root
Sep 01 02:06:05 devstack cinder-volume[87389]: DEBUG oslo_concurrency.processutils [None req-77ff7059-5de5-4ec2-b5c3-8c87ebcd12aa tempest-VolumeSnapshotQuotasNegativeTestJSON-2039535061 None] CMD "sudo cinder-rootwrap /etc/cinder/rootwrap.conf chmod ugo+rw /opt/stack/data/cinder/mnt/aba79c69aa3972c2fcfe29b1e940baf0/volume-dc3631a0-5804-489c-a8e0-a294b629bd64.9d498629-9769-46a7-959e-22131f858a23" returned: 0 in 0.291s {{(pid=87389) execute /opt/stack/data/venv/lib/python3.12/site-packages/oslo_concurrency/processutils.py:468}}
Sep 01 02:06:05 devstack cinder-volume[87389]: DEBUG oslo_concurrency.processutils [None req-77ff7059-5de5-4ec2-b5c3-8c87ebcd12aa tempest-VolumeSnapshotQuotasNegativeTestJSON-2039535061 None] Running cmd (subprocess): sudo cinder-rootwrap /etc/cinder/rootwrap.conf truncate -s0 /opt/stack/data/cinder/mnt/aba79c69aa3972c2fcfe29b1e940baf0/volume-dc3631a0-5804-489c-a8e0-a294b629bd64.info {{(pid=87389) execute /opt/stack/data/venv/lib/python3.12/site-packages/oslo_concurrency/processutils.py:440}}
Sep 01 02:06:05 devstack sudo[92122]: quobyte : PWD=/ ; USER=root ; COMMAND=/opt/stack/data/venv/bin/cinder-rootwrap /etc/cinder/rootwrap.conf truncate -s0 /opt/stack/data/cinder/mnt/aba79c69aa3972c2fcfe29b1e940baf0/volume-dc3631a0-5804-489c-a8e0-a294b629bd64.info
Sep 01 02:06:05 devstack sudo[92122]: pam_unix(sudo:session): session opened for user root(uid=0) by (uid=1000)
Sep 01 02:06:06 devstack sudo[92122]: pam_unix(sudo:session): session closed for user root
Sep 01 02:06:06 devstack cinder-volume[87389]: DEBUG oslo_concurrency.processutils [None req-77ff7059-5de5-4ec2-b5c3-8c87ebcd12aa tempest-VolumeSnapshotQuotasNegativeTestJSON-2039535061 None] CMD "sudo cinder-rootwrap /etc/cinder/rootwrap.conf truncate -s0 /opt/stack/data/cinder/mnt/aba79c69aa3972c2fcfe29b1e940baf0/volume-dc3631a0-5804-489c-a8e0-a294b629bd64.info" returned: 0 in 0.353s {{(pid=87389) execute /opt/stack/data/venv/lib/python3.12/site-packages/oslo_concurrency/processutils.py:468}}
Sep 01 02:06:06 devstack cinder-volume[87389]: WARNING cinder.volume.drivers.remotefs [None req-77ff7059-5de5-4ec2-b5c3-8c87ebcd12aa tempest-VolumeSnapshotQuotasNegativeTestJSON-2039535061 None] /opt/stack/data/cinder/mnt/aba79c69aa3972c2fcfe29b1e940baf0/volume-dc3631a0-5804-489c-a8e0-a294b629bd64.info is being set with open permissions: ugo+rw
Sep 01 02:06:06 devstack cinder-volume[87389]: DEBUG oslo_concurrency.processutils [None req-77ff7059-5de5-4ec2-b5c3-8c87ebcd12aa tempest-VolumeSnapshotQuotasNegativeTestJSON-2039535061 None] Running cmd (subprocess): sudo cinder-rootwrap /etc/cinder/rootwrap.conf chmod ugo+rw /opt/stack/data/cinder/mnt/aba79c69aa3972c2fcfe29b1e940baf0/volume-dc3631a0-5804-489c-a8e0-a294b629bd64.info {{(pid=87389) execute /opt/stack/data/venv/lib/python3.12/site-packages/oslo_concurrency/processutils.py:440}}
Sep 01 02:06:06 devstack sudo[92126]: quobyte : PWD=/ ; USER=root ; COMMAND=/opt/stack/data/venv/bin/cinder-rootwrap /etc/cinder/rootwrap.conf chmod ugo+rw /opt/stack/data/cinder/mnt/aba79c69aa3972c2fcfe29b1e940baf0/volume-dc3631a0-5804-489c-a8e0-a294b629bd64.info
Sep 01 02:06:06 devstack sudo[92126]: pam_unix(sudo:session): session opened for user root(uid=0) by (uid=1000)
Sep 01 02:06:06 devstack sudo[92126]: pam_unix(sudo:session): session closed for user root
Sep 01 02:06:06 devstack cinder-volume[87389]: DEBUG oslo_concurrency.processutils [None req-77ff7059-5de5-4ec2-b5c3-8c87ebcd12aa tempest-VolumeSnapshotQuotasNegativeTestJSON-2039535061 None] CMD "sudo cinder-rootwrap /etc/cinder/rootwrap.conf chmod ugo+rw /opt/stack/data/cinder/mnt/aba79c69aa3972c2fcfe29b1e940baf0/volume-dc3631a0-5804-489c-a8e0-a294b629bd64.info" returned: 0 in 0.318s {{(pid=87389) execute /opt/stack/data/venv/lib/python3.12/site-packages/oslo_concurrency/processutils.py:468}}
Sep 01 02:06:06 devstack cinder-volume[87389]: DEBUG oslo_concurrency.lockutils [None req-77ff7059-5de5-4ec2-b5c3-8c87ebcd12aa tempest-VolumeSnapshotQuotasNegativeTestJSON-2039535061 None] Lock "quobyte" "released" by "cinder.volume.drivers.quobyte.QuobyteDriver.create_snapshot" :: held 2.516s {{(pid=87389) inner /opt/stack/data/venv/lib/python3.12/site-packages/oslo_concurrency/lockutils.py:544}}
Sep 01 02:06:06 devstack cinder-volume[87389]: INFO cinder.volume.manager [None req-77ff7059-5de5-4ec2-b5c3-8c87ebcd12aa tempest-VolumeSnapshotQuotasNegativeTestJSON-2039535061 None] Create snapshot completed successfully
Sep 01 02:06:08 devstack cinder-volume[87389]: DEBUG cinder.coordination [None req-f63f1799-387d-477b-8d6d-bbffdf15431c tempest-VolumeSnapshotQuotasNegativeTestJSON-2039535061 None] Acquiring lock "cinder-9d498629-9769-46a7-959e-22131f858a23-delete_snapshot" by "delete_snapshot" {{(pid=87389) __acquire /opt/stack/cinder/cinder/coordination.py:138}}
Sep 01 02:06:08 devstack cinder-volume[87389]: DEBUG cinder.coordination [None req-f63f1799-387d-477b-8d6d-bbffdf15431c tempest-VolumeSnapshotQuotasNegativeTestJSON-2039535061 None] Lock "cinder-9d498629-9769-46a7-959e-22131f858a23-delete_snapshot" acquired by "delete_snapshot" :: waited 0.025s {{(pid=87389) __acquire /opt/stack/cinder/cinder/coordination.py:141}}
Sep 01 02:06:08 devstack cinder-volume[87389]: DEBUG cinder.coordination [None req-f63f1799-387d-477b-8d6d-bbffdf15431c tempest-VolumeSnapshotQuotasNegativeTestJSON-2039535061 None] Acquiring lock "cinder-quobyte-dc3631a0-5804-489c-a8e0-a294b629bd64" by "delete_snapshot" {{(pid=87389) __acquire /opt/stack/cinder/cinder/coordination.py:138}}
Sep 01 02:06:08 devstack cinder-volume[87389]: DEBUG cinder.coordination [None req-f63f1799-387d-477b-8d6d-bbffdf15431c tempest-VolumeSnapshotQuotasNegativeTestJSON-2039535061 None] Lock "cinder-quobyte-dc3631a0-5804-489c-a8e0-a294b629bd64" acquired by "delete_snapshot" :: waited 0.019s {{(pid=87389) __acquire /opt/stack/cinder/cinder/coordination.py:141}}
Sep 01 02:06:08 devstack cinder-volume[87389]: DEBUG cinder.coordination [None req-f63f1799-387d-477b-8d6d-bbffdf15431c tempest-VolumeSnapshotQuotasNegativeTestJSON-2039535061 None] Acquiring lock "cinder-quobyte-9d498629-9769-46a7-959e-22131f858a23" by "_delete_snapshot" {{(pid=87389) __acquire /opt/stack/cinder/cinder/coordination.py:138}}
Sep 01 02:06:08 devstack cinder-volume[87389]: DEBUG cinder.coordination [None req-f63f1799-387d-477b-8d6d-bbffdf15431c tempest-VolumeSnapshotQuotasNegativeTestJSON-2039535061 None] Lock "cinder-quobyte-9d498629-9769-46a7-959e-22131f858a23" acquired by "_delete_snapshot" :: waited 0.022s {{(pid=87389) __acquire /opt/stack/cinder/cinder/coordination.py:141}}
Sep 01 02:06:08 devstack cinder-volume[87389]: DEBUG cinder.volume.drivers.remotefs [None req-f63f1799-387d-477b-8d6d-bbffdf15431c tempest-VolumeSnapshotQuotasNegativeTestJSON-2039535061 None] Deleting offline snapshot 9d498629-9769-46a7-959e-22131f858a23 of volume dc3631a0-5804-489c-a8e0-a294b629bd64 {{(pid=87389) _delete_snapshot /opt/stack/cinder/cinder/volume/drivers/remotefs.py:1288}}
Sep 01 02:06:08 devstack cinder-volume[87389]: DEBUG cinder.volume.drivers.remotefs [None req-f63f1799-387d-477b-8d6d-bbffdf15431c tempest-VolumeSnapshotQuotasNegativeTestJSON-2039535061 None] snapshot_file for this snap is: volume-dc3631a0-5804-489c-a8e0-a294b629bd64.9d498629-9769-46a7-959e-22131f858a23 {{(pid=87389) _delete_snapshot /opt/stack/cinder/cinder/volume/drivers/remotefs.py:1317}}
Sep 01 02:06:08 devstack cinder-volume[87389]: DEBUG oslo.privsep.daemon [-] privsep: reply[9091773b-1af3-4cbb-95fd-b62e343dbb3b]: (4, 'qcow2') {{(pid=88409) _call_back /opt/stack/data/venv/lib/python3.12/site-packages/oslo_privsep/daemon.py:580}}
Sep 01 02:06:08 devstack cinder-volume[87389]: DEBUG oslo_concurrency.processutils [None req-f63f1799-387d-477b-8d6d-bbffdf15431c tempest-VolumeSnapshotQuotasNegativeTestJSON-2039535061 None] Running cmd (subprocess): /opt/stack/data/venv/bin/python3.12 -m oslo_concurrency.prlimit --as=1073741824 --cpu=60 -- sudo cinder-rootwrap /etc/cinder/rootwrap.conf env LC_ALL=C qemu-img info -f qcow2 --output=json --force-share /opt/stack/data/cinder/mnt/aba79c69aa3972c2fcfe29b1e940baf0/volume-dc3631a0-5804-489c-a8e0-a294b629bd64.9d498629-9769-46a7-959e-22131f858a23 {{(pid=87389) execute /opt/stack/data/venv/lib/python3.12/site-packages/oslo_concurrency/processutils.py:440}}
Sep 01 02:06:08 devstack sudo[92196]: quobyte : PWD=/ ; USER=root ; COMMAND=/opt/stack/data/venv/bin/cinder-rootwrap /etc/cinder/rootwrap.conf env LC_ALL=C qemu-img info -f qcow2 --output=json --force-share /opt/stack/data/cinder/mnt/aba79c69aa3972c2fcfe29b1e940baf0/volume-dc3631a0-5804-489c-a8e0-a294b629bd64.9d498629-9769-46a7-959e-22131f858a23
Sep 01 02:06:08 devstack sudo[92196]: pam_unix(sudo:session): session opened for user root(uid=0) by (uid=1000)
Sep 01 02:06:08 devstack sudo[92196]: pam_unix(sudo:session): session closed for user root
Sep 01 02:06:08 devstack cinder-volume[87389]: DEBUG oslo_concurrency.processutils [None req-f63f1799-387d-477b-8d6d-bbffdf15431c tempest-VolumeSnapshotQuotasNegativeTestJSON-2039535061 None] CMD "/opt/stack/data/venv/bin/python3.12 -m oslo_concurrency.prlimit --as=1073741824 --cpu=60 -- sudo cinder-rootwrap /etc/cinder/rootwrap.conf env LC_ALL=C qemu-img info -f qcow2 --output=json --force-share /opt/stack/data/cinder/mnt/aba79c69aa3972c2fcfe29b1e940baf0/volume-dc3631a0-5804-489c-a8e0-a294b629bd64.9d498629-9769-46a7-959e-22131f858a23" returned: 0 in 0.615s {{(pid=87389) execute /opt/stack/data/venv/lib/python3.12/site-packages/oslo_concurrency/processutils.py:468}}
Sep 01 02:06:08 devstack cinder-volume[87389]: DEBUG cinder.volume.drivers.remotefs [None req-f63f1799-387d-477b-8d6d-bbffdf15431c tempest-VolumeSnapshotQuotasNegativeTestJSON-2039535061 None] Fetching qemu-img info with special backing_file_template: (/opt/stack/data/cinder/mnt/[0-9a-f]+/)?(volume-dc3631a0-5804-489c-a8e0-a294b629bd64(.(tmp-snap-)?[0-9a-f-]+)?|volume_from_snapshot_cache/(tmp-snap-)?[0-9a-f-]+(.(child-|parent-)[0-9a-f-]+)?)$ {{(pid=87389) _qemu_img_info_base /opt/stack/cinder/cinder/volume/drivers/remotefs.py:896}}
Sep 01 02:06:08 devstack cinder-volume[87389]: DEBUG oslo.privsep.daemon [-] privsep: reply[769c49c0-e219-42a5-95ad-191e5645e175]: (4, 'qcow2') {{(pid=88409) _call_back /opt/stack/data/venv/lib/python3.12/site-packages/oslo_privsep/daemon.py:580}}
Sep 01 02:06:08 devstack cinder-volume[87389]: DEBUG oslo_concurrency.processutils [None req-f63f1799-387d-477b-8d6d-bbffdf15431c tempest-VolumeSnapshotQuotasNegativeTestJSON-2039535061 None] Running cmd (subprocess): /opt/stack/data/venv/bin/python3.12 -m oslo_concurrency.prlimit --as=1073741824 --cpu=60 -- sudo cinder-rootwrap /etc/cinder/rootwrap.conf env LC_ALL=C qemu-img info -f qcow2 --output=json --force-share /opt/stack/data/cinder/mnt/aba79c69aa3972c2fcfe29b1e940baf0/volume-dc3631a0-5804-489c-a8e0-a294b629bd64 {{(pid=87389) execute /opt/stack/data/venv/lib/python3.12/site-packages/oslo_concurrency/processutils.py:440}}
Sep 01 02:06:09 devstack sudo[92204]: quobyte : PWD=/ ; USER=root ; COMMAND=/opt/stack/data/venv/bin/cinder-rootwrap /etc/cinder/rootwrap.conf env LC_ALL=C qemu-img info -f qcow2 --output=json --force-share /opt/stack/data/cinder/mnt/aba79c69aa3972c2fcfe29b1e940baf0/volume-dc3631a0-5804-489c-a8e0-a294b629bd64
Sep 01 02:06:09 devstack sudo[92204]: pam_unix(sudo:session): session opened for user root(uid=0) by (uid=1000)
Sep 01 02:06:09 devstack sudo[92204]: pam_unix(sudo:session): session closed for user root
Sep 01 02:06:09 devstack cinder-volume[87389]: DEBUG oslo_concurrency.processutils [None req-f63f1799-387d-477b-8d6d-bbffdf15431c tempest-VolumeSnapshotQuotasNegativeTestJSON-2039535061 None] CMD "/opt/stack/data/venv/bin/python3.12 -m oslo_concurrency.prlimit --as=1073741824 --cpu=60 -- sudo cinder-rootwrap /etc/cinder/rootwrap.conf env LC_ALL=C qemu-img info -f qcow2 --output=json --force-share /opt/stack/data/cinder/mnt/aba79c69aa3972c2fcfe29b1e940baf0/volume-dc3631a0-5804-489c-a8e0-a294b629bd64" returned: 0 in 0.799s {{(pid=87389) execute /opt/stack/data/venv/lib/python3.12/site-packages/oslo_concurrency/processutils.py:468}}
Sep 01 02:06:09 devstack cinder-volume[87389]: DEBUG oslo_concurrency.processutils [None req-f63f1799-387d-477b-8d6d-bbffdf15431c tempest-VolumeSnapshotQuotasNegativeTestJSON-2039535061 None] Running cmd (subprocess): sudo cinder-rootwrap /etc/cinder/rootwrap.conf qemu-img commit -d /opt/stack/data/cinder/mnt/aba79c69aa3972c2fcfe29b1e940baf0/volume-dc3631a0-5804-489c-a8e0-a294b629bd64.9d498629-9769-46a7-959e-22131f858a23 {{(pid=87389) execute /opt/stack/data/venv/lib/python3.12/site-packages/oslo_concurrency/processutils.py:440}}
Sep 01 02:06:09 devstack sudo[92210]: quobyte : PWD=/ ; USER=root ; COMMAND=/opt/stack/data/venv/bin/cinder-rootwrap /etc/cinder/rootwrap.conf qemu-img commit -d /opt/stack/data/cinder/mnt/aba79c69aa3972c2fcfe29b1e940baf0/volume-dc3631a0-5804-489c-a8e0-a294b629bd64.9d498629-9769-46a7-959e-22131f858a23
Sep 01 02:06:09 devstack sudo[92210]: pam_unix(sudo:session): session opened for user root(uid=0) by (uid=1000)
Sep 01 02:06:10 devstack sudo[92210]: pam_unix(sudo:session): session closed for user root
Sep 01 02:06:10 devstack cinder-volume[87389]: DEBUG oslo_concurrency.processutils [None req-f63f1799-387d-477b-8d6d-bbffdf15431c tempest-VolumeSnapshotQuotasNegativeTestJSON-2039535061 None] CMD "sudo cinder-rootwrap /etc/cinder/rootwrap.conf qemu-img commit -d /opt/stack/data/cinder/mnt/aba79c69aa3972c2fcfe29b1e940baf0/volume-dc3631a0-5804-489c-a8e0-a294b629bd64.9d498629-9769-46a7-959e-22131f858a23" returned: 0 in 0.720s {{(pid=87389) execute /opt/stack/data/venv/lib/python3.12/site-packages/oslo_concurrency/processutils.py:468}}
Sep 01 02:06:10 devstack cinder-volume[87389]: DEBUG oslo_concurrency.processutils [None req-f63f1799-387d-477b-8d6d-bbffdf15431c tempest-VolumeSnapshotQuotasNegativeTestJSON-2039535061 None] Running cmd (subprocess): sudo cinder-rootwrap /etc/cinder/rootwrap.conf rm -f /opt/stack/data/cinder/mnt/aba79c69aa3972c2fcfe29b1e940baf0/volume-dc3631a0-5804-489c-a8e0-a294b629bd64.9d498629-9769-46a7-959e-22131f858a23 {{(pid=87389) execute /opt/stack/data/venv/lib/python3.12/site-packages/oslo_concurrency/processutils.py:440}}
Sep 01 02:06:10 devstack sudo[92236]: quobyte : PWD=/ ; USER=root ; COMMAND=/opt/stack/data/venv/bin/cinder-rootwrap /etc/cinder/rootwrap.conf rm -f /opt/stack/data/cinder/mnt/aba79c69aa3972c2fcfe29b1e940baf0/volume-dc3631a0-5804-489c-a8e0-a294b629bd64.9d498629-9769-46a7-959e-22131f858a23
Sep 01 02:06:10 devstack sudo[92236]: pam_unix(sudo:session): session opened for user root(uid=0) by (uid=1000)
Sep 01 02:06:10 devstack sudo[92236]: pam_unix(sudo:session): session closed for user root
Sep 01 02:06:10 devstack cinder-volume[87389]: DEBUG oslo_concurrency.processutils [None req-f63f1799-387d-477b-8d6d-bbffdf15431c tempest-VolumeSnapshotQuotasNegativeTestJSON-2039535061 None] CMD "sudo cinder-rootwrap /etc/cinder/rootwrap.conf rm -f /opt/stack/data/cinder/mnt/aba79c69aa3972c2fcfe29b1e940baf0/volume-dc3631a0-5804-489c-a8e0-a294b629bd64.9d498629-9769-46a7-959e-22131f858a23" returned: 0 in 0.421s {{(pid=87389) execute /opt/stack/data/venv/lib/python3.12/site-packages/oslo_concurrency/processutils.py:468}}
Sep 01 02:06:10 devstack cinder-volume[87389]: DEBUG cinder.coordination [None req-f63f1799-387d-477b-8d6d-bbffdf15431c tempest-VolumeSnapshotQuotasNegativeTestJSON-2039535061 None] Lock "cinder-quobyte-9d498629-9769-46a7-959e-22131f858a23" released by "_delete_snapshot" :: held 2.776s {{(pid=87389) __release /opt/stack/cinder/cinder/coordination.py:152}}
Sep 01 02:06:10 devstack cinder-volume[87389]: DEBUG cinder.coordination [None req-f63f1799-387d-477b-8d6d-bbffdf15431c tempest-VolumeSnapshotQuotasNegativeTestJSON-2039535061 None] Lock "cinder-quobyte-dc3631a0-5804-489c-a8e0-a294b629bd64" released by "delete_snapshot" :: held 2.809s {{(pid=87389) __release /opt/stack/cinder/cinder/coordination.py:152}}
Sep 01 02:06:10 devstack cinder-volume[87389]: WARNING cinder.quota [None req-f63f1799-387d-477b-8d6d-bbffdf15431c tempest-VolumeSnapshotQuotasNegativeTestJSON-2039535061 None] Deprecated: Default quota for resource: snapshots_QuobyteHD is set by the default quota flag: quota_snapshots_QuobyteHD, it is now deprecated. Please use the default quota class for default quota.
Sep 01 02:06:10 devstack cinder-volume[87389]: DEBUG cinder.quota [None req-f63f1799-387d-477b-8d6d-bbffdf15431c tempest-VolumeSnapshotQuotasNegativeTestJSON-2039535061 None] Created reservations ['1ca4a253-17f7-46e9-8f88-3a20672a16cd', '81f29490-18ad-45d7-9641-f1abfdd691b3', '7a1c4d35-db48-4929-bb71-583021b4cd55', 'd4d0aba5-e950-406c-b46d-e3e8061e79d0'] {{(pid=87389) reserve /opt/stack/cinder/cinder/quota.py:752}}
Sep 01 02:06:11 devstack cinder-volume[87389]: INFO cinder.volume.manager [None req-f63f1799-387d-477b-8d6d-bbffdf15431c tempest-VolumeSnapshotQuotasNegativeTestJSON-2039535061 None] Delete snapshot completed successfully.
Sep 01 02:06:11 devstack cinder-volume[87389]: DEBUG cinder.coordination [None req-f63f1799-387d-477b-8d6d-bbffdf15431c tempest-VolumeSnapshotQuotasNegativeTestJSON-2039535061 None] Lock "cinder-9d498629-9769-46a7-959e-22131f858a23-delete_snapshot" released by "delete_snapshot" :: held 3.054s {{(pid=87389) __release /opt/stack/cinder/cinder/coordination.py:152}}
Sep 01 02:06:11 devstack cinder-volume[87389]: DEBUG cinder.coordination [None req-1877cbc0-f75d-4955-964e-331ac027c401 tempest-VolumeSnapshotQuotasNegativeTestJSON-2039535061 None] Acquiring lock "cinder-dc3631a0-5804-489c-a8e0-a294b629bd64-delete_volume" by "delete_volume" {{(pid=87389) __acquire /opt/stack/cinder/cinder/coordination.py:138}}
Sep 01 02:06:11 devstack cinder-volume[87389]: DEBUG cinder.coordination [None req-1877cbc0-f75d-4955-964e-331ac027c401 tempest-VolumeSnapshotQuotasNegativeTestJSON-2039535061 None] Lock "cinder-dc3631a0-5804-489c-a8e0-a294b629bd64-delete_volume" acquired by "delete_volume" :: waited 0.041s {{(pid=87389) __acquire /opt/stack/cinder/cinder/coordination.py:141}}
Sep 01 02:06:11 devstack cinder-volume[87389]: DEBUG cinder.coordination [None req-1877cbc0-f75d-4955-964e-331ac027c401 tempest-VolumeSnapshotQuotasNegativeTestJSON-2039535061 None] Acquiring lock "cinder-quobyte-dc3631a0-5804-489c-a8e0-a294b629bd64" by "delete_volume" {{(pid=87389) __acquire /opt/stack/cinder/cinder/coordination.py:138}}
Sep 01 02:06:11 devstack cinder-volume[87389]: DEBUG cinder.coordination [None req-1877cbc0-f75d-4955-964e-331ac027c401 tempest-VolumeSnapshotQuotasNegativeTestJSON-2039535061 None] Lock "cinder-quobyte-dc3631a0-5804-489c-a8e0-a294b629bd64" acquired by "delete_volume" :: waited 0.046s {{(pid=87389) __acquire /opt/stack/cinder/cinder/coordination.py:141}}
Sep 01 02:06:11 devstack cinder-volume[87389]: DEBUG oslo.privsep.daemon [-] privsep: reply[3ed8575e-7774-4eff-a2f5-8491e106a17f]: (4, 'qcow2') {{(pid=88409) _call_back /opt/stack/data/venv/lib/python3.12/site-packages/oslo_privsep/daemon.py:580}}
Sep 01 02:06:11 devstack cinder-volume[87389]: DEBUG oslo_concurrency.processutils [None req-1877cbc0-f75d-4955-964e-331ac027c401 tempest-VolumeSnapshotQuotasNegativeTestJSON-2039535061 None] Running cmd (subprocess): /opt/stack/data/venv/bin/python3.12 -m oslo_concurrency.prlimit --as=1073741824 --cpu=60 -- sudo cinder-rootwrap /etc/cinder/rootwrap.conf env LC_ALL=C qemu-img info -f qcow2 --output=json --force-share /opt/stack/data/cinder/mnt/aba79c69aa3972c2fcfe29b1e940baf0/volume-dc3631a0-5804-489c-a8e0-a294b629bd64 {{(pid=87389) execute /opt/stack/data/venv/lib/python3.12/site-packages/oslo_concurrency/processutils.py:440}}
Sep 01 02:06:11 devstack sudo[92243]: quobyte : PWD=/ ; USER=root ; COMMAND=/opt/stack/data/venv/bin/cinder-rootwrap /etc/cinder/rootwrap.conf env LC_ALL=C qemu-img info -f qcow2 --output=json --force-share /opt/stack/data/cinder/mnt/aba79c69aa3972c2fcfe29b1e940baf0/volume-dc3631a0-5804-489c-a8e0-a294b629bd64
Sep 01 02:06:11 devstack sudo[92243]: pam_unix(sudo:session): session opened for user root(uid=0) by (uid=1000)
Sep 01 02:06:12 devstack sudo[92243]: pam_unix(sudo:session): session closed for user root
Sep 01 02:06:12 devstack cinder-volume[87389]: DEBUG oslo_concurrency.processutils [None req-1877cbc0-f75d-4955-964e-331ac027c401 tempest-VolumeSnapshotQuotasNegativeTestJSON-2039535061 None] CMD "/opt/stack/data/venv/bin/python3.12 -m oslo_concurrency.prlimit --as=1073741824 --cpu=60 -- sudo cinder-rootwrap /etc/cinder/rootwrap.conf env LC_ALL=C qemu-img info -f qcow2 --output=json --force-share /opt/stack/data/cinder/mnt/aba79c69aa3972c2fcfe29b1e940baf0/volume-dc3631a0-5804-489c-a8e0-a294b629bd64" returned: 0 in 0.555s {{(pid=87389) execute /opt/stack/data/venv/lib/python3.12/site-packages/oslo_concurrency/processutils.py:468}}
Sep 01 02:06:12 devstack cinder-volume[87389]: DEBUG oslo_concurrency.processutils [None req-1877cbc0-f75d-4955-964e-331ac027c401 tempest-VolumeSnapshotQuotasNegativeTestJSON-2039535061 None] Running cmd (subprocess): sudo cinder-rootwrap /etc/cinder/rootwrap.conf rm -f /opt/stack/data/cinder/mnt/aba79c69aa3972c2fcfe29b1e940baf0/volume-dc3631a0-5804-489c-a8e0-a294b629bd64 {{(pid=87389) execute /opt/stack/data/venv/lib/python3.12/site-packages/oslo_concurrency/processutils.py:440}}
Sep 01 02:06:12 devstack sudo[92249]: quobyte : PWD=/ ; USER=root ; COMMAND=/opt/stack/data/venv/bin/cinder-rootwrap /etc/cinder/rootwrap.conf rm -f /opt/stack/data/cinder/mnt/aba79c69aa3972c2fcfe29b1e940baf0/volume-dc3631a0-5804-489c-a8e0-a294b629bd64
Sep 01 02:06:12 devstack sudo[92249]: pam_unix(sudo:session): session opened for user root(uid=0) by (uid=1000)
Sep 01 02:06:12 devstack cinder-volume[87389]: INFO cinder.volume.manager [req-706ff2df-ac4a-48c4-ba49-f6534b802e2b req-d28c2850-a73d-419e-9079-c33fca00977b tempest-ServerActionsTestOtherA-874258025 None] Terminate volume connection completed successfully.
Sep 01 02:06:12 devstack cinder-volume[87389]: DEBUG cinder.volume.manager [req-706ff2df-ac4a-48c4-ba49-f6534b802e2b req-d28c2850-a73d-419e-9079-c33fca00977b tempest-ServerActionsTestOtherA-874258025 None] Deleting attachment 51cd32f5-deff-40c4-8def-64b548906a3f. {{(pid=87389) attachment_delete /opt/stack/cinder/cinder/volume/manager.py:5055}}
Sep 01 02:06:12 devstack cinder-volume[87389]: DEBUG cinder.coordination [req-706ff2df-ac4a-48c4-ba49-f6534b802e2b req-5b3c1b22-2455-4a82-9f7b-e07d79a3a538 tempest-ServerActionsTestOtherA-874258025 None] Acquiring lock "cinder-a1a0f57f-fcee-4c70-b171-863727c5241a-delete_volume" by "delete_volume" {{(pid=87389) __acquire /opt/stack/cinder/cinder/coordination.py:138}}
Sep 01 02:06:12 devstack sudo[92249]: pam_unix(sudo:session): session closed for user root
Sep 01 02:06:12 devstack cinder-volume[87389]: DEBUG oslo_concurrency.processutils [None req-1877cbc0-f75d-4955-964e-331ac027c401 tempest-VolumeSnapshotQuotasNegativeTestJSON-2039535061 None] CMD "sudo cinder-rootwrap /etc/cinder/rootwrap.conf rm -f /opt/stack/data/cinder/mnt/aba79c69aa3972c2fcfe29b1e940baf0/volume-dc3631a0-5804-489c-a8e0-a294b629bd64" returned: 0 in 0.361s {{(pid=87389) execute /opt/stack/data/venv/lib/python3.12/site-packages/oslo_concurrency/processutils.py:468}}
Sep 01 02:06:12 devstack cinder-volume[87389]: DEBUG cinder.coordination [None req-1877cbc0-f75d-4955-964e-331ac027c401 tempest-VolumeSnapshotQuotasNegativeTestJSON-2039535061 None] Lock "cinder-quobyte-dc3631a0-5804-489c-a8e0-a294b629bd64" released by "delete_volume" :: held 1.081s {{(pid=87389) __release /opt/stack/cinder/cinder/coordination.py:152}}
Sep 01 02:06:12 devstack cinder-volume[87389]: DEBUG cinder.coordination [req-706ff2df-ac4a-48c4-ba49-f6534b802e2b req-5b3c1b22-2455-4a82-9f7b-e07d79a3a538 tempest-ServerActionsTestOtherA-874258025 None] Lock "cinder-a1a0f57f-fcee-4c70-b171-863727c5241a-delete_volume" acquired by "delete_volume" :: waited 0.113s {{(pid=87389) __acquire /opt/stack/cinder/cinder/coordination.py:141}}
Sep 01 02:06:12 devstack cinder-volume[87389]: DEBUG cinder.coordination [req-706ff2df-ac4a-48c4-ba49-f6534b802e2b req-5b3c1b22-2455-4a82-9f7b-e07d79a3a538 tempest-ServerActionsTestOtherA-874258025 None] Acquiring lock "cinder-quobyte-a1a0f57f-fcee-4c70-b171-863727c5241a" by "delete_volume" {{(pid=87389) __acquire /opt/stack/cinder/cinder/coordination.py:138}}
Sep 01 02:06:12 devstack cinder-volume[87389]: DEBUG cinder.coordination [req-706ff2df-ac4a-48c4-ba49-f6534b802e2b req-5b3c1b22-2455-4a82-9f7b-e07d79a3a538 tempest-ServerActionsTestOtherA-874258025 None] Lock "cinder-quobyte-a1a0f57f-fcee-4c70-b171-863727c5241a" acquired by "delete_volume" :: waited 0.044s {{(pid=87389) __acquire /opt/stack/cinder/cinder/coordination.py:141}}
Sep 01 02:06:12 devstack cinder-volume[87389]: DEBUG cinder.quota [None req-1877cbc0-f75d-4955-964e-331ac027c401 tempest-VolumeSnapshotQuotasNegativeTestJSON-2039535061 None] Created reservations ['e511d2db-da76-4d3a-b9c9-fd838e53ef93', '79a8eec3-dbfc-45d5-bd6b-d027f2140c1d', '6ebb3bea-9e22-4b4e-84de-3bce293b4143', '926890e9-0671-4570-8573-dec4219ac025'] {{(pid=87389) reserve /opt/stack/cinder/cinder/quota.py:752}}
Sep 01 02:06:12 devstack cinder-volume[87389]: DEBUG oslo.privsep.daemon [-] privsep: reply[8b481e6e-4bbc-43f5-919b-cdce269a6fc6]: (4, 'qcow2') {{(pid=88409) _call_back /opt/stack/data/venv/lib/python3.12/site-packages/oslo_privsep/daemon.py:580}}
Sep 01 02:06:13 devstack cinder-volume[87389]: DEBUG oslo_concurrency.processutils [req-706ff2df-ac4a-48c4-ba49-f6534b802e2b req-5b3c1b22-2455-4a82-9f7b-e07d79a3a538 tempest-ServerActionsTestOtherA-874258025 None] Running cmd (subprocess): /opt/stack/data/venv/bin/python3.12 -m oslo_concurrency.prlimit --as=1073741824 --cpu=60 -- sudo cinder-rootwrap /etc/cinder/rootwrap.conf env LC_ALL=C qemu-img info -f qcow2 --output=json --force-share /opt/stack/data/cinder/mnt/aba79c69aa3972c2fcfe29b1e940baf0/volume-a1a0f57f-fcee-4c70-b171-863727c5241a {{(pid=87389) execute /opt/stack/data/venv/lib/python3.12/site-packages/oslo_concurrency/processutils.py:440}}
Sep 01 02:06:13 devstack cinder-volume[87389]: DEBUG oslo_concurrency.lockutils [None req-1877cbc0-f75d-4955-964e-331ac027c401 tempest-VolumeSnapshotQuotasNegativeTestJSON-2039535061 None] Acquiring lock "quobyte_ensure" by "cinder.volume.drivers.quobyte.QuobyteDriver._ensure_shares_mounted" {{(pid=87389) inner /opt/stack/data/venv/lib/python3.12/site-packages/oslo_concurrency/lockutils.py:512}}
Sep 01 02:06:13 devstack cinder-volume[87389]: DEBUG oslo_concurrency.lockutils [None req-1877cbc0-f75d-4955-964e-331ac027c401 tempest-VolumeSnapshotQuotasNegativeTestJSON-2039535061 None] Lock "quobyte_ensure" acquired by "cinder.volume.drivers.quobyte.QuobyteDriver._ensure_shares_mounted" :: waited 0.001s {{(pid=87389) inner /opt/stack/data/venv/lib/python3.12/site-packages/oslo_concurrency/lockutils.py:525}}
Sep 01 02:06:13 devstack cinder-volume[87389]: DEBUG cinder.volume.drivers.quobyte [None req-1877cbc0-f75d-4955-964e-331ac027c401 tempest-VolumeSnapshotQuotasNegativeTestJSON-2039535061 None] Quobyte Volume URL set to: {'osci02.corp.quobyte.com/cinder-vol-8fc128ce-a1a4-4c0a-b780-5069ba14b2be': None} {{(pid=87389) _load_shares_config /opt/stack/cinder/cinder/volume/drivers/quobyte.py:662}}
Sep 01 02:06:13 devstack cinder-volume[87389]: DEBUG cinder.volume.drivers.quobyte [None req-1877cbc0-f75d-4955-964e-331ac027c401 tempest-VolumeSnapshotQuotasNegativeTestJSON-2039535061 None] Available shares ['osci02.corp.quobyte.com/cinder-vol-8fc128ce-a1a4-4c0a-b780-5069ba14b2be'] {{(pid=87389) _ensure_shares_mounted /opt/stack/cinder/cinder/volume/drivers/quobyte.py:692}}
Sep 01 02:06:13 devstack cinder-volume[87389]: DEBUG oslo_concurrency.lockutils [None req-1877cbc0-f75d-4955-964e-331ac027c401 tempest-VolumeSnapshotQuotasNegativeTestJSON-2039535061 None] Lock "quobyte_ensure" "released" by "cinder.volume.drivers.quobyte.QuobyteDriver._ensure_shares_mounted" :: held 0.012s {{(pid=87389) inner /opt/stack/data/venv/lib/python3.12/site-packages/oslo_concurrency/lockutils.py:544}}
Sep 01 02:06:13 devstack cinder-volume[87389]: DEBUG oslo_concurrency.processutils [None req-1877cbc0-f75d-4955-964e-331ac027c401 tempest-VolumeSnapshotQuotasNegativeTestJSON-2039535061 None] Running cmd (subprocess): sudo cinder-rootwrap /etc/cinder/rootwrap.conf df --portability --block-size 1 /opt/stack/data/cinder/mnt/aba79c69aa3972c2fcfe29b1e940baf0 {{(pid=87389) execute /opt/stack/data/venv/lib/python3.12/site-packages/oslo_concurrency/processutils.py:440}}
Sep 01 02:06:13 devstack sudo[92253]: quobyte : PWD=/ ; USER=root ; COMMAND=/opt/stack/data/venv/bin/cinder-rootwrap /etc/cinder/rootwrap.conf env LC_ALL=C qemu-img info -f qcow2 --output=json --force-share /opt/stack/data/cinder/mnt/aba79c69aa3972c2fcfe29b1e940baf0/volume-a1a0f57f-fcee-4c70-b171-863727c5241a
Sep 01 02:06:13 devstack sudo[92254]: quobyte : PWD=/ ; USER=root ; COMMAND=/opt/stack/data/venv/bin/cinder-rootwrap /etc/cinder/rootwrap.conf df --portability --block-size 1 /opt/stack/data/cinder/mnt/aba79c69aa3972c2fcfe29b1e940baf0
Sep 01 02:06:13 devstack sudo[92253]: pam_unix(sudo:session): session opened for user root(uid=0) by (uid=1000)
Sep 01 02:06:13 devstack sudo[92254]: pam_unix(sudo:session): session opened for user root(uid=0) by (uid=1000)
Sep 01 02:06:13 devstack sudo[92253]: pam_unix(sudo:session): session closed for user root
Sep 01 02:06:13 devstack cinder-volume[87389]: DEBUG oslo_concurrency.processutils [req-706ff2df-ac4a-48c4-ba49-f6534b802e2b req-5b3c1b22-2455-4a82-9f7b-e07d79a3a538 tempest-ServerActionsTestOtherA-874258025 None] CMD "/opt/stack/data/venv/bin/python3.12 -m oslo_concurrency.prlimit --as=1073741824 --cpu=60 -- sudo cinder-rootwrap /etc/cinder/rootwrap.conf env LC_ALL=C qemu-img info -f qcow2 --output=json --force-share /opt/stack/data/cinder/mnt/aba79c69aa3972c2fcfe29b1e940baf0/volume-a1a0f57f-fcee-4c70-b171-863727c5241a" returned: 0 in 0.705s {{(pid=87389) execute /opt/stack/data/venv/lib/python3.12/site-packages/oslo_concurrency/processutils.py:468}}
Sep 01 02:06:13 devstack cinder-volume[87389]: DEBUG oslo_concurrency.processutils [req-706ff2df-ac4a-48c4-ba49-f6534b802e2b req-5b3c1b22-2455-4a82-9f7b-e07d79a3a538 tempest-ServerActionsTestOtherA-874258025 None] Running cmd (subprocess): sudo cinder-rootwrap /etc/cinder/rootwrap.conf rm -f /opt/stack/data/cinder/mnt/aba79c69aa3972c2fcfe29b1e940baf0/volume-a1a0f57f-fcee-4c70-b171-863727c5241a {{(pid=87389) execute /opt/stack/data/venv/lib/python3.12/site-packages/oslo_concurrency/processutils.py:440}}
Sep 01 02:06:13 devstack sudo[92254]: pam_unix(sudo:session): session closed for user root
Sep 01 02:06:13 devstack cinder-volume[87389]: DEBUG oslo_concurrency.processutils [None req-1877cbc0-f75d-4955-964e-331ac027c401 tempest-VolumeSnapshotQuotasNegativeTestJSON-2039535061 None] CMD "sudo cinder-rootwrap /etc/cinder/rootwrap.conf df --portability --block-size 1 /opt/stack/data/cinder/mnt/aba79c69aa3972c2fcfe29b1e940baf0" returned: 0 in 0.570s {{(pid=87389) execute /opt/stack/data/venv/lib/python3.12/site-packages/oslo_concurrency/processutils.py:468}}
Sep 01 02:06:13 devstack cinder-volume[87389]: DEBUG cinder.manager [None req-1877cbc0-f75d-4955-964e-331ac027c401 tempest-VolumeSnapshotQuotasNegativeTestJSON-2039535061 None] Notifying Schedulers of capabilities ... {{(pid=87389) _publish_service_capabilities /opt/stack/cinder/cinder/manager.py:219}}
Sep 01 02:06:13 devstack sudo[92268]: quobyte : PWD=/ ; USER=root ; COMMAND=/opt/stack/data/venv/bin/cinder-rootwrap /etc/cinder/rootwrap.conf rm -f /opt/stack/data/cinder/mnt/aba79c69aa3972c2fcfe29b1e940baf0/volume-a1a0f57f-fcee-4c70-b171-863727c5241a
Sep 01 02:06:13 devstack sudo[92268]: pam_unix(sudo:session): session opened for user root(uid=0) by (uid=1000)
Sep 01 02:06:13 devstack cinder-volume[87389]: INFO cinder.volume.manager [None req-1877cbc0-f75d-4955-964e-331ac027c401 tempest-VolumeSnapshotQuotasNegativeTestJSON-2039535061 None] Deleted volume successfully.
Sep 01 02:06:13 devstack cinder-volume[87389]: DEBUG cinder.coordination [None req-1877cbc0-f75d-4955-964e-331ac027c401 tempest-VolumeSnapshotQuotasNegativeTestJSON-2039535061 None] Lock "cinder-dc3631a0-5804-489c-a8e0-a294b629bd64-delete_volume" released by "delete_volume" :: held 2.361s {{(pid=87389) __release /opt/stack/cinder/cinder/coordination.py:152}}
Sep 01 02:06:14 devstack sudo[92268]: pam_unix(sudo:session): session closed for user root
Sep 01 02:06:14 devstack cinder-volume[87389]: DEBUG oslo_concurrency.processutils [req-706ff2df-ac4a-48c4-ba49-f6534b802e2b req-5b3c1b22-2455-4a82-9f7b-e07d79a3a538 tempest-ServerActionsTestOtherA-874258025 None] CMD "sudo cinder-rootwrap /etc/cinder/rootwrap.conf rm -f /opt/stack/data/cinder/mnt/aba79c69aa3972c2fcfe29b1e940baf0/volume-a1a0f57f-fcee-4c70-b171-863727c5241a" returned: 0 in 0.585s {{(pid=87389) execute /opt/stack/data/venv/lib/python3.12/site-packages/oslo_concurrency/processutils.py:468}}
Sep 01 02:06:14 devstack cinder-volume[87389]: DEBUG cinder.coordination [req-706ff2df-ac4a-48c4-ba49-f6534b802e2b req-5b3c1b22-2455-4a82-9f7b-e07d79a3a538 tempest-ServerActionsTestOtherA-874258025 None] Lock "cinder-quobyte-a1a0f57f-fcee-4c70-b171-863727c5241a" released by "delete_volume" :: held 1.355s {{(pid=87389) __release /opt/stack/cinder/cinder/coordination.py:152}}
Sep 01 02:06:14 devstack cinder-volume[87389]: DEBUG cinder.quota [req-706ff2df-ac4a-48c4-ba49-f6534b802e2b req-5b3c1b22-2455-4a82-9f7b-e07d79a3a538 tempest-ServerActionsTestOtherA-874258025 None] Created reservations ['954b3d91-39c2-4847-b19d-09b8f0b05863', 'ef47f120-3d07-43d2-a416-107f50e16a85', '2d369387-b68e-4b99-95b5-6c9bd75088e6', '2c7a7297-04ee-4be1-96f9-6bcfb9c682df'] {{(pid=87389) reserve /opt/stack/cinder/cinder/quota.py:752}}
Sep 01 02:06:14 devstack cinder-volume[87389]: DEBUG oslo_concurrency.lockutils [req-706ff2df-ac4a-48c4-ba49-f6534b802e2b req-5b3c1b22-2455-4a82-9f7b-e07d79a3a538 tempest-ServerActionsTestOtherA-874258025 None] Acquiring lock "quobyte_ensure" by "cinder.volume.drivers.quobyte.QuobyteDriver._ensure_shares_mounted" {{(pid=87389) inner /opt/stack/data/venv/lib/python3.12/site-packages/oslo_concurrency/lockutils.py:512}}
Sep 01 02:06:14 devstack cinder-volume[87389]: DEBUG oslo_concurrency.lockutils [req-706ff2df-ac4a-48c4-ba49-f6534b802e2b req-5b3c1b22-2455-4a82-9f7b-e07d79a3a538 tempest-ServerActionsTestOtherA-874258025 None] Lock "quobyte_ensure" acquired by "cinder.volume.drivers.quobyte.QuobyteDriver._ensure_shares_mounted" :: waited 0.004s {{(pid=87389) inner /opt/stack/data/venv/lib/python3.12/site-packages/oslo_concurrency/lockutils.py:525}}
Sep 01 02:06:14 devstack cinder-volume[87389]: DEBUG cinder.volume.drivers.quobyte [req-706ff2df-ac4a-48c4-ba49-f6534b802e2b req-5b3c1b22-2455-4a82-9f7b-e07d79a3a538 tempest-ServerActionsTestOtherA-874258025 None] Quobyte Volume URL set to: {'osci02.corp.quobyte.com/cinder-vol-8fc128ce-a1a4-4c0a-b780-5069ba14b2be': None} {{(pid=87389) _load_shares_config /opt/stack/cinder/cinder/volume/drivers/quobyte.py:662}}
Sep 01 02:06:14 devstack cinder-volume[87389]: DEBUG cinder.volume.drivers.quobyte [req-706ff2df-ac4a-48c4-ba49-f6534b802e2b req-5b3c1b22-2455-4a82-9f7b-e07d79a3a538 tempest-ServerActionsTestOtherA-874258025 None] Available shares ['osci02.corp.quobyte.com/cinder-vol-8fc128ce-a1a4-4c0a-b780-5069ba14b2be'] {{(pid=87389) _ensure_shares_mounted /opt/stack/cinder/cinder/volume/drivers/quobyte.py:692}}
Sep 01 02:06:14 devstack cinder-volume[87389]: DEBUG oslo_concurrency.lockutils [req-706ff2df-ac4a-48c4-ba49-f6534b802e2b req-5b3c1b22-2455-4a82-9f7b-e07d79a3a538 tempest-ServerActionsTestOtherA-874258025 None] Lock "quobyte_ensure" "released" by "cinder.volume.drivers.quobyte.QuobyteDriver._ensure_shares_mounted" :: held 0.017s {{(pid=87389) inner /opt/stack/data/venv/lib/python3.12/site-packages/oslo_concurrency/lockutils.py:544}}
Sep 01 02:06:14 devstack cinder-volume[87389]: DEBUG oslo_concurrency.processutils [req-706ff2df-ac4a-48c4-ba49-f6534b802e2b req-5b3c1b22-2455-4a82-9f7b-e07d79a3a538 tempest-ServerActionsTestOtherA-874258025 None] Running cmd (subprocess): sudo cinder-rootwrap /etc/cinder/rootwrap.conf df --portability --block-size 1 /opt/stack/data/cinder/mnt/aba79c69aa3972c2fcfe29b1e940baf0 {{(pid=87389) execute /opt/stack/data/venv/lib/python3.12/site-packages/oslo_concurrency/processutils.py:440}}
Sep 01 02:06:14 devstack sudo[92272]: quobyte : PWD=/ ; USER=root ; COMMAND=/opt/stack/data/venv/bin/cinder-rootwrap /etc/cinder/rootwrap.conf df --portability --block-size 1 /opt/stack/data/cinder/mnt/aba79c69aa3972c2fcfe29b1e940baf0
Sep 01 02:06:14 devstack sudo[92272]: pam_unix(sudo:session): session opened for user root(uid=0) by (uid=1000)
Sep 01 02:06:15 devstack sudo[92272]: pam_unix(sudo:session): session closed for user root
Sep 01 02:06:15 devstack cinder-volume[87389]: DEBUG oslo_concurrency.processutils [req-706ff2df-ac4a-48c4-ba49-f6534b802e2b req-5b3c1b22-2455-4a82-9f7b-e07d79a3a538 tempest-ServerActionsTestOtherA-874258025 None] CMD "sudo cinder-rootwrap /etc/cinder/rootwrap.conf df --portability --block-size 1 /opt/stack/data/cinder/mnt/aba79c69aa3972c2fcfe29b1e940baf0" returned: 0 in 0.438s {{(pid=87389) execute /opt/stack/data/venv/lib/python3.12/site-packages/oslo_concurrency/processutils.py:468}}
Sep 01 02:06:15 devstack cinder-volume[87389]: DEBUG cinder.manager [req-706ff2df-ac4a-48c4-ba49-f6534b802e2b req-5b3c1b22-2455-4a82-9f7b-e07d79a3a538 tempest-ServerActionsTestOtherA-874258025 None] Notifying Schedulers of capabilities ... {{(pid=87389) _publish_service_capabilities /opt/stack/cinder/cinder/manager.py:219}}
Sep 01 02:06:15 devstack cinder-volume[87389]: INFO cinder.volume.manager [req-706ff2df-ac4a-48c4-ba49-f6534b802e2b req-5b3c1b22-2455-4a82-9f7b-e07d79a3a538 tempest-ServerActionsTestOtherA-874258025 None] Deleted volume successfully.
Sep 01 02:06:15 devstack cinder-volume[87389]: DEBUG cinder.coordination [req-706ff2df-ac4a-48c4-ba49-f6534b802e2b req-5b3c1b22-2455-4a82-9f7b-e07d79a3a538 tempest-ServerActionsTestOtherA-874258025 None] Lock "cinder-a1a0f57f-fcee-4c70-b171-863727c5241a-delete_volume" released by "delete_volume" :: held 2.276s {{(pid=87389) __release /opt/stack/cinder/cinder/coordination.py:152}}
Sep 01 02:06:16 devstack cinder-volume[87389]: DEBUG cinder.coordination [None req-e8b21414-0565-462e-a429-b380d67c68d9 tempest-ServerActionsTestOtherA-874258025 None] Acquiring lock "cinder-306836ae-8cb6-4d34-bf42-220390934b9a-delete_volume" by "delete_volume" {{(pid=87389) __acquire /opt/stack/cinder/cinder/coordination.py:138}}
Sep 01 02:06:16 devstack cinder-volume[87389]: DEBUG cinder.coordination [None req-e8b21414-0565-462e-a429-b380d67c68d9 tempest-ServerActionsTestOtherA-874258025 None] Lock "cinder-306836ae-8cb6-4d34-bf42-220390934b9a-delete_volume" acquired by "delete_volume" :: waited 0.027s {{(pid=87389) __acquire /opt/stack/cinder/cinder/coordination.py:141}}
Sep 01 02:06:16 devstack cinder-volume[87389]: DEBUG cinder.coordination [None req-e8b21414-0565-462e-a429-b380d67c68d9 tempest-ServerActionsTestOtherA-874258025 None] Acquiring lock "cinder-quobyte-306836ae-8cb6-4d34-bf42-220390934b9a" by "delete_volume" {{(pid=87389) __acquire /opt/stack/cinder/cinder/coordination.py:138}}
Sep 01 02:06:16 devstack cinder-volume[87389]: DEBUG cinder.coordination [None req-e8b21414-0565-462e-a429-b380d67c68d9 tempest-ServerActionsTestOtherA-874258025 None] Lock "cinder-quobyte-306836ae-8cb6-4d34-bf42-220390934b9a" acquired by "delete_volume" :: waited 0.021s {{(pid=87389) __acquire /opt/stack/cinder/cinder/coordination.py:141}}
Sep 01 02:06:16 devstack cinder-volume[87389]: DEBUG oslo.privsep.daemon [-] privsep: reply[4d07528c-d0dc-4b43-94f1-a18024040755]: (4, 'qcow2') {{(pid=88409) _call_back /opt/stack/data/venv/lib/python3.12/site-packages/oslo_privsep/daemon.py:580}}
Sep 01 02:06:16 devstack cinder-volume[87389]: DEBUG oslo_concurrency.processutils [None req-e8b21414-0565-462e-a429-b380d67c68d9 tempest-ServerActionsTestOtherA-874258025 None] Running cmd (subprocess): /opt/stack/data/venv/bin/python3.12 -m oslo_concurrency.prlimit --as=1073741824 --cpu=60 -- sudo cinder-rootwrap /etc/cinder/rootwrap.conf env LC_ALL=C qemu-img info -f qcow2 --output=json --force-share /opt/stack/data/cinder/mnt/aba79c69aa3972c2fcfe29b1e940baf0/volume-306836ae-8cb6-4d34-bf42-220390934b9a {{(pid=87389) execute /opt/stack/data/venv/lib/python3.12/site-packages/oslo_concurrency/processutils.py:440}}
Sep 01 02:06:16 devstack sudo[92277]: quobyte : PWD=/ ; USER=root ; COMMAND=/opt/stack/data/venv/bin/cinder-rootwrap /etc/cinder/rootwrap.conf env LC_ALL=C qemu-img info -f qcow2 --output=json --force-share /opt/stack/data/cinder/mnt/aba79c69aa3972c2fcfe29b1e940baf0/volume-306836ae-8cb6-4d34-bf42-220390934b9a
Sep 01 02:06:16 devstack sudo[92277]: pam_unix(sudo:session): session opened for user root(uid=0) by (uid=1000)
Sep 01 02:06:17 devstack sudo[92277]: pam_unix(sudo:session): session closed for user root
Sep 01 02:06:17 devstack cinder-volume[87389]: DEBUG oslo_concurrency.processutils [None req-e8b21414-0565-462e-a429-b380d67c68d9 tempest-ServerActionsTestOtherA-874258025 None] CMD "/opt/stack/data/venv/bin/python3.12 -m oslo_concurrency.prlimit --as=1073741824 --cpu=60 -- sudo cinder-rootwrap /etc/cinder/rootwrap.conf env LC_ALL=C qemu-img info -f qcow2 --output=json --force-share /opt/stack/data/cinder/mnt/aba79c69aa3972c2fcfe29b1e940baf0/volume-306836ae-8cb6-4d34-bf42-220390934b9a" returned: 0 in 0.506s {{(pid=87389) execute /opt/stack/data/venv/lib/python3.12/site-packages/oslo_concurrency/processutils.py:468}}
Sep 01 02:06:17 devstack cinder-volume[87389]: DEBUG oslo_concurrency.processutils [None req-e8b21414-0565-462e-a429-b380d67c68d9 tempest-ServerActionsTestOtherA-874258025 None] Running cmd (subprocess): sudo cinder-rootwrap /etc/cinder/rootwrap.conf rm -f /opt/stack/data/cinder/mnt/aba79c69aa3972c2fcfe29b1e940baf0/volume-306836ae-8cb6-4d34-bf42-220390934b9a {{(pid=87389) execute /opt/stack/data/venv/lib/python3.12/site-packages/oslo_concurrency/processutils.py:440}}
Sep 01 02:06:17 devstack sudo[92282]: quobyte : PWD=/ ; USER=root ; COMMAND=/opt/stack/data/venv/bin/cinder-rootwrap /etc/cinder/rootwrap.conf rm -f /opt/stack/data/cinder/mnt/aba79c69aa3972c2fcfe29b1e940baf0/volume-306836ae-8cb6-4d34-bf42-220390934b9a
Sep 01 02:06:17 devstack sudo[92282]: pam_unix(sudo:session): session opened for user root(uid=0) by (uid=1000)
