Sep 01 02:08:51 devstack cinder-volume[87389]: DEBUG oslo_concurrency.processutils [None req-ff48968f-dfb9-4e5d-a738-a9998f25aa01 tempest-VolumesServicesTestJSON-1747723785 None] Running cmd (subprocess): /opt/stack/data/venv/bin/python3.12 -m oslo_concurrency.prlimit --as=1073741824 --cpu=60 -- sudo cinder-rootwrap /etc/cinder/rootwrap.conf env LC_ALL=C qemu-img info -f qcow2 --output=json --force-share /opt/stack/data/cinder/mnt/aba79c69aa3972c2fcfe29b1e940baf0/volume-4644a711-4ebf-4588-9d86-972515556b12 {{(pid=87389) execute /opt/stack/data/venv/lib/python3.12/site-packages/oslo_concurrency/processutils.py:440}}
Sep 01 02:08:51 devstack sudo[94559]: quobyte : PWD=/ ; USER=root ; COMMAND=/opt/stack/data/venv/bin/cinder-rootwrap /etc/cinder/rootwrap.conf qemu-img convert -O raw /opt/stack/data/cinder/mnt/aba79c69aa3972c2fcfe29b1e940baf0/volume-fc42c1ff-37c8-4eb7-89a0-3078c17de4c8 /opt/stack/data/cinder/conversion/fc42c1ff-37c8-4eb7-89a0-3078c17de4c8.temp_image.173443b0-a4fb-4d9f-a78d-f3fec5052b9byxe4uq9m.img
Sep 01 02:08:51 devstack sudo[94559]: pam_unix(sudo:session): session opened for user root(uid=0) by (uid=1000)
Sep 01 02:08:52 devstack sudo[94560]: quobyte : PWD=/ ; USER=root ; COMMAND=/opt/stack/data/venv/bin/cinder-rootwrap /etc/cinder/rootwrap.conf env LC_ALL=C qemu-img info -f qcow2 --output=json --force-share /opt/stack/data/cinder/mnt/aba79c69aa3972c2fcfe29b1e940baf0/volume-4644a711-4ebf-4588-9d86-972515556b12
Sep 01 02:08:52 devstack sudo[94560]: pam_unix(sudo:session): session opened for user root(uid=0) by (uid=1000)
Sep 01 02:08:52 devstack sudo[94560]: pam_unix(sudo:session): session closed for user root
Sep 01 02:08:52 devstack cinder-volume[87389]: DEBUG oslo_concurrency.processutils [None req-ff48968f-dfb9-4e5d-a738-a9998f25aa01 tempest-VolumesServicesTestJSON-1747723785 None] CMD "/opt/stack/data/venv/bin/python3.12 -m oslo_concurrency.prlimit --as=1073741824 --cpu=60 -- sudo cinder-rootwrap /etc/cinder/rootwrap.conf env LC_ALL=C qemu-img info -f qcow2 --output=json --force-share /opt/stack/data/cinder/mnt/aba79c69aa3972c2fcfe29b1e940baf0/volume-4644a711-4ebf-4588-9d86-972515556b12" returned: 0 in 0.494s {{(pid=87389) execute /opt/stack/data/venv/lib/python3.12/site-packages/oslo_concurrency/processutils.py:468}}
Sep 01 02:08:52 devstack cinder-volume[87389]: DEBUG oslo_concurrency.processutils [None req-ff48968f-dfb9-4e5d-a738-a9998f25aa01 tempest-VolumesServicesTestJSON-1747723785 None] Running cmd (subprocess): sudo cinder-rootwrap /etc/cinder/rootwrap.conf rm -f /opt/stack/data/cinder/mnt/aba79c69aa3972c2fcfe29b1e940baf0/volume-4644a711-4ebf-4588-9d86-972515556b12 {{(pid=87389) execute /opt/stack/data/venv/lib/python3.12/site-packages/oslo_concurrency/processutils.py:440}}
Sep 01 02:08:52 devstack sudo[94576]: quobyte : PWD=/ ; USER=root ; COMMAND=/opt/stack/data/venv/bin/cinder-rootwrap /etc/cinder/rootwrap.conf rm -f /opt/stack/data/cinder/mnt/aba79c69aa3972c2fcfe29b1e940baf0/volume-4644a711-4ebf-4588-9d86-972515556b12
Sep 01 02:08:52 devstack sudo[94576]: pam_unix(sudo:session): session opened for user root(uid=0) by (uid=1000)
Sep 01 02:08:53 devstack sudo[94576]: pam_unix(sudo:session): session closed for user root
Sep 01 02:08:53 devstack cinder-volume[87389]: DEBUG oslo_concurrency.processutils [None req-ff48968f-dfb9-4e5d-a738-a9998f25aa01 tempest-VolumesServicesTestJSON-1747723785 None] CMD "sudo cinder-rootwrap /etc/cinder/rootwrap.conf rm -f /opt/stack/data/cinder/mnt/aba79c69aa3972c2fcfe29b1e940baf0/volume-4644a711-4ebf-4588-9d86-972515556b12" returned: 0 in 0.630s {{(pid=87389) execute /opt/stack/data/venv/lib/python3.12/site-packages/oslo_concurrency/processutils.py:468}}
Sep 01 02:08:53 devstack cinder-volume[87389]: DEBUG cinder.coordination [None req-ff48968f-dfb9-4e5d-a738-a9998f25aa01 tempest-VolumesServicesTestJSON-1747723785 None] Lock "cinder-quobyte-4644a711-4ebf-4588-9d86-972515556b12" released by "delete_volume" :: held 1.208s {{(pid=87389) __release /opt/stack/cinder/cinder/coordination.py:152}}
Sep 01 02:08:53 devstack cinder-volume[87389]: DEBUG cinder.quota [None req-ff48968f-dfb9-4e5d-a738-a9998f25aa01 tempest-VolumesServicesTestJSON-1747723785 None] Created reservations ['f9156951-2fa2-4718-92c7-9cb827bc9d4f', 'def4e581-36ee-4c8b-bec8-7149aaadec72', '98662978-e3d6-456e-a800-81d02dd9636b', 'f6cc1bf2-e388-411e-9a80-91ba13ade7c6'] {{(pid=87389) reserve /opt/stack/cinder/cinder/quota.py:752}}
Sep 01 02:08:53 devstack cinder-volume[87389]: DEBUG oslo_concurrency.lockutils [None req-ff48968f-dfb9-4e5d-a738-a9998f25aa01 tempest-VolumesServicesTestJSON-1747723785 None] Acquiring lock "quobyte_ensure" by "cinder.volume.drivers.quobyte.QuobyteDriver._ensure_shares_mounted" {{(pid=87389) inner /opt/stack/data/venv/lib/python3.12/site-packages/oslo_concurrency/lockutils.py:512}}
Sep 01 02:08:53 devstack cinder-volume[87389]: DEBUG oslo_concurrency.lockutils [None req-ff48968f-dfb9-4e5d-a738-a9998f25aa01 tempest-VolumesServicesTestJSON-1747723785 None] Lock "quobyte_ensure" acquired by "cinder.volume.drivers.quobyte.QuobyteDriver._ensure_shares_mounted" :: waited 0.001s {{(pid=87389) inner /opt/stack/data/venv/lib/python3.12/site-packages/oslo_concurrency/lockutils.py:525}}
Sep 01 02:08:53 devstack cinder-volume[87389]: DEBUG cinder.volume.drivers.quobyte [None req-ff48968f-dfb9-4e5d-a738-a9998f25aa01 tempest-VolumesServicesTestJSON-1747723785 None] Quobyte Volume URL set to: {'osci02.corp.quobyte.com/cinder-vol-8fc128ce-a1a4-4c0a-b780-5069ba14b2be': None} {{(pid=87389) _load_shares_config /opt/stack/cinder/cinder/volume/drivers/quobyte.py:662}}
Sep 01 02:08:53 devstack cinder-volume[87389]: DEBUG cinder.volume.drivers.quobyte [None req-ff48968f-dfb9-4e5d-a738-a9998f25aa01 tempest-VolumesServicesTestJSON-1747723785 None] Available shares ['osci02.corp.quobyte.com/cinder-vol-8fc128ce-a1a4-4c0a-b780-5069ba14b2be'] {{(pid=87389) _ensure_shares_mounted /opt/stack/cinder/cinder/volume/drivers/quobyte.py:692}}
Sep 01 02:08:53 devstack cinder-volume[87389]: DEBUG oslo_concurrency.lockutils [None req-ff48968f-dfb9-4e5d-a738-a9998f25aa01 tempest-VolumesServicesTestJSON-1747723785 None] Lock "quobyte_ensure" "released" by "cinder.volume.drivers.quobyte.QuobyteDriver._ensure_shares_mounted" :: held 0.016s {{(pid=87389) inner /opt/stack/data/venv/lib/python3.12/site-packages/oslo_concurrency/lockutils.py:544}}
Sep 01 02:08:53 devstack cinder-volume[87389]: DEBUG oslo_concurrency.processutils [None req-ff48968f-dfb9-4e5d-a738-a9998f25aa01 tempest-VolumesServicesTestJSON-1747723785 None] Running cmd (subprocess): sudo cinder-rootwrap /etc/cinder/rootwrap.conf df --portability --block-size 1 /opt/stack/data/cinder/mnt/aba79c69aa3972c2fcfe29b1e940baf0 {{(pid=87389) execute /opt/stack/data/venv/lib/python3.12/site-packages/oslo_concurrency/processutils.py:440}}
Sep 01 02:08:53 devstack sudo[94581]: quobyte : PWD=/ ; USER=root ; COMMAND=/opt/stack/data/venv/bin/cinder-rootwrap /etc/cinder/rootwrap.conf df --portability --block-size 1 /opt/stack/data/cinder/mnt/aba79c69aa3972c2fcfe29b1e940baf0
Sep 01 02:08:53 devstack sudo[94581]: pam_unix(sudo:session): session opened for user root(uid=0) by (uid=1000)
Sep 01 02:08:54 devstack sudo[94581]: pam_unix(sudo:session): session closed for user root
Sep 01 02:08:54 devstack cinder-volume[87389]: DEBUG oslo_concurrency.processutils [None req-ff48968f-dfb9-4e5d-a738-a9998f25aa01 tempest-VolumesServicesTestJSON-1747723785 None] CMD "sudo cinder-rootwrap /etc/cinder/rootwrap.conf df --portability --block-size 1 /opt/stack/data/cinder/mnt/aba79c69aa3972c2fcfe29b1e940baf0" returned: 0 in 0.602s {{(pid=87389) execute /opt/stack/data/venv/lib/python3.12/site-packages/oslo_concurrency/processutils.py:468}}
Sep 01 02:08:54 devstack cinder-volume[87389]: DEBUG cinder.manager [None req-ff48968f-dfb9-4e5d-a738-a9998f25aa01 tempest-VolumesServicesTestJSON-1747723785 None] Notifying Schedulers of capabilities ... {{(pid=87389) _publish_service_capabilities /opt/stack/cinder/cinder/manager.py:219}}
Sep 01 02:08:54 devstack cinder-volume[87389]: INFO cinder.volume.manager [None req-ff48968f-dfb9-4e5d-a738-a9998f25aa01 tempest-VolumesServicesTestJSON-1747723785 None] Deleted volume successfully.
Sep 01 02:08:54 devstack cinder-volume[87389]: DEBUG cinder.coordination [None req-ff48968f-dfb9-4e5d-a738-a9998f25aa01 tempest-VolumesServicesTestJSON-1747723785 None] Lock "cinder-4644a711-4ebf-4588-9d86-972515556b12-delete_volume" released by "delete_volume" :: held 2.297s {{(pid=87389) __release /opt/stack/cinder/cinder/coordination.py:152}}
Sep 01 02:08:57 devstack sudo[94559]: pam_unix(sudo:session): session closed for user root
Sep 01 02:08:57 devstack cinder-volume[87389]: DEBUG oslo_concurrency.processutils [None req-a233729b-5533-4e8c-a965-2466ce200abd tempest-VolumesActionsTest-1616439687 None] CMD "sudo cinder-rootwrap /etc/cinder/rootwrap.conf qemu-img convert -O raw /opt/stack/data/cinder/mnt/aba79c69aa3972c2fcfe29b1e940baf0/volume-fc42c1ff-37c8-4eb7-89a0-3078c17de4c8 /opt/stack/data/cinder/conversion/fc42c1ff-37c8-4eb7-89a0-3078c17de4c8.temp_image.173443b0-a4fb-4d9f-a78d-f3fec5052b9byxe4uq9m.img" returned: 0 in 5.252s {{(pid=87389) execute /opt/stack/data/venv/lib/python3.12/site-packages/oslo_concurrency/processutils.py:468}}
Sep 01 02:08:57 devstack cinder-volume[87389]: DEBUG oslo.privsep.daemon [-] privsep: reply[c7722db5-7166-4810-986f-f974d23a2ad7]: (4, 'qcow2') {{(pid=88409) _call_back /opt/stack/data/venv/lib/python3.12/site-packages/oslo_privsep/daemon.py:580}}
Sep 01 02:08:57 devstack cinder-volume[87389]: DEBUG oslo_concurrency.processutils [None req-a233729b-5533-4e8c-a965-2466ce200abd tempest-VolumesActionsTest-1616439687 None] Running cmd (subprocess): /opt/stack/data/venv/bin/python3.12 -m oslo_concurrency.prlimit --as=1073741824 --cpu=60 -- sudo cinder-rootwrap /etc/cinder/rootwrap.conf env LC_ALL=C qemu-img info -f qcow2 --output=json /opt/stack/data/cinder/mnt/aba79c69aa3972c2fcfe29b1e940baf0/volume-fc42c1ff-37c8-4eb7-89a0-3078c17de4c8 {{(pid=87389) execute /opt/stack/data/venv/lib/python3.12/site-packages/oslo_concurrency/processutils.py:440}}
Sep 01 02:08:57 devstack sudo[94586]: quobyte : PWD=/ ; USER=root ; COMMAND=/opt/stack/data/venv/bin/cinder-rootwrap /etc/cinder/rootwrap.conf env LC_ALL=C qemu-img info -f qcow2 --output=json /opt/stack/data/cinder/mnt/aba79c69aa3972c2fcfe29b1e940baf0/volume-fc42c1ff-37c8-4eb7-89a0-3078c17de4c8
Sep 01 02:08:57 devstack sudo[94586]: pam_unix(sudo:session): session opened for user root(uid=0) by (uid=1000)
Sep 01 02:08:57 devstack sudo[94586]: pam_unix(sudo:session): session closed for user root
Sep 01 02:08:57 devstack cinder-volume[87389]: DEBUG oslo_concurrency.processutils [None req-a233729b-5533-4e8c-a965-2466ce200abd tempest-VolumesActionsTest-1616439687 None] CMD "/opt/stack/data/venv/bin/python3.12 -m oslo_concurrency.prlimit --as=1073741824 --cpu=60 -- sudo cinder-rootwrap /etc/cinder/rootwrap.conf env LC_ALL=C qemu-img info -f qcow2 --output=json /opt/stack/data/cinder/mnt/aba79c69aa3972c2fcfe29b1e940baf0/volume-fc42c1ff-37c8-4eb7-89a0-3078c17de4c8" returned: 0 in 0.646s {{(pid=87389) execute /opt/stack/data/venv/lib/python3.12/site-packages/oslo_concurrency/processutils.py:468}}
Sep 01 02:08:57 devstack cinder-volume[87389]: DEBUG cinder.image.image_utils [None req-a233729b-5533-4e8c-a965-2466ce200abd tempest-VolumesActionsTest-1616439687 None] Image conversion details: src /opt/stack/data/cinder/mnt/aba79c69aa3972c2fcfe29b1e940baf0/volume-fc42c1ff-37c8-4eb7-89a0-3078c17de4c8, size 1024.00 MB, duration 5.26 sec, destination /opt/stack/data/cinder/conversion/fc42c1ff-37c8-4eb7-89a0-3078c17de4c8.temp_image.173443b0-a4fb-4d9f-a78d-f3fec5052b9byxe4uq9m.img {{(pid=87389) _convert_image /opt/stack/cinder/cinder/image/image_utils.py:536}}
Sep 01 02:08:57 devstack cinder-volume[87389]: INFO cinder.image.image_utils [None req-a233729b-5533-4e8c-a965-2466ce200abd tempest-VolumesActionsTest-1616439687 None] Converted 1024.00 MB image at 194.83 MB/s
Sep 01 02:08:57 devstack cinder-volume[87389]: DEBUG cinder.image.image_utils [None req-a233729b-5533-4e8c-a965-2466ce200abd tempest-VolumesActionsTest-1616439687 None] 173443b0-a4fb-4d9f-a78d-f3fec5052b9b was raw, converting to qcow2 {{(pid=87389) upload_volume /opt/stack/cinder/cinder/image/image_utils.py:1179}}
Sep 01 02:08:57 devstack cinder-volume[87389]: DEBUG oslo.privsep.daemon [-] privsep: reply[2921bbd4-7ac2-4b96-82cf-785b4e3f6b31]: (4, 'raw') {{(pid=88409) _call_back /opt/stack/data/venv/lib/python3.12/site-packages/oslo_privsep/daemon.py:580}}
Sep 01 02:08:57 devstack cinder-volume[87389]: DEBUG oslo_concurrency.processutils [None req-a233729b-5533-4e8c-a965-2466ce200abd tempest-VolumesActionsTest-1616439687 None] Running cmd (subprocess): /opt/stack/data/venv/bin/python3.12 -m oslo_concurrency.prlimit --as=1073741824 --cpu=60 -- sudo cinder-rootwrap /etc/cinder/rootwrap.conf env LC_ALL=C qemu-img info -f raw --output=json /opt/stack/data/cinder/conversion/fc42c1ff-37c8-4eb7-89a0-3078c17de4c8.temp_image.173443b0-a4fb-4d9f-a78d-f3fec5052b9byxe4uq9m.img {{(pid=87389) execute /opt/stack/data/venv/lib/python3.12/site-packages/oslo_concurrency/processutils.py:440}}
Sep 01 02:08:58 devstack sudo[94591]: quobyte : PWD=/ ; USER=root ; COMMAND=/opt/stack/data/venv/bin/cinder-rootwrap /etc/cinder/rootwrap.conf env LC_ALL=C qemu-img info -f raw --output=json /opt/stack/data/cinder/conversion/fc42c1ff-37c8-4eb7-89a0-3078c17de4c8.temp_image.173443b0-a4fb-4d9f-a78d-f3fec5052b9byxe4uq9m.img
Sep 01 02:08:58 devstack sudo[94591]: pam_unix(sudo:session): session opened for user root(uid=0) by (uid=1000)
Sep 01 02:08:58 devstack sudo[94591]: pam_unix(sudo:session): session closed for user root
Sep 01 02:08:58 devstack cinder-volume[87389]: DEBUG oslo_concurrency.processutils [None req-a233729b-5533-4e8c-a965-2466ce200abd tempest-VolumesActionsTest-1616439687 None] CMD "/opt/stack/data/venv/bin/python3.12 -m oslo_concurrency.prlimit --as=1073741824 --cpu=60 -- sudo cinder-rootwrap /etc/cinder/rootwrap.conf env LC_ALL=C qemu-img info -f raw --output=json /opt/stack/data/cinder/conversion/fc42c1ff-37c8-4eb7-89a0-3078c17de4c8.temp_image.173443b0-a4fb-4d9f-a78d-f3fec5052b9byxe4uq9m.img" returned: 0 in 0.356s {{(pid=87389) execute /opt/stack/data/venv/lib/python3.12/site-packages/oslo_concurrency/processutils.py:468}}
Sep 01 02:08:58 devstack cinder-volume[87389]: DEBUG oslo_concurrency.processutils [None req-a233729b-5533-4e8c-a965-2466ce200abd tempest-VolumesActionsTest-1616439687 None] Running cmd (subprocess): /opt/stack/data/venv/bin/python3.12 -m oslo_concurrency.prlimit --as=1073741824 --cpu=60 -- sudo cinder-rootwrap /etc/cinder/rootwrap.conf env LC_ALL=C qemu-img info -f luks --output=json /opt/stack/data/cinder/conversion/fc42c1ff-37c8-4eb7-89a0-3078c17de4c8.temp_image.173443b0-a4fb-4d9f-a78d-f3fec5052b9byxe4uq9m.img {{(pid=87389) execute /opt/stack/data/venv/lib/python3.12/site-packages/oslo_concurrency/processutils.py:440}}
Sep 01 02:08:58 devstack sudo[94595]: quobyte : PWD=/ ; USER=root ; COMMAND=/opt/stack/data/venv/bin/cinder-rootwrap /etc/cinder/rootwrap.conf env LC_ALL=C qemu-img info -f luks --output=json /opt/stack/data/cinder/conversion/fc42c1ff-37c8-4eb7-89a0-3078c17de4c8.temp_image.173443b0-a4fb-4d9f-a78d-f3fec5052b9byxe4uq9m.img
Sep 01 02:08:58 devstack sudo[94595]: pam_unix(sudo:session): session opened for user root(uid=0) by (uid=1000)
Sep 01 02:08:58 devstack sudo[94595]: pam_unix(sudo:session): session closed for user root
Sep 01 02:08:58 devstack cinder-volume[87389]: DEBUG oslo_concurrency.processutils [None req-a233729b-5533-4e8c-a965-2466ce200abd tempest-VolumesActionsTest-1616439687 None] CMD "/opt/stack/data/venv/bin/python3.12 -m oslo_concurrency.prlimit --as=1073741824 --cpu=60 -- sudo cinder-rootwrap /etc/cinder/rootwrap.conf env LC_ALL=C qemu-img info -f luks --output=json /opt/stack/data/cinder/conversion/fc42c1ff-37c8-4eb7-89a0-3078c17de4c8.temp_image.173443b0-a4fb-4d9f-a78d-f3fec5052b9byxe4uq9m.img" returned: 1 in 0.338s {{(pid=87389) execute /opt/stack/data/venv/lib/python3.12/site-packages/oslo_concurrency/processutils.py:468}}
Sep 01 02:08:58 devstack cinder-volume[87389]: DEBUG oslo_concurrency.processutils [None req-a233729b-5533-4e8c-a965-2466ce200abd tempest-VolumesActionsTest-1616439687 None] '/opt/stack/data/venv/bin/python3.12 -m oslo_concurrency.prlimit --as=1073741824 --cpu=60 -- sudo cinder-rootwrap /etc/cinder/rootwrap.conf env LC_ALL=C qemu-img info -f luks --output=json /opt/stack/data/cinder/conversion/fc42c1ff-37c8-4eb7-89a0-3078c17de4c8.temp_image.173443b0-a4fb-4d9f-a78d-f3fec5052b9byxe4uq9m.img' failed. Not Retrying. {{(pid=87389) execute /opt/stack/data/venv/lib/python3.12/site-packages/oslo_concurrency/processutils.py:543}}
Sep 01 02:08:58 devstack cinder-volume[87389]: DEBUG oslo_concurrency.processutils [None req-a233729b-5533-4e8c-a965-2466ce200abd tempest-VolumesActionsTest-1616439687 None] Running cmd (subprocess): sudo cinder-rootwrap /etc/cinder/rootwrap.conf qemu-img convert -O qcow2 -c /opt/stack/data/cinder/conversion/fc42c1ff-37c8-4eb7-89a0-3078c17de4c8.temp_image.173443b0-a4fb-4d9f-a78d-f3fec5052b9byxe4uq9m.img /opt/stack/data/cinder/conversion/vol_upload_oix6yl1z {{(pid=87389) execute /opt/stack/data/venv/lib/python3.12/site-packages/oslo_concurrency/processutils.py:440}}
Sep 01 02:08:58 devstack sudo[94600]: quobyte : PWD=/ ; USER=root ; COMMAND=/opt/stack/data/venv/bin/cinder-rootwrap /etc/cinder/rootwrap.conf qemu-img convert -O qcow2 -c /opt/stack/data/cinder/conversion/fc42c1ff-37c8-4eb7-89a0-3078c17de4c8.temp_image.173443b0-a4fb-4d9f-a78d-f3fec5052b9byxe4uq9m.img /opt/stack/data/cinder/conversion/vol_upload_oix6yl1z
Sep 01 02:08:58 devstack sudo[94600]: pam_unix(sudo:session): session opened for user root(uid=0) by (uid=1000)
Sep 01 02:08:58 devstack sudo[94600]: pam_unix(sudo:session): session closed for user root
Sep 01 02:08:58 devstack cinder-volume[87389]: DEBUG oslo_concurrency.processutils [None req-a233729b-5533-4e8c-a965-2466ce200abd tempest-VolumesActionsTest-1616439687 None] CMD "sudo cinder-rootwrap /etc/cinder/rootwrap.conf qemu-img convert -O qcow2 -c /opt/stack/data/cinder/conversion/fc42c1ff-37c8-4eb7-89a0-3078c17de4c8.temp_image.173443b0-a4fb-4d9f-a78d-f3fec5052b9byxe4uq9m.img /opt/stack/data/cinder/conversion/vol_upload_oix6yl1z" returned: 0 in 0.280s {{(pid=87389) execute /opt/stack/data/venv/lib/python3.12/site-packages/oslo_concurrency/processutils.py:468}}
Sep 01 02:08:58 devstack cinder-volume[87389]: DEBUG cinder.image.image_utils [None req-a233729b-5533-4e8c-a965-2466ce200abd tempest-VolumesActionsTest-1616439687 None] Image conversion details: src /opt/stack/data/cinder/conversion/fc42c1ff-37c8-4eb7-89a0-3078c17de4c8.temp_image.173443b0-a4fb-4d9f-a78d-f3fec5052b9byxe4uq9m.img, size 1024.00 MB, duration 1.00 sec, destination /opt/stack/data/cinder/conversion/vol_upload_oix6yl1z {{(pid=87389) _convert_image /opt/stack/cinder/cinder/image/image_utils.py:536}}
Sep 01 02:08:58 devstack cinder-volume[87389]: INFO cinder.image.image_utils [None req-a233729b-5533-4e8c-a965-2466ce200abd tempest-VolumesActionsTest-1616439687 None] Converted 1024.00 MB image at 1024.00 MB/s
Sep 01 02:08:58 devstack cinder-volume[87389]: DEBUG oslo.privsep.daemon [-] privsep: reply[800bd5db-c50d-41e4-a081-cc3be15b2bed]: (4, 'qcow2') {{(pid=88409) _call_back /opt/stack/data/venv/lib/python3.12/site-packages/oslo_privsep/daemon.py:580}}
Sep 01 02:08:58 devstack cinder-volume[87389]: DEBUG oslo_concurrency.processutils [None req-a233729b-5533-4e8c-a965-2466ce200abd tempest-VolumesActionsTest-1616439687 None] Running cmd (subprocess): /opt/stack/data/venv/bin/python3.12 -m oslo_concurrency.prlimit --as=1073741824 --cpu=60 -- sudo cinder-rootwrap /etc/cinder/rootwrap.conf env LC_ALL=C qemu-img info -f qcow2 --output=json /opt/stack/data/cinder/conversion/vol_upload_oix6yl1z {{(pid=87389) execute /opt/stack/data/venv/lib/python3.12/site-packages/oslo_concurrency/processutils.py:440}}
Sep 01 02:08:58 devstack sudo[94605]: quobyte : PWD=/ ; USER=root ; COMMAND=/opt/stack/data/venv/bin/cinder-rootwrap /etc/cinder/rootwrap.conf env LC_ALL=C qemu-img info -f qcow2 --output=json /opt/stack/data/cinder/conversion/vol_upload_oix6yl1z
Sep 01 02:08:58 devstack sudo[94605]: pam_unix(sudo:session): session opened for user root(uid=0) by (uid=1000)
Sep 01 02:08:59 devstack sudo[94605]: pam_unix(sudo:session): session closed for user root
Sep 01 02:08:59 devstack cinder-volume[87389]: DEBUG oslo_concurrency.processutils [None req-a233729b-5533-4e8c-a965-2466ce200abd tempest-VolumesActionsTest-1616439687 None] CMD "/opt/stack/data/venv/bin/python3.12 -m oslo_concurrency.prlimit --as=1073741824 --cpu=60 -- sudo cinder-rootwrap /etc/cinder/rootwrap.conf env LC_ALL=C qemu-img info -f qcow2 --output=json /opt/stack/data/cinder/conversion/vol_upload_oix6yl1z" returned: 0 in 0.355s {{(pid=87389) execute /opt/stack/data/venv/lib/python3.12/site-packages/oslo_concurrency/processutils.py:468}}
Sep 01 02:09:00 devstack cinder-volume[87389]: DEBUG oslo_concurrency.lockutils [None req-a233729b-5533-4e8c-a965-2466ce200abd tempest-VolumesActionsTest-1616439687 None] Lock "quobyte" "released" by "cinder.volume.drivers.quobyte.QuobyteDriver.copy_volume_to_image" :: held 9.757s {{(pid=87389) inner /opt/stack/data/venv/lib/python3.12/site-packages/oslo_concurrency/lockutils.py:544}}
Sep 01 02:09:00 devstack cinder-volume[87389]: DEBUG cinder.volume.manager [None req-a233729b-5533-4e8c-a965-2466ce200abd tempest-VolumesActionsTest-1616439687 None] Uploaded volume to glance image-id: 173443b0-a4fb-4d9f-a78d-f3fec5052b9b. {{(pid=87389) copy_volume_to_image /opt/stack/cinder/cinder/volume/manager.py:1781}}
Sep 01 02:09:00 devstack cinder-volume[87389]: DEBUG oslo_concurrency.lockutils [req-ab389054-afc2-45ef-8039-569507314ea9 req-71a01705-04f4-4970-b0f7-5890ba9d91ee tempest-AttachVolumeTestJSON-1480235634 None] Lock "quobyte" acquired by "cinder.volume.drivers.quobyte.QuobyteDriver.initialize_connection" :: waited 9.439s {{(pid=87389) inner /opt/stack/data/venv/lib/python3.12/site-packages/oslo_concurrency/lockutils.py:525}}
Sep 01 02:09:00 devstack cinder-volume[87389]: DEBUG oslo_concurrency.lockutils [req-ab389054-afc2-45ef-8039-569507314ea9 req-71a01705-04f4-4970-b0f7-5890ba9d91ee tempest-AttachVolumeTestJSON-1480235634 None] Lock "quobyte" "released" by "cinder.volume.drivers.quobyte.QuobyteDriver.initialize_connection" :: held 0.022s {{(pid=87389) inner /opt/stack/data/venv/lib/python3.12/site-packages/oslo_concurrency/lockutils.py:544}}
Sep 01 02:09:00 devstack cinder-volume[87389]: DEBUG oslo_concurrency.lockutils [None req-efb198b5-0df8-4c6e-b433-47e9ce51c938 tempest-GroupSnapshotsTest-51692752 None] Lock "quobyte" acquired by "cinder.volume.drivers.quobyte.QuobyteDriver.create_snapshot" :: waited 9.179s {{(pid=87389) inner /opt/stack/data/venv/lib/python3.12/site-packages/oslo_concurrency/lockutils.py:525}}
Sep 01 02:09:00 devstack cinder-volume[87389]: INFO cinder.volume.manager [None req-a233729b-5533-4e8c-a965-2466ce200abd tempest-VolumesActionsTest-1616439687 None] Copy volume to image completed successfully.
Sep 01 02:09:00 devstack cinder-volume[87389]: DEBUG cinder.volume.drivers.remotefs [None req-efb198b5-0df8-4c6e-b433-47e9ce51c938 tempest-GroupSnapshotsTest-51692752 None] Creating offline snapshot c11758a3-58fb-4b55-8eb2-8a7e56ce404e of volume 162123de-5bae-4f88-8c72-0b832001720d {{(pid=87389) _create_snapshot /opt/stack/cinder/cinder/volume/drivers/remotefs.py:1816}}
Sep 01 02:09:00 devstack cinder-volume[87389]: DEBUG cinder.volume.manager [req-ab389054-afc2-45ef-8039-569507314ea9 req-71a01705-04f4-4970-b0f7-5890ba9d91ee tempest-AttachVolumeTestJSON-1480235634 None] Connection info returned from driver {'export': 'osci02.corp.quobyte.com/cinder-vol-8fc128ce-a1a4-4c0a-b780-5069ba14b2be', 'name': 'volume-a2229b78-7b58-43a6-a3fb-a54b1fab45ca', 'options': None, 'format': 'qcow2', 'qos_specs': None, 'access_mode': 'rw', 'encrypted': False, 'cacheable': False, 'driver_volume_type': 'quobyte', 'mount_point_base': '/opt/stack/data/cinder/mnt', 'attachment_id': '5a0205da-5e55-4412-8070-76e232432225', 'enforce_multipath': True} {{(pid=87389) _connection_create /opt/stack/cinder/cinder/volume/manager.py:4924}}
Sep 01 02:09:00 devstack cinder-volume[87389]: DEBUG oslo.privsep.daemon [-] privsep: reply[f9c95641-5710-4324-a281-b07f14f63d12]: (4, 'qcow2') {{(pid=88409) _call_back /opt/stack/data/venv/lib/python3.12/site-packages/oslo_privsep/daemon.py:580}}
Sep 01 02:09:00 devstack cinder-volume[87389]: DEBUG oslo_concurrency.processutils [None req-efb198b5-0df8-4c6e-b433-47e9ce51c938 tempest-GroupSnapshotsTest-51692752 None] Running cmd (subprocess): /opt/stack/data/venv/bin/python3.12 -m oslo_concurrency.prlimit --as=1073741824 --cpu=60 -- sudo cinder-rootwrap /etc/cinder/rootwrap.conf env LC_ALL=C qemu-img info -f qcow2 --output=json --force-share /opt/stack/data/cinder/mnt/aba79c69aa3972c2fcfe29b1e940baf0/volume-162123de-5bae-4f88-8c72-0b832001720d {{(pid=87389) execute /opt/stack/data/venv/lib/python3.12/site-packages/oslo_concurrency/processutils.py:440}}
Sep 01 02:09:00 devstack cinder-volume[87389]: INFO cinder.volume.manager [req-ab389054-afc2-45ef-8039-569507314ea9 req-71a01705-04f4-4970-b0f7-5890ba9d91ee tempest-AttachVolumeTestJSON-1480235634 None] attachment_update completed successfully.
Sep 01 02:09:01 devstack sudo[94611]: quobyte : PWD=/ ; USER=root ; COMMAND=/opt/stack/data/venv/bin/cinder-rootwrap /etc/cinder/rootwrap.conf env LC_ALL=C qemu-img info -f qcow2 --output=json --force-share /opt/stack/data/cinder/mnt/aba79c69aa3972c2fcfe29b1e940baf0/volume-162123de-5bae-4f88-8c72-0b832001720d
Sep 01 02:09:01 devstack sudo[94611]: pam_unix(sudo:session): session opened for user root(uid=0) by (uid=1000)
Sep 01 02:09:01 devstack sudo[94611]: pam_unix(sudo:session): session closed for user root
Sep 01 02:09:01 devstack cinder-volume[87389]: DEBUG oslo_concurrency.processutils [None req-efb198b5-0df8-4c6e-b433-47e9ce51c938 tempest-GroupSnapshotsTest-51692752 None] CMD "/opt/stack/data/venv/bin/python3.12 -m oslo_concurrency.prlimit --as=1073741824 --cpu=60 -- sudo cinder-rootwrap /etc/cinder/rootwrap.conf env LC_ALL=C qemu-img info -f qcow2 --output=json --force-share /opt/stack/data/cinder/mnt/aba79c69aa3972c2fcfe29b1e940baf0/volume-162123de-5bae-4f88-8c72-0b832001720d" returned: 0 in 0.473s {{(pid=87389) execute /opt/stack/data/venv/lib/python3.12/site-packages/oslo_concurrency/processutils.py:468}}
Sep 01 02:09:01 devstack cinder-volume[87389]: DEBUG oslo_concurrency.processutils [None req-efb198b5-0df8-4c6e-b433-47e9ce51c938 tempest-GroupSnapshotsTest-51692752 None] Running cmd (subprocess): sudo cinder-rootwrap /etc/cinder/rootwrap.conf qemu-img create -f qcow2 -o backing_file=/opt/stack/data/cinder/mnt/aba79c69aa3972c2fcfe29b1e940baf0/volume-162123de-5bae-4f88-8c72-0b832001720d,backing_fmt=qcow2 /opt/stack/data/cinder/mnt/aba79c69aa3972c2fcfe29b1e940baf0/volume-162123de-5bae-4f88-8c72-0b832001720d.c11758a3-58fb-4b55-8eb2-8a7e56ce404e 1G {{(pid=87389) execute /opt/stack/data/venv/lib/python3.12/site-packages/oslo_concurrency/processutils.py:440}}
Sep 01 02:09:01 devstack sudo[94998]: quobyte : PWD=/ ; USER=root ; COMMAND=/opt/stack/data/venv/bin/cinder-rootwrap /etc/cinder/rootwrap.conf qemu-img create -f qcow2 -o backing_file=/opt/stack/data/cinder/mnt/aba79c69aa3972c2fcfe29b1e940baf0/volume-162123de-5bae-4f88-8c72-0b832001720d,backing_fmt=qcow2 /opt/stack/data/cinder/mnt/aba79c69aa3972c2fcfe29b1e940baf0/volume-162123de-5bae-4f88-8c72-0b832001720d.c11758a3-58fb-4b55-8eb2-8a7e56ce404e 1G
Sep 01 02:09:01 devstack sudo[94998]: pam_unix(sudo:session): session opened for user root(uid=0) by (uid=1000)
Sep 01 02:09:01 devstack sudo[94998]: pam_unix(sudo:session): session closed for user root
Sep 01 02:09:01 devstack cinder-volume[87389]: DEBUG oslo_concurrency.processutils [None req-efb198b5-0df8-4c6e-b433-47e9ce51c938 tempest-GroupSnapshotsTest-51692752 None] CMD "sudo cinder-rootwrap /etc/cinder/rootwrap.conf qemu-img create -f qcow2 -o backing_file=/opt/stack/data/cinder/mnt/aba79c69aa3972c2fcfe29b1e940baf0/volume-162123de-5bae-4f88-8c72-0b832001720d,backing_fmt=qcow2 /opt/stack/data/cinder/mnt/aba79c69aa3972c2fcfe29b1e940baf0/volume-162123de-5bae-4f88-8c72-0b832001720d.c11758a3-58fb-4b55-8eb2-8a7e56ce404e 1G" returned: 0 in 0.498s {{(pid=87389) execute /opt/stack/data/venv/lib/python3.12/site-packages/oslo_concurrency/processutils.py:468}}
Sep 01 02:09:01 devstack cinder-volume[87389]: DEBUG oslo_concurrency.processutils [None req-efb198b5-0df8-4c6e-b433-47e9ce51c938 tempest-GroupSnapshotsTest-51692752 None] Running cmd (subprocess): sudo cinder-rootwrap /etc/cinder/rootwrap.conf qemu-img rebase -u -b volume-162123de-5bae-4f88-8c72-0b832001720d -F qcow2 /opt/stack/data/cinder/mnt/aba79c69aa3972c2fcfe29b1e940baf0/volume-162123de-5bae-4f88-8c72-0b832001720d.c11758a3-58fb-4b55-8eb2-8a7e56ce404e {{(pid=87389) execute /opt/stack/data/venv/lib/python3.12/site-packages/oslo_concurrency/processutils.py:440}}
Sep 01 02:09:01 devstack sudo[95003]: quobyte : PWD=/ ; USER=root ; COMMAND=/opt/stack/data/venv/bin/cinder-rootwrap /etc/cinder/rootwrap.conf qemu-img rebase -u -b volume-162123de-5bae-4f88-8c72-0b832001720d -F qcow2 /opt/stack/data/cinder/mnt/aba79c69aa3972c2fcfe29b1e940baf0/volume-162123de-5bae-4f88-8c72-0b832001720d.c11758a3-58fb-4b55-8eb2-8a7e56ce404e
Sep 01 02:09:01 devstack sudo[95003]: pam_unix(sudo:session): session opened for user root(uid=0) by (uid=1000)
Sep 01 02:09:02 devstack sudo[95003]: pam_unix(sudo:session): session closed for user root
Sep 01 02:09:02 devstack cinder-volume[87389]: DEBUG oslo_concurrency.processutils [None req-efb198b5-0df8-4c6e-b433-47e9ce51c938 tempest-GroupSnapshotsTest-51692752 None] CMD "sudo cinder-rootwrap /etc/cinder/rootwrap.conf qemu-img rebase -u -b volume-162123de-5bae-4f88-8c72-0b832001720d -F qcow2 /opt/stack/data/cinder/mnt/aba79c69aa3972c2fcfe29b1e940baf0/volume-162123de-5bae-4f88-8c72-0b832001720d.c11758a3-58fb-4b55-8eb2-8a7e56ce404e" returned: 0 in 0.386s {{(pid=87389) execute /opt/stack/data/venv/lib/python3.12/site-packages/oslo_concurrency/processutils.py:468}}
Sep 01 02:09:02 devstack cinder-volume[87389]: WARNING cinder.volume.drivers.remotefs [None req-efb198b5-0df8-4c6e-b433-47e9ce51c938 tempest-GroupSnapshotsTest-51692752 None] /opt/stack/data/cinder/mnt/aba79c69aa3972c2fcfe29b1e940baf0/volume-162123de-5bae-4f88-8c72-0b832001720d.c11758a3-58fb-4b55-8eb2-8a7e56ce404e is being set with open permissions: ugo+rw: NotImplementedError
Sep 01 02:09:02 devstack cinder-volume[87389]: DEBUG oslo_concurrency.processutils [None req-efb198b5-0df8-4c6e-b433-47e9ce51c938 tempest-GroupSnapshotsTest-51692752 None] Running cmd (subprocess): sudo cinder-rootwrap /etc/cinder/rootwrap.conf chmod ugo+rw /opt/stack/data/cinder/mnt/aba79c69aa3972c2fcfe29b1e940baf0/volume-162123de-5bae-4f88-8c72-0b832001720d.c11758a3-58fb-4b55-8eb2-8a7e56ce404e {{(pid=87389) execute /opt/stack/data/venv/lib/python3.12/site-packages/oslo_concurrency/processutils.py:440}}
Sep 01 02:09:02 devstack sudo[95009]: quobyte : PWD=/ ; USER=root ; COMMAND=/opt/stack/data/venv/bin/cinder-rootwrap /etc/cinder/rootwrap.conf chmod ugo+rw /opt/stack/data/cinder/mnt/aba79c69aa3972c2fcfe29b1e940baf0/volume-162123de-5bae-4f88-8c72-0b832001720d.c11758a3-58fb-4b55-8eb2-8a7e56ce404e
Sep 01 02:09:02 devstack sudo[95009]: pam_unix(sudo:session): session opened for user root(uid=0) by (uid=1000)
Sep 01 02:09:02 devstack sudo[95009]: pam_unix(sudo:session): session closed for user root
Sep 01 02:09:02 devstack cinder-volume[87389]: DEBUG oslo_concurrency.processutils [None req-efb198b5-0df8-4c6e-b433-47e9ce51c938 tempest-GroupSnapshotsTest-51692752 None] CMD "sudo cinder-rootwrap /etc/cinder/rootwrap.conf chmod ugo+rw /opt/stack/data/cinder/mnt/aba79c69aa3972c2fcfe29b1e940baf0/volume-162123de-5bae-4f88-8c72-0b832001720d.c11758a3-58fb-4b55-8eb2-8a7e56ce404e" returned: 0 in 0.407s {{(pid=87389) execute /opt/stack/data/venv/lib/python3.12/site-packages/oslo_concurrency/processutils.py:468}}
Sep 01 02:09:02 devstack cinder-volume[87389]: DEBUG oslo_concurrency.processutils [None req-efb198b5-0df8-4c6e-b433-47e9ce51c938 tempest-GroupSnapshotsTest-51692752 None] Running cmd (subprocess): sudo cinder-rootwrap /etc/cinder/rootwrap.conf truncate -s0 /opt/stack/data/cinder/mnt/aba79c69aa3972c2fcfe29b1e940baf0/volume-162123de-5bae-4f88-8c72-0b832001720d.info {{(pid=87389) execute /opt/stack/data/venv/lib/python3.12/site-packages/oslo_concurrency/processutils.py:440}}
Sep 01 02:09:02 devstack cinder-volume[87389]: DEBUG cinder.coordination [None req-a2af9892-340e-400d-8351-accecd8ecffb tempest-VolumesActionsTest-1616439687 None] Acquiring lock "cinder-fc42c1ff-37c8-4eb7-89a0-3078c17de4c8-delete_volume" by "delete_volume" {{(pid=87389) __acquire /opt/stack/cinder/cinder/coordination.py:138}}
Sep 01 02:09:02 devstack sudo[95012]: quobyte : PWD=/ ; USER=root ; COMMAND=/opt/stack/data/venv/bin/cinder-rootwrap /etc/cinder/rootwrap.conf truncate -s0 /opt/stack/data/cinder/mnt/aba79c69aa3972c2fcfe29b1e940baf0/volume-162123de-5bae-4f88-8c72-0b832001720d.info
Sep 01 02:09:02 devstack sudo[95012]: pam_unix(sudo:session): session opened for user root(uid=0) by (uid=1000)
Sep 01 02:09:02 devstack cinder-volume[87389]: DEBUG cinder.coordination [None req-a2af9892-340e-400d-8351-accecd8ecffb tempest-VolumesActionsTest-1616439687 None] Lock "cinder-fc42c1ff-37c8-4eb7-89a0-3078c17de4c8-delete_volume" acquired by "delete_volume" :: waited 0.031s {{(pid=87389) __acquire /opt/stack/cinder/cinder/coordination.py:141}}
Sep 01 02:09:02 devstack cinder-volume[87389]: DEBUG cinder.coordination [None req-a2af9892-340e-400d-8351-accecd8ecffb tempest-VolumesActionsTest-1616439687 None] Acquiring lock "cinder-quobyte-fc42c1ff-37c8-4eb7-89a0-3078c17de4c8" by "delete_volume" {{(pid=87389) __acquire /opt/stack/cinder/cinder/coordination.py:138}}
Sep 01 02:09:02 devstack cinder-volume[87389]: DEBUG cinder.coordination [None req-a2af9892-340e-400d-8351-accecd8ecffb tempest-VolumesActionsTest-1616439687 None] Lock "cinder-quobyte-fc42c1ff-37c8-4eb7-89a0-3078c17de4c8" acquired by "delete_volume" :: waited 0.031s {{(pid=87389) __acquire /opt/stack/cinder/cinder/coordination.py:141}}
Sep 01 02:09:02 devstack cinder-volume[87389]: DEBUG oslo.privsep.daemon [-] privsep: reply[c5e3a35a-8bb9-4c45-9600-cc7b916a3a85]: (4, 'qcow2') {{(pid=88409) _call_back /opt/stack/data/venv/lib/python3.12/site-packages/oslo_privsep/daemon.py:580}}
Sep 01 02:09:02 devstack cinder-volume[87389]: DEBUG oslo_concurrency.processutils [None req-a2af9892-340e-400d-8351-accecd8ecffb tempest-VolumesActionsTest-1616439687 None] Running cmd (subprocess): /opt/stack/data/venv/bin/python3.12 -m oslo_concurrency.prlimit --as=1073741824 --cpu=60 -- sudo cinder-rootwrap /etc/cinder/rootwrap.conf env LC_ALL=C qemu-img info -f qcow2 --output=json --force-share /opt/stack/data/cinder/mnt/aba79c69aa3972c2fcfe29b1e940baf0/volume-fc42c1ff-37c8-4eb7-89a0-3078c17de4c8 {{(pid=87389) execute /opt/stack/data/venv/lib/python3.12/site-packages/oslo_concurrency/processutils.py:440}}
Sep 01 02:09:03 devstack sudo[95014]: quobyte : PWD=/ ; USER=root ; COMMAND=/opt/stack/data/venv/bin/cinder-rootwrap /etc/cinder/rootwrap.conf env LC_ALL=C qemu-img info -f qcow2 --output=json --force-share /opt/stack/data/cinder/mnt/aba79c69aa3972c2fcfe29b1e940baf0/volume-fc42c1ff-37c8-4eb7-89a0-3078c17de4c8
Sep 01 02:09:03 devstack sudo[95014]: pam_unix(sudo:session): session opened for user root(uid=0) by (uid=1000)
Sep 01 02:09:03 devstack sudo[95012]: pam_unix(sudo:session): session closed for user root
Sep 01 02:09:03 devstack cinder-volume[87389]: DEBUG oslo_concurrency.processutils [None req-efb198b5-0df8-4c6e-b433-47e9ce51c938 tempest-GroupSnapshotsTest-51692752 None] CMD "sudo cinder-rootwrap /etc/cinder/rootwrap.conf truncate -s0 /opt/stack/data/cinder/mnt/aba79c69aa3972c2fcfe29b1e940baf0/volume-162123de-5bae-4f88-8c72-0b832001720d.info" returned: 0 in 0.443s {{(pid=87389) execute /opt/stack/data/venv/lib/python3.12/site-packages/oslo_concurrency/processutils.py:468}}
Sep 01 02:09:03 devstack cinder-volume[87389]: WARNING cinder.volume.drivers.remotefs [None req-efb198b5-0df8-4c6e-b433-47e9ce51c938 tempest-GroupSnapshotsTest-51692752 None] /opt/stack/data/cinder/mnt/aba79c69aa3972c2fcfe29b1e940baf0/volume-162123de-5bae-4f88-8c72-0b832001720d.info is being set with open permissions: ugo+rw: NotImplementedError
Sep 01 02:09:03 devstack cinder-volume[87389]: DEBUG oslo_concurrency.processutils [None req-efb198b5-0df8-4c6e-b433-47e9ce51c938 tempest-GroupSnapshotsTest-51692752 None] Running cmd (subprocess): sudo cinder-rootwrap /etc/cinder/rootwrap.conf chmod ugo+rw /opt/stack/data/cinder/mnt/aba79c69aa3972c2fcfe29b1e940baf0/volume-162123de-5bae-4f88-8c72-0b832001720d.info {{(pid=87389) execute /opt/stack/data/venv/lib/python3.12/site-packages/oslo_concurrency/processutils.py:440}}
Sep 01 02:09:03 devstack sudo[95020]: quobyte : PWD=/ ; USER=root ; COMMAND=/opt/stack/data/venv/bin/cinder-rootwrap /etc/cinder/rootwrap.conf chmod ugo+rw /opt/stack/data/cinder/mnt/aba79c69aa3972c2fcfe29b1e940baf0/volume-162123de-5bae-4f88-8c72-0b832001720d.info
Sep 01 02:09:03 devstack sudo[95020]: pam_unix(sudo:session): session opened for user root(uid=0) by (uid=1000)
Sep 01 02:09:03 devstack sudo[95014]: pam_unix(sudo:session): session closed for user root
Sep 01 02:09:03 devstack cinder-volume[87389]: DEBUG oslo_concurrency.processutils [None req-a2af9892-340e-400d-8351-accecd8ecffb tempest-VolumesActionsTest-1616439687 None] CMD "/opt/stack/data/venv/bin/python3.12 -m oslo_concurrency.prlimit --as=1073741824 --cpu=60 -- sudo cinder-rootwrap /etc/cinder/rootwrap.conf env LC_ALL=C qemu-img info -f qcow2 --output=json --force-share /opt/stack/data/cinder/mnt/aba79c69aa3972c2fcfe29b1e940baf0/volume-fc42c1ff-37c8-4eb7-89a0-3078c17de4c8" returned: 0 in 0.552s {{(pid=87389) execute /opt/stack/data/venv/lib/python3.12/site-packages/oslo_concurrency/processutils.py:468}}
Sep 01 02:09:03 devstack cinder-volume[87389]: DEBUG oslo_concurrency.processutils [None req-a2af9892-340e-400d-8351-accecd8ecffb tempest-VolumesActionsTest-1616439687 None] Running cmd (subprocess): sudo cinder-rootwrap /etc/cinder/rootwrap.conf rm -f /opt/stack/data/cinder/mnt/aba79c69aa3972c2fcfe29b1e940baf0/volume-fc42c1ff-37c8-4eb7-89a0-3078c17de4c8 {{(pid=87389) execute /opt/stack/data/venv/lib/python3.12/site-packages/oslo_concurrency/processutils.py:440}}
Sep 01 02:09:03 devstack sudo[95020]: pam_unix(sudo:session): session closed for user root
Sep 01 02:09:03 devstack sudo[95030]: quobyte : PWD=/ ; USER=root ; COMMAND=/opt/stack/data/venv/bin/cinder-rootwrap /etc/cinder/rootwrap.conf rm -f /opt/stack/data/cinder/mnt/aba79c69aa3972c2fcfe29b1e940baf0/volume-fc42c1ff-37c8-4eb7-89a0-3078c17de4c8
Sep 01 02:09:03 devstack cinder-volume[87389]: DEBUG oslo_concurrency.processutils [None req-efb198b5-0df8-4c6e-b433-47e9ce51c938 tempest-GroupSnapshotsTest-51692752 None] CMD "sudo cinder-rootwrap /etc/cinder/rootwrap.conf chmod ugo+rw /opt/stack/data/cinder/mnt/aba79c69aa3972c2fcfe29b1e940baf0/volume-162123de-5bae-4f88-8c72-0b832001720d.info" returned: 0 in 0.342s {{(pid=87389) execute /opt/stack/data/venv/lib/python3.12/site-packages/oslo_concurrency/processutils.py:468}}
Sep 01 02:09:03 devstack sudo[95030]: pam_unix(sudo:session): session opened for user root(uid=0) by (uid=1000)
Sep 01 02:09:03 devstack cinder-volume[87389]: DEBUG oslo_concurrency.lockutils [None req-efb198b5-0df8-4c6e-b433-47e9ce51c938 tempest-GroupSnapshotsTest-51692752 None] Lock "quobyte" "released" by "cinder.volume.drivers.quobyte.QuobyteDriver.create_snapshot" :: held 2.747s {{(pid=87389) inner /opt/stack/data/venv/lib/python3.12/site-packages/oslo_concurrency/lockutils.py:544}}
Sep 01 02:09:03 devstack cinder-volume[87389]: INFO cinder.volume.manager [None req-efb198b5-0df8-4c6e-b433-47e9ce51c938 tempest-GroupSnapshotsTest-51692752 None] group_snapshot 5566bf43-9a8b-4b03-a170-568524204a29: created successfully
Sep 01 02:09:03 devstack sudo[95030]: pam_unix(sudo:session): session closed for user root
Sep 01 02:09:03 devstack cinder-volume[87389]: DEBUG oslo_concurrency.processutils [None req-a2af9892-340e-400d-8351-accecd8ecffb tempest-VolumesActionsTest-1616439687 None] CMD "sudo cinder-rootwrap /etc/cinder/rootwrap.conf rm -f /opt/stack/data/cinder/mnt/aba79c69aa3972c2fcfe29b1e940baf0/volume-fc42c1ff-37c8-4eb7-89a0-3078c17de4c8" returned: 0 in 0.301s {{(pid=87389) execute /opt/stack/data/venv/lib/python3.12/site-packages/oslo_concurrency/processutils.py:468}}
Sep 01 02:09:03 devstack cinder-volume[87389]: DEBUG cinder.coordination [None req-a2af9892-340e-400d-8351-accecd8ecffb tempest-VolumesActionsTest-1616439687 None] Lock "cinder-quobyte-fc42c1ff-37c8-4eb7-89a0-3078c17de4c8" released by "delete_volume" :: held 0.907s {{(pid=87389) __release /opt/stack/cinder/cinder/coordination.py:152}}
Sep 01 02:09:03 devstack cinder-volume[87389]: DEBUG cinder.quota [None req-a2af9892-340e-400d-8351-accecd8ecffb tempest-VolumesActionsTest-1616439687 None] Created reservations ['7904678c-e76b-49e8-b254-a67f7f44d290', '19bbe58e-572b-4001-929d-357a4d9d9536', '29ae4e82-3e8d-42ed-bd5c-286c55f811aa', '05da0b5a-8035-42b0-b55f-53a75f7968f0'] {{(pid=87389) reserve /opt/stack/cinder/cinder/quota.py:752}}
Sep 01 02:09:03 devstack cinder-volume[87389]: DEBUG oslo_concurrency.lockutils [None req-a2af9892-340e-400d-8351-accecd8ecffb tempest-VolumesActionsTest-1616439687 None] Acquiring lock "quobyte_ensure" by "cinder.volume.drivers.quobyte.QuobyteDriver._ensure_shares_mounted" {{(pid=87389) inner /opt/stack/data/venv/lib/python3.12/site-packages/oslo_concurrency/lockutils.py:512}}
Sep 01 02:09:03 devstack cinder-volume[87389]: DEBUG oslo_concurrency.lockutils [None req-a2af9892-340e-400d-8351-accecd8ecffb tempest-VolumesActionsTest-1616439687 None] Lock "quobyte_ensure" acquired by "cinder.volume.drivers.quobyte.QuobyteDriver._ensure_shares_mounted" :: waited 0.002s {{(pid=87389) inner /opt/stack/data/venv/lib/python3.12/site-packages/oslo_concurrency/lockutils.py:525}}
Sep 01 02:09:03 devstack cinder-volume[87389]: DEBUG cinder.volume.drivers.quobyte [None req-a2af9892-340e-400d-8351-accecd8ecffb tempest-VolumesActionsTest-1616439687 None] Quobyte Volume URL set to: {'osci02.corp.quobyte.com/cinder-vol-8fc128ce-a1a4-4c0a-b780-5069ba14b2be': None} {{(pid=87389) _load_shares_config /opt/stack/cinder/cinder/volume/drivers/quobyte.py:662}}
Sep 01 02:09:03 devstack cinder-volume[87389]: DEBUG cinder.volume.drivers.quobyte [None req-a2af9892-340e-400d-8351-accecd8ecffb tempest-VolumesActionsTest-1616439687 None] Available shares ['osci02.corp.quobyte.com/cinder-vol-8fc128ce-a1a4-4c0a-b780-5069ba14b2be'] {{(pid=87389) _ensure_shares_mounted /opt/stack/cinder/cinder/volume/drivers/quobyte.py:692}}
Sep 01 02:09:03 devstack cinder-volume[87389]: DEBUG oslo_concurrency.lockutils [None req-a2af9892-340e-400d-8351-accecd8ecffb tempest-VolumesActionsTest-1616439687 None] Lock "quobyte_ensure" "released" by "cinder.volume.drivers.quobyte.QuobyteDriver._ensure_shares_mounted" :: held 0.009s {{(pid=87389) inner /opt/stack/data/venv/lib/python3.12/site-packages/oslo_concurrency/lockutils.py:544}}
Sep 01 02:09:03 devstack cinder-volume[87389]: DEBUG oslo_concurrency.processutils [None req-a2af9892-340e-400d-8351-accecd8ecffb tempest-VolumesActionsTest-1616439687 None] Running cmd (subprocess): sudo cinder-rootwrap /etc/cinder/rootwrap.conf df --portability --block-size 1 /opt/stack/data/cinder/mnt/aba79c69aa3972c2fcfe29b1e940baf0 {{(pid=87389) execute /opt/stack/data/venv/lib/python3.12/site-packages/oslo_concurrency/processutils.py:440}}
Sep 01 02:09:04 devstack sudo[95033]: quobyte : PWD=/ ; USER=root ; COMMAND=/opt/stack/data/venv/bin/cinder-rootwrap /etc/cinder/rootwrap.conf df --portability --block-size 1 /opt/stack/data/cinder/mnt/aba79c69aa3972c2fcfe29b1e940baf0
Sep 01 02:09:04 devstack sudo[95033]: pam_unix(sudo:session): session opened for user root(uid=0) by (uid=1000)
Sep 01 02:09:04 devstack sudo[95033]: pam_unix(sudo:session): session closed for user root
Sep 01 02:09:04 devstack cinder-volume[87389]: DEBUG oslo_concurrency.processutils [None req-a2af9892-340e-400d-8351-accecd8ecffb tempest-VolumesActionsTest-1616439687 None] CMD "sudo cinder-rootwrap /etc/cinder/rootwrap.conf df --portability --block-size 1 /opt/stack/data/cinder/mnt/aba79c69aa3972c2fcfe29b1e940baf0" returned: 0 in 0.314s {{(pid=87389) execute /opt/stack/data/venv/lib/python3.12/site-packages/oslo_concurrency/processutils.py:468}}
Sep 01 02:09:04 devstack cinder-volume[87389]: DEBUG cinder.manager [None req-a2af9892-340e-400d-8351-accecd8ecffb tempest-VolumesActionsTest-1616439687 None] Notifying Schedulers of capabilities ... {{(pid=87389) _publish_service_capabilities /opt/stack/cinder/cinder/manager.py:219}}
Sep 01 02:09:04 devstack cinder-volume[87389]: INFO cinder.volume.manager [None req-a2af9892-340e-400d-8351-accecd8ecffb tempest-VolumesActionsTest-1616439687 None] Deleted volume successfully.
Sep 01 02:09:04 devstack cinder-volume[87389]: DEBUG cinder.coordination [None req-a2af9892-340e-400d-8351-accecd8ecffb tempest-VolumesActionsTest-1616439687 None] Lock "cinder-fc42c1ff-37c8-4eb7-89a0-3078c17de4c8-delete_volume" released by "delete_volume" :: held 1.547s {{(pid=87389) __release /opt/stack/cinder/cinder/coordination.py:152}}
Sep 01 02:09:05 devstack cinder-volume[87389]: DEBUG oslo_concurrency.lockutils [None req-5414c6c5-061d-4407-bf14-e56b96aaf6b1 tempest-GroupSnapshotsTest-51692752 None] Acquiring lock "quobyte" by "cinder.volume.drivers.quobyte.QuobyteDriver.create_volume_from_snapshot" {{(pid=87389) inner /opt/stack/data/venv/lib/python3.12/site-packages/oslo_concurrency/lockutils.py:512}}
Sep 01 02:09:05 devstack cinder-volume[87389]: DEBUG oslo_concurrency.lockutils [None req-5414c6c5-061d-4407-bf14-e56b96aaf6b1 tempest-GroupSnapshotsTest-51692752 None] Lock "quobyte" acquired by "cinder.volume.drivers.quobyte.QuobyteDriver.create_volume_from_snapshot" :: waited 0.001s {{(pid=87389) inner /opt/stack/data/venv/lib/python3.12/site-packages/oslo_concurrency/lockutils.py:525}}
Sep 01 02:09:05 devstack cinder-volume[87389]: DEBUG cinder.coordination [None req-5414c6c5-061d-4407-bf14-e56b96aaf6b1 tempest-GroupSnapshotsTest-51692752 None] Acquiring lock "cinder-quobyte-c11758a3-58fb-4b55-8eb2-8a7e56ce404e-4f9a9ec3-f618-4f62-be02-e4b896c13583" by "_create_volume_from_snapshot" {{(pid=87389) __acquire /opt/stack/cinder/cinder/coordination.py:138}}
Sep 01 02:09:05 devstack cinder-volume[87389]: DEBUG cinder.coordination [None req-5414c6c5-061d-4407-bf14-e56b96aaf6b1 tempest-GroupSnapshotsTest-51692752 None] Lock "cinder-quobyte-c11758a3-58fb-4b55-8eb2-8a7e56ce404e-4f9a9ec3-f618-4f62-be02-e4b896c13583" acquired by "_create_volume_from_snapshot" :: waited 0.021s {{(pid=87389) __acquire /opt/stack/cinder/cinder/coordination.py:141}}
Sep 01 02:09:05 devstack cinder-volume[87389]: DEBUG cinder.volume.drivers.quobyte [None req-5414c6c5-061d-4407-bf14-e56b96aaf6b1 tempest-GroupSnapshotsTest-51692752 None] Creating volume 4f9a9ec3-f618-4f62-be02-e4b896c13583 from snapshot c11758a3-58fb-4b55-8eb2-8a7e56ce404e {{(pid=87389) _create_volume_from_snapshot /opt/stack/cinder/cinder/volume/drivers/quobyte.py:355}}
Sep 01 02:09:05 devstack cinder-volume[87389]: DEBUG oslo_concurrency.lockutils [None req-5414c6c5-061d-4407-bf14-e56b96aaf6b1 tempest-GroupSnapshotsTest-51692752 None] Acquiring lock "quobyte_ensure" by "cinder.volume.drivers.quobyte.QuobyteDriver._ensure_shares_mounted" {{(pid=87389) inner /opt/stack/data/venv/lib/python3.12/site-packages/oslo_concurrency/lockutils.py:512}}
Sep 01 02:09:05 devstack cinder-volume[87389]: DEBUG oslo_concurrency.lockutils [None req-5414c6c5-061d-4407-bf14-e56b96aaf6b1 tempest-GroupSnapshotsTest-51692752 None] Lock "quobyte_ensure" acquired by "cinder.volume.drivers.quobyte.QuobyteDriver._ensure_shares_mounted" :: waited 0.001s {{(pid=87389) inner /opt/stack/data/venv/lib/python3.12/site-packages/oslo_concurrency/lockutils.py:525}}
Sep 01 02:09:05 devstack cinder-volume[87389]: DEBUG cinder.volume.drivers.quobyte [None req-5414c6c5-061d-4407-bf14-e56b96aaf6b1 tempest-GroupSnapshotsTest-51692752 None] Quobyte Volume URL set to: {'osci02.corp.quobyte.com/cinder-vol-8fc128ce-a1a4-4c0a-b780-5069ba14b2be': None} {{(pid=87389) _load_shares_config /opt/stack/cinder/cinder/volume/drivers/quobyte.py:662}}
Sep 01 02:09:05 devstack cinder-volume[87389]: DEBUG cinder.volume.drivers.quobyte [None req-5414c6c5-061d-4407-bf14-e56b96aaf6b1 tempest-GroupSnapshotsTest-51692752 None] Available shares ['osci02.corp.quobyte.com/cinder-vol-8fc128ce-a1a4-4c0a-b780-5069ba14b2be'] {{(pid=87389) _ensure_shares_mounted /opt/stack/cinder/cinder/volume/drivers/quobyte.py:692}}
Sep 01 02:09:05 devstack cinder-volume[87389]: DEBUG oslo_concurrency.lockutils [None req-5414c6c5-061d-4407-bf14-e56b96aaf6b1 tempest-GroupSnapshotsTest-51692752 None] Lock "quobyte_ensure" "released" by "cinder.volume.drivers.quobyte.QuobyteDriver._ensure_shares_mounted" :: held 0.012s {{(pid=87389) inner /opt/stack/data/venv/lib/python3.12/site-packages/oslo_concurrency/lockutils.py:544}}
Sep 01 02:09:05 devstack cinder-volume[87389]: DEBUG cinder.volume.drivers.quobyte [None req-5414c6c5-061d-4407-bf14-e56b96aaf6b1 tempest-GroupSnapshotsTest-51692752 None] Selected osci02.corp.quobyte.com/cinder-vol-8fc128ce-a1a4-4c0a-b780-5069ba14b2be as target Quobyte volume. {{(pid=87389) _find_share /opt/stack/cinder/cinder/volume/drivers/quobyte.py:713}}
Sep 01 02:09:05 devstack cinder-volume[87389]: DEBUG cinder.coordination [None req-5414c6c5-061d-4407-bf14-e56b96aaf6b1 tempest-GroupSnapshotsTest-51692752 None] Acquiring lock "cinder-quobyte-4f9a9ec3-f618-4f62-be02-e4b896c13583" by "_copy_volume_from_snapshot" {{(pid=87389) __acquire /opt/stack/cinder/cinder/coordination.py:138}}
