Aug 11 04:40:01 devstack sudo[97807]: pam_unix(sudo:session): session closed for user root
Aug 11 04:40:01 devstack cinder-volume[94472]: DEBUG oslo_concurrency.processutils [None req-769daa48-a33c-482c-b8c0-12ca9d120ed1 tempest-GroupSnapshotsTest-1060963943 None] CMD "/opt/stack/data/venv/bin/python3.12 -m oslo_concurrency.prlimit --as=1073741824 --cpu=60 -- sudo cinder-rootwrap /etc/cinder/rootwrap.conf env LC_ALL=C qemu-img info -f qcow2 --output=json --force-share /opt/stack/data/cinder/mnt/596df44d1e183342d63c2d1b00486333/volume-e31a8307-2ad7-4cc0-a7eb-f451721b8e96" returned: 0 in 0.431s {{(pid=94472) execute /opt/stack/data/venv/lib/python3.12/site-packages/oslo_concurrency/processutils.py:468}}
Aug 11 04:40:01 devstack cinder-volume[94472]: DEBUG oslo_concurrency.processutils [None req-769daa48-a33c-482c-b8c0-12ca9d120ed1 tempest-GroupSnapshotsTest-1060963943 None] Running cmd (subprocess): sudo cinder-rootwrap /etc/cinder/rootwrap.conf qemu-img create -f qcow2 -o backing_file=/opt/stack/data/cinder/mnt/596df44d1e183342d63c2d1b00486333/volume-e31a8307-2ad7-4cc0-a7eb-f451721b8e96,backing_fmt=qcow2 /opt/stack/data/cinder/mnt/596df44d1e183342d63c2d1b00486333/volume-e31a8307-2ad7-4cc0-a7eb-f451721b8e96.e4738330-1d2c-4b6a-8ebc-5f5180c03ba3 1G {{(pid=94472) execute /opt/stack/data/venv/lib/python3.12/site-packages/oslo_concurrency/processutils.py:440}}
Aug 11 04:40:01 devstack sudo[97813]: quobyte : PWD=/ ; USER=root ; COMMAND=/opt/stack/data/venv/bin/cinder-rootwrap /etc/cinder/rootwrap.conf qemu-img create -f qcow2 -o backing_file=/opt/stack/data/cinder/mnt/596df44d1e183342d63c2d1b00486333/volume-e31a8307-2ad7-4cc0-a7eb-f451721b8e96,backing_fmt=qcow2 /opt/stack/data/cinder/mnt/596df44d1e183342d63c2d1b00486333/volume-e31a8307-2ad7-4cc0-a7eb-f451721b8e96.e4738330-1d2c-4b6a-8ebc-5f5180c03ba3 1G
Aug 11 04:40:01 devstack sudo[97813]: pam_unix(sudo:session): session opened for user root(uid=0) by (uid=1000)
Aug 11 04:40:01 devstack sudo[97813]: pam_unix(sudo:session): session closed for user root
Aug 11 04:40:01 devstack cinder-volume[94472]: DEBUG oslo_concurrency.processutils [None req-769daa48-a33c-482c-b8c0-12ca9d120ed1 tempest-GroupSnapshotsTest-1060963943 None] CMD "sudo cinder-rootwrap /etc/cinder/rootwrap.conf qemu-img create -f qcow2 -o backing_file=/opt/stack/data/cinder/mnt/596df44d1e183342d63c2d1b00486333/volume-e31a8307-2ad7-4cc0-a7eb-f451721b8e96,backing_fmt=qcow2 /opt/stack/data/cinder/mnt/596df44d1e183342d63c2d1b00486333/volume-e31a8307-2ad7-4cc0-a7eb-f451721b8e96.e4738330-1d2c-4b6a-8ebc-5f5180c03ba3 1G" returned: 0 in 0.478s {{(pid=94472) execute /opt/stack/data/venv/lib/python3.12/site-packages/oslo_concurrency/processutils.py:468}}
Aug 11 04:40:01 devstack cinder-volume[94472]: DEBUG oslo_concurrency.processutils [None req-769daa48-a33c-482c-b8c0-12ca9d120ed1 tempest-GroupSnapshotsTest-1060963943 None] Running cmd (subprocess): sudo cinder-rootwrap /etc/cinder/rootwrap.conf qemu-img rebase -u -b volume-e31a8307-2ad7-4cc0-a7eb-f451721b8e96 -F qcow2 /opt/stack/data/cinder/mnt/596df44d1e183342d63c2d1b00486333/volume-e31a8307-2ad7-4cc0-a7eb-f451721b8e96.e4738330-1d2c-4b6a-8ebc-5f5180c03ba3 {{(pid=94472) execute /opt/stack/data/venv/lib/python3.12/site-packages/oslo_concurrency/processutils.py:440}}
Aug 11 04:40:01 devstack sudo[97819]: quobyte : PWD=/ ; USER=root ; COMMAND=/opt/stack/data/venv/bin/cinder-rootwrap /etc/cinder/rootwrap.conf qemu-img rebase -u -b volume-e31a8307-2ad7-4cc0-a7eb-f451721b8e96 -F qcow2 /opt/stack/data/cinder/mnt/596df44d1e183342d63c2d1b00486333/volume-e31a8307-2ad7-4cc0-a7eb-f451721b8e96.e4738330-1d2c-4b6a-8ebc-5f5180c03ba3
Aug 11 04:40:01 devstack sudo[97819]: pam_unix(sudo:session): session opened for user root(uid=0) by (uid=1000)
Aug 11 04:40:02 devstack sudo[97819]: pam_unix(sudo:session): session closed for user root
Aug 11 04:40:02 devstack cinder-volume[94472]: DEBUG oslo_concurrency.processutils [None req-769daa48-a33c-482c-b8c0-12ca9d120ed1 tempest-GroupSnapshotsTest-1060963943 None] CMD "sudo cinder-rootwrap /etc/cinder/rootwrap.conf qemu-img rebase -u -b volume-e31a8307-2ad7-4cc0-a7eb-f451721b8e96 -F qcow2 /opt/stack/data/cinder/mnt/596df44d1e183342d63c2d1b00486333/volume-e31a8307-2ad7-4cc0-a7eb-f451721b8e96.e4738330-1d2c-4b6a-8ebc-5f5180c03ba3" returned: 0 in 0.415s {{(pid=94472) execute /opt/stack/data/venv/lib/python3.12/site-packages/oslo_concurrency/processutils.py:468}}
Aug 11 04:40:02 devstack cinder-volume[94472]: WARNING cinder.volume.drivers.remotefs [None req-769daa48-a33c-482c-b8c0-12ca9d120ed1 tempest-GroupSnapshotsTest-1060963943 None] /opt/stack/data/cinder/mnt/596df44d1e183342d63c2d1b00486333/volume-e31a8307-2ad7-4cc0-a7eb-f451721b8e96.e4738330-1d2c-4b6a-8ebc-5f5180c03ba3 is being set with open permissions: ugo+rw: NotImplementedError
Aug 11 04:40:02 devstack cinder-volume[94472]: DEBUG oslo_concurrency.processutils [None req-769daa48-a33c-482c-b8c0-12ca9d120ed1 tempest-GroupSnapshotsTest-1060963943 None] Running cmd (subprocess): sudo cinder-rootwrap /etc/cinder/rootwrap.conf chmod ugo+rw /opt/stack/data/cinder/mnt/596df44d1e183342d63c2d1b00486333/volume-e31a8307-2ad7-4cc0-a7eb-f451721b8e96.e4738330-1d2c-4b6a-8ebc-5f5180c03ba3 {{(pid=94472) execute /opt/stack/data/venv/lib/python3.12/site-packages/oslo_concurrency/processutils.py:440}}
Aug 11 04:40:02 devstack sudo[97825]: quobyte : PWD=/ ; USER=root ; COMMAND=/opt/stack/data/venv/bin/cinder-rootwrap /etc/cinder/rootwrap.conf chmod ugo+rw /opt/stack/data/cinder/mnt/596df44d1e183342d63c2d1b00486333/volume-e31a8307-2ad7-4cc0-a7eb-f451721b8e96.e4738330-1d2c-4b6a-8ebc-5f5180c03ba3
Aug 11 04:40:02 devstack sudo[97825]: pam_unix(sudo:session): session opened for user root(uid=0) by (uid=1000)
Aug 11 04:40:02 devstack sudo[97825]: pam_unix(sudo:session): session closed for user root
Aug 11 04:40:02 devstack cinder-volume[94472]: DEBUG oslo_concurrency.processutils [None req-769daa48-a33c-482c-b8c0-12ca9d120ed1 tempest-GroupSnapshotsTest-1060963943 None] CMD "sudo cinder-rootwrap /etc/cinder/rootwrap.conf chmod ugo+rw /opt/stack/data/cinder/mnt/596df44d1e183342d63c2d1b00486333/volume-e31a8307-2ad7-4cc0-a7eb-f451721b8e96.e4738330-1d2c-4b6a-8ebc-5f5180c03ba3" returned: 0 in 0.341s {{(pid=94472) execute /opt/stack/data/venv/lib/python3.12/site-packages/oslo_concurrency/processutils.py:468}}
Aug 11 04:40:02 devstack cinder-volume[94472]: DEBUG oslo_concurrency.processutils [None req-769daa48-a33c-482c-b8c0-12ca9d120ed1 tempest-GroupSnapshotsTest-1060963943 None] Running cmd (subprocess): sudo cinder-rootwrap /etc/cinder/rootwrap.conf truncate -s0 /opt/stack/data/cinder/mnt/596df44d1e183342d63c2d1b00486333/volume-e31a8307-2ad7-4cc0-a7eb-f451721b8e96.info {{(pid=94472) execute /opt/stack/data/venv/lib/python3.12/site-packages/oslo_concurrency/processutils.py:440}}
Aug 11 04:40:02 devstack sudo[97830]: quobyte : PWD=/ ; USER=root ; COMMAND=/opt/stack/data/venv/bin/cinder-rootwrap /etc/cinder/rootwrap.conf truncate -s0 /opt/stack/data/cinder/mnt/596df44d1e183342d63c2d1b00486333/volume-e31a8307-2ad7-4cc0-a7eb-f451721b8e96.info
Aug 11 04:40:02 devstack sudo[97830]: pam_unix(sudo:session): session opened for user root(uid=0) by (uid=1000)
Aug 11 04:40:02 devstack sudo[97830]: pam_unix(sudo:session): session closed for user root
Aug 11 04:40:02 devstack cinder-volume[94472]: DEBUG oslo_concurrency.processutils [None req-769daa48-a33c-482c-b8c0-12ca9d120ed1 tempest-GroupSnapshotsTest-1060963943 None] CMD "sudo cinder-rootwrap /etc/cinder/rootwrap.conf truncate -s0 /opt/stack/data/cinder/mnt/596df44d1e183342d63c2d1b00486333/volume-e31a8307-2ad7-4cc0-a7eb-f451721b8e96.info" returned: 0 in 0.472s {{(pid=94472) execute /opt/stack/data/venv/lib/python3.12/site-packages/oslo_concurrency/processutils.py:468}}
Aug 11 04:40:02 devstack cinder-volume[94472]: WARNING cinder.volume.drivers.remotefs [None req-769daa48-a33c-482c-b8c0-12ca9d120ed1 tempest-GroupSnapshotsTest-1060963943 None] /opt/stack/data/cinder/mnt/596df44d1e183342d63c2d1b00486333/volume-e31a8307-2ad7-4cc0-a7eb-f451721b8e96.info is being set with open permissions: ugo+rw: NotImplementedError
Aug 11 04:40:02 devstack cinder-volume[94472]: DEBUG oslo_concurrency.processutils [None req-769daa48-a33c-482c-b8c0-12ca9d120ed1 tempest-GroupSnapshotsTest-1060963943 None] Running cmd (subprocess): sudo cinder-rootwrap /etc/cinder/rootwrap.conf chmod ugo+rw /opt/stack/data/cinder/mnt/596df44d1e183342d63c2d1b00486333/volume-e31a8307-2ad7-4cc0-a7eb-f451721b8e96.info {{(pid=94472) execute /opt/stack/data/venv/lib/python3.12/site-packages/oslo_concurrency/processutils.py:440}}
Aug 11 04:40:02 devstack sudo[97869]: quobyte : PWD=/ ; USER=root ; COMMAND=/opt/stack/data/venv/bin/cinder-rootwrap /etc/cinder/rootwrap.conf chmod ugo+rw /opt/stack/data/cinder/mnt/596df44d1e183342d63c2d1b00486333/volume-e31a8307-2ad7-4cc0-a7eb-f451721b8e96.info
Aug 11 04:40:02 devstack sudo[97869]: pam_unix(sudo:session): session opened for user root(uid=0) by (uid=1000)
Aug 11 04:40:03 devstack sudo[97869]: pam_unix(sudo:session): session closed for user root
Aug 11 04:40:03 devstack cinder-volume[94472]: DEBUG oslo_concurrency.processutils [None req-769daa48-a33c-482c-b8c0-12ca9d120ed1 tempest-GroupSnapshotsTest-1060963943 None] CMD "sudo cinder-rootwrap /etc/cinder/rootwrap.conf chmod ugo+rw /opt/stack/data/cinder/mnt/596df44d1e183342d63c2d1b00486333/volume-e31a8307-2ad7-4cc0-a7eb-f451721b8e96.info" returned: 0 in 0.303s {{(pid=94472) execute /opt/stack/data/venv/lib/python3.12/site-packages/oslo_concurrency/processutils.py:468}}
Aug 11 04:40:03 devstack cinder-volume[94472]: DEBUG oslo_concurrency.lockutils [None req-769daa48-a33c-482c-b8c0-12ca9d120ed1 tempest-GroupSnapshotsTest-1060963943 None] Lock "quobyte" "released" by "cinder.volume.drivers.quobyte.QuobyteDriver.create_snapshot" :: held 2.564s {{(pid=94472) inner /opt/stack/data/venv/lib/python3.12/site-packages/oslo_concurrency/lockutils.py:544}}
Aug 11 04:40:03 devstack cinder-volume[94472]: INFO cinder.volume.manager [None req-769daa48-a33c-482c-b8c0-12ca9d120ed1 tempest-GroupSnapshotsTest-1060963943 None] group_snapshot aaf26b8b-56f0-40fb-9954-2e2259e3d0ca: created successfully
Aug 11 04:40:04 devstack cinder-volume[94472]: INFO cinder.volume.manager [None req-93f50e38-3aef-44b9-8ea0-b057fa0d281b tempest-GroupSnapshotsTest-1060963943 None] group_snapshot aaf26b8b-56f0-40fb-9954-2e2259e3d0ca: deleting
Aug 11 04:40:04 devstack cinder-volume[94472]: DEBUG cinder.volume.manager [None req-93f50e38-3aef-44b9-8ea0-b057fa0d281b tempest-GroupSnapshotsTest-1060963943 None] group_snapshot aaf26b8b-56f0-40fb-9954-2e2259e3d0ca: deleting {{(pid=94472) delete_group_snapshot /opt/stack/cinder/cinder/volume/manager.py:4350}}
Aug 11 04:40:04 devstack cinder-volume[94472]: DEBUG cinder.coordination [None req-93f50e38-3aef-44b9-8ea0-b057fa0d281b tempest-GroupSnapshotsTest-1060963943 None] Acquiring lock "cinder-quobyte-a199f5f4-9377-4210-96aa-f046371a5c9b" by "delete_snapshot" {{(pid=94472) __acquire /opt/stack/cinder/cinder/coordination.py:138}}
Aug 11 04:40:04 devstack cinder-volume[94472]: DEBUG cinder.coordination [None req-93f50e38-3aef-44b9-8ea0-b057fa0d281b tempest-GroupSnapshotsTest-1060963943 None] Lock "cinder-quobyte-a199f5f4-9377-4210-96aa-f046371a5c9b" acquired by "delete_snapshot" :: waited 0.050s {{(pid=94472) __acquire /opt/stack/cinder/cinder/coordination.py:141}}
Aug 11 04:40:04 devstack cinder-volume[94472]: DEBUG cinder.coordination [None req-93f50e38-3aef-44b9-8ea0-b057fa0d281b tempest-GroupSnapshotsTest-1060963943 None] Acquiring lock "cinder-quobyte-8885d7e0-7b96-4266-9e9d-88e63835fc6b" by "_delete_snapshot" {{(pid=94472) __acquire /opt/stack/cinder/cinder/coordination.py:138}}
Aug 11 04:40:05 devstack cinder-volume[94472]: DEBUG cinder.coordination [None req-93f50e38-3aef-44b9-8ea0-b057fa0d281b tempest-GroupSnapshotsTest-1060963943 None] Lock "cinder-quobyte-8885d7e0-7b96-4266-9e9d-88e63835fc6b" acquired by "_delete_snapshot" :: waited 0.049s {{(pid=94472) __acquire /opt/stack/cinder/cinder/coordination.py:141}}
Aug 11 04:40:05 devstack cinder-volume[94472]: DEBUG cinder.volume.drivers.remotefs [None req-93f50e38-3aef-44b9-8ea0-b057fa0d281b tempest-GroupSnapshotsTest-1060963943 None] Deleting offline snapshot 8885d7e0-7b96-4266-9e9d-88e63835fc6b of volume a199f5f4-9377-4210-96aa-f046371a5c9b {{(pid=94472) _delete_snapshot /opt/stack/cinder/cinder/volume/drivers/remotefs.py:1288}}
Aug 11 04:40:05 devstack cinder-volume[94472]: DEBUG cinder.volume.drivers.remotefs [None req-93f50e38-3aef-44b9-8ea0-b057fa0d281b tempest-GroupSnapshotsTest-1060963943 None] snapshot_file for this snap is: volume-a199f5f4-9377-4210-96aa-f046371a5c9b.8885d7e0-7b96-4266-9e9d-88e63835fc6b {{(pid=94472) _delete_snapshot /opt/stack/cinder/cinder/volume/drivers/remotefs.py:1317}}
Aug 11 04:40:05 devstack cinder-volume[94472]: DEBUG oslo.privsep.daemon [-] privsep: reply[cb81655d-4f74-4792-9f15-e283198c89f0]: (4, 'qcow2') {{(pid=95794) _call_back /opt/stack/data/venv/lib/python3.12/site-packages/oslo_privsep/daemon.py:580}}
Aug 11 04:40:05 devstack cinder-volume[94472]: DEBUG oslo_concurrency.processutils [None req-93f50e38-3aef-44b9-8ea0-b057fa0d281b tempest-GroupSnapshotsTest-1060963943 None] Running cmd (subprocess): /opt/stack/data/venv/bin/python3.12 -m oslo_concurrency.prlimit --as=1073741824 --cpu=60 -- sudo cinder-rootwrap /etc/cinder/rootwrap.conf env LC_ALL=C qemu-img info -f qcow2 --output=json --force-share /opt/stack/data/cinder/mnt/596df44d1e183342d63c2d1b00486333/volume-a199f5f4-9377-4210-96aa-f046371a5c9b.8885d7e0-7b96-4266-9e9d-88e63835fc6b {{(pid=94472) execute /opt/stack/data/venv/lib/python3.12/site-packages/oslo_concurrency/processutils.py:440}}
Aug 11 04:40:05 devstack sudo[97954]: quobyte : PWD=/ ; USER=root ; COMMAND=/opt/stack/data/venv/bin/cinder-rootwrap /etc/cinder/rootwrap.conf env LC_ALL=C qemu-img info -f qcow2 --output=json --force-share /opt/stack/data/cinder/mnt/596df44d1e183342d63c2d1b00486333/volume-a199f5f4-9377-4210-96aa-f046371a5c9b.8885d7e0-7b96-4266-9e9d-88e63835fc6b
Aug 11 04:40:05 devstack sudo[97954]: pam_unix(sudo:session): session opened for user root(uid=0) by (uid=1000)
Aug 11 04:40:06 devstack sudo[97954]: pam_unix(sudo:session): session closed for user root
Aug 11 04:40:06 devstack cinder-volume[94472]: DEBUG oslo_concurrency.processutils [None req-93f50e38-3aef-44b9-8ea0-b057fa0d281b tempest-GroupSnapshotsTest-1060963943 None] CMD "/opt/stack/data/venv/bin/python3.12 -m oslo_concurrency.prlimit --as=1073741824 --cpu=60 -- sudo cinder-rootwrap /etc/cinder/rootwrap.conf env LC_ALL=C qemu-img info -f qcow2 --output=json --force-share /opt/stack/data/cinder/mnt/596df44d1e183342d63c2d1b00486333/volume-a199f5f4-9377-4210-96aa-f046371a5c9b.8885d7e0-7b96-4266-9e9d-88e63835fc6b" returned: 0 in 1.009s {{(pid=94472) execute /opt/stack/data/venv/lib/python3.12/site-packages/oslo_concurrency/processutils.py:468}}
Aug 11 04:40:06 devstack cinder-volume[94472]: DEBUG cinder.volume.drivers.remotefs [None req-93f50e38-3aef-44b9-8ea0-b057fa0d281b tempest-GroupSnapshotsTest-1060963943 None] Fetching qemu-img info with special backing_file_template: (/opt/stack/data/cinder/mnt/[0-9a-f]+/)?(volume-a199f5f4-9377-4210-96aa-f046371a5c9b(.(tmp-snap-)?[0-9a-f-]+)?|volume_from_snapshot_cache/(tmp-snap-)?[0-9a-f-]+(.(child-|parent-)[0-9a-f-]+)?)$ {{(pid=94472) _qemu_img_info_base /opt/stack/cinder/cinder/volume/drivers/remotefs.py:896}}
Aug 11 04:40:06 devstack cinder-volume[94472]: DEBUG oslo.privsep.daemon [-] privsep: reply[a8ec2c95-962c-4935-9d23-0e25a3491706]: (4, 'qcow2') {{(pid=95794) _call_back /opt/stack/data/venv/lib/python3.12/site-packages/oslo_privsep/daemon.py:580}}
Aug 11 04:40:06 devstack cinder-volume[94472]: DEBUG oslo_concurrency.processutils [None req-93f50e38-3aef-44b9-8ea0-b057fa0d281b tempest-GroupSnapshotsTest-1060963943 None] Running cmd (subprocess): /opt/stack/data/venv/bin/python3.12 -m oslo_concurrency.prlimit --as=1073741824 --cpu=60 -- sudo cinder-rootwrap /etc/cinder/rootwrap.conf env LC_ALL=C qemu-img info -f qcow2 --output=json --force-share /opt/stack/data/cinder/mnt/596df44d1e183342d63c2d1b00486333/volume-a199f5f4-9377-4210-96aa-f046371a5c9b {{(pid=94472) execute /opt/stack/data/venv/lib/python3.12/site-packages/oslo_concurrency/processutils.py:440}}
Aug 11 04:40:06 devstack sudo[97976]: quobyte : PWD=/ ; USER=root ; COMMAND=/opt/stack/data/venv/bin/cinder-rootwrap /etc/cinder/rootwrap.conf env LC_ALL=C qemu-img info -f qcow2 --output=json --force-share /opt/stack/data/cinder/mnt/596df44d1e183342d63c2d1b00486333/volume-a199f5f4-9377-4210-96aa-f046371a5c9b
Aug 11 04:40:06 devstack sudo[97976]: pam_unix(sudo:session): session opened for user root(uid=0) by (uid=1000)
Aug 11 04:40:07 devstack sudo[97976]: pam_unix(sudo:session): session closed for user root
Aug 11 04:40:07 devstack cinder-volume[94472]: DEBUG oslo_concurrency.processutils [None req-93f50e38-3aef-44b9-8ea0-b057fa0d281b tempest-GroupSnapshotsTest-1060963943 None] CMD "/opt/stack/data/venv/bin/python3.12 -m oslo_concurrency.prlimit --as=1073741824 --cpu=60 -- sudo cinder-rootwrap /etc/cinder/rootwrap.conf env LC_ALL=C qemu-img info -f qcow2 --output=json --force-share /opt/stack/data/cinder/mnt/596df44d1e183342d63c2d1b00486333/volume-a199f5f4-9377-4210-96aa-f046371a5c9b" returned: 0 in 1.105s {{(pid=94472) execute /opt/stack/data/venv/lib/python3.12/site-packages/oslo_concurrency/processutils.py:468}}
Aug 11 04:40:07 devstack cinder-volume[94472]: DEBUG oslo_concurrency.processutils [None req-93f50e38-3aef-44b9-8ea0-b057fa0d281b tempest-GroupSnapshotsTest-1060963943 None] Running cmd (subprocess): sudo cinder-rootwrap /etc/cinder/rootwrap.conf qemu-img commit -d /opt/stack/data/cinder/mnt/596df44d1e183342d63c2d1b00486333/volume-a199f5f4-9377-4210-96aa-f046371a5c9b.8885d7e0-7b96-4266-9e9d-88e63835fc6b {{(pid=94472) execute /opt/stack/data/venv/lib/python3.12/site-packages/oslo_concurrency/processutils.py:440}}
Aug 11 04:40:07 devstack sudo[98028]: quobyte : PWD=/ ; USER=root ; COMMAND=/opt/stack/data/venv/bin/cinder-rootwrap /etc/cinder/rootwrap.conf qemu-img commit -d /opt/stack/data/cinder/mnt/596df44d1e183342d63c2d1b00486333/volume-a199f5f4-9377-4210-96aa-f046371a5c9b.8885d7e0-7b96-4266-9e9d-88e63835fc6b
Aug 11 04:40:07 devstack sudo[98028]: pam_unix(sudo:session): session opened for user root(uid=0) by (uid=1000)
Aug 11 04:40:07 devstack cinder-volume[94472]: DEBUG oslo_concurrency.lockutils [req-b77cdbcb-446e-4c9d-b431-e6e2cd99aa24 req-03ec92d7-9207-475f-ab6f-1ca121df16fb tempest-TaggedAttachmentsTest-453299645 None] Acquiring lock "quobyte" by "cinder.volume.drivers.quobyte.QuobyteDriver.initialize_connection" {{(pid=94472) inner /opt/stack/data/venv/lib/python3.12/site-packages/oslo_concurrency/lockutils.py:512}}
Aug 11 04:40:07 devstack cinder-volume[94472]: DEBUG oslo_concurrency.lockutils [req-b77cdbcb-446e-4c9d-b431-e6e2cd99aa24 req-03ec92d7-9207-475f-ab6f-1ca121df16fb tempest-TaggedAttachmentsTest-453299645 None] Lock "quobyte" acquired by "cinder.volume.drivers.quobyte.QuobyteDriver.initialize_connection" :: waited 0.001s {{(pid=94472) inner /opt/stack/data/venv/lib/python3.12/site-packages/oslo_concurrency/lockutils.py:525}}
Aug 11 04:40:07 devstack cinder-volume[94472]: DEBUG oslo_concurrency.lockutils [req-b77cdbcb-446e-4c9d-b431-e6e2cd99aa24 req-03ec92d7-9207-475f-ab6f-1ca121df16fb tempest-TaggedAttachmentsTest-453299645 None] Lock "quobyte" "released" by "cinder.volume.drivers.quobyte.QuobyteDriver.initialize_connection" :: held 0.019s {{(pid=94472) inner /opt/stack/data/venv/lib/python3.12/site-packages/oslo_concurrency/lockutils.py:544}}
Aug 11 04:40:07 devstack cinder-volume[94472]: DEBUG cinder.volume.manager [req-b77cdbcb-446e-4c9d-b431-e6e2cd99aa24 req-03ec92d7-9207-475f-ab6f-1ca121df16fb tempest-TaggedAttachmentsTest-453299645 None] Connection info returned from driver {'export': 'osci02.corp.quobyte.com/cinder-vol-85dc7fcd-cb36-473c-9066-7c2b210b92dd', 'name': 'volume-51ffead1-a054-4a99-a998-e9aece77458c', 'options': None, 'format': 'qcow2', 'qos_specs': None, 'access_mode': 'rw', 'encrypted': False, 'cacheable': False, 'driver_volume_type': 'quobyte', 'mount_point_base': '/opt/stack/data/cinder/mnt', 'attachment_id': '3803c223-5b75-4820-bde0-ed07fc71adcf', 'enforce_multipath': True} {{(pid=94472) _connection_create /opt/stack/cinder/cinder/volume/manager.py:4924}}
Aug 11 04:40:07 devstack cinder-volume[94472]: INFO cinder.volume.manager [req-b77cdbcb-446e-4c9d-b431-e6e2cd99aa24 req-03ec92d7-9207-475f-ab6f-1ca121df16fb tempest-TaggedAttachmentsTest-453299645 None] attachment_update completed successfully.
Aug 11 04:40:07 devstack sudo[98028]: pam_unix(sudo:session): session closed for user root
Aug 11 04:40:08 devstack cinder-volume[94472]: DEBUG oslo_concurrency.processutils [None req-93f50e38-3aef-44b9-8ea0-b057fa0d281b tempest-GroupSnapshotsTest-1060963943 None] CMD "sudo cinder-rootwrap /etc/cinder/rootwrap.conf qemu-img commit -d /opt/stack/data/cinder/mnt/596df44d1e183342d63c2d1b00486333/volume-a199f5f4-9377-4210-96aa-f046371a5c9b.8885d7e0-7b96-4266-9e9d-88e63835fc6b" returned: 0 in 0.670s {{(pid=94472) execute /opt/stack/data/venv/lib/python3.12/site-packages/oslo_concurrency/processutils.py:468}}
Aug 11 04:40:08 devstack cinder-volume[94472]: DEBUG oslo_concurrency.processutils [None req-93f50e38-3aef-44b9-8ea0-b057fa0d281b tempest-GroupSnapshotsTest-1060963943 None] Running cmd (subprocess): sudo cinder-rootwrap /etc/cinder/rootwrap.conf rm -f /opt/stack/data/cinder/mnt/596df44d1e183342d63c2d1b00486333/volume-a199f5f4-9377-4210-96aa-f046371a5c9b.8885d7e0-7b96-4266-9e9d-88e63835fc6b {{(pid=94472) execute /opt/stack/data/venv/lib/python3.12/site-packages/oslo_concurrency/processutils.py:440}}
Aug 11 04:40:08 devstack sudo[98040]: quobyte : PWD=/ ; USER=root ; COMMAND=/opt/stack/data/venv/bin/cinder-rootwrap /etc/cinder/rootwrap.conf rm -f /opt/stack/data/cinder/mnt/596df44d1e183342d63c2d1b00486333/volume-a199f5f4-9377-4210-96aa-f046371a5c9b.8885d7e0-7b96-4266-9e9d-88e63835fc6b
Aug 11 04:40:08 devstack sudo[98040]: pam_unix(sudo:session): session opened for user root(uid=0) by (uid=1000)
Aug 11 04:40:08 devstack sudo[98040]: pam_unix(sudo:session): session closed for user root
Aug 11 04:40:08 devstack cinder-volume[94472]: DEBUG oslo_concurrency.processutils [None req-93f50e38-3aef-44b9-8ea0-b057fa0d281b tempest-GroupSnapshotsTest-1060963943 None] CMD "sudo cinder-rootwrap /etc/cinder/rootwrap.conf rm -f /opt/stack/data/cinder/mnt/596df44d1e183342d63c2d1b00486333/volume-a199f5f4-9377-4210-96aa-f046371a5c9b.8885d7e0-7b96-4266-9e9d-88e63835fc6b" returned: 0 in 0.442s {{(pid=94472) execute /opt/stack/data/venv/lib/python3.12/site-packages/oslo_concurrency/processutils.py:468}}
Aug 11 04:40:08 devstack cinder-volume[94472]: DEBUG cinder.coordination [None req-93f50e38-3aef-44b9-8ea0-b057fa0d281b tempest-GroupSnapshotsTest-1060963943 None] Lock "cinder-quobyte-8885d7e0-7b96-4266-9e9d-88e63835fc6b" released by "_delete_snapshot" :: held 3.462s {{(pid=94472) __release /opt/stack/cinder/cinder/coordination.py:152}}
Aug 11 04:40:08 devstack cinder-volume[94472]: DEBUG cinder.coordination [None req-93f50e38-3aef-44b9-8ea0-b057fa0d281b tempest-GroupSnapshotsTest-1060963943 None] Lock "cinder-quobyte-a199f5f4-9377-4210-96aa-f046371a5c9b" released by "delete_snapshot" :: held 3.528s {{(pid=94472) __release /opt/stack/cinder/cinder/coordination.py:152}}
Aug 11 04:40:08 devstack cinder-volume[94472]: DEBUG cinder.coordination [None req-93f50e38-3aef-44b9-8ea0-b057fa0d281b tempest-GroupSnapshotsTest-1060963943 None] Acquiring lock "cinder-quobyte-e31a8307-2ad7-4cc0-a7eb-f451721b8e96" by "delete_snapshot" {{(pid=94472) __acquire /opt/stack/cinder/cinder/coordination.py:138}}
Aug 11 04:40:08 devstack cinder-volume[94472]: DEBUG cinder.coordination [None req-93f50e38-3aef-44b9-8ea0-b057fa0d281b tempest-GroupSnapshotsTest-1060963943 None] Lock "cinder-quobyte-e31a8307-2ad7-4cc0-a7eb-f451721b8e96" acquired by "delete_snapshot" :: waited 0.029s {{(pid=94472) __acquire /opt/stack/cinder/cinder/coordination.py:141}}
Aug 11 04:40:08 devstack cinder-volume[94472]: DEBUG cinder.coordination [None req-93f50e38-3aef-44b9-8ea0-b057fa0d281b tempest-GroupSnapshotsTest-1060963943 None] Acquiring lock "cinder-quobyte-e4738330-1d2c-4b6a-8ebc-5f5180c03ba3" by "_delete_snapshot" {{(pid=94472) __acquire /opt/stack/cinder/cinder/coordination.py:138}}
Aug 11 04:40:08 devstack cinder-volume[94472]: DEBUG cinder.coordination [None req-93f50e38-3aef-44b9-8ea0-b057fa0d281b tempest-GroupSnapshotsTest-1060963943 None] Lock "cinder-quobyte-e4738330-1d2c-4b6a-8ebc-5f5180c03ba3" acquired by "_delete_snapshot" :: waited 0.052s {{(pid=94472) __acquire /opt/stack/cinder/cinder/coordination.py:141}}
Aug 11 04:40:08 devstack cinder-volume[94472]: DEBUG cinder.volume.drivers.remotefs [None req-93f50e38-3aef-44b9-8ea0-b057fa0d281b tempest-GroupSnapshotsTest-1060963943 None] Deleting offline snapshot e4738330-1d2c-4b6a-8ebc-5f5180c03ba3 of volume e31a8307-2ad7-4cc0-a7eb-f451721b8e96 {{(pid=94472) _delete_snapshot /opt/stack/cinder/cinder/volume/drivers/remotefs.py:1288}}
Aug 11 04:40:08 devstack cinder-volume[94472]: DEBUG cinder.volume.drivers.remotefs [None req-93f50e38-3aef-44b9-8ea0-b057fa0d281b tempest-GroupSnapshotsTest-1060963943 None] snapshot_file for this snap is: volume-e31a8307-2ad7-4cc0-a7eb-f451721b8e96.e4738330-1d2c-4b6a-8ebc-5f5180c03ba3 {{(pid=94472) _delete_snapshot /opt/stack/cinder/cinder/volume/drivers/remotefs.py:1317}}
Aug 11 04:40:08 devstack cinder-volume[94472]: DEBUG oslo.privsep.daemon [-] privsep: reply[64d7788a-7df3-43a3-9235-8a50ea8d1484]: (4, 'qcow2') {{(pid=95794) _call_back /opt/stack/data/venv/lib/python3.12/site-packages/oslo_privsep/daemon.py:580}}
Aug 11 04:40:08 devstack cinder-volume[94472]: DEBUG oslo_concurrency.processutils [None req-93f50e38-3aef-44b9-8ea0-b057fa0d281b tempest-GroupSnapshotsTest-1060963943 None] Running cmd (subprocess): /opt/stack/data/venv/bin/python3.12 -m oslo_concurrency.prlimit --as=1073741824 --cpu=60 -- sudo cinder-rootwrap /etc/cinder/rootwrap.conf env LC_ALL=C qemu-img info -f qcow2 --output=json --force-share /opt/stack/data/cinder/mnt/596df44d1e183342d63c2d1b00486333/volume-e31a8307-2ad7-4cc0-a7eb-f451721b8e96.e4738330-1d2c-4b6a-8ebc-5f5180c03ba3 {{(pid=94472) execute /opt/stack/data/venv/lib/python3.12/site-packages/oslo_concurrency/processutils.py:440}}
Aug 11 04:40:08 devstack sudo[98426]: quobyte : PWD=/ ; USER=root ; COMMAND=/opt/stack/data/venv/bin/cinder-rootwrap /etc/cinder/rootwrap.conf env LC_ALL=C qemu-img info -f qcow2 --output=json --force-share /opt/stack/data/cinder/mnt/596df44d1e183342d63c2d1b00486333/volume-e31a8307-2ad7-4cc0-a7eb-f451721b8e96.e4738330-1d2c-4b6a-8ebc-5f5180c03ba3
Aug 11 04:40:08 devstack sudo[98426]: pam_unix(sudo:session): session opened for user root(uid=0) by (uid=1000)
Aug 11 04:40:09 devstack sudo[98426]: pam_unix(sudo:session): session closed for user root
Aug 11 04:40:09 devstack cinder-volume[94472]: DEBUG oslo_concurrency.processutils [None req-93f50e38-3aef-44b9-8ea0-b057fa0d281b tempest-GroupSnapshotsTest-1060963943 None] CMD "/opt/stack/data/venv/bin/python3.12 -m oslo_concurrency.prlimit --as=1073741824 --cpu=60 -- sudo cinder-rootwrap /etc/cinder/rootwrap.conf env LC_ALL=C qemu-img info -f qcow2 --output=json --force-share /opt/stack/data/cinder/mnt/596df44d1e183342d63c2d1b00486333/volume-e31a8307-2ad7-4cc0-a7eb-f451721b8e96.e4738330-1d2c-4b6a-8ebc-5f5180c03ba3" returned: 0 in 0.701s {{(pid=94472) execute /opt/stack/data/venv/lib/python3.12/site-packages/oslo_concurrency/processutils.py:468}}
Aug 11 04:40:09 devstack cinder-volume[94472]: DEBUG cinder.volume.drivers.remotefs [None req-93f50e38-3aef-44b9-8ea0-b057fa0d281b tempest-GroupSnapshotsTest-1060963943 None] Fetching qemu-img info with special backing_file_template: (/opt/stack/data/cinder/mnt/[0-9a-f]+/)?(volume-e31a8307-2ad7-4cc0-a7eb-f451721b8e96(.(tmp-snap-)?[0-9a-f-]+)?|volume_from_snapshot_cache/(tmp-snap-)?[0-9a-f-]+(.(child-|parent-)[0-9a-f-]+)?)$ {{(pid=94472) _qemu_img_info_base /opt/stack/cinder/cinder/volume/drivers/remotefs.py:896}}
Aug 11 04:40:09 devstack cinder-volume[94472]: DEBUG oslo.privsep.daemon [-] privsep: reply[dfba167f-e8ff-4380-a267-e3ba9a6b0fe6]: (4, 'qcow2') {{(pid=95794) _call_back /opt/stack/data/venv/lib/python3.12/site-packages/oslo_privsep/daemon.py:580}}
Aug 11 04:40:09 devstack cinder-volume[94472]: DEBUG oslo_concurrency.processutils [None req-93f50e38-3aef-44b9-8ea0-b057fa0d281b tempest-GroupSnapshotsTest-1060963943 None] Running cmd (subprocess): /opt/stack/data/venv/bin/python3.12 -m oslo_concurrency.prlimit --as=1073741824 --cpu=60 -- sudo cinder-rootwrap /etc/cinder/rootwrap.conf env LC_ALL=C qemu-img info -f qcow2 --output=json --force-share /opt/stack/data/cinder/mnt/596df44d1e183342d63c2d1b00486333/volume-e31a8307-2ad7-4cc0-a7eb-f451721b8e96 {{(pid=94472) execute /opt/stack/data/venv/lib/python3.12/site-packages/oslo_concurrency/processutils.py:440}}
Aug 11 04:40:09 devstack sudo[98433]: quobyte : PWD=/ ; USER=root ; COMMAND=/opt/stack/data/venv/bin/cinder-rootwrap /etc/cinder/rootwrap.conf env LC_ALL=C qemu-img info -f qcow2 --output=json --force-share /opt/stack/data/cinder/mnt/596df44d1e183342d63c2d1b00486333/volume-e31a8307-2ad7-4cc0-a7eb-f451721b8e96
Aug 11 04:40:09 devstack sudo[98433]: pam_unix(sudo:session): session opened for user root(uid=0) by (uid=1000)
Aug 11 04:40:10 devstack sudo[98433]: pam_unix(sudo:session): session closed for user root
Aug 11 04:40:10 devstack cinder-volume[94472]: DEBUG oslo_concurrency.processutils [None req-93f50e38-3aef-44b9-8ea0-b057fa0d281b tempest-GroupSnapshotsTest-1060963943 None] CMD "/opt/stack/data/venv/bin/python3.12 -m oslo_concurrency.prlimit --as=1073741824 --cpu=60 -- sudo cinder-rootwrap /etc/cinder/rootwrap.conf env LC_ALL=C qemu-img info -f qcow2 --output=json --force-share /opt/stack/data/cinder/mnt/596df44d1e183342d63c2d1b00486333/volume-e31a8307-2ad7-4cc0-a7eb-f451721b8e96" returned: 0 in 0.707s {{(pid=94472) execute /opt/stack/data/venv/lib/python3.12/site-packages/oslo_concurrency/processutils.py:468}}
Aug 11 04:40:10 devstack cinder-volume[94472]: DEBUG oslo_concurrency.processutils [None req-93f50e38-3aef-44b9-8ea0-b057fa0d281b tempest-GroupSnapshotsTest-1060963943 None] Running cmd (subprocess): sudo cinder-rootwrap /etc/cinder/rootwrap.conf qemu-img commit -d /opt/stack/data/cinder/mnt/596df44d1e183342d63c2d1b00486333/volume-e31a8307-2ad7-4cc0-a7eb-f451721b8e96.e4738330-1d2c-4b6a-8ebc-5f5180c03ba3 {{(pid=94472) execute /opt/stack/data/venv/lib/python3.12/site-packages/oslo_concurrency/processutils.py:440}}
Aug 11 04:40:10 devstack sudo[98444]: quobyte : PWD=/ ; USER=root ; COMMAND=/opt/stack/data/venv/bin/cinder-rootwrap /etc/cinder/rootwrap.conf qemu-img commit -d /opt/stack/data/cinder/mnt/596df44d1e183342d63c2d1b00486333/volume-e31a8307-2ad7-4cc0-a7eb-f451721b8e96.e4738330-1d2c-4b6a-8ebc-5f5180c03ba3
Aug 11 04:40:10 devstack sudo[98444]: pam_unix(sudo:session): session opened for user root(uid=0) by (uid=1000)
Aug 11 04:40:10 devstack cinder-volume[94472]: DEBUG cinder.volume.flows.manager.create_volume [None req-cd64b1d8-2c62-41de-b01c-62dcaec20426 tempest-VolumesTestJSON-1334354754 None] Volume reschedule parameters: True retry: {'num_attempts': 1, 'backends': ['devstack@QuobyteHD#QuobyteHD'], 'hosts': ['devstack@QuobyteHD#QuobyteHD']} {{(pid=94472) get_flow /opt/stack/cinder/cinder/volume/flows/manager/create_volume.py:1397}}
Aug 11 04:40:10 devstack cinder-volume[94472]: DEBUG cinder.volume.manager [None req-cd64b1d8-2c62-41de-b01c-62dcaec20426 tempest-VolumesTestJSON-1334354754 None] Flow 'volume_create_manager' (0f5c1226-7802-4871-a0a6-df2ecf01b35d) transitioned into state 'RUNNING' from state 'PENDING' {{(pid=94472) _flow_receiver /opt/stack/data/venv/lib/python3.12/site-packages/taskflow/listeners/logging.py:160}}
Aug 11 04:40:10 devstack sudo[98444]: pam_unix(sudo:session): session closed for user root
Aug 11 04:40:10 devstack cinder-volume[94472]: DEBUG cinder.volume.manager [None req-cd64b1d8-2c62-41de-b01c-62dcaec20426 tempest-VolumesTestJSON-1334354754 None] Task 'cinder.volume.flows.manager.create_volume.ExtractVolumeRefTask;volume:create' (ef306e1f-40c6-4e1d-9976-efcb3b128f84) transitioned into state 'RUNNING' from state 'PENDING' {{(pid=94472) _task_receiver /opt/stack/data/venv/lib/python3.12/site-packages/taskflow/listeners/logging.py:242}}
Aug 11 04:40:10 devstack cinder-volume[94472]: DEBUG oslo_concurrency.processutils [None req-93f50e38-3aef-44b9-8ea0-b057fa0d281b tempest-GroupSnapshotsTest-1060963943 None] CMD "sudo cinder-rootwrap /etc/cinder/rootwrap.conf qemu-img commit -d /opt/stack/data/cinder/mnt/596df44d1e183342d63c2d1b00486333/volume-e31a8307-2ad7-4cc0-a7eb-f451721b8e96.e4738330-1d2c-4b6a-8ebc-5f5180c03ba3" returned: 0 in 0.563s {{(pid=94472) execute /opt/stack/data/venv/lib/python3.12/site-packages/oslo_concurrency/processutils.py:468}}
Aug 11 04:40:10 devstack cinder-volume[94472]: DEBUG oslo_concurrency.processutils [None req-93f50e38-3aef-44b9-8ea0-b057fa0d281b tempest-GroupSnapshotsTest-1060963943 None] Running cmd (subprocess): sudo cinder-rootwrap /etc/cinder/rootwrap.conf rm -f /opt/stack/data/cinder/mnt/596df44d1e183342d63c2d1b00486333/volume-e31a8307-2ad7-4cc0-a7eb-f451721b8e96.e4738330-1d2c-4b6a-8ebc-5f5180c03ba3 {{(pid=94472) execute /opt/stack/data/venv/lib/python3.12/site-packages/oslo_concurrency/processutils.py:440}}
Aug 11 04:40:10 devstack sudo[98451]: quobyte : PWD=/ ; USER=root ; COMMAND=/opt/stack/data/venv/bin/cinder-rootwrap /etc/cinder/rootwrap.conf rm -f /opt/stack/data/cinder/mnt/596df44d1e183342d63c2d1b00486333/volume-e31a8307-2ad7-4cc0-a7eb-f451721b8e96.e4738330-1d2c-4b6a-8ebc-5f5180c03ba3
Aug 11 04:40:10 devstack sudo[98451]: pam_unix(sudo:session): session opened for user root(uid=0) by (uid=1000)
Aug 11 04:40:10 devstack cinder-volume[94472]: DEBUG cinder.volume.manager [None req-cd64b1d8-2c62-41de-b01c-62dcaec20426 tempest-VolumesTestJSON-1334354754 None] Task 'cinder.volume.flows.manager.create_volume.ExtractVolumeRefTask;volume:create' (ef306e1f-40c6-4e1d-9976-efcb3b128f84) transitioned into state 'SUCCESS' from state 'RUNNING' with result 'Volume(_name_id=None,admin_metadata=,attach_status='detached',availability_zone='nova',bootable=False,cluster=,cluster_name=None,consistencygroup=,consistencygroup_id=None,created_at=2026-08-11T02:40:10Z,deleted=False,deleted_at=None,display_description=None,display_name='tempest-VolumesTestJSON-volume-1080842794',ec2_id=None,encryption_key_id=None,glance_metadata=,group=,group_id=None,host='devstack@QuobyteHD#QuobyteHD',id=c4967e48-0916-4ad9-9e58-c17ddffb06c0,launched_at=None,metadata={Type='work'},migration_status=None,multiattach=False,previous_status=None,project_id='e9a6d2d4d7ab47078978cf0568dd6ea8',provider_auth=None,provider_geometry=None,provider_id=None,provider_location=None,replication_driver_data=None,replication_extended_status=None,replication_status=None,scheduled_at=2026-08-11T02:40:11Z,service_uuid=None,shared_targets=True,size=1,snapshot_id=None,snapshots=,source_volid=None,status='creating',terminated_at=None,updated_at=2026-08-11T02:40:11Z,use_quota=True,user_id='446538cdc0454c74966f428e428cdfa0',volume_attachment=VolumeAttachmentList,volume_type=VolumeType(ea50e5ab-df42-438b-b697-81a1f1cdb006),volume_type_id=ea50e5ab-df42-438b-b697-81a1f1cdb006)' {{(pid=94472) _task_receiver /opt/stack/data/venv/lib/python3.12/site-packages/taskflow/listeners/logging.py:218}}
Aug 11 04:40:10 devstack cinder-volume[94472]: DEBUG cinder.volume.manager [None req-cd64b1d8-2c62-41de-b01c-62dcaec20426 tempest-VolumesTestJSON-1334354754 None] Task 'cinder.volume.flows.manager.create_volume.OnFailureRescheduleTask;volume:create' (772f40d7-db0d-4102-ae0a-1bfa1f672b14) transitioned into state 'RUNNING' from state 'PENDING' {{(pid=94472) _task_receiver /opt/stack/data/venv/lib/python3.12/site-packages/taskflow/listeners/logging.py:242}}
Aug 11 04:40:10 devstack cinder-volume[94472]: DEBUG cinder.volume.manager [None req-cd64b1d8-2c62-41de-b01c-62dcaec20426 tempest-VolumesTestJSON-1334354754 None] Task 'cinder.volume.flows.manager.create_volume.OnFailureRescheduleTask;volume:create' (772f40d7-db0d-4102-ae0a-1bfa1f672b14) transitioned into state 'SUCCESS' from state 'RUNNING' with result 'None' {{(pid=94472) _task_receiver /opt/stack/data/venv/lib/python3.12/site-packages/taskflow/listeners/logging.py:218}}
Aug 11 04:40:10 devstack cinder-volume[94472]: DEBUG cinder.volume.manager [None req-cd64b1d8-2c62-41de-b01c-62dcaec20426 tempest-VolumesTestJSON-1334354754 None] Task 'cinder.volume.flows.manager.create_volume.ExtractVolumeSpecTask;volume:create' (7a6eddc3-dd98-408b-987f-95774073b84c) transitioned into state 'RUNNING' from state 'PENDING' {{(pid=94472) _task_receiver /opt/stack/data/venv/lib/python3.12/site-packages/taskflow/listeners/logging.py:242}}
Aug 11 04:40:10 devstack cinder-volume[94472]: DEBUG cinder.volume.manager [None req-cd64b1d8-2c62-41de-b01c-62dcaec20426 tempest-VolumesTestJSON-1334354754 None] Task 'cinder.volume.flows.manager.create_volume.ExtractVolumeSpecTask;volume:create' (7a6eddc3-dd98-408b-987f-95774073b84c) transitioned into state 'SUCCESS' from state 'RUNNING' with result '{'status': 'creating', 'type': 'raw', 'volume_id': 'c4967e48-0916-4ad9-9e58-c17ddffb06c0', 'volume_name': 'volume-c4967e48-0916-4ad9-9e58-c17ddffb06c0', 'volume_size': 1}' {{(pid=94472) _task_receiver /opt/stack/data/venv/lib/python3.12/site-packages/taskflow/listeners/logging.py:218}}
Aug 11 04:40:10 devstack cinder-volume[94472]: DEBUG cinder.volume.manager [None req-cd64b1d8-2c62-41de-b01c-62dcaec20426 tempest-VolumesTestJSON-1334354754 None] Task 'cinder.volume.flows.manager.create_volume.NotifyVolumeActionTask;volume:create, create.start' (c96d6c28-cd6a-4d9f-94d3-67246db99805) transitioned into state 'RUNNING' from state 'PENDING' {{(pid=94472) _task_receiver /opt/stack/data/venv/lib/python3.12/site-packages/taskflow/listeners/logging.py:242}}
Aug 11 04:40:10 devstack cinder-volume[94472]: DEBUG cinder.volume.manager [None req-cd64b1d8-2c62-41de-b01c-62dcaec20426 tempest-VolumesTestJSON-1334354754 None] Task 'cinder.volume.flows.manager.create_volume.NotifyVolumeActionTask;volume:create, create.start' (c96d6c28-cd6a-4d9f-94d3-67246db99805) transitioned into state 'SUCCESS' from state 'RUNNING' with result 'None' {{(pid=94472) _task_receiver /opt/stack/data/venv/lib/python3.12/site-packages/taskflow/listeners/logging.py:218}}
Aug 11 04:40:10 devstack cinder-volume[94472]: DEBUG cinder.volume.manager [None req-cd64b1d8-2c62-41de-b01c-62dcaec20426 tempest-VolumesTestJSON-1334354754 None] Task 'cinder.volume.flows.manager.create_volume.CreateVolumeFromSpecTask;volume:create' (81135063-e277-48bb-9da6-41fe0a7935d7) transitioned into state 'RUNNING' from state 'PENDING' {{(pid=94472) _task_receiver /opt/stack/data/venv/lib/python3.12/site-packages/taskflow/listeners/logging.py:242}}
Aug 11 04:40:10 devstack cinder-volume[94472]: INFO cinder.volume.flows.manager.create_volume [None req-cd64b1d8-2c62-41de-b01c-62dcaec20426 tempest-VolumesTestJSON-1334354754 None] Volume c4967e48-0916-4ad9-9e58-c17ddffb06c0: being created as raw with specification: {'status': 'creating', 'volume_name': 'volume-c4967e48-0916-4ad9-9e58-c17ddffb06c0', 'volume_size': 1}
Aug 11 04:40:10 devstack cinder-volume[94472]: DEBUG oslo_concurrency.lockutils [None req-cd64b1d8-2c62-41de-b01c-62dcaec20426 tempest-VolumesTestJSON-1334354754 None] Acquiring lock "quobyte" by "cinder.volume.drivers.quobyte.QuobyteDriver.create_volume" {{(pid=94472) inner /opt/stack/data/venv/lib/python3.12/site-packages/oslo_concurrency/lockutils.py:512}}
Aug 11 04:40:10 devstack cinder-volume[94472]: DEBUG oslo_concurrency.lockutils [None req-cd64b1d8-2c62-41de-b01c-62dcaec20426 tempest-VolumesTestJSON-1334354754 None] Lock "quobyte" acquired by "cinder.volume.drivers.quobyte.QuobyteDriver.create_volume" :: waited 0.000s {{(pid=94472) inner /opt/stack/data/venv/lib/python3.12/site-packages/oslo_concurrency/lockutils.py:525}}
Aug 11 04:40:10 devstack cinder-volume[94472]: DEBUG cinder.volume.drivers.quobyte [None req-cd64b1d8-2c62-41de-b01c-62dcaec20426 tempest-VolumesTestJSON-1334354754 None] ==> create_volume: call "{'self': , 'volume': Volume(_name_id=None,admin_metadata=,attach_status='detached',availability_zone='nova',bootable=False,cluster=,cluster_name=None,consistencygroup=,consistencygroup_id=None,created_at=2026-08-11T02:40:10Z,deleted=False,deleted_at=None,display_description=None,display_name='tempest-VolumesTestJSON-volume-1080842794',ec2_id=None,encryption_key_id=None,glance_metadata=,group=,group_id=None,host='devstack@QuobyteHD#QuobyteHD',id=c4967e48-0916-4ad9-9e58-c17ddffb06c0,launched_at=None,metadata={Type='work'},migration_status=None,multiattach=False,previous_status=None,project_id='e9a6d2d4d7ab47078978cf0568dd6ea8',provider_auth=None,provider_geometry=None,provider_id=None,provider_location=None,replication_driver_data=None,replication_extended_status=None,replication_status=None,scheduled_at=2026-08-11T02:40:11Z,service_uuid=None,shared_targets=True,size=1,snapshot_id=None,snapshots=,source_volid=None,status='creating',terminated_at=None,updated_at=2026-08-11T02:40:11Z,use_quota=True,user_id='446538cdc0454c74966f428e428cdfa0',volume_attachment=VolumeAttachmentList,volume_type=VolumeType(ea50e5ab-df42-438b-b697-81a1f1cdb006),volume_type_id=ea50e5ab-df42-438b-b697-81a1f1cdb006)}" {{(pid=94472) trace_logging_wrapper /opt/stack/cinder/cinder/volume/volume_utils.py:1497}}
Aug 11 04:40:10 devstack cinder-volume[94472]: DEBUG cinder.volume.drivers.remotefs [None req-cd64b1d8-2c62-41de-b01c-62dcaec20426 tempest-VolumesTestJSON-1334354754 None] Creating volume c4967e48-0916-4ad9-9e58-c17ddffb06c0 {{(pid=94472) create_volume /opt/stack/cinder/cinder/volume/drivers/remotefs.py:292}}
Aug 11 04:40:10 devstack cinder-volume[94472]: DEBUG oslo_concurrency.lockutils [None req-cd64b1d8-2c62-41de-b01c-62dcaec20426 tempest-VolumesTestJSON-1334354754 None] Acquiring lock "quobyte_ensure" by "cinder.volume.drivers.quobyte.QuobyteDriver._ensure_shares_mounted" {{(pid=94472) inner /opt/stack/data/venv/lib/python3.12/site-packages/oslo_concurrency/lockutils.py:512}}
Aug 11 04:40:10 devstack cinder-volume[94472]: DEBUG oslo_concurrency.lockutils [None req-cd64b1d8-2c62-41de-b01c-62dcaec20426 tempest-VolumesTestJSON-1334354754 None] Lock "quobyte_ensure" acquired by "cinder.volume.drivers.quobyte.QuobyteDriver._ensure_shares_mounted" :: waited 0.000s {{(pid=94472) inner /opt/stack/data/venv/lib/python3.12/site-packages/oslo_concurrency/lockutils.py:525}}
Aug 11 04:40:10 devstack cinder-volume[94472]: DEBUG cinder.volume.drivers.quobyte [None req-cd64b1d8-2c62-41de-b01c-62dcaec20426 tempest-VolumesTestJSON-1334354754 None] Quobyte Volume URL set to: {'osci02.corp.quobyte.com/cinder-vol-85dc7fcd-cb36-473c-9066-7c2b210b92dd': None} {{(pid=94472) _load_shares_config /opt/stack/cinder/cinder/volume/drivers/quobyte.py:665}}
Aug 11 04:40:10 devstack cinder-volume[94472]: DEBUG cinder.volume.drivers.quobyte [None req-cd64b1d8-2c62-41de-b01c-62dcaec20426 tempest-VolumesTestJSON-1334354754 None] Available shares ['osci02.corp.quobyte.com/cinder-vol-85dc7fcd-cb36-473c-9066-7c2b210b92dd'] {{(pid=94472) _ensure_shares_mounted /opt/stack/cinder/cinder/volume/drivers/quobyte.py:695}}
Aug 11 04:40:10 devstack cinder-volume[94472]: DEBUG oslo_concurrency.lockutils [None req-cd64b1d8-2c62-41de-b01c-62dcaec20426 tempest-VolumesTestJSON-1334354754 None] Lock "quobyte_ensure" "released" by "cinder.volume.drivers.quobyte.QuobyteDriver._ensure_shares_mounted" :: held 0.008s {{(pid=94472) inner /opt/stack/data/venv/lib/python3.12/site-packages/oslo_concurrency/lockutils.py:544}}
Aug 11 04:40:10 devstack cinder-volume[94472]: DEBUG cinder.volume.drivers.quobyte [None req-cd64b1d8-2c62-41de-b01c-62dcaec20426 tempest-VolumesTestJSON-1334354754 None] Selected osci02.corp.quobyte.com/cinder-vol-85dc7fcd-cb36-473c-9066-7c2b210b92dd as target Quobyte volume. {{(pid=94472) _find_share /opt/stack/cinder/cinder/volume/drivers/quobyte.py:716}}
Aug 11 04:40:10 devstack cinder-volume[94472]: INFO cinder.volume.drivers.remotefs [None req-cd64b1d8-2c62-41de-b01c-62dcaec20426 tempest-VolumesTestJSON-1334354754 None] casted to osci02.corp.quobyte.com/cinder-vol-85dc7fcd-cb36-473c-9066-7c2b210b92dd
Aug 11 04:40:10 devstack cinder-volume[94472]: DEBUG oslo_concurrency.processutils [None req-cd64b1d8-2c62-41de-b01c-62dcaec20426 tempest-VolumesTestJSON-1334354754 None] Running cmd (subprocess): sudo cinder-rootwrap /etc/cinder/rootwrap.conf qemu-img create -f qcow2 -o preallocation=metadata /opt/stack/data/cinder/mnt/596df44d1e183342d63c2d1b00486333/volume-c4967e48-0916-4ad9-9e58-c17ddffb06c0 1073741824 {{(pid=94472) execute /opt/stack/data/venv/lib/python3.12/site-packages/oslo_concurrency/processutils.py:440}}
Aug 11 04:40:10 devstack sudo[98453]: quobyte : PWD=/ ; USER=root ; COMMAND=/opt/stack/data/venv/bin/cinder-rootwrap /etc/cinder/rootwrap.conf qemu-img create -f qcow2 -o preallocation=metadata /opt/stack/data/cinder/mnt/596df44d1e183342d63c2d1b00486333/volume-c4967e48-0916-4ad9-9e58-c17ddffb06c0 1073741824
Aug 11 04:40:10 devstack sudo[98453]: pam_unix(sudo:session): session opened for user root(uid=0) by (uid=1000)
Aug 11 04:40:11 devstack sudo[98451]: pam_unix(sudo:session): session closed for user root
Aug 11 04:40:11 devstack cinder-volume[94472]: DEBUG oslo_concurrency.processutils [None req-93f50e38-3aef-44b9-8ea0-b057fa0d281b tempest-GroupSnapshotsTest-1060963943 None] CMD "sudo cinder-rootwrap /etc/cinder/rootwrap.conf rm -f /opt/stack/data/cinder/mnt/596df44d1e183342d63c2d1b00486333/volume-e31a8307-2ad7-4cc0-a7eb-f451721b8e96.e4738330-1d2c-4b6a-8ebc-5f5180c03ba3" returned: 0 in 0.295s {{(pid=94472) execute /opt/stack/data/venv/lib/python3.12/site-packages/oslo_concurrency/processutils.py:468}}
Aug 11 04:40:11 devstack cinder-volume[94472]: DEBUG cinder.coordination [None req-93f50e38-3aef-44b9-8ea0-b057fa0d281b tempest-GroupSnapshotsTest-1060963943 None] Lock "cinder-quobyte-e4738330-1d2c-4b6a-8ebc-5f5180c03ba3" released by "_delete_snapshot" :: held 2.424s {{(pid=94472) __release /opt/stack/cinder/cinder/coordination.py:152}}
Aug 11 04:40:11 devstack cinder-volume[94472]: DEBUG cinder.coordination [None req-93f50e38-3aef-44b9-8ea0-b057fa0d281b tempest-GroupSnapshotsTest-1060963943 None] Lock "cinder-quobyte-e31a8307-2ad7-4cc0-a7eb-f451721b8e96" released by "delete_snapshot" :: held 2.489s {{(pid=94472) __release /opt/stack/cinder/cinder/coordination.py:152}}
Aug 11 04:40:11 devstack cinder-volume[94472]: WARNING cinder.quota [None req-93f50e38-3aef-44b9-8ea0-b057fa0d281b tempest-GroupSnapshotsTest-1060963943 None] Deprecated: Default quota for resource: gigabytes_tempest-GroupSnapshotsTest-volume-type-203292802 is set by the default quota flag: quota_gigabytes_tempest-GroupSnapshotsTest-volume-type-203292802, it is now deprecated. Please use the default quota class for default quota.
Aug 11 04:40:11 devstack cinder-volume[94472]: WARNING cinder.quota [None req-93f50e38-3aef-44b9-8ea0-b057fa0d281b tempest-GroupSnapshotsTest-1060963943 None] Deprecated: Default quota for resource: snapshots_tempest-GroupSnapshotsTest-volume-type-203292802 is set by the default quota flag: quota_snapshots_tempest-GroupSnapshotsTest-volume-type-203292802, it is now deprecated. Please use the default quota class for default quota.
Aug 11 04:40:11 devstack cinder-volume[94472]: DEBUG cinder.quota [None req-93f50e38-3aef-44b9-8ea0-b057fa0d281b tempest-GroupSnapshotsTest-1060963943 None] Created reservations ['4f39d248-5f72-4f08-826f-b788ff3350ad', '1f23a61d-ac09-4d6f-a738-7cf3a934f3ad', 'e99ec3d9-1fb6-4029-a6f0-3947749b823e', '142cdec1-c830-4875-a598-3c8bfd683be9'] {{(pid=94472) reserve /opt/stack/cinder/cinder/quota.py:752}}
Aug 11 04:40:11 devstack cinder-volume[94472]: DEBUG cinder.quota [None req-93f50e38-3aef-44b9-8ea0-b057fa0d281b tempest-GroupSnapshotsTest-1060963943 None] Created reservations ['6f19ff41-898f-4346-8d41-065b119d9b76', '96769dd9-1eef-42ea-ae0c-2608532ac6ef', 'eb4f8da3-b234-4b9a-bdc3-b56a37a34959', 'd6d8ed51-f437-4287-8d25-2cb64282ba7f'] {{(pid=94472) reserve /opt/stack/cinder/cinder/quota.py:752}}
Aug 11 04:40:11 devstack cinder-volume[94472]: INFO cinder.volume.manager [None req-93f50e38-3aef-44b9-8ea0-b057fa0d281b tempest-GroupSnapshotsTest-1060963943 None] group_snapshot aaf26b8b-56f0-40fb-9954-2e2259e3d0ca: deleted successfully
Aug 11 04:40:11 devstack sudo[98453]: pam_unix(sudo:session): session closed for user root
Aug 11 04:40:11 devstack cinder-volume[94472]: DEBUG oslo_concurrency.processutils [None req-cd64b1d8-2c62-41de-b01c-62dcaec20426 tempest-VolumesTestJSON-1334354754 None] CMD "sudo cinder-rootwrap /etc/cinder/rootwrap.conf qemu-img create -f qcow2 -o preallocation=metadata /opt/stack/data/cinder/mnt/596df44d1e183342d63c2d1b00486333/volume-c4967e48-0916-4ad9-9e58-c17ddffb06c0 1073741824" returned: 0 in 0.702s {{(pid=94472) execute /opt/stack/data/venv/lib/python3.12/site-packages/oslo_concurrency/processutils.py:468}}
Aug 11 04:40:11 devstack cinder-volume[94472]: DEBUG oslo_concurrency.processutils [None req-cd64b1d8-2c62-41de-b01c-62dcaec20426 tempest-VolumesTestJSON-1334354754 None] Running cmd (subprocess): sudo cinder-rootwrap /etc/cinder/rootwrap.conf chmod ugo+rw /opt/stack/data/cinder/mnt/596df44d1e183342d63c2d1b00486333/volume-c4967e48-0916-4ad9-9e58-c17ddffb06c0 {{(pid=94472) execute /opt/stack/data/venv/lib/python3.12/site-packages/oslo_concurrency/processutils.py:440}}
Aug 11 04:40:11 devstack sudo[98461]: quobyte : PWD=/ ; USER=root ; COMMAND=/opt/stack/data/venv/bin/cinder-rootwrap /etc/cinder/rootwrap.conf chmod ugo+rw /opt/stack/data/cinder/mnt/596df44d1e183342d63c2d1b00486333/volume-c4967e48-0916-4ad9-9e58-c17ddffb06c0
Aug 11 04:40:11 devstack sudo[98461]: pam_unix(sudo:session): session opened for user root(uid=0) by (uid=1000)
