Jul 01 21:45:09 devstack cinder-volume[86506]: DEBUG oslo_concurrency.processutils [None req-4cf5ff86-549b-4932-afa7-6d33ef75fbd4 tempest-GroupsV314Test-746264033 None] Running cmd (subprocess): /opt/stack/data/venv/bin/python3.12 -m oslo_concurrency.prlimit --as=1073741824 --cpu=60 -- sudo cinder-rootwrap /etc/cinder/rootwrap.conf env LC_ALL=C qemu-img info -f qcow2 --output=json --force-share /opt/stack/data/cinder/mnt/c4d78d39be3a44ae7104d702516779ec/volume-f09ec45b-c018-4ab6-bf77-8a968f517f9b {{(pid=86506) execute /opt/stack/data/venv/lib/python3.12/site-packages/oslo_concurrency/processutils.py:440}}
Jul 01 21:45:09 devstack sudo[91650]: quobyte : PWD=/ ; USER=root ; COMMAND=/opt/stack/data/venv/bin/cinder-rootwrap /etc/cinder/rootwrap.conf env LC_ALL=C qemu-img info -f qcow2 --output=json --force-share /opt/stack/data/cinder/mnt/c4d78d39be3a44ae7104d702516779ec/volume-f09ec45b-c018-4ab6-bf77-8a968f517f9b
Jul 01 21:45:09 devstack sudo[91650]: pam_unix(sudo:session): session opened for user root(uid=0) by (uid=1000)
Jul 01 21:45:10 devstack sudo[91650]: pam_unix(sudo:session): session closed for user root
Jul 01 21:45:10 devstack cinder-volume[86506]: DEBUG oslo_concurrency.processutils [None req-4cf5ff86-549b-4932-afa7-6d33ef75fbd4 tempest-GroupsV314Test-746264033 None] CMD "/opt/stack/data/venv/bin/python3.12 -m oslo_concurrency.prlimit --as=1073741824 --cpu=60 -- sudo cinder-rootwrap /etc/cinder/rootwrap.conf env LC_ALL=C qemu-img info -f qcow2 --output=json --force-share /opt/stack/data/cinder/mnt/c4d78d39be3a44ae7104d702516779ec/volume-f09ec45b-c018-4ab6-bf77-8a968f517f9b" returned: 0 in 1.492s {{(pid=86506) execute /opt/stack/data/venv/lib/python3.12/site-packages/oslo_concurrency/processutils.py:468}}
Jul 01 21:45:10 devstack cinder-volume[86506]: DEBUG oslo_concurrency.processutils [None req-4cf5ff86-549b-4932-afa7-6d33ef75fbd4 tempest-GroupsV314Test-746264033 None] Running cmd (subprocess): sudo cinder-rootwrap /etc/cinder/rootwrap.conf qemu-img create -f qcow2 -o backing_file=/opt/stack/data/cinder/mnt/c4d78d39be3a44ae7104d702516779ec/volume-f09ec45b-c018-4ab6-bf77-8a968f517f9b,backing_fmt=qcow2 /opt/stack/data/cinder/mnt/c4d78d39be3a44ae7104d702516779ec/volume-f09ec45b-c018-4ab6-bf77-8a968f517f9b.86be901d-5dcf-445f-8dba-c2c1151760fd 1G {{(pid=86506) execute /opt/stack/data/venv/lib/python3.12/site-packages/oslo_concurrency/processutils.py:440}}
Jul 01 21:45:10 devstack sudo[91657]: quobyte : PWD=/ ; USER=root ; COMMAND=/opt/stack/data/venv/bin/cinder-rootwrap /etc/cinder/rootwrap.conf qemu-img create -f qcow2 -o backing_file=/opt/stack/data/cinder/mnt/c4d78d39be3a44ae7104d702516779ec/volume-f09ec45b-c018-4ab6-bf77-8a968f517f9b,backing_fmt=qcow2 /opt/stack/data/cinder/mnt/c4d78d39be3a44ae7104d702516779ec/volume-f09ec45b-c018-4ab6-bf77-8a968f517f9b.86be901d-5dcf-445f-8dba-c2c1151760fd 1G
Jul 01 21:45:10 devstack sudo[91657]: pam_unix(sudo:session): session opened for user root(uid=0) by (uid=1000)
Jul 01 21:45:12 devstack sudo[91657]: pam_unix(sudo:session): session closed for user root
Jul 01 21:45:12 devstack cinder-volume[86506]: DEBUG oslo_concurrency.processutils [None req-4cf5ff86-549b-4932-afa7-6d33ef75fbd4 tempest-GroupsV314Test-746264033 None] CMD "sudo cinder-rootwrap /etc/cinder/rootwrap.conf qemu-img create -f qcow2 -o backing_file=/opt/stack/data/cinder/mnt/c4d78d39be3a44ae7104d702516779ec/volume-f09ec45b-c018-4ab6-bf77-8a968f517f9b,backing_fmt=qcow2 /opt/stack/data/cinder/mnt/c4d78d39be3a44ae7104d702516779ec/volume-f09ec45b-c018-4ab6-bf77-8a968f517f9b.86be901d-5dcf-445f-8dba-c2c1151760fd 1G" returned: 0 in 1.948s {{(pid=86506) execute /opt/stack/data/venv/lib/python3.12/site-packages/oslo_concurrency/processutils.py:468}}
Jul 01 21:45:12 devstack cinder-volume[86506]: DEBUG oslo_concurrency.processutils [None req-4cf5ff86-549b-4932-afa7-6d33ef75fbd4 tempest-GroupsV314Test-746264033 None] Running cmd (subprocess): sudo cinder-rootwrap /etc/cinder/rootwrap.conf qemu-img rebase -u -b volume-f09ec45b-c018-4ab6-bf77-8a968f517f9b -F qcow2 /opt/stack/data/cinder/mnt/c4d78d39be3a44ae7104d702516779ec/volume-f09ec45b-c018-4ab6-bf77-8a968f517f9b.86be901d-5dcf-445f-8dba-c2c1151760fd {{(pid=86506) execute /opt/stack/data/venv/lib/python3.12/site-packages/oslo_concurrency/processutils.py:440}}
Jul 01 21:45:12 devstack sudo[91712]: quobyte : PWD=/ ; USER=root ; COMMAND=/opt/stack/data/venv/bin/cinder-rootwrap /etc/cinder/rootwrap.conf qemu-img rebase -u -b volume-f09ec45b-c018-4ab6-bf77-8a968f517f9b -F qcow2 /opt/stack/data/cinder/mnt/c4d78d39be3a44ae7104d702516779ec/volume-f09ec45b-c018-4ab6-bf77-8a968f517f9b.86be901d-5dcf-445f-8dba-c2c1151760fd
Jul 01 21:45:12 devstack sudo[91712]: pam_unix(sudo:session): session opened for user root(uid=0) by (uid=1000)
Jul 01 21:45:14 devstack sudo[91712]: pam_unix(sudo:session): session closed for user root
Jul 01 21:45:14 devstack cinder-volume[86506]: DEBUG oslo_concurrency.processutils [None req-4cf5ff86-549b-4932-afa7-6d33ef75fbd4 tempest-GroupsV314Test-746264033 None] CMD "sudo cinder-rootwrap /etc/cinder/rootwrap.conf qemu-img rebase -u -b volume-f09ec45b-c018-4ab6-bf77-8a968f517f9b -F qcow2 /opt/stack/data/cinder/mnt/c4d78d39be3a44ae7104d702516779ec/volume-f09ec45b-c018-4ab6-bf77-8a968f517f9b.86be901d-5dcf-445f-8dba-c2c1151760fd" returned: 0 in 1.552s {{(pid=86506) execute /opt/stack/data/venv/lib/python3.12/site-packages/oslo_concurrency/processutils.py:468}}
Jul 01 21:45:14 devstack cinder-volume[86506]: WARNING cinder.volume.drivers.remotefs [None req-4cf5ff86-549b-4932-afa7-6d33ef75fbd4 tempest-GroupsV314Test-746264033 None] /opt/stack/data/cinder/mnt/c4d78d39be3a44ae7104d702516779ec/volume-f09ec45b-c018-4ab6-bf77-8a968f517f9b.86be901d-5dcf-445f-8dba-c2c1151760fd is being set with open permissions: ugo+rw: NotImplementedError
Jul 01 21:45:14 devstack cinder-volume[86506]: DEBUG oslo_concurrency.processutils [None req-4cf5ff86-549b-4932-afa7-6d33ef75fbd4 tempest-GroupsV314Test-746264033 None] Running cmd (subprocess): sudo cinder-rootwrap /etc/cinder/rootwrap.conf chmod ugo+rw /opt/stack/data/cinder/mnt/c4d78d39be3a44ae7104d702516779ec/volume-f09ec45b-c018-4ab6-bf77-8a968f517f9b.86be901d-5dcf-445f-8dba-c2c1151760fd {{(pid=86506) execute /opt/stack/data/venv/lib/python3.12/site-packages/oslo_concurrency/processutils.py:440}}
Jul 01 21:45:14 devstack sudo[91724]: quobyte : PWD=/ ; USER=root ; COMMAND=/opt/stack/data/venv/bin/cinder-rootwrap /etc/cinder/rootwrap.conf chmod ugo+rw /opt/stack/data/cinder/mnt/c4d78d39be3a44ae7104d702516779ec/volume-f09ec45b-c018-4ab6-bf77-8a968f517f9b.86be901d-5dcf-445f-8dba-c2c1151760fd
Jul 01 21:45:14 devstack sudo[91724]: pam_unix(sudo:session): session opened for user root(uid=0) by (uid=1000)
Jul 01 21:45:15 devstack sudo[91724]: pam_unix(sudo:session): session closed for user root
Jul 01 21:45:15 devstack cinder-volume[86506]: DEBUG oslo_concurrency.processutils [None req-4cf5ff86-549b-4932-afa7-6d33ef75fbd4 tempest-GroupsV314Test-746264033 None] CMD "sudo cinder-rootwrap /etc/cinder/rootwrap.conf chmod ugo+rw /opt/stack/data/cinder/mnt/c4d78d39be3a44ae7104d702516779ec/volume-f09ec45b-c018-4ab6-bf77-8a968f517f9b.86be901d-5dcf-445f-8dba-c2c1151760fd" returned: 0 in 1.185s {{(pid=86506) execute /opt/stack/data/venv/lib/python3.12/site-packages/oslo_concurrency/processutils.py:468}}
Jul 01 21:45:15 devstack cinder-volume[86506]: DEBUG oslo_concurrency.processutils [None req-4cf5ff86-549b-4932-afa7-6d33ef75fbd4 tempest-GroupsV314Test-746264033 None] Running cmd (subprocess): sudo cinder-rootwrap /etc/cinder/rootwrap.conf truncate -s0 /opt/stack/data/cinder/mnt/c4d78d39be3a44ae7104d702516779ec/volume-f09ec45b-c018-4ab6-bf77-8a968f517f9b.info {{(pid=86506) execute /opt/stack/data/venv/lib/python3.12/site-packages/oslo_concurrency/processutils.py:440}}
Jul 01 21:45:15 devstack sudo[91788]: quobyte : PWD=/ ; USER=root ; COMMAND=/opt/stack/data/venv/bin/cinder-rootwrap /etc/cinder/rootwrap.conf truncate -s0 /opt/stack/data/cinder/mnt/c4d78d39be3a44ae7104d702516779ec/volume-f09ec45b-c018-4ab6-bf77-8a968f517f9b.info
Jul 01 21:45:15 devstack sudo[91788]: pam_unix(sudo:session): session opened for user root(uid=0) by (uid=1000)
Jul 01 21:45:16 devstack sudo[91788]: pam_unix(sudo:session): session closed for user root
Jul 01 21:45:16 devstack cinder-volume[86506]: DEBUG oslo_concurrency.processutils [None req-4cf5ff86-549b-4932-afa7-6d33ef75fbd4 tempest-GroupsV314Test-746264033 None] CMD "sudo cinder-rootwrap /etc/cinder/rootwrap.conf truncate -s0 /opt/stack/data/cinder/mnt/c4d78d39be3a44ae7104d702516779ec/volume-f09ec45b-c018-4ab6-bf77-8a968f517f9b.info" returned: 0 in 1.260s {{(pid=86506) execute /opt/stack/data/venv/lib/python3.12/site-packages/oslo_concurrency/processutils.py:468}}
Jul 01 21:45:16 devstack cinder-volume[86506]: WARNING cinder.volume.drivers.remotefs [None req-4cf5ff86-549b-4932-afa7-6d33ef75fbd4 tempest-GroupsV314Test-746264033 None] /opt/stack/data/cinder/mnt/c4d78d39be3a44ae7104d702516779ec/volume-f09ec45b-c018-4ab6-bf77-8a968f517f9b.info is being set with open permissions: ugo+rw: NotImplementedError
Jul 01 21:45:16 devstack cinder-volume[86506]: DEBUG oslo_concurrency.processutils [None req-4cf5ff86-549b-4932-afa7-6d33ef75fbd4 tempest-GroupsV314Test-746264033 None] Running cmd (subprocess): sudo cinder-rootwrap /etc/cinder/rootwrap.conf chmod ugo+rw /opt/stack/data/cinder/mnt/c4d78d39be3a44ae7104d702516779ec/volume-f09ec45b-c018-4ab6-bf77-8a968f517f9b.info {{(pid=86506) execute /opt/stack/data/venv/lib/python3.12/site-packages/oslo_concurrency/processutils.py:440}}
Jul 01 21:45:16 devstack sudo[91805]: quobyte : PWD=/ ; USER=root ; COMMAND=/opt/stack/data/venv/bin/cinder-rootwrap /etc/cinder/rootwrap.conf chmod ugo+rw /opt/stack/data/cinder/mnt/c4d78d39be3a44ae7104d702516779ec/volume-f09ec45b-c018-4ab6-bf77-8a968f517f9b.info
Jul 01 21:45:16 devstack sudo[91805]: pam_unix(sudo:session): session opened for user root(uid=0) by (uid=1000)
Jul 01 21:45:17 devstack sudo[91805]: pam_unix(sudo:session): session closed for user root
Jul 01 21:45:17 devstack cinder-volume[86506]: DEBUG oslo_concurrency.processutils [None req-4cf5ff86-549b-4932-afa7-6d33ef75fbd4 tempest-GroupsV314Test-746264033 None] CMD "sudo cinder-rootwrap /etc/cinder/rootwrap.conf chmod ugo+rw /opt/stack/data/cinder/mnt/c4d78d39be3a44ae7104d702516779ec/volume-f09ec45b-c018-4ab6-bf77-8a968f517f9b.info" returned: 0 in 1.116s {{(pid=86506) execute /opt/stack/data/venv/lib/python3.12/site-packages/oslo_concurrency/processutils.py:468}}
Jul 01 21:45:17 devstack cinder-volume[86506]: DEBUG cinder.coordination [None req-4cf5ff86-549b-4932-afa7-6d33ef75fbd4 tempest-GroupsV314Test-746264033 None] Acquiring lock "cinder-quobyte-8850f0d5-ecd3-4b9f-aea1-7a5d6e09a2fe" by "_copy_volume_from_snapshot" {{(pid=86506) __acquire /opt/stack/cinder/cinder/coordination.py:138}}
Jul 01 21:45:17 devstack cinder-volume[86506]: DEBUG cinder.coordination [None req-4cf5ff86-549b-4932-afa7-6d33ef75fbd4 tempest-GroupsV314Test-746264033 None] Lock "cinder-quobyte-8850f0d5-ecd3-4b9f-aea1-7a5d6e09a2fe" acquired by "_copy_volume_from_snapshot" :: waited 0.040s {{(pid=86506) __acquire /opt/stack/cinder/cinder/coordination.py:141}}
Jul 01 21:45:17 devstack cinder-volume[86506]: DEBUG cinder.volume.drivers.quobyte [None req-4cf5ff86-549b-4932-afa7-6d33ef75fbd4 tempest-GroupsV314Test-746264033 None] snapshot: 86be901d-5dcf-445f-8dba-c2c1151760fd, volume: 8850f0d5-ecd3-4b9f-aea1-7a5d6e09a2fe, {{(pid=86506) _copy_volume_from_snapshot /opt/stack/cinder/cinder/volume/drivers/quobyte.py:401}}
Jul 01 21:45:17 devstack cinder-volume[86506]: DEBUG oslo_concurrency.lockutils [None req-4cf5ff86-549b-4932-afa7-6d33ef75fbd4 tempest-GroupsV314Test-746264033 None] Acquiring lock "quobyte_ensure" by "cinder.volume.drivers.quobyte.QuobyteDriver._ensure_shares_mounted" {{(pid=86506) inner /opt/stack/data/venv/lib/python3.12/site-packages/oslo_concurrency/lockutils.py:511}}
Jul 01 21:45:17 devstack cinder-volume[86506]: DEBUG oslo_concurrency.lockutils [None req-4cf5ff86-549b-4932-afa7-6d33ef75fbd4 tempest-GroupsV314Test-746264033 None] Lock "quobyte_ensure" acquired by "cinder.volume.drivers.quobyte.QuobyteDriver._ensure_shares_mounted" :: waited 0.001s {{(pid=86506) inner /opt/stack/data/venv/lib/python3.12/site-packages/oslo_concurrency/lockutils.py:524}}
Jul 01 21:45:17 devstack cinder-volume[86506]: DEBUG cinder.volume.drivers.quobyte [None req-4cf5ff86-549b-4932-afa7-6d33ef75fbd4 tempest-GroupsV314Test-746264033 None] Quobyte Volume URL set to: {'osci02.corp.quobyte.com/cinder-vol-96022e7e-8501-4e1a-b0f3-6df8af4d8893': None} {{(pid=86506) _load_shares_config /opt/stack/cinder/cinder/volume/drivers/quobyte.py:617}}
Jul 01 21:45:17 devstack cinder-volume[86506]: DEBUG cinder.volume.drivers.quobyte [None req-4cf5ff86-549b-4932-afa7-6d33ef75fbd4 tempest-GroupsV314Test-746264033 None] Available shares ['osci02.corp.quobyte.com/cinder-vol-96022e7e-8501-4e1a-b0f3-6df8af4d8893'] {{(pid=86506) _ensure_shares_mounted /opt/stack/cinder/cinder/volume/drivers/quobyte.py:647}}
Jul 01 21:45:17 devstack cinder-volume[86506]: DEBUG oslo_concurrency.lockutils [None req-4cf5ff86-549b-4932-afa7-6d33ef75fbd4 tempest-GroupsV314Test-746264033 None] Lock "quobyte_ensure" "released" by "cinder.volume.drivers.quobyte.QuobyteDriver._ensure_shares_mounted" :: held 0.016s {{(pid=86506) inner /opt/stack/data/venv/lib/python3.12/site-packages/oslo_concurrency/lockutils.py:543}}
Jul 01 21:45:17 devstack cinder-volume[86506]: DEBUG oslo.privsep.daemon [-] privsep: reply[caaba5f1-86d2-4b1c-bb78-6d63bdb6b2f1]: (4, 'qcow2') {{(pid=87930) _call_back /opt/stack/data/venv/lib/python3.12/site-packages/oslo_privsep/daemon.py:580}}
Jul 01 21:45:17 devstack cinder-volume[86506]: DEBUG oslo_concurrency.processutils [None req-4cf5ff86-549b-4932-afa7-6d33ef75fbd4 tempest-GroupsV314Test-746264033 None] Running cmd (subprocess): /opt/stack/data/venv/bin/python3.12 -m oslo_concurrency.prlimit --as=1073741824 --cpu=60 -- sudo cinder-rootwrap /etc/cinder/rootwrap.conf env LC_ALL=C qemu-img info -f qcow2 --output=json --force-share /opt/stack/data/cinder/mnt/c4d78d39be3a44ae7104d702516779ec/volume-f09ec45b-c018-4ab6-bf77-8a968f517f9b.86be901d-5dcf-445f-8dba-c2c1151760fd {{(pid=86506) execute /opt/stack/data/venv/lib/python3.12/site-packages/oslo_concurrency/processutils.py:440}}
Jul 01 21:45:18 devstack sudo[91811]: quobyte : PWD=/ ; USER=root ; COMMAND=/opt/stack/data/venv/bin/cinder-rootwrap /etc/cinder/rootwrap.conf env LC_ALL=C qemu-img info -f qcow2 --output=json --force-share /opt/stack/data/cinder/mnt/c4d78d39be3a44ae7104d702516779ec/volume-f09ec45b-c018-4ab6-bf77-8a968f517f9b.86be901d-5dcf-445f-8dba-c2c1151760fd
Jul 01 21:45:18 devstack sudo[91811]: pam_unix(sudo:session): session opened for user root(uid=0) by (uid=1000)
Jul 01 21:45:19 devstack cinder-volume[86506]: DEBUG oslo_concurrency.processutils [None req-4cf5ff86-549b-4932-afa7-6d33ef75fbd4 tempest-GroupsV314Test-746264033 None] CMD "/opt/stack/data/venv/bin/python3.12 -m oslo_concurrency.prlimit --as=1073741824 --cpu=60 -- sudo cinder-rootwrap /etc/cinder/rootwrap.conf env LC_ALL=C qemu-img info -f qcow2 --output=json --force-share /opt/stack/data/cinder/mnt/c4d78d39be3a44ae7104d702516779ec/volume-f09ec45b-c018-4ab6-bf77-8a968f517f9b.86be901d-5dcf-445f-8dba-c2c1151760fd" returned: 0 in 1.494s {{(pid=86506) execute /opt/stack/data/venv/lib/python3.12/site-packages/oslo_concurrency/processutils.py:468}}
Jul 01 21:45:19 devstack cinder-volume[86506]: DEBUG cinder.volume.drivers.remotefs [None req-4cf5ff86-549b-4932-afa7-6d33ef75fbd4 tempest-GroupsV314Test-746264033 None] Fetching qemu-img info with special backing_file_template: (/opt/stack/data/cinder/mnt/[0-9a-f]+/)?(volume-f09ec45b-c018-4ab6-bf77-8a968f517f9b(.(tmp-snap-)?[0-9a-f-]+)?|volume_from_snapshot_cache/(tmp-snap-)?[0-9a-f-]+(.(child-|parent-)[0-9a-f-]+)?)$ {{(pid=86506) _qemu_img_info_base /opt/stack/cinder/cinder/volume/drivers/remotefs.py:896}}
Jul 01 21:45:19 devstack cinder-volume[86506]: DEBUG cinder.volume.drivers.quobyte [None req-4cf5ff86-549b-4932-afa7-6d33ef75fbd4 tempest-GroupsV314Test-746264033 None] will copy from snapshot at /opt/stack/data/cinder/mnt/c4d78d39be3a44ae7104d702516779ec/volume-f09ec45b-c018-4ab6-bf77-8a968f517f9b {{(pid=86506) _copy_volume_from_snapshot /opt/stack/cinder/cinder/volume/drivers/quobyte.py:420}}
Jul 01 21:45:19 devstack cinder-volume[86506]: DEBUG cinder.volume.drivers.quobyte [None req-4cf5ff86-549b-4932-afa7-6d33ef75fbd4 tempest-GroupsV314Test-746264033 None] Creating direct copy from snapshot {{(pid=86506) _copy_volume_from_snapshot /opt/stack/cinder/cinder/volume/drivers/quobyte.py:428}}
Jul 01 21:45:19 devstack sudo[91811]: pam_unix(sudo:session): session closed for user root
Jul 01 21:45:19 devstack cinder-volume[86506]: DEBUG oslo.privsep.daemon [-] privsep: reply[2f55dfc8-9238-4990-b7e1-1d14fb6ab3b6]: (4, 'qcow2') {{(pid=87930) _call_back /opt/stack/data/venv/lib/python3.12/site-packages/oslo_privsep/daemon.py:580}}
Jul 01 21:45:19 devstack cinder-volume[86506]: DEBUG oslo_concurrency.processutils [None req-4cf5ff86-549b-4932-afa7-6d33ef75fbd4 tempest-GroupsV314Test-746264033 None] Running cmd (subprocess): /opt/stack/data/venv/bin/python3.12 -m oslo_concurrency.prlimit --as=1073741824 --cpu=60 -- sudo cinder-rootwrap /etc/cinder/rootwrap.conf env LC_ALL=C qemu-img info -f qcow2 --output=json /opt/stack/data/cinder/mnt/c4d78d39be3a44ae7104d702516779ec/volume-f09ec45b-c018-4ab6-bf77-8a968f517f9b {{(pid=86506) execute /opt/stack/data/venv/lib/python3.12/site-packages/oslo_concurrency/processutils.py:440}}
Jul 01 21:45:19 devstack sudo[91823]: quobyte : PWD=/ ; USER=root ; COMMAND=/opt/stack/data/venv/bin/cinder-rootwrap /etc/cinder/rootwrap.conf env LC_ALL=C qemu-img info -f qcow2 --output=json /opt/stack/data/cinder/mnt/c4d78d39be3a44ae7104d702516779ec/volume-f09ec45b-c018-4ab6-bf77-8a968f517f9b
Jul 01 21:45:19 devstack sudo[91823]: pam_unix(sudo:session): session opened for user root(uid=0) by (uid=1000)
Jul 01 21:45:20 devstack sudo[91823]: pam_unix(sudo:session): session closed for user root
Jul 01 21:45:20 devstack cinder-volume[86506]: DEBUG oslo_concurrency.processutils [None req-4cf5ff86-549b-4932-afa7-6d33ef75fbd4 tempest-GroupsV314Test-746264033 None] CMD "/opt/stack/data/venv/bin/python3.12 -m oslo_concurrency.prlimit --as=1073741824 --cpu=60 -- sudo cinder-rootwrap /etc/cinder/rootwrap.conf env LC_ALL=C qemu-img info -f qcow2 --output=json /opt/stack/data/cinder/mnt/c4d78d39be3a44ae7104d702516779ec/volume-f09ec45b-c018-4ab6-bf77-8a968f517f9b" returned: 0 in 1.189s {{(pid=86506) execute /opt/stack/data/venv/lib/python3.12/site-packages/oslo_concurrency/processutils.py:468}}
Jul 01 21:45:20 devstack cinder-volume[86506]: DEBUG cinder.utils [None req-4cf5ff86-549b-4932-afa7-6d33ef75fbd4 tempest-GroupsV314Test-746264033 None] Path /opt/stack/data/cinder/mnt/c4d78d39be3a44ae7104d702516779ec/volume-8850f0d5-ecd3-4b9f-aea1-7a5d6e09a2fe not found in is_blk_device check {{(pid=86506) is_blk_device /opt/stack/cinder/cinder/utils.py:615}}
Jul 01 21:45:20 devstack cinder-volume[86506]: DEBUG oslo_concurrency.processutils [None req-4cf5ff86-549b-4932-afa7-6d33ef75fbd4 tempest-GroupsV314Test-746264033 None] Running cmd (subprocess): sudo cinder-rootwrap /etc/cinder/rootwrap.conf qemu-img convert -O qcow2 /opt/stack/data/cinder/mnt/c4d78d39be3a44ae7104d702516779ec/volume-f09ec45b-c018-4ab6-bf77-8a968f517f9b /opt/stack/data/cinder/mnt/c4d78d39be3a44ae7104d702516779ec/volume-8850f0d5-ecd3-4b9f-aea1-7a5d6e09a2fe {{(pid=86506) execute /opt/stack/data/venv/lib/python3.12/site-packages/oslo_concurrency/processutils.py:440}}
Jul 01 21:45:20 devstack sudo[91860]: quobyte : PWD=/ ; USER=root ; COMMAND=/opt/stack/data/venv/bin/cinder-rootwrap /etc/cinder/rootwrap.conf qemu-img convert -O qcow2 /opt/stack/data/cinder/mnt/c4d78d39be3a44ae7104d702516779ec/volume-f09ec45b-c018-4ab6-bf77-8a968f517f9b /opt/stack/data/cinder/mnt/c4d78d39be3a44ae7104d702516779ec/volume-8850f0d5-ecd3-4b9f-aea1-7a5d6e09a2fe
Jul 01 21:45:20 devstack sudo[91860]: pam_unix(sudo:session): session opened for user root(uid=0) by (uid=1000)
Jul 01 21:45:25 devstack cinder-volume[86506]: DEBUG dbcounter [-] [86506] Writing DB stats cinder:SELECT=11,cinder:UPDATE=4 {{(pid=86506) stat_writer /opt/stack/data/venv/lib/python3.12/site-packages/dbcounter.py:115}}
Jul 01 21:45:25 devstack cinder-volume[86506]: DEBUG dbcounter [-] [86506] Writing DB stats cinder:SELECT=9,cinder:UPDATE=5,cinder:INSERT=3,cinder:DELETE=1 {{(pid=86506) stat_writer /opt/stack/data/venv/lib/python3.12/site-packages/dbcounter.py:115}}
Jul 01 21:45:32 devstack sudo[91860]: pam_unix(sudo:session): session closed for user root
Jul 01 21:45:32 devstack cinder-volume[86506]: DEBUG oslo_concurrency.processutils [None req-4cf5ff86-549b-4932-afa7-6d33ef75fbd4 tempest-GroupsV314Test-746264033 None] CMD "sudo cinder-rootwrap /etc/cinder/rootwrap.conf qemu-img convert -O qcow2 /opt/stack/data/cinder/mnt/c4d78d39be3a44ae7104d702516779ec/volume-f09ec45b-c018-4ab6-bf77-8a968f517f9b /opt/stack/data/cinder/mnt/c4d78d39be3a44ae7104d702516779ec/volume-8850f0d5-ecd3-4b9f-aea1-7a5d6e09a2fe" returned: 0 in 12.146s {{(pid=86506) execute /opt/stack/data/venv/lib/python3.12/site-packages/oslo_concurrency/processutils.py:468}}
Jul 01 21:45:32 devstack cinder-volume[86506]: DEBUG oslo.privsep.daemon [-] privsep: reply[8b64e486-d065-4f30-be96-8701728d8a79]: (4, 'qcow2') {{(pid=87930) _call_back /opt/stack/data/venv/lib/python3.12/site-packages/oslo_privsep/daemon.py:580}}
Jul 01 21:45:32 devstack cinder-volume[86506]: DEBUG oslo_concurrency.processutils [None req-4cf5ff86-549b-4932-afa7-6d33ef75fbd4 tempest-GroupsV314Test-746264033 None] Running cmd (subprocess): /opt/stack/data/venv/bin/python3.12 -m oslo_concurrency.prlimit --as=1073741824 --cpu=60 -- sudo cinder-rootwrap /etc/cinder/rootwrap.conf env LC_ALL=C qemu-img info -f qcow2 --output=json /opt/stack/data/cinder/mnt/c4d78d39be3a44ae7104d702516779ec/volume-f09ec45b-c018-4ab6-bf77-8a968f517f9b {{(pid=86506) execute /opt/stack/data/venv/lib/python3.12/site-packages/oslo_concurrency/processutils.py:440}}
Jul 01 21:45:33 devstack sudo[92112]: quobyte : PWD=/ ; USER=root ; COMMAND=/opt/stack/data/venv/bin/cinder-rootwrap /etc/cinder/rootwrap.conf env LC_ALL=C qemu-img info -f qcow2 --output=json /opt/stack/data/cinder/mnt/c4d78d39be3a44ae7104d702516779ec/volume-f09ec45b-c018-4ab6-bf77-8a968f517f9b
Jul 01 21:45:33 devstack sudo[92112]: pam_unix(sudo:session): session opened for user root(uid=0) by (uid=1000)
Jul 01 21:45:35 devstack sudo[92112]: pam_unix(sudo:session): session closed for user root
Jul 01 21:45:35 devstack cinder-volume[86506]: DEBUG oslo_concurrency.processutils [None req-4cf5ff86-549b-4932-afa7-6d33ef75fbd4 tempest-GroupsV314Test-746264033 None] CMD "/opt/stack/data/venv/bin/python3.12 -m oslo_concurrency.prlimit --as=1073741824 --cpu=60 -- sudo cinder-rootwrap /etc/cinder/rootwrap.conf env LC_ALL=C qemu-img info -f qcow2 --output=json /opt/stack/data/cinder/mnt/c4d78d39be3a44ae7104d702516779ec/volume-f09ec45b-c018-4ab6-bf77-8a968f517f9b" returned: 0 in 2.489s {{(pid=86506) execute /opt/stack/data/venv/lib/python3.12/site-packages/oslo_concurrency/processutils.py:468}}
Jul 01 21:45:35 devstack cinder-volume[86506]: DEBUG cinder.image.image_utils [None req-4cf5ff86-549b-4932-afa7-6d33ef75fbd4 tempest-GroupsV314Test-746264033 None] Image conversion details: src /opt/stack/data/cinder/mnt/c4d78d39be3a44ae7104d702516779ec/volume-f09ec45b-c018-4ab6-bf77-8a968f517f9b, size 1024.00 MB, duration 12.15 sec, destination /opt/stack/data/cinder/mnt/c4d78d39be3a44ae7104d702516779ec/volume-8850f0d5-ecd3-4b9f-aea1-7a5d6e09a2fe {{(pid=86506) _convert_image /opt/stack/cinder/cinder/image/image_utils.py:536}}
Jul 01 21:45:35 devstack cinder-volume[86506]: INFO cinder.image.image_utils [None req-4cf5ff86-549b-4932-afa7-6d33ef75fbd4 tempest-GroupsV314Test-746264033 None] Converted 1024.00 MB image at 84.29 MB/s
Jul 01 21:45:35 devstack cinder-volume[86506]: WARNING cinder.volume.drivers.remotefs [None req-4cf5ff86-549b-4932-afa7-6d33ef75fbd4 tempest-GroupsV314Test-746264033 None] /opt/stack/data/cinder/mnt/c4d78d39be3a44ae7104d702516779ec/volume-8850f0d5-ecd3-4b9f-aea1-7a5d6e09a2fe is being set with open permissions: ugo+rw: NotImplementedError
Jul 01 21:45:35 devstack cinder-volume[86506]: DEBUG oslo_concurrency.processutils [None req-4cf5ff86-549b-4932-afa7-6d33ef75fbd4 tempest-GroupsV314Test-746264033 None] Running cmd (subprocess): sudo cinder-rootwrap /etc/cinder/rootwrap.conf chmod ugo+rw /opt/stack/data/cinder/mnt/c4d78d39be3a44ae7104d702516779ec/volume-8850f0d5-ecd3-4b9f-aea1-7a5d6e09a2fe {{(pid=86506) execute /opt/stack/data/venv/lib/python3.12/site-packages/oslo_concurrency/processutils.py:440}}
Jul 01 21:45:35 devstack sudo[92125]: quobyte : PWD=/ ; USER=root ; COMMAND=/opt/stack/data/venv/bin/cinder-rootwrap /etc/cinder/rootwrap.conf chmod ugo+rw /opt/stack/data/cinder/mnt/c4d78d39be3a44ae7104d702516779ec/volume-8850f0d5-ecd3-4b9f-aea1-7a5d6e09a2fe
Jul 01 21:45:35 devstack sudo[92125]: pam_unix(sudo:session): session opened for user root(uid=0) by (uid=1000)
Jul 01 21:45:37 devstack sudo[92125]: pam_unix(sudo:session): session closed for user root
Jul 01 21:45:37 devstack cinder-volume[86506]: DEBUG oslo_concurrency.processutils [None req-4cf5ff86-549b-4932-afa7-6d33ef75fbd4 tempest-GroupsV314Test-746264033 None] CMD "sudo cinder-rootwrap /etc/cinder/rootwrap.conf chmod ugo+rw /opt/stack/data/cinder/mnt/c4d78d39be3a44ae7104d702516779ec/volume-8850f0d5-ecd3-4b9f-aea1-7a5d6e09a2fe" returned: 0 in 1.880s {{(pid=86506) execute /opt/stack/data/venv/lib/python3.12/site-packages/oslo_concurrency/processutils.py:468}}
Jul 01 21:45:37 devstack cinder-volume[86506]: DEBUG cinder.coordination [None req-4cf5ff86-549b-4932-afa7-6d33ef75fbd4 tempest-GroupsV314Test-746264033 None] Lock "cinder-quobyte-8850f0d5-ecd3-4b9f-aea1-7a5d6e09a2fe" released by "_copy_volume_from_snapshot" :: held 19.396s {{(pid=86506) __release /opt/stack/cinder/cinder/coordination.py:152}}
Jul 01 21:45:37 devstack cinder-volume[86506]: DEBUG cinder.coordination [None req-4cf5ff86-549b-4932-afa7-6d33ef75fbd4 tempest-GroupsV314Test-746264033 None] Acquiring lock "cinder-quobyte-86be901d-5dcf-445f-8dba-c2c1151760fd" by "_delete_snapshot" {{(pid=86506) __acquire /opt/stack/cinder/cinder/coordination.py:138}}
Jul 01 21:45:37 devstack cinder-volume[86506]: DEBUG cinder.coordination [None req-4cf5ff86-549b-4932-afa7-6d33ef75fbd4 tempest-GroupsV314Test-746264033 None] Lock "cinder-quobyte-86be901d-5dcf-445f-8dba-c2c1151760fd" acquired by "_delete_snapshot" :: waited 0.075s {{(pid=86506) __acquire /opt/stack/cinder/cinder/coordination.py:141}}
Jul 01 21:45:37 devstack cinder-volume[86506]: DEBUG cinder.volume.drivers.remotefs [None req-4cf5ff86-549b-4932-afa7-6d33ef75fbd4 tempest-GroupsV314Test-746264033 None] Deleting offline snapshot 86be901d-5dcf-445f-8dba-c2c1151760fd of volume f09ec45b-c018-4ab6-bf77-8a968f517f9b {{(pid=86506) _delete_snapshot /opt/stack/cinder/cinder/volume/drivers/remotefs.py:1288}}
Jul 01 21:45:37 devstack cinder-volume[86506]: DEBUG cinder.volume.drivers.remotefs [None req-4cf5ff86-549b-4932-afa7-6d33ef75fbd4 tempest-GroupsV314Test-746264033 None] snapshot_file for this snap is: volume-f09ec45b-c018-4ab6-bf77-8a968f517f9b.86be901d-5dcf-445f-8dba-c2c1151760fd {{(pid=86506) _delete_snapshot /opt/stack/cinder/cinder/volume/drivers/remotefs.py:1317}}
Jul 01 21:45:37 devstack cinder-volume[86506]: DEBUG oslo.privsep.daemon [-] privsep: reply[153fc9e1-79ab-423b-8e2d-808bac3fa656]: (4, 'qcow2') {{(pid=87930) _call_back /opt/stack/data/venv/lib/python3.12/site-packages/oslo_privsep/daemon.py:580}}
Jul 01 21:45:37 devstack cinder-volume[86506]: DEBUG oslo_concurrency.processutils [None req-4cf5ff86-549b-4932-afa7-6d33ef75fbd4 tempest-GroupsV314Test-746264033 None] Running cmd (subprocess): /opt/stack/data/venv/bin/python3.12 -m oslo_concurrency.prlimit --as=1073741824 --cpu=60 -- sudo cinder-rootwrap /etc/cinder/rootwrap.conf env LC_ALL=C qemu-img info -f qcow2 --output=json --force-share /opt/stack/data/cinder/mnt/c4d78d39be3a44ae7104d702516779ec/volume-f09ec45b-c018-4ab6-bf77-8a968f517f9b.86be901d-5dcf-445f-8dba-c2c1151760fd {{(pid=86506) execute /opt/stack/data/venv/lib/python3.12/site-packages/oslo_concurrency/processutils.py:440}}
Jul 01 21:45:37 devstack sudo[92160]: quobyte : PWD=/ ; USER=root ; COMMAND=/opt/stack/data/venv/bin/cinder-rootwrap /etc/cinder/rootwrap.conf env LC_ALL=C qemu-img info -f qcow2 --output=json --force-share /opt/stack/data/cinder/mnt/c4d78d39be3a44ae7104d702516779ec/volume-f09ec45b-c018-4ab6-bf77-8a968f517f9b.86be901d-5dcf-445f-8dba-c2c1151760fd
Jul 01 21:45:37 devstack sudo[92160]: pam_unix(sudo:session): session opened for user root(uid=0) by (uid=1000)
Jul 01 21:45:39 devstack sudo[92160]: pam_unix(sudo:session): session closed for user root
Jul 01 21:45:39 devstack cinder-volume[86506]: DEBUG oslo_concurrency.processutils [None req-4cf5ff86-549b-4932-afa7-6d33ef75fbd4 tempest-GroupsV314Test-746264033 None] CMD "/opt/stack/data/venv/bin/python3.12 -m oslo_concurrency.prlimit --as=1073741824 --cpu=60 -- sudo cinder-rootwrap /etc/cinder/rootwrap.conf env LC_ALL=C qemu-img info -f qcow2 --output=json --force-share /opt/stack/data/cinder/mnt/c4d78d39be3a44ae7104d702516779ec/volume-f09ec45b-c018-4ab6-bf77-8a968f517f9b.86be901d-5dcf-445f-8dba-c2c1151760fd" returned: 0 in 1.801s {{(pid=86506) execute /opt/stack/data/venv/lib/python3.12/site-packages/oslo_concurrency/processutils.py:468}}
Jul 01 21:45:39 devstack cinder-volume[86506]: DEBUG cinder.volume.drivers.remotefs [None req-4cf5ff86-549b-4932-afa7-6d33ef75fbd4 tempest-GroupsV314Test-746264033 None] Fetching qemu-img info with special backing_file_template: (/opt/stack/data/cinder/mnt/[0-9a-f]+/)?(volume-f09ec45b-c018-4ab6-bf77-8a968f517f9b(.(tmp-snap-)?[0-9a-f-]+)?|volume_from_snapshot_cache/(tmp-snap-)?[0-9a-f-]+(.(child-|parent-)[0-9a-f-]+)?)$ {{(pid=86506) _qemu_img_info_base /opt/stack/cinder/cinder/volume/drivers/remotefs.py:896}}
Jul 01 21:45:39 devstack cinder-volume[86506]: DEBUG oslo.privsep.daemon [-] privsep: reply[5f2fd565-ccb5-4f9a-8dd2-0c5374ec8e15]: (4, 'qcow2') {{(pid=87930) _call_back /opt/stack/data/venv/lib/python3.12/site-packages/oslo_privsep/daemon.py:580}}
Jul 01 21:45:39 devstack cinder-volume[86506]: DEBUG oslo_concurrency.processutils [None req-4cf5ff86-549b-4932-afa7-6d33ef75fbd4 tempest-GroupsV314Test-746264033 None] Running cmd (subprocess): /opt/stack/data/venv/bin/python3.12 -m oslo_concurrency.prlimit --as=1073741824 --cpu=60 -- sudo cinder-rootwrap /etc/cinder/rootwrap.conf env LC_ALL=C qemu-img info -f qcow2 --output=json --force-share /opt/stack/data/cinder/mnt/c4d78d39be3a44ae7104d702516779ec/volume-f09ec45b-c018-4ab6-bf77-8a968f517f9b {{(pid=86506) execute /opt/stack/data/venv/lib/python3.12/site-packages/oslo_concurrency/processutils.py:440}}
Jul 01 21:45:39 devstack sudo[92199]: quobyte : PWD=/ ; USER=root ; COMMAND=/opt/stack/data/venv/bin/cinder-rootwrap /etc/cinder/rootwrap.conf env LC_ALL=C qemu-img info -f qcow2 --output=json --force-share /opt/stack/data/cinder/mnt/c4d78d39be3a44ae7104d702516779ec/volume-f09ec45b-c018-4ab6-bf77-8a968f517f9b
Jul 01 21:45:39 devstack sudo[92199]: pam_unix(sudo:session): session opened for user root(uid=0) by (uid=1000)
Jul 01 21:45:41 devstack sudo[92199]: pam_unix(sudo:session): session closed for user root
Jul 01 21:45:41 devstack cinder-volume[86506]: DEBUG oslo_concurrency.processutils [None req-4cf5ff86-549b-4932-afa7-6d33ef75fbd4 tempest-GroupsV314Test-746264033 None] CMD "/opt/stack/data/venv/bin/python3.12 -m oslo_concurrency.prlimit --as=1073741824 --cpu=60 -- sudo cinder-rootwrap /etc/cinder/rootwrap.conf env LC_ALL=C qemu-img info -f qcow2 --output=json --force-share /opt/stack/data/cinder/mnt/c4d78d39be3a44ae7104d702516779ec/volume-f09ec45b-c018-4ab6-bf77-8a968f517f9b" returned: 0 in 1.652s {{(pid=86506) execute /opt/stack/data/venv/lib/python3.12/site-packages/oslo_concurrency/processutils.py:468}}
Jul 01 21:45:41 devstack cinder-volume[86506]: DEBUG oslo_concurrency.processutils [None req-4cf5ff86-549b-4932-afa7-6d33ef75fbd4 tempest-GroupsV314Test-746264033 None] Running cmd (subprocess): sudo cinder-rootwrap /etc/cinder/rootwrap.conf qemu-img commit -d /opt/stack/data/cinder/mnt/c4d78d39be3a44ae7104d702516779ec/volume-f09ec45b-c018-4ab6-bf77-8a968f517f9b.86be901d-5dcf-445f-8dba-c2c1151760fd {{(pid=86506) execute /opt/stack/data/venv/lib/python3.12/site-packages/oslo_concurrency/processutils.py:440}}
Jul 01 21:45:41 devstack sudo[92246]: quobyte : PWD=/ ; USER=root ; COMMAND=/opt/stack/data/venv/bin/cinder-rootwrap /etc/cinder/rootwrap.conf qemu-img commit -d /opt/stack/data/cinder/mnt/c4d78d39be3a44ae7104d702516779ec/volume-f09ec45b-c018-4ab6-bf77-8a968f517f9b.86be901d-5dcf-445f-8dba-c2c1151760fd
Jul 01 21:45:41 devstack sudo[92246]: pam_unix(sudo:session): session opened for user root(uid=0) by (uid=1000)
Jul 01 21:45:42 devstack sudo[92246]: pam_unix(sudo:session): session closed for user root
Jul 01 21:45:42 devstack cinder-volume[86506]: DEBUG oslo_concurrency.processutils [None req-4cf5ff86-549b-4932-afa7-6d33ef75fbd4 tempest-GroupsV314Test-746264033 None] CMD "sudo cinder-rootwrap /etc/cinder/rootwrap.conf qemu-img commit -d /opt/stack/data/cinder/mnt/c4d78d39be3a44ae7104d702516779ec/volume-f09ec45b-c018-4ab6-bf77-8a968f517f9b.86be901d-5dcf-445f-8dba-c2c1151760fd" returned: 0 in 0.992s {{(pid=86506) execute /opt/stack/data/venv/lib/python3.12/site-packages/oslo_concurrency/processutils.py:468}}
Jul 01 21:45:42 devstack cinder-volume[86506]: DEBUG oslo_concurrency.processutils [None req-4cf5ff86-549b-4932-afa7-6d33ef75fbd4 tempest-GroupsV314Test-746264033 None] Running cmd (subprocess): sudo cinder-rootwrap /etc/cinder/rootwrap.conf rm -f /opt/stack/data/cinder/mnt/c4d78d39be3a44ae7104d702516779ec/volume-f09ec45b-c018-4ab6-bf77-8a968f517f9b.86be901d-5dcf-445f-8dba-c2c1151760fd {{(pid=86506) execute /opt/stack/data/venv/lib/python3.12/site-packages/oslo_concurrency/processutils.py:440}}
Jul 01 21:45:42 devstack sudo[92251]: quobyte : PWD=/ ; USER=root ; COMMAND=/opt/stack/data/venv/bin/cinder-rootwrap /etc/cinder/rootwrap.conf rm -f /opt/stack/data/cinder/mnt/c4d78d39be3a44ae7104d702516779ec/volume-f09ec45b-c018-4ab6-bf77-8a968f517f9b.86be901d-5dcf-445f-8dba-c2c1151760fd
Jul 01 21:45:42 devstack sudo[92251]: pam_unix(sudo:session): session opened for user root(uid=0) by (uid=1000)
Jul 01 21:45:42 devstack sudo[92251]: pam_unix(sudo:session): session closed for user root
Jul 01 21:45:42 devstack cinder-volume[86506]: DEBUG oslo_concurrency.processutils [None req-4cf5ff86-549b-4932-afa7-6d33ef75fbd4 tempest-GroupsV314Test-746264033 None] CMD "sudo cinder-rootwrap /etc/cinder/rootwrap.conf rm -f /opt/stack/data/cinder/mnt/c4d78d39be3a44ae7104d702516779ec/volume-f09ec45b-c018-4ab6-bf77-8a968f517f9b.86be901d-5dcf-445f-8dba-c2c1151760fd" returned: 0 in 0.759s {{(pid=86506) execute /opt/stack/data/venv/lib/python3.12/site-packages/oslo_concurrency/processutils.py:468}}
Jul 01 21:45:42 devstack cinder-volume[86506]: DEBUG cinder.coordination [None req-4cf5ff86-549b-4932-afa7-6d33ef75fbd4 tempest-GroupsV314Test-746264033 None] Lock "cinder-quobyte-86be901d-5dcf-445f-8dba-c2c1151760fd" released by "_delete_snapshot" :: held 5.434s {{(pid=86506) __release /opt/stack/cinder/cinder/coordination.py:152}}
Jul 01 21:45:42 devstack cinder-volume[86506]: DEBUG oslo_concurrency.lockutils [None req-4cf5ff86-549b-4932-afa7-6d33ef75fbd4 tempest-GroupsV314Test-746264033 None] Lock "quobyte" "released" by "cinder.volume.drivers.quobyte.QuobyteDriver.create_cloned_volume" :: held 33.841s {{(pid=86506) inner /opt/stack/data/venv/lib/python3.12/site-packages/oslo_concurrency/lockutils.py:543}}
Jul 01 21:45:42 devstack cinder-volume[86506]: INFO cinder.volume.manager [None req-4cf5ff86-549b-4932-afa7-6d33ef75fbd4 tempest-GroupsV314Test-746264033 None] Create group from source-group-258c2028-5a74-420a-84fe-fdbfa4d2bc24 completed successfully.
Jul 01 21:45:44 devstack cinder-volume[86506]: DEBUG cinder.coordination [None req-b75dd60c-6a3f-4d78-9b31-526449e654cc tempest-GroupsV314Test-746264033 None] Acquiring lock "cinder-quobyte-8850f0d5-ecd3-4b9f-aea1-7a5d6e09a2fe" by "delete_volume" {{(pid=86506) __acquire /opt/stack/cinder/cinder/coordination.py:138}}
Jul 01 21:45:44 devstack cinder-volume[86506]: DEBUG cinder.coordination [None req-b75dd60c-6a3f-4d78-9b31-526449e654cc tempest-GroupsV314Test-746264033 None] Lock "cinder-quobyte-8850f0d5-ecd3-4b9f-aea1-7a5d6e09a2fe" acquired by "delete_volume" :: waited 0.023s {{(pid=86506) __acquire /opt/stack/cinder/cinder/coordination.py:141}}
Jul 01 21:45:44 devstack cinder-volume[86506]: DEBUG oslo.privsep.daemon [-] privsep: reply[a8d9d3a0-5406-4b11-8eec-ba7e7f3d7267]: (4, 'qcow2') {{(pid=87930) _call_back /opt/stack/data/venv/lib/python3.12/site-packages/oslo_privsep/daemon.py:580}}
Jul 01 21:45:44 devstack cinder-volume[86506]: DEBUG oslo_concurrency.processutils [None req-b75dd60c-6a3f-4d78-9b31-526449e654cc tempest-GroupsV314Test-746264033 None] Running cmd (subprocess): /opt/stack/data/venv/bin/python3.12 -m oslo_concurrency.prlimit --as=1073741824 --cpu=60 -- sudo cinder-rootwrap /etc/cinder/rootwrap.conf env LC_ALL=C qemu-img info -f qcow2 --output=json --force-share /opt/stack/data/cinder/mnt/c4d78d39be3a44ae7104d702516779ec/volume-8850f0d5-ecd3-4b9f-aea1-7a5d6e09a2fe {{(pid=86506) execute /opt/stack/data/venv/lib/python3.12/site-packages/oslo_concurrency/processutils.py:440}}
Jul 01 21:45:44 devstack sudo[92256]: quobyte : PWD=/ ; USER=root ; COMMAND=/opt/stack/data/venv/bin/cinder-rootwrap /etc/cinder/rootwrap.conf env LC_ALL=C qemu-img info -f qcow2 --output=json --force-share /opt/stack/data/cinder/mnt/c4d78d39be3a44ae7104d702516779ec/volume-8850f0d5-ecd3-4b9f-aea1-7a5d6e09a2fe
Jul 01 21:45:44 devstack sudo[92256]: pam_unix(sudo:session): session opened for user root(uid=0) by (uid=1000)
Jul 01 21:45:45 devstack sudo[92256]: pam_unix(sudo:session): session closed for user root
Jul 01 21:45:45 devstack cinder-volume[86506]: DEBUG oslo_concurrency.processutils [None req-b75dd60c-6a3f-4d78-9b31-526449e654cc tempest-GroupsV314Test-746264033 None] CMD "/opt/stack/data/venv/bin/python3.12 -m oslo_concurrency.prlimit --as=1073741824 --cpu=60 -- sudo cinder-rootwrap /etc/cinder/rootwrap.conf env LC_ALL=C qemu-img info -f qcow2 --output=json --force-share /opt/stack/data/cinder/mnt/c4d78d39be3a44ae7104d702516779ec/volume-8850f0d5-ecd3-4b9f-aea1-7a5d6e09a2fe" returned: 0 in 1.567s {{(pid=86506) execute /opt/stack/data/venv/lib/python3.12/site-packages/oslo_concurrency/processutils.py:468}}
Jul 01 21:45:45 devstack cinder-volume[86506]: DEBUG oslo_concurrency.processutils [None req-b75dd60c-6a3f-4d78-9b31-526449e654cc tempest-GroupsV314Test-746264033 None] Running cmd (subprocess): sudo cinder-rootwrap /etc/cinder/rootwrap.conf rm -f /opt/stack/data/cinder/mnt/c4d78d39be3a44ae7104d702516779ec/volume-8850f0d5-ecd3-4b9f-aea1-7a5d6e09a2fe {{(pid=86506) execute /opt/stack/data/venv/lib/python3.12/site-packages/oslo_concurrency/processutils.py:440}}
Jul 01 21:45:45 devstack sudo[92301]: quobyte : PWD=/ ; USER=root ; COMMAND=/opt/stack/data/venv/bin/cinder-rootwrap /etc/cinder/rootwrap.conf rm -f /opt/stack/data/cinder/mnt/c4d78d39be3a44ae7104d702516779ec/volume-8850f0d5-ecd3-4b9f-aea1-7a5d6e09a2fe
Jul 01 21:45:45 devstack sudo[92301]: pam_unix(sudo:session): session opened for user root(uid=0) by (uid=1000)
Jul 01 21:45:46 devstack cinder-volume[86506]: DEBUG oslo_service.periodic_task [None req-bcf0bca6-f7e5-4bdd-84f9-23509b6f0bcd None None] Running periodic task VolumeManager.publish_service_capabilities {{(pid=86506) run_periodic_tasks /opt/stack/data/venv/lib/python3.12/site-packages/oslo_service/periodic_task.py:225}}
Jul 01 21:45:46 devstack cinder-volume[86506]: DEBUG oslo_concurrency.lockutils [None req-bcf0bca6-f7e5-4bdd-84f9-23509b6f0bcd None None] Acquiring lock "quobyte_ensure" by "cinder.volume.drivers.quobyte.QuobyteDriver._ensure_shares_mounted" {{(pid=86506) inner /opt/stack/data/venv/lib/python3.12/site-packages/oslo_concurrency/lockutils.py:511}}
Jul 01 21:45:46 devstack cinder-volume[86506]: DEBUG oslo_concurrency.lockutils [None req-bcf0bca6-f7e5-4bdd-84f9-23509b6f0bcd None None] Lock "quobyte_ensure" acquired by "cinder.volume.drivers.quobyte.QuobyteDriver._ensure_shares_mounted" :: waited 0.000s {{(pid=86506) inner /opt/stack/data/venv/lib/python3.12/site-packages/oslo_concurrency/lockutils.py:524}}
Jul 01 21:45:46 devstack cinder-volume[86506]: DEBUG cinder.volume.drivers.quobyte [None req-bcf0bca6-f7e5-4bdd-84f9-23509b6f0bcd None None] Quobyte Volume URL set to: {'osci02.corp.quobyte.com/cinder-vol-96022e7e-8501-4e1a-b0f3-6df8af4d8893': None} {{(pid=86506) _load_shares_config /opt/stack/cinder/cinder/volume/drivers/quobyte.py:617}}
Jul 01 21:45:46 devstack cinder-volume[86506]: DEBUG cinder.volume.drivers.quobyte [None req-bcf0bca6-f7e5-4bdd-84f9-23509b6f0bcd None None] Available shares ['osci02.corp.quobyte.com/cinder-vol-96022e7e-8501-4e1a-b0f3-6df8af4d8893'] {{(pid=86506) _ensure_shares_mounted /opt/stack/cinder/cinder/volume/drivers/quobyte.py:647}}
Jul 01 21:45:46 devstack cinder-volume[86506]: DEBUG oslo_concurrency.lockutils [None req-bcf0bca6-f7e5-4bdd-84f9-23509b6f0bcd None None] Lock "quobyte_ensure" "released" by "cinder.volume.drivers.quobyte.QuobyteDriver._ensure_shares_mounted" :: held 0.024s {{(pid=86506) inner /opt/stack/data/venv/lib/python3.12/site-packages/oslo_concurrency/lockutils.py:543}}
Jul 01 21:45:46 devstack cinder-volume[86506]: DEBUG oslo_concurrency.processutils [None req-bcf0bca6-f7e5-4bdd-84f9-23509b6f0bcd None None] Running cmd (subprocess): sudo cinder-rootwrap /etc/cinder/rootwrap.conf df --portability --block-size 1 /opt/stack/data/cinder/mnt/c4d78d39be3a44ae7104d702516779ec {{(pid=86506) execute /opt/stack/data/venv/lib/python3.12/site-packages/oslo_concurrency/processutils.py:440}}
Jul 01 21:45:46 devstack sudo[92305]: quobyte : PWD=/ ; USER=root ; COMMAND=/opt/stack/data/venv/bin/cinder-rootwrap /etc/cinder/rootwrap.conf df --portability --block-size 1 /opt/stack/data/cinder/mnt/c4d78d39be3a44ae7104d702516779ec
Jul 01 21:45:46 devstack sudo[92305]: pam_unix(sudo:session): session opened for user root(uid=0) by (uid=1000)
Jul 01 21:45:46 devstack sudo[92301]: pam_unix(sudo:session): session closed for user root
Jul 01 21:45:46 devstack cinder-volume[86506]: DEBUG oslo_concurrency.processutils [None req-b75dd60c-6a3f-4d78-9b31-526449e654cc tempest-GroupsV314Test-746264033 None] CMD "sudo cinder-rootwrap /etc/cinder/rootwrap.conf rm -f /opt/stack/data/cinder/mnt/c4d78d39be3a44ae7104d702516779ec/volume-8850f0d5-ecd3-4b9f-aea1-7a5d6e09a2fe" returned: 0 in 1.158s {{(pid=86506) execute /opt/stack/data/venv/lib/python3.12/site-packages/oslo_concurrency/processutils.py:468}}
Jul 01 21:45:46 devstack cinder-volume[86506]: DEBUG cinder.coordination [None req-b75dd60c-6a3f-4d78-9b31-526449e654cc tempest-GroupsV314Test-746264033 None] Lock "cinder-quobyte-8850f0d5-ecd3-4b9f-aea1-7a5d6e09a2fe" released by "delete_volume" :: held 2.795s {{(pid=86506) __release /opt/stack/cinder/cinder/coordination.py:152}}
Jul 01 21:45:47 devstack cinder-volume[86506]: DEBUG cinder.quota [None req-b75dd60c-6a3f-4d78-9b31-526449e654cc tempest-GroupsV314Test-746264033 None] Created reservations ['174936fe-4222-4f47-bf8c-665e8a2e1baf'] {{(pid=86506) reserve /opt/stack/cinder/cinder/quota.py:752}}
Jul 01 21:45:47 devstack cinder-volume[86506]: WARNING cinder.quota [None req-b75dd60c-6a3f-4d78-9b31-526449e654cc tempest-GroupsV314Test-746264033 None] Deprecated: Default quota for resource: volumes_tempest-GroupsV314Test-volume-type-944905143 is set by the default quota flag: quota_volumes_tempest-GroupsV314Test-volume-type-944905143, it is now deprecated. Please use the default quota class for default quota.
Jul 01 21:45:47 devstack cinder-volume[86506]: WARNING cinder.quota [None req-b75dd60c-6a3f-4d78-9b31-526449e654cc tempest-GroupsV314Test-746264033 None] Deprecated: Default quota for resource: gigabytes_tempest-GroupsV314Test-volume-type-944905143 is set by the default quota flag: quota_gigabytes_tempest-GroupsV314Test-volume-type-944905143, it is now deprecated. Please use the default quota class for default quota.
Jul 01 21:45:47 devstack cinder-volume[86506]: DEBUG cinder.quota [None req-b75dd60c-6a3f-4d78-9b31-526449e654cc tempest-GroupsV314Test-746264033 None] Created reservations ['a270d0ba-b233-4348-a5c9-b50aa80daa08', '06391058-cf5d-4d9c-993c-519b4e958b13', '0d5e758c-5ba3-45c3-8bf2-0f16a72a4c11', 'ca8ad922-1cfa-4c07-8f1f-f8c342041c8e'] {{(pid=86506) reserve /opt/stack/cinder/cinder/quota.py:752}}
Jul 01 21:45:47 devstack cinder-volume[86506]: DEBUG oslo_concurrency.lockutils [None req-b75dd60c-6a3f-4d78-9b31-526449e654cc tempest-GroupsV314Test-746264033 None] Acquiring lock "quobyte_ensure" by "cinder.volume.drivers.quobyte.QuobyteDriver._ensure_shares_mounted" {{(pid=86506) inner /opt/stack/data/venv/lib/python3.12/site-packages/oslo_concurrency/lockutils.py:511}}
Jul 01 21:45:47 devstack cinder-volume[86506]: DEBUG oslo_concurrency.lockutils [None req-b75dd60c-6a3f-4d78-9b31-526449e654cc tempest-GroupsV314Test-746264033 None] Lock "quobyte_ensure" acquired by "cinder.volume.drivers.quobyte.QuobyteDriver._ensure_shares_mounted" :: waited 0.001s {{(pid=86506) inner /opt/stack/data/venv/lib/python3.12/site-packages/oslo_concurrency/lockutils.py:524}}
Jul 01 21:45:47 devstack cinder-volume[86506]: DEBUG cinder.volume.drivers.quobyte [None req-b75dd60c-6a3f-4d78-9b31-526449e654cc tempest-GroupsV314Test-746264033 None] Quobyte Volume URL set to: {'osci02.corp.quobyte.com/cinder-vol-96022e7e-8501-4e1a-b0f3-6df8af4d8893': None} {{(pid=86506) _load_shares_config /opt/stack/cinder/cinder/volume/drivers/quobyte.py:617}}
Jul 01 21:45:47 devstack cinder-volume[86506]: DEBUG cinder.volume.drivers.quobyte [None req-b75dd60c-6a3f-4d78-9b31-526449e654cc tempest-GroupsV314Test-746264033 None] Available shares ['osci02.corp.quobyte.com/cinder-vol-96022e7e-8501-4e1a-b0f3-6df8af4d8893'] {{(pid=86506) _ensure_shares_mounted /opt/stack/cinder/cinder/volume/drivers/quobyte.py:647}}
Jul 01 21:45:47 devstack cinder-volume[86506]: DEBUG oslo_concurrency.lockutils [None req-b75dd60c-6a3f-4d78-9b31-526449e654cc tempest-GroupsV314Test-746264033 None] Lock "quobyte_ensure" "released" by "cinder.volume.drivers.quobyte.QuobyteDriver._ensure_shares_mounted" :: held 0.016s {{(pid=86506) inner /opt/stack/data/venv/lib/python3.12/site-packages/oslo_concurrency/lockutils.py:543}}
Jul 01 21:45:47 devstack cinder-volume[86506]: DEBUG oslo_concurrency.processutils [None req-b75dd60c-6a3f-4d78-9b31-526449e654cc tempest-GroupsV314Test-746264033 None] Running cmd (subprocess): sudo cinder-rootwrap /etc/cinder/rootwrap.conf df --portability --block-size 1 /opt/stack/data/cinder/mnt/c4d78d39be3a44ae7104d702516779ec {{(pid=86506) execute /opt/stack/data/venv/lib/python3.12/site-packages/oslo_concurrency/processutils.py:440}}
Jul 01 21:45:47 devstack sudo[92305]: pam_unix(sudo:session): session closed for user root
Jul 01 21:45:47 devstack cinder-volume[86506]: DEBUG oslo_concurrency.processutils [None req-bcf0bca6-f7e5-4bdd-84f9-23509b6f0bcd None None] CMD "sudo cinder-rootwrap /etc/cinder/rootwrap.conf df --portability --block-size 1 /opt/stack/data/cinder/mnt/c4d78d39be3a44ae7104d702516779ec" returned: 0 in 1.087s {{(pid=86506) execute /opt/stack/data/venv/lib/python3.12/site-packages/oslo_concurrency/processutils.py:468}}
Jul 01 21:45:47 devstack sudo[92310]: quobyte : PWD=/ ; USER=root ; COMMAND=/opt/stack/data/venv/bin/cinder-rootwrap /etc/cinder/rootwrap.conf df --portability --block-size 1 /opt/stack/data/cinder/mnt/c4d78d39be3a44ae7104d702516779ec
Jul 01 21:45:47 devstack sudo[92310]: pam_unix(sudo:session): session opened for user root(uid=0) by (uid=1000)
Jul 01 21:45:47 devstack cinder-volume[86506]: DEBUG cinder.manager [None req-bcf0bca6-f7e5-4bdd-84f9-23509b6f0bcd None None] Notifying Schedulers of capabilities ... {{(pid=86506) _publish_service_capabilities /opt/stack/cinder/cinder/manager.py:219}}
Jul 01 21:45:47 devstack cinder-volume[86506]: DEBUG oslo_service.periodic_task [None req-bcf0bca6-f7e5-4bdd-84f9-23509b6f0bcd None None] Running periodic task VolumeManager._thread_info {{(pid=86506) run_periodic_tasks /opt/stack/data/venv/lib/python3.12/site-packages/oslo_service/periodic_task.py:225}}
Jul 01 21:45:47 devstack cinder-volume[86506]: DEBUG cinder.volume.manager [None req-bcf0bca6-f7e5-4bdd-84f9-23509b6f0bcd None None] thread count: 8 {{(pid=86506) _thread_info /opt/stack/cinder/cinder/volume/manager.py:5472}}
Jul 01 21:45:47 devstack cinder-volume[86506]: DEBUG cinder.volume.manager [None req-bcf0bca6-f7e5-4bdd-84f9-23509b6f0bcd None None] thread info: [<_MainThread(MainThread, started 131290742366336)>, , , , , , , ] {{(pid=86506) _thread_info /opt/stack/cinder/cinder/volume/manager.py:5473}}
Jul 01 21:45:48 devstack sudo[92310]: pam_unix(sudo:session): session closed for user root
Jul 01 21:45:48 devstack cinder-volume[86506]: DEBUG oslo_concurrency.processutils [None req-b75dd60c-6a3f-4d78-9b31-526449e654cc tempest-GroupsV314Test-746264033 None] CMD "sudo cinder-rootwrap /etc/cinder/rootwrap.conf df --portability --block-size 1 /opt/stack/data/cinder/mnt/c4d78d39be3a44ae7104d702516779ec" returned: 0 in 1.367s {{(pid=86506) execute /opt/stack/data/venv/lib/python3.12/site-packages/oslo_concurrency/processutils.py:468}}
Jul 01 21:45:48 devstack cinder-volume[86506]: DEBUG cinder.manager [None req-b75dd60c-6a3f-4d78-9b31-526449e654cc tempest-GroupsV314Test-746264033 None] Notifying Schedulers of capabilities ... {{(pid=86506) _publish_service_capabilities /opt/stack/cinder/cinder/manager.py:219}}
