Feb 13 08:07:49 devstack devstack@c-api.service[78486]: DEBUG cinder.api.extensions [-] Loading extension cinder.api.contrib.scheduler_hints.Scheduler_hints {{(pid=78486) load_extension /opt/stack/cinder/cinder/api/extensions.py:194}}
Feb 13 08:07:49 devstack devstack@c-api.service[78485]: DEBUG cinder.api.extensions [-] Ext updated: 2014-08-18T00:00:00+00:00 {{(pid=78485) _check_extension /opt/stack/cinder/cinder/api/extensions.py:178}}
Feb 13 08:07:49 devstack devstack@c-api.service[78486]: DEBUG cinder.api.extensions [-] Calling extension factory cinder.api.contrib.scheduler_hints.Scheduler_hints {{(pid=78486) load_extension /opt/stack/cinder/cinder/api/extensions.py:200}}
Feb 13 08:07:49 devstack devstack@c-api.service[78486]: DEBUG cinder.api.extensions [-] Ext name: SchedulerHints {{(pid=78486) _check_extension /opt/stack/cinder/cinder/api/extensions.py:174}}
Feb 13 08:07:49 devstack devstack@c-api.service[78485]: DEBUG cinder.api.extensions [-] Loaded extension: cgsnapshots {{(pid=78485) register /opt/stack/cinder/cinder/api/extensions.py:135}}
Feb 13 08:07:49 devstack devstack@c-api.service[78486]: DEBUG cinder.api.extensions [-] Ext alias: OS-SCH-HNT {{(pid=78486) _check_extension /opt/stack/cinder/cinder/api/extensions.py:175}}
Feb 13 08:07:49 devstack devstack@c-api.service[78486]: DEBUG cinder.api.extensions [-] Ext description: Pass arbitrary key/value pairs to the scheduler. {{(pid=78486) _check_extension /opt/stack/cinder/cinder/api/extensions.py:176}}
Feb 13 08:07:49 devstack devstack@c-api.service[78485]: DEBUG cinder.api.extensions [-] Loading extension cinder.api.contrib.hosts.Hosts {{(pid=78485) load_extension /opt/stack/cinder/cinder/api/extensions.py:194}}
Feb 13 08:07:49 devstack devstack@c-api.service[78486]: DEBUG cinder.api.extensions [-] Ext updated: 2013-04-18T00:00:00+00:00 {{(pid=78486) _check_extension /opt/stack/cinder/cinder/api/extensions.py:178}}
Feb 13 08:07:49 devstack devstack@c-api.service[78486]: DEBUG cinder.api.extensions [-] Loaded extension: OS-SCH-HNT {{(pid=78486) register /opt/stack/cinder/cinder/api/extensions.py:135}}
Feb 13 08:07:49 devstack devstack@c-api.service[78486]: DEBUG cinder.api.extensions [-] Loading extension cinder.api.contrib.snapshot_manage.Snapshot_manage {{(pid=78486) load_extension /opt/stack/cinder/cinder/api/extensions.py:194}}
Feb 13 08:07:49 devstack devstack@c-api.service[78486]: DEBUG cinder.api.extensions [-] Calling extension factory cinder.api.contrib.snapshot_manage.Snapshot_manage {{(pid=78486) load_extension /opt/stack/cinder/cinder/api/extensions.py:200}}
Feb 13 08:07:49 devstack devstack@c-api.service[78486]: DEBUG cinder.api.extensions [-] Ext name: SnapshotManage {{(pid=78486) _check_extension /opt/stack/cinder/cinder/api/extensions.py:174}}
Feb 13 08:07:49 devstack devstack@c-api.service[78486]: DEBUG cinder.api.extensions [-] Ext alias: os-snapshot-manage {{(pid=78486) _check_extension /opt/stack/cinder/cinder/api/extensions.py:175}}
Feb 13 08:07:49 devstack devstack@c-api.service[78486]: DEBUG cinder.api.extensions [-] Ext description: Allows existing backend storage to be 'managed' by Cinder. {{(pid=78486) _check_extension /opt/stack/cinder/cinder/api/extensions.py:176}}
Feb 13 08:07:49 devstack devstack@c-api.service[78486]: DEBUG cinder.api.extensions [-] Ext updated: 2014-12-31T00:00:00+00:00 {{(pid=78486) _check_extension /opt/stack/cinder/cinder/api/extensions.py:178}}
Feb 13 08:07:49 devstack devstack@c-api.service[78486]: DEBUG cinder.api.extensions [-] Loaded extension: os-snapshot-manage {{(pid=78486) register /opt/stack/cinder/cinder/api/extensions.py:135}}
Feb 13 08:07:49 devstack devstack@c-api.service[78486]: DEBUG cinder.api.extensions [-] Loading extension cinder.api.contrib.volume_type_access.Volume_type_access {{(pid=78486) load_extension /opt/stack/cinder/cinder/api/extensions.py:194}}
Feb 13 08:07:49 devstack devstack@c-api.service[78485]: DEBUG cinder.api.extensions [-] Calling extension factory cinder.api.contrib.hosts.Hosts {{(pid=78485) load_extension /opt/stack/cinder/cinder/api/extensions.py:200}}
Feb 13 08:07:49 devstack devstack@c-api.service[78485]: DEBUG cinder.api.extensions [-] Ext name: Hosts {{(pid=78485) _check_extension /opt/stack/cinder/cinder/api/extensions.py:174}}
Feb 13 08:07:49 devstack devstack@c-api.service[78485]: DEBUG cinder.api.extensions [-] Ext alias: os-hosts {{(pid=78485) _check_extension /opt/stack/cinder/cinder/api/extensions.py:175}}
Feb 13 08:07:49 devstack devstack@c-api.service[78485]: DEBUG cinder.api.extensions [-] Ext description: Admin-only host administration. {{(pid=78485) _check_extension /opt/stack/cinder/cinder/api/extensions.py:176}}
Feb 13 08:07:49 devstack devstack@c-api.service[78486]: DEBUG cinder.api.extensions [-] Calling extension factory cinder.api.contrib.volume_type_access.Volume_type_access {{(pid=78486) load_extension /opt/stack/cinder/cinder/api/extensions.py:200}}
Feb 13 08:07:49 devstack devstack@c-api.service[78486]: DEBUG cinder.api.extensions [-] Ext name: VolumeTypeAccess {{(pid=78486) _check_extension /opt/stack/cinder/cinder/api/extensions.py:174}}
Feb 13 08:07:49 devstack devstack@c-api.service[78485]: DEBUG cinder.api.extensions [-] Ext updated: 2011-06-29T00:00:00+00:00 {{(pid=78485) _check_extension /opt/stack/cinder/cinder/api/extensions.py:178}}
Feb 13 08:07:49 devstack devstack@c-api.service[78486]: DEBUG cinder.api.extensions [-] Ext alias: os-volume-type-access {{(pid=78486) _check_extension /opt/stack/cinder/cinder/api/extensions.py:175}}
Feb 13 08:07:49 devstack devstack@c-api.service[78486]: DEBUG cinder.api.extensions [-] Ext description: Volume type access support. {{(pid=78486) _check_extension /opt/stack/cinder/cinder/api/extensions.py:176}}
Feb 13 08:07:49 devstack devstack@c-api.service[78485]: DEBUG cinder.api.extensions [-] Loaded extension: os-hosts {{(pid=78485) register /opt/stack/cinder/cinder/api/extensions.py:135}}
Feb 13 08:07:49 devstack devstack@c-api.service[78486]: DEBUG cinder.api.extensions [-] Ext updated: 2014-06-26T00:00:00Z {{(pid=78486) _check_extension /opt/stack/cinder/cinder/api/extensions.py:178}}
Feb 13 08:07:49 devstack devstack@c-api.service[78486]: DEBUG cinder.api.extensions [-] Loaded extension: os-volume-type-access {{(pid=78486) register /opt/stack/cinder/cinder/api/extensions.py:135}}
Feb 13 08:07:49 devstack devstack@c-api.service[78486]: DEBUG cinder.api.extensions [-] Loading extension cinder.api.contrib.quotas.Quotas {{(pid=78486) load_extension /opt/stack/cinder/cinder/api/extensions.py:194}}
Feb 13 08:07:49 devstack devstack@c-api.service[78486]: DEBUG cinder.api.extensions [-] Calling extension factory cinder.api.contrib.quotas.Quotas {{(pid=78486) load_extension /opt/stack/cinder/cinder/api/extensions.py:200}}
Feb 13 08:07:49 devstack devstack@c-api.service[78486]: DEBUG cinder.api.extensions [-] Ext name: Quotas {{(pid=78486) _check_extension /opt/stack/cinder/cinder/api/extensions.py:174}}
Feb 13 08:07:49 devstack devstack@c-api.service[78486]: DEBUG cinder.api.extensions [-] Ext alias: os-quota-sets {{(pid=78486) _check_extension /opt/stack/cinder/cinder/api/extensions.py:175}}
Feb 13 08:07:49 devstack devstack@c-api.service[78486]: DEBUG cinder.api.extensions [-] Ext description: Quota management support. {{(pid=78486) _check_extension /opt/stack/cinder/cinder/api/extensions.py:176}}
Feb 13 08:07:49 devstack devstack@c-api.service[78486]: DEBUG cinder.api.extensions [-] Ext updated: 2011-08-08T00:00:00+00:00 {{(pid=78486) _check_extension /opt/stack/cinder/cinder/api/extensions.py:178}}
Feb 13 08:07:49 devstack devstack@c-api.service[78486]: DEBUG cinder.api.extensions [-] Loaded extension: os-quota-sets {{(pid=78486) register /opt/stack/cinder/cinder/api/extensions.py:135}}
Feb 13 08:07:49 devstack devstack@c-api.service[78486]: DEBUG cinder.api.extensions [-] Loading extension cinder.api.contrib.volume_mig_status_attribute.Volume_mig_status_attribute {{(pid=78486) load_extension /opt/stack/cinder/cinder/api/extensions.py:194}}
Feb 13 08:07:49 devstack devstack@c-api.service[78486]: DEBUG cinder.api.extensions [-] Calling extension factory cinder.api.contrib.volume_mig_status_attribute.Volume_mig_status_attribute {{(pid=78486) load_extension /opt/stack/cinder/cinder/api/extensions.py:200}}
Feb 13 08:07:49 devstack devstack@c-api.service[78486]: DEBUG cinder.api.extensions [-] Ext name: VolumeMigStatusAttribute {{(pid=78486) _check_extension /opt/stack/cinder/cinder/api/extensions.py:174}}
Feb 13 08:07:49 devstack devstack@c-api.service[78486]: DEBUG cinder.api.extensions [-] Ext alias: os-vol-mig-status-attr {{(pid=78486) _check_extension /opt/stack/cinder/cinder/api/extensions.py:175}}
Feb 13 08:07:49 devstack devstack@c-api.service[78486]: DEBUG cinder.api.extensions [-] Ext description: Expose migration_status as an attribute of a volume. {{(pid=78486) _check_extension /opt/stack/cinder/cinder/api/extensions.py:176}}
Feb 13 08:07:49 devstack devstack@c-api.service[78486]: DEBUG cinder.api.extensions [-] Ext updated: 2013-08-08T00:00:00+00:00 {{(pid=78486) _check_extension /opt/stack/cinder/cinder/api/extensions.py:178}}
Feb 13 08:07:49 devstack devstack@c-api.service[78486]: DEBUG cinder.api.extensions [-] Loaded extension: os-vol-mig-status-attr {{(pid=78486) register /opt/stack/cinder/cinder/api/extensions.py:135}}
Feb 13 08:07:49 devstack devstack@c-api.service[78486]: DEBUG cinder.api.extensions [-] Loading extension cinder.api.contrib.volume_actions.Volume_actions {{(pid=78486) load_extension /opt/stack/cinder/cinder/api/extensions.py:194}}
Feb 13 08:07:49 devstack devstack@c-api.service[78486]: DEBUG cinder.api.extensions [-] Calling extension factory cinder.api.contrib.volume_actions.Volume_actions {{(pid=78486) load_extension /opt/stack/cinder/cinder/api/extensions.py:200}}
Feb 13 08:07:49 devstack devstack@c-api.service[78486]: DEBUG cinder.api.extensions [-] Ext name: VolumeActions {{(pid=78486) _check_extension /opt/stack/cinder/cinder/api/extensions.py:174}}
Feb 13 08:07:49 devstack devstack@c-api.service[78486]: DEBUG cinder.api.extensions [-] Ext alias: os-volume-actions {{(pid=78486) _check_extension /opt/stack/cinder/cinder/api/extensions.py:175}}
Feb 13 08:07:49 devstack devstack@c-api.service[78486]: DEBUG cinder.api.extensions [-] Ext description: Enable volume actions. {{(pid=78486) _check_extension /opt/stack/cinder/cinder/api/extensions.py:176}}
Feb 13 08:07:49 devstack devstack@c-api.service[78486]: DEBUG cinder.api.extensions [-] Ext updated: 2012-05-31T00:00:00+00:00 {{(pid=78486) _check_extension /opt/stack/cinder/cinder/api/extensions.py:178}}
Feb 13 08:07:49 devstack devstack@c-api.service[78486]: DEBUG cinder.api.extensions [-] Loaded extension: os-volume-actions {{(pid=78486) register /opt/stack/cinder/cinder/api/extensions.py:135}}
Feb 13 08:07:49 devstack devstack@c-api.service[78486]: DEBUG cinder.api.extensions [-] Loading extension cinder.api.contrib.availability_zones.Availability_zones {{(pid=78486) load_extension /opt/stack/cinder/cinder/api/extensions.py:194}}
Feb 13 08:07:49 devstack devstack@c-api.service[78486]: DEBUG cinder.api.extensions [-] Calling extension factory cinder.api.contrib.availability_zones.Availability_zones {{(pid=78486) load_extension /opt/stack/cinder/cinder/api/extensions.py:200}}
Feb 13 08:07:49 devstack devstack@c-api.service[78486]: DEBUG cinder.api.extensions [-] Ext name: AvailabilityZones {{(pid=78486) _check_extension /opt/stack/cinder/cinder/api/extensions.py:174}}
Feb 13 08:07:49 devstack devstack@c-api.service[78486]: DEBUG cinder.api.extensions [-] Ext alias: os-availability-zone {{(pid=78486) _check_extension /opt/stack/cinder/cinder/api/extensions.py:175}}
Feb 13 08:07:49 devstack devstack@c-api.service[78486]: DEBUG cinder.api.extensions [-] Ext description: Describe Availability Zones. {{(pid=78486) _check_extension /opt/stack/cinder/cinder/api/extensions.py:176}}
Feb 13 08:07:49 devstack devstack@c-api.service[78486]: DEBUG cinder.api.extensions [-] Ext updated: 2013-06-27T00:00:00+00:00 {{(pid=78486) _check_extension /opt/stack/cinder/cinder/api/extensions.py:178}}
Feb 13 08:07:49 devstack devstack@c-api.service[78486]: DEBUG cinder.api.extensions [-] Loaded extension: os-availability-zone {{(pid=78486) register /opt/stack/cinder/cinder/api/extensions.py:135}}
Feb 13 08:07:49 devstack devstack@c-api.service[78486]: DEBUG cinder.api.extensions [-] Loading extension cinder.api.contrib.volume_encryption_metadata.Volume_encryption_metadata {{(pid=78486) load_extension /opt/stack/cinder/cinder/api/extensions.py:194}}
Feb 13 08:07:49 devstack devstack@c-api.service[78486]: DEBUG cinder.api.extensions [-] Calling extension factory cinder.api.contrib.volume_encryption_metadata.Volume_encryption_metadata {{(pid=78486) load_extension /opt/stack/cinder/cinder/api/extensions.py:200}}
Feb 13 08:07:49 devstack devstack@c-api.service[78486]: DEBUG cinder.api.extensions [-] Ext name: VolumeEncryptionMetadata {{(pid=78486) _check_extension /opt/stack/cinder/cinder/api/extensions.py:174}}
Feb 13 08:07:49 devstack devstack@c-api.service[78486]: DEBUG cinder.api.extensions [-] Ext alias: os-volume-encryption-metadata {{(pid=78486) _check_extension /opt/stack/cinder/cinder/api/extensions.py:175}}
Feb 13 08:07:49 devstack devstack@c-api.service[78486]: DEBUG cinder.api.extensions [-] Ext description: Volume encryption metadata retrieval support. {{(pid=78486) _check_extension /opt/stack/cinder/cinder/api/extensions.py:176}}
Feb 13 08:07:49 devstack devstack@c-api.service[78486]: DEBUG cinder.api.extensions [-] Ext updated: 2013-07-10T00:00:00+00:00 {{(pid=78486) _check_extension /opt/stack/cinder/cinder/api/extensions.py:178}}
Feb 13 08:07:49 devstack devstack@c-api.service[78486]: DEBUG cinder.api.extensions [-] Loaded extension: os-volume-encryption-metadata {{(pid=78486) register /opt/stack/cinder/cinder/api/extensions.py:135}}
Feb 13 08:07:49 devstack devstack@c-api.service[78486]: DEBUG cinder.api.extensions [-] Loading extension cinder.api.contrib.qos_specs_manage.Qos_specs_manage {{(pid=78486) load_extension /opt/stack/cinder/cinder/api/extensions.py:194}}
Feb 13 08:07:49 devstack devstack@c-api.service[78486]: DEBUG cinder.api.extensions [-] Calling extension factory cinder.api.contrib.qos_specs_manage.Qos_specs_manage {{(pid=78486) load_extension /opt/stack/cinder/cinder/api/extensions.py:200}}
Feb 13 08:07:49 devstack devstack@c-api.service[78486]: DEBUG cinder.api.extensions [-] Ext name: Qos_specs_manage {{(pid=78486) _check_extension /opt/stack/cinder/cinder/api/extensions.py:174}}
Feb 13 08:07:49 devstack devstack@c-api.service[78486]: DEBUG cinder.api.extensions [-] Ext alias: qos-specs {{(pid=78486) _check_extension /opt/stack/cinder/cinder/api/extensions.py:175}}
Feb 13 08:07:49 devstack devstack@c-api.service[78486]: DEBUG cinder.api.extensions [-] Ext description: QoS specs support. {{(pid=78486) _check_extension /opt/stack/cinder/cinder/api/extensions.py:176}}
Feb 13 08:07:49 devstack devstack@c-api.service[78486]: DEBUG cinder.api.extensions [-] Ext updated: 2013-08-02T00:00:00+00:00 {{(pid=78486) _check_extension /opt/stack/cinder/cinder/api/extensions.py:178}}
Feb 13 08:07:49 devstack devstack@c-api.service[78486]: DEBUG cinder.api.extensions [-] Loaded extension: qos-specs {{(pid=78486) register /opt/stack/cinder/cinder/api/extensions.py:135}}
Feb 13 08:07:49 devstack devstack@c-api.service[78486]: DEBUG cinder.api.extensions [-] Loading extension cinder.api.contrib.quota_classes.Quota_classes {{(pid=78486) load_extension /opt/stack/cinder/cinder/api/extensions.py:194}}
Feb 13 08:07:49 devstack devstack@c-api.service[78486]: DEBUG cinder.api.extensions [-] Calling extension factory cinder.api.contrib.quota_classes.Quota_classes {{(pid=78486) load_extension /opt/stack/cinder/cinder/api/extensions.py:200}}
Feb 13 08:07:49 devstack devstack@c-api.service[78486]: DEBUG cinder.api.extensions [-] Ext name: QuotaClasses {{(pid=78486) _check_extension /opt/stack/cinder/cinder/api/extensions.py:174}}
Feb 13 08:07:49 devstack devstack@c-api.service[78486]: DEBUG cinder.api.extensions [-] Ext alias: os-quota-class-sets {{(pid=78486) _check_extension /opt/stack/cinder/cinder/api/extensions.py:175}}
Feb 13 08:07:49 devstack devstack@c-api.service[78486]: DEBUG cinder.api.extensions [-] Ext description: Quota classes management support. {{(pid=78486) _check_extension /opt/stack/cinder/cinder/api/extensions.py:176}}
Feb 13 08:07:49 devstack devstack@c-api.service[78486]: DEBUG cinder.api.extensions [-] Ext updated: 2012-03-12T00:00:00+00:00 {{(pid=78486) _check_extension /opt/stack/cinder/cinder/api/extensions.py:178}}
Feb 13 08:07:49 devstack devstack@c-api.service[78486]: DEBUG cinder.api.extensions [-] Loaded extension: os-quota-class-sets {{(pid=78486) register /opt/stack/cinder/cinder/api/extensions.py:135}}
Feb 13 08:07:49 devstack devstack@c-api.service[78486]: DEBUG cinder.api.extensions [-] Loading extension cinder.api.contrib.admin_actions.Admin_actions {{(pid=78486) load_extension /opt/stack/cinder/cinder/api/extensions.py:194}}
Feb 13 08:07:49 devstack devstack@c-api.service[78486]: DEBUG cinder.api.extensions [-] Calling extension factory cinder.api.contrib.admin_actions.Admin_actions {{(pid=78486) load_extension /opt/stack/cinder/cinder/api/extensions.py:200}}
Feb 13 08:07:49 devstack devstack@c-api.service[78486]: DEBUG cinder.api.extensions [-] Ext name: AdminActions {{(pid=78486) _check_extension /opt/stack/cinder/cinder/api/extensions.py:174}}
Feb 13 08:07:49 devstack devstack@c-api.service[78486]: DEBUG cinder.api.extensions [-] Ext alias: os-admin-actions {{(pid=78486) _check_extension /opt/stack/cinder/cinder/api/extensions.py:175}}
Feb 13 08:07:49 devstack devstack@c-api.service[78486]: DEBUG cinder.api.extensions [-] Ext description: Enable admin actions. {{(pid=78486) _check_extension /opt/stack/cinder/cinder/api/extensions.py:176}}
Feb 13 08:07:49 devstack devstack@c-api.service[78486]: DEBUG cinder.api.extensions [-] Ext updated: 2012-08-25T00:00:00+00:00 {{(pid=78486) _check_extension /opt/stack/cinder/cinder/api/extensions.py:178}}
Feb 13 08:07:49 devstack devstack@c-api.service[78486]: DEBUG cinder.api.extensions [-] Loaded extension: os-admin-actions {{(pid=78486) register /opt/stack/cinder/cinder/api/extensions.py:135}}
Feb 13 08:07:49 devstack devstack@c-api.service[78486]: DEBUG cinder.api.extensions [-] Loading extension cinder.api.contrib.types_manage.Types_manage {{(pid=78486) load_extension /opt/stack/cinder/cinder/api/extensions.py:194}}
Feb 13 08:07:49 devstack devstack@c-api.service[78486]: DEBUG cinder.api.extensions [-] Calling extension factory cinder.api.contrib.types_manage.Types_manage {{(pid=78486) load_extension /opt/stack/cinder/cinder/api/extensions.py:200}}
Feb 13 08:07:49 devstack devstack@c-api.service[78486]: DEBUG cinder.api.extensions [-] Ext name: TypesManage {{(pid=78486) _check_extension /opt/stack/cinder/cinder/api/extensions.py:174}}
Feb 13 08:07:49 devstack devstack@c-api.service[78486]: DEBUG cinder.api.extensions [-] Ext alias: os-types-manage {{(pid=78486) _check_extension /opt/stack/cinder/cinder/api/extensions.py:175}}
Feb 13 08:07:49 devstack devstack@c-api.service[78486]: DEBUG cinder.api.extensions [-] Ext description: Types manage support. {{(pid=78486) _check_extension /opt/stack/cinder/cinder/api/extensions.py:176}}
Feb 13 08:07:49 devstack devstack@c-api.service[78486]: DEBUG cinder.api.extensions [-] Ext updated: 2011-08-24T00:00:00+00:00 {{(pid=78486) _check_extension /opt/stack/cinder/cinder/api/extensions.py:178}}
Feb 13 08:07:49 devstack devstack@c-api.service[78486]: DEBUG cinder.api.extensions [-] Loaded extension: os-types-manage {{(pid=78486) register /opt/stack/cinder/cinder/api/extensions.py:135}}
Feb 13 08:07:49 devstack devstack@c-api.service[78486]: DEBUG cinder.api.extensions [-] Loading extension cinder.api.contrib.snapshot_unmanage.Snapshot_unmanage {{(pid=78486) load_extension /opt/stack/cinder/cinder/api/extensions.py:194}}
Feb 13 08:07:49 devstack devstack@c-api.service[78486]: DEBUG cinder.api.extensions [-] Calling extension factory cinder.api.contrib.snapshot_unmanage.Snapshot_unmanage {{(pid=78486) load_extension /opt/stack/cinder/cinder/api/extensions.py:200}}
Feb 13 08:07:49 devstack devstack@c-api.service[78486]: DEBUG cinder.api.extensions [-] Ext name: SnapshotUnmanage {{(pid=78486) _check_extension /opt/stack/cinder/cinder/api/extensions.py:174}}
Feb 13 08:07:49 devstack devstack@c-api.service[78486]: DEBUG cinder.api.extensions [-] Ext alias: os-snapshot-unmanage {{(pid=78486) _check_extension /opt/stack/cinder/cinder/api/extensions.py:175}}
Feb 13 08:07:49 devstack devstack@c-api.service[78486]: DEBUG cinder.api.extensions [-] Ext description: Enable volume unmanage operation. {{(pid=78486) _check_extension /opt/stack/cinder/cinder/api/extensions.py:176}}
Feb 13 08:07:49 devstack devstack@c-api.service[78486]: DEBUG cinder.api.extensions [-] Ext updated: 2014-12-31T00:00:00+00:00 {{(pid=78486) _check_extension /opt/stack/cinder/cinder/api/extensions.py:178}}
Feb 13 08:07:49 devstack devstack@c-api.service[78486]: DEBUG cinder.api.extensions [-] Loaded extension: os-snapshot-unmanage {{(pid=78486) register /opt/stack/cinder/cinder/api/extensions.py:135}}
Feb 13 08:07:49 devstack devstack@c-api.service[78486]: DEBUG cinder.api.extensions [-] Loading extension cinder.api.contrib.volume_image_metadata.Volume_image_metadata {{(pid=78486) load_extension /opt/stack/cinder/cinder/api/extensions.py:194}}
Feb 13 08:07:49 devstack devstack@c-api.service[78486]: DEBUG cinder.api.extensions [-] Calling extension factory cinder.api.contrib.volume_image_metadata.Volume_image_metadata {{(pid=78486) load_extension /opt/stack/cinder/cinder/api/extensions.py:200}}
Feb 13 08:07:49 devstack devstack@c-api.service[78486]: DEBUG cinder.api.extensions [-] Ext name: VolumeImageMetadata {{(pid=78486) _check_extension /opt/stack/cinder/cinder/api/extensions.py:174}}
Feb 13 08:07:49 devstack devstack@c-api.service[78486]: DEBUG cinder.api.extensions [-] Ext alias: os-vol-image-meta {{(pid=78486) _check_extension /opt/stack/cinder/cinder/api/extensions.py:175}}
Feb 13 08:07:49 devstack devstack@c-api.service[78486]: DEBUG cinder.api.extensions [-] Ext description: Show image metadata associated with the volume. {{(pid=78486) _check_extension /opt/stack/cinder/cinder/api/extensions.py:176}}
Feb 13 08:07:49 devstack devstack@c-api.service[78486]: DEBUG cinder.api.extensions [-] Ext updated: 2012-12-07T00:00:00+00:00 {{(pid=78486) _check_extension /opt/stack/cinder/cinder/api/extensions.py:178}}
Feb 13 08:07:49 devstack devstack@c-api.service[78486]: DEBUG cinder.api.extensions [-] Loaded extension: os-vol-image-meta {{(pid=78486) register /opt/stack/cinder/cinder/api/extensions.py:135}}
Feb 13 08:07:49 devstack devstack@c-api.service[78486]: DEBUG cinder.api.extensions [-] Loading extension cinder.api.contrib.snapshot_actions.Snapshot_actions {{(pid=78486) load_extension /opt/stack/cinder/cinder/api/extensions.py:194}}
Feb 13 08:07:49 devstack devstack@c-api.service[78486]: DEBUG cinder.api.extensions [-] Calling extension factory cinder.api.contrib.snapshot_actions.Snapshot_actions {{(pid=78486) load_extension /opt/stack/cinder/cinder/api/extensions.py:200}}
Feb 13 08:07:49 devstack devstack@c-api.service[78486]: DEBUG cinder.api.extensions [-] Ext name: SnapshotActions {{(pid=78486) _check_extension /opt/stack/cinder/cinder/api/extensions.py:174}}
Feb 13 08:07:49 devstack devstack@c-api.service[78486]: DEBUG cinder.api.extensions [-] Ext alias: os-snapshot-actions {{(pid=78486) _check_extension /opt/stack/cinder/cinder/api/extensions.py:175}}
Feb 13 08:07:49 devstack devstack@c-api.service[78486]: DEBUG cinder.api.extensions [-] Ext description: Enable snapshot manager actions. {{(pid=78486) _check_extension /opt/stack/cinder/cinder/api/extensions.py:176}}
Feb 13 08:07:49 devstack devstack@c-api.service[78486]: DEBUG cinder.api.extensions [-] Ext updated: 2013-07-16T00:00:00+00:00 {{(pid=78486) _check_extension /opt/stack/cinder/cinder/api/extensions.py:178}}
Feb 13 08:07:49 devstack devstack@c-api.service[78486]: DEBUG cinder.api.extensions [-] Loaded extension: os-snapshot-actions {{(pid=78486) register /opt/stack/cinder/cinder/api/extensions.py:135}}
Feb 13 08:07:49 devstack devstack@c-api.service[78486]: DEBUG cinder.api.extensions [-] Loading extension cinder.api.contrib.volume_manage.Volume_manage {{(pid=78486) load_extension /opt/stack/cinder/cinder/api/extensions.py:194}}
Feb 13 08:07:49 devstack devstack@c-api.service[78486]: DEBUG cinder.api.extensions [-] Calling extension factory cinder.api.contrib.volume_manage.Volume_manage {{(pid=78486) load_extension /opt/stack/cinder/cinder/api/extensions.py:200}}
Feb 13 08:07:49 devstack devstack@c-api.service[78486]: DEBUG cinder.api.extensions [-] Ext name: VolumeManage {{(pid=78486) _check_extension /opt/stack/cinder/cinder/api/extensions.py:174}}
Feb 13 08:07:49 devstack devstack@c-api.service[78486]: DEBUG cinder.api.extensions [-] Ext alias: os-volume-manage {{(pid=78486) _check_extension /opt/stack/cinder/cinder/api/extensions.py:175}}
Feb 13 08:07:49 devstack devstack@c-api.service[78486]: DEBUG cinder.api.extensions [-] Ext description: Allows existing backend storage to be 'managed' by Cinder. {{(pid=78486) _check_extension /opt/stack/cinder/cinder/api/extensions.py:176}}
Feb 13 08:07:49 devstack devstack@c-api.service[78486]: DEBUG cinder.api.extensions [-] Ext updated: 2014-02-10T00:00:00+00:00 {{(pid=78486) _check_extension /opt/stack/cinder/cinder/api/extensions.py:178}}
Feb 13 08:07:49 devstack devstack@c-api.service[78486]: DEBUG cinder.api.extensions [-] Loaded extension: os-volume-manage {{(pid=78486) register /opt/stack/cinder/cinder/api/extensions.py:135}}
Feb 13 08:07:49 devstack devstack@c-api.service[78486]: DEBUG cinder.api.extensions [-] Loading extension cinder.api.contrib.services.Services {{(pid=78486) load_extension /opt/stack/cinder/cinder/api/extensions.py:194}}
Feb 13 08:07:49 devstack devstack@c-api.service[78486]: DEBUG cinder.api.extensions [-] Calling extension factory cinder.api.contrib.services.Services {{(pid=78486) load_extension /opt/stack/cinder/cinder/api/extensions.py:200}}
Feb 13 08:07:49 devstack devstack@c-api.service[78486]: DEBUG cinder.api.extensions [-] Ext name: Services {{(pid=78486) _check_extension /opt/stack/cinder/cinder/api/extensions.py:174}}
Feb 13 08:07:49 devstack devstack@c-api.service[78486]: DEBUG cinder.api.extensions [-] Ext alias: os-services {{(pid=78486) _check_extension /opt/stack/cinder/cinder/api/extensions.py:175}}
Feb 13 08:07:49 devstack devstack@c-api.service[78486]: DEBUG cinder.api.extensions [-] Ext description: Services support. {{(pid=78486) _check_extension /opt/stack/cinder/cinder/api/extensions.py:176}}
Feb 13 08:07:49 devstack devstack@c-api.service[78486]: DEBUG cinder.api.extensions [-] Ext updated: 2012-10-28T00:00:00-00:00 {{(pid=78486) _check_extension /opt/stack/cinder/cinder/api/extensions.py:178}}
Feb 13 08:07:49 devstack devstack@c-api.service[78486]: DEBUG cinder.api.extensions [-] Loaded extension: os-services {{(pid=78486) register /opt/stack/cinder/cinder/api/extensions.py:135}}
Feb 13 08:07:49 devstack devstack@c-api.service[78486]: DEBUG cinder.api.extensions [-] Loading extension cinder.api.contrib.volume_type_encryption.Volume_type_encryption {{(pid=78486) load_extension /opt/stack/cinder/cinder/api/extensions.py:194}}
Feb 13 08:07:49 devstack devstack@c-api.service[78486]: DEBUG cinder.api.extensions [-] Calling extension factory cinder.api.contrib.volume_type_encryption.Volume_type_encryption {{(pid=78486) load_extension /opt/stack/cinder/cinder/api/extensions.py:200}}
Feb 13 08:07:49 devstack devstack@c-api.service[78486]: DEBUG cinder.api.extensions [-] Ext name: VolumeTypeEncryption {{(pid=78486) _check_extension /opt/stack/cinder/cinder/api/extensions.py:174}}
Feb 13 08:07:49 devstack devstack@c-api.service[78486]: DEBUG cinder.api.extensions [-] Ext alias: encryption {{(pid=78486) _check_extension /opt/stack/cinder/cinder/api/extensions.py:175}}
Feb 13 08:07:49 devstack devstack@c-api.service[78486]: DEBUG cinder.api.extensions [-] Ext description: Encryption support for volume types. {{(pid=78486) _check_extension /opt/stack/cinder/cinder/api/extensions.py:176}}
Feb 13 08:07:49 devstack devstack@c-api.service[78486]: DEBUG cinder.api.extensions [-] Ext updated: 2013-07-01T00:00:00+00:00 {{(pid=78486) _check_extension /opt/stack/cinder/cinder/api/extensions.py:178}}
Feb 13 08:07:49 devstack devstack@c-api.service[78486]: DEBUG cinder.api.extensions [-] Loaded extension: encryption {{(pid=78486) register /opt/stack/cinder/cinder/api/extensions.py:135}}
Feb 13 08:07:49 devstack devstack@c-api.service[78486]: DEBUG cinder.api.extensions [-] Loading extension cinder.api.contrib.cgsnapshots.Cgsnapshots {{(pid=78486) load_extension /opt/stack/cinder/cinder/api/extensions.py:194}}
Feb 13 08:07:49 devstack devstack@c-api.service[78486]: DEBUG cinder.api.extensions [-] Calling extension factory cinder.api.contrib.cgsnapshots.Cgsnapshots {{(pid=78486) load_extension /opt/stack/cinder/cinder/api/extensions.py:200}}
Feb 13 08:07:49 devstack devstack@c-api.service[78486]: DEBUG cinder.api.extensions [-] Ext name: Cgsnapshots {{(pid=78486) _check_extension /opt/stack/cinder/cinder/api/extensions.py:174}}
Feb 13 08:07:49 devstack devstack@c-api.service[78486]: DEBUG cinder.api.extensions [-] Ext alias: cgsnapshots {{(pid=78486) _check_extension /opt/stack/cinder/cinder/api/extensions.py:175}}
Feb 13 08:07:49 devstack devstack@c-api.service[78486]: DEBUG cinder.api.extensions [-] Ext description: cgsnapshots support. {{(pid=78486) _check_extension /opt/stack/cinder/cinder/api/extensions.py:176}}
Feb 13 08:07:49 devstack devstack@c-api.service[78486]: DEBUG cinder.api.extensions [-] Ext updated: 2014-08-18T00:00:00+00:00 {{(pid=78486) _check_extension /opt/stack/cinder/cinder/api/extensions.py:178}}
Feb 13 08:07:49 devstack devstack@c-api.service[78486]: DEBUG cinder.api.extensions [-] Loaded extension: cgsnapshots {{(pid=78486) register /opt/stack/cinder/cinder/api/extensions.py:135}}
Feb 13 08:07:49 devstack devstack@c-api.service[78486]: DEBUG cinder.api.extensions [-] Loading extension cinder.api.contrib.hosts.Hosts {{(pid=78486) load_extension /opt/stack/cinder/cinder/api/extensions.py:194}}
Feb 13 08:07:49 devstack devstack@c-api.service[78486]: DEBUG cinder.api.extensions [-] Calling extension factory cinder.api.contrib.hosts.Hosts {{(pid=78486) load_extension /opt/stack/cinder/cinder/api/extensions.py:200}}
Feb 13 08:07:49 devstack devstack@c-api.service[78486]: DEBUG cinder.api.extensions [-] Ext name: Hosts {{(pid=78486) _check_extension /opt/stack/cinder/cinder/api/extensions.py:174}}
Feb 13 08:07:49 devstack devstack@c-api.service[78486]: DEBUG cinder.api.extensions [-] Ext alias: os-hosts {{(pid=78486) _check_extension /opt/stack/cinder/cinder/api/extensions.py:175}}
Feb 13 08:07:49 devstack devstack@c-api.service[78486]: DEBUG cinder.api.extensions [-] Ext description: Admin-only host administration. {{(pid=78486) _check_extension /opt/stack/cinder/cinder/api/extensions.py:176}}
Feb 13 08:07:49 devstack devstack@c-api.service[78486]: DEBUG cinder.api.extensions [-] Ext updated: 2011-06-29T00:00:00+00:00 {{(pid=78486) _check_extension /opt/stack/cinder/cinder/api/extensions.py:178}}
Feb 13 08:07:49 devstack devstack@c-api.service[78486]: DEBUG cinder.api.extensions [-] Loaded extension: os-hosts {{(pid=78486) register /opt/stack/cinder/cinder/api/extensions.py:135}}
Feb 13 08:07:49 devstack devstack@c-api.service[78485]: INFO dbcounter [None req-38dacf7b-11c6-4865-9d3f-790b6fc080bf None None] Registered counter for database cinder
Feb 13 08:07:49 devstack devstack@c-api.service[78485]: DEBUG oslo_db.sqlalchemy.engines [None req-38dacf7b-11c6-4865-9d3f-790b6fc080bf None None] MySQL server mode set to STRICT_TRANS_TABLES,STRICT_ALL_TABLES,NO_ZERO_IN_DATE,NO_ZERO_DATE,ERROR_FOR_DIVISION_BY_ZERO,TRADITIONAL,NO_ENGINE_SUBSTITUTION {{(pid=78485) _check_effective_sql_mode /opt/stack/data/venv/lib/python3.10/site-packages/oslo_db/sqlalchemy/engines.py:325}}
Feb 13 08:07:49 devstack devstack@c-api.service[78486]: INFO dbcounter [None req-b9482c3e-3d3f-46b2-86fc-eb5767c7e4d5 None None] Registered counter for database cinder
Feb 13 08:07:49 devstack devstack@c-api.service[78486]: DEBUG oslo_db.sqlalchemy.engines [None req-b9482c3e-3d3f-46b2-86fc-eb5767c7e4d5 None None] MySQL server mode set to STRICT_TRANS_TABLES,STRICT_ALL_TABLES,NO_ZERO_IN_DATE,NO_ZERO_DATE,ERROR_FOR_DIVISION_BY_ZERO,TRADITIONAL,NO_ENGINE_SUBSTITUTION {{(pid=78486) _check_effective_sql_mode /opt/stack/data/venv/lib/python3.10/site-packages/oslo_db/sqlalchemy/engines.py:325}}
Feb 13 08:07:49 devstack devstack@c-api.service[78485]: DEBUG dbcounter [-] [78485] Writer thread running {{(pid=78485) stat_writer /opt/stack/data/venv/lib/python3.10/site-packages/dbcounter.py:102}}
Feb 13 08:07:49 devstack devstack@c-api.service[78485]: INFO cinder.rpc [None req-38dacf7b-11c6-4865-9d3f-790b6fc080bf None None] Automatically selected cinder-scheduler objects version 1.39 as minimum service version.
Feb 13 08:07:49 devstack devstack@c-api.service[78485]: INFO cinder.rpc [None req-38dacf7b-11c6-4865-9d3f-790b6fc080bf None None] Automatically selected cinder-scheduler RPC version 3.12 as minimum service version.
Feb 13 08:07:49 devstack devstack@c-api.service[78485]: INFO cinder.rpc [None req-38dacf7b-11c6-4865-9d3f-790b6fc080bf None None] Automatically selected cinder-volume objects version 1.39 as minimum service version.
Feb 13 08:07:49 devstack devstack@c-api.service[78485]: INFO cinder.rpc [None req-38dacf7b-11c6-4865-9d3f-790b6fc080bf None None] Automatically selected cinder-volume RPC version 3.20 as minimum service version.
Feb 13 08:07:49 devstack devstack@c-api.service[78485]: WARNING stevedore.named [None req-38dacf7b-11c6-4865-9d3f-790b6fc080bf None None] Could not load cinder.keymgr.conf_key_mgr.ConfKeyManager
Feb 13 08:07:49 devstack devstack@c-api.service[78485]: WARNING castellan.key_manager [None req-38dacf7b-11c6-4865-9d3f-790b6fc080bf None None] Deprecation Warning : cinder.keymgr.conf_key_mgr.ConfKeyManager is not a stevedore based driver, trying to load it as a class: stevedore.exception.NoMatches: No 'castellan.drivers' driver found, looking for 'cinder.keymgr.conf_key_mgr.ConfKeyManager'
Feb 13 08:07:49 devstack devstack@c-api.service[78485]: WARNING cinder.keymgr.conf_key_mgr [None req-38dacf7b-11c6-4865-9d3f-790b6fc080bf None None] This key manager is insecure and is not recommended for production deployments: stevedore.exception.NoMatches: No 'castellan.drivers' driver found, looking for 'cinder.keymgr.conf_key_mgr.ConfKeyManager'
Feb 13 08:07:49 devstack devstack@c-api.service[78485]: WARNING stevedore.named [None req-38dacf7b-11c6-4865-9d3f-790b6fc080bf None None] Could not load cinder.keymgr.conf_key_mgr.ConfKeyManager
Feb 13 08:07:49 devstack devstack@c-api.service[78485]: WARNING castellan.key_manager [None req-38dacf7b-11c6-4865-9d3f-790b6fc080bf None None] Deprecation Warning : cinder.keymgr.conf_key_mgr.ConfKeyManager is not a stevedore based driver, trying to load it as a class: stevedore.exception.NoMatches: No 'castellan.drivers' driver found, looking for 'cinder.keymgr.conf_key_mgr.ConfKeyManager'
Feb 13 08:07:49 devstack devstack@c-api.service[78486]: DEBUG dbcounter [-] [78486] Writer thread running {{(pid=78486) stat_writer /opt/stack/data/venv/lib/python3.10/site-packages/dbcounter.py:102}}
Feb 13 08:07:49 devstack devstack@c-api.service[78485]: DEBUG oslo_db.sqlalchemy.engines [None req-38dacf7b-11c6-4865-9d3f-790b6fc080bf None None] MySQL server mode set to STRICT_TRANS_TABLES,STRICT_ALL_TABLES,NO_ZERO_IN_DATE,NO_ZERO_DATE,ERROR_FOR_DIVISION_BY_ZERO,TRADITIONAL,NO_ENGINE_SUBSTITUTION {{(pid=78485) _check_effective_sql_mode /opt/stack/data/venv/lib/python3.10/site-packages/oslo_db/sqlalchemy/engines.py:325}}
Feb 13 08:07:49 devstack devstack@c-api.service[78485]: INFO cinder.rpc [None req-38dacf7b-11c6-4865-9d3f-790b6fc080bf None None] Automatically selected cinder-backup objects version 1.39 as minimum service version.
Feb 13 08:07:49 devstack devstack@c-api.service[78486]: INFO cinder.rpc [None req-b9482c3e-3d3f-46b2-86fc-eb5767c7e4d5 None None] Automatically selected cinder-scheduler objects version 1.39 as minimum service version.
Feb 13 08:07:49 devstack devstack@c-api.service[78485]: INFO cinder.rpc [None req-38dacf7b-11c6-4865-9d3f-790b6fc080bf None None] Automatically selected cinder-backup RPC version 2.4 as minimum service version.
Feb 13 08:07:49 devstack devstack@c-api.service[78485]: WARNING stevedore.named [None req-38dacf7b-11c6-4865-9d3f-790b6fc080bf None None] Could not load cinder.keymgr.conf_key_mgr.ConfKeyManager
Feb 13 08:07:49 devstack devstack@c-api.service[78486]: INFO cinder.rpc [None req-b9482c3e-3d3f-46b2-86fc-eb5767c7e4d5 None None] Automatically selected cinder-scheduler RPC version 3.12 as minimum service version.
Feb 13 08:07:49 devstack devstack@c-api.service[78485]: WARNING castellan.key_manager [None req-38dacf7b-11c6-4865-9d3f-790b6fc080bf None None] Deprecation Warning : cinder.keymgr.conf_key_mgr.ConfKeyManager is not a stevedore based driver, trying to load it as a class: stevedore.exception.NoMatches: No 'castellan.drivers' driver found, looking for 'cinder.keymgr.conf_key_mgr.ConfKeyManager'
Feb 13 08:07:49 devstack devstack@c-api.service[78486]: INFO cinder.rpc [None req-b9482c3e-3d3f-46b2-86fc-eb5767c7e4d5 None None] Automatically selected cinder-volume objects version 1.39 as minimum service version.
Feb 13 08:07:49 devstack devstack@c-api.service[78486]: INFO cinder.rpc [None req-b9482c3e-3d3f-46b2-86fc-eb5767c7e4d5 None None] Automatically selected cinder-volume RPC version 3.20 as minimum service version.
Feb 13 08:07:49 devstack devstack@c-api.service[78486]: WARNING stevedore.named [None req-b9482c3e-3d3f-46b2-86fc-eb5767c7e4d5 None None] Could not load cinder.keymgr.conf_key_mgr.ConfKeyManager
Feb 13 08:07:49 devstack devstack@c-api.service[78486]: WARNING castellan.key_manager [None req-b9482c3e-3d3f-46b2-86fc-eb5767c7e4d5 None None] Deprecation Warning : cinder.keymgr.conf_key_mgr.ConfKeyManager is not a stevedore based driver, trying to load it as a class: stevedore.exception.NoMatches: No 'castellan.drivers' driver found, looking for 'cinder.keymgr.conf_key_mgr.ConfKeyManager'
Feb 13 08:07:49 devstack devstack@c-api.service[78486]: WARNING cinder.keymgr.conf_key_mgr [None req-b9482c3e-3d3f-46b2-86fc-eb5767c7e4d5 None None] This key manager is insecure and is not recommended for production deployments: stevedore.exception.NoMatches: No 'castellan.drivers' driver found, looking for 'cinder.keymgr.conf_key_mgr.ConfKeyManager'
Feb 13 08:07:49 devstack devstack@c-api.service[78486]: WARNING stevedore.named [None req-b9482c3e-3d3f-46b2-86fc-eb5767c7e4d5 None None] Could not load cinder.keymgr.conf_key_mgr.ConfKeyManager
Feb 13 08:07:49 devstack devstack@c-api.service[78486]: WARNING castellan.key_manager [None req-b9482c3e-3d3f-46b2-86fc-eb5767c7e4d5 None None] Deprecation Warning : cinder.keymgr.conf_key_mgr.ConfKeyManager is not a stevedore based driver, trying to load it as a class: stevedore.exception.NoMatches: No 'castellan.drivers' driver found, looking for 'cinder.keymgr.conf_key_mgr.ConfKeyManager'
Feb 13 08:07:49 devstack devstack@c-api.service[78486]: DEBUG oslo_db.sqlalchemy.engines [None req-b9482c3e-3d3f-46b2-86fc-eb5767c7e4d5 None None] MySQL server mode set to STRICT_TRANS_TABLES,STRICT_ALL_TABLES,NO_ZERO_IN_DATE,NO_ZERO_DATE,ERROR_FOR_DIVISION_BY_ZERO,TRADITIONAL,NO_ENGINE_SUBSTITUTION {{(pid=78486) _check_effective_sql_mode /opt/stack/data/venv/lib/python3.10/site-packages/oslo_db/sqlalchemy/engines.py:325}}
Feb 13 08:07:49 devstack devstack@c-api.service[78486]: INFO cinder.rpc [None req-b9482c3e-3d3f-46b2-86fc-eb5767c7e4d5 None None] Automatically selected cinder-backup objects version 1.39 as minimum service version.
Feb 13 08:07:49 devstack devstack@c-api.service[78485]: WARNING stevedore.named [None req-38dacf7b-11c6-4865-9d3f-790b6fc080bf None None] Could not load cinder.keymgr.conf_key_mgr.ConfKeyManager
Feb 13 08:07:49 devstack devstack@c-api.service[78485]: WARNING castellan.key_manager [None req-38dacf7b-11c6-4865-9d3f-790b6fc080bf None None] Deprecation Warning : cinder.keymgr.conf_key_mgr.ConfKeyManager is not a stevedore based driver, trying to load it as a class: stevedore.exception.NoMatches: No 'castellan.drivers' driver found, looking for 'cinder.keymgr.conf_key_mgr.ConfKeyManager'
Feb 13 08:07:49 devstack devstack@c-api.service[78486]: INFO cinder.rpc [None req-b9482c3e-3d3f-46b2-86fc-eb5767c7e4d5 None None] Automatically selected cinder-backup RPC version 2.4 as minimum service version.
Feb 13 08:07:49 devstack devstack@c-api.service[78486]: WARNING stevedore.named [None req-b9482c3e-3d3f-46b2-86fc-eb5767c7e4d5 None None] Could not load cinder.keymgr.conf_key_mgr.ConfKeyManager
Feb 13 08:07:49 devstack devstack@c-api.service[78486]: WARNING castellan.key_manager [None req-b9482c3e-3d3f-46b2-86fc-eb5767c7e4d5 None None] Deprecation Warning : cinder.keymgr.conf_key_mgr.ConfKeyManager is not a stevedore based driver, trying to load it as a class: stevedore.exception.NoMatches: No 'castellan.drivers' driver found, looking for 'cinder.keymgr.conf_key_mgr.ConfKeyManager'
Feb 13 08:07:49 devstack devstack@c-api.service[78485]: WARNING stevedore.named [None req-38dacf7b-11c6-4865-9d3f-790b6fc080bf None None] Could not load cinder.keymgr.conf_key_mgr.ConfKeyManager
Feb 13 08:07:49 devstack devstack@c-api.service[78485]: WARNING castellan.key_manager [None req-38dacf7b-11c6-4865-9d3f-790b6fc080bf None None] Deprecation Warning : cinder.keymgr.conf_key_mgr.ConfKeyManager is not a stevedore based driver, trying to load it as a class: stevedore.exception.NoMatches: No 'castellan.drivers' driver found, looking for 'cinder.keymgr.conf_key_mgr.ConfKeyManager'
Feb 13 08:07:49 devstack devstack@c-api.service[78485]: WARNING stevedore.named [None req-38dacf7b-11c6-4865-9d3f-790b6fc080bf None None] Could not load cinder.keymgr.conf_key_mgr.ConfKeyManager
Feb 13 08:07:49 devstack devstack@c-api.service[78485]: WARNING castellan.key_manager [None req-38dacf7b-11c6-4865-9d3f-790b6fc080bf None None] Deprecation Warning : cinder.keymgr.conf_key_mgr.ConfKeyManager is not a stevedore based driver, trying to load it as a class: stevedore.exception.NoMatches: No 'castellan.drivers' driver found, looking for 'cinder.keymgr.conf_key_mgr.ConfKeyManager'
Feb 13 08:07:49 devstack devstack@c-api.service[78485]: WARNING stevedore.named [None req-38dacf7b-11c6-4865-9d3f-790b6fc080bf None None] Could not load cinder.keymgr.conf_key_mgr.ConfKeyManager
Feb 13 08:07:49 devstack devstack@c-api.service[78485]: WARNING castellan.key_manager [None req-38dacf7b-11c6-4865-9d3f-790b6fc080bf None None] Deprecation Warning : cinder.keymgr.conf_key_mgr.ConfKeyManager is not a stevedore based driver, trying to load it as a class: stevedore.exception.NoMatches: No 'castellan.drivers' driver found, looking for 'cinder.keymgr.conf_key_mgr.ConfKeyManager'
Feb 13 08:07:49 devstack devstack@c-api.service[78485]: WARNING stevedore.named [None req-38dacf7b-11c6-4865-9d3f-790b6fc080bf None None] Could not load cinder.keymgr.conf_key_mgr.ConfKeyManager
Feb 13 08:07:49 devstack devstack@c-api.service[78486]: WARNING stevedore.named [None req-b9482c3e-3d3f-46b2-86fc-eb5767c7e4d5 None None] Could not load cinder.keymgr.conf_key_mgr.ConfKeyManager
Feb 13 08:07:49 devstack devstack@c-api.service[78485]: WARNING castellan.key_manager [None req-38dacf7b-11c6-4865-9d3f-790b6fc080bf None None] Deprecation Warning : cinder.keymgr.conf_key_mgr.ConfKeyManager is not a stevedore based driver, trying to load it as a class: stevedore.exception.NoMatches: No 'castellan.drivers' driver found, looking for 'cinder.keymgr.conf_key_mgr.ConfKeyManager'
Feb 13 08:07:49 devstack devstack@c-api.service[78486]: WARNING castellan.key_manager [None req-b9482c3e-3d3f-46b2-86fc-eb5767c7e4d5 None None] Deprecation Warning : cinder.keymgr.conf_key_mgr.ConfKeyManager is not a stevedore based driver, trying to load it as a class: stevedore.exception.NoMatches: No 'castellan.drivers' driver found, looking for 'cinder.keymgr.conf_key_mgr.ConfKeyManager'
Feb 13 08:07:49 devstack devstack@c-api.service[78485]: WARNING stevedore.named [None req-38dacf7b-11c6-4865-9d3f-790b6fc080bf None None] Could not load cinder.keymgr.conf_key_mgr.ConfKeyManager
Feb 13 08:07:49 devstack devstack@c-api.service[78485]: WARNING castellan.key_manager [None req-38dacf7b-11c6-4865-9d3f-790b6fc080bf None None] Deprecation Warning : cinder.keymgr.conf_key_mgr.ConfKeyManager is not a stevedore based driver, trying to load it as a class: stevedore.exception.NoMatches: No 'castellan.drivers' driver found, looking for 'cinder.keymgr.conf_key_mgr.ConfKeyManager'
Feb 13 08:07:49 devstack devstack@c-api.service[78486]: WARNING stevedore.named [None req-b9482c3e-3d3f-46b2-86fc-eb5767c7e4d5 None None] Could not load cinder.keymgr.conf_key_mgr.ConfKeyManager
Feb 13 08:07:49 devstack devstack@c-api.service[78486]: WARNING castellan.key_manager [None req-b9482c3e-3d3f-46b2-86fc-eb5767c7e4d5 None None] Deprecation Warning : cinder.keymgr.conf_key_mgr.ConfKeyManager is not a stevedore based driver, trying to load it as a class: stevedore.exception.NoMatches: No 'castellan.drivers' driver found, looking for 'cinder.keymgr.conf_key_mgr.ConfKeyManager'
Feb 13 08:07:49 devstack devstack@c-api.service[78485]: WARNING stevedore.named [None req-38dacf7b-11c6-4865-9d3f-790b6fc080bf None None] Could not load cinder.keymgr.conf_key_mgr.ConfKeyManager
Feb 13 08:07:49 devstack devstack@c-api.service[78485]: WARNING castellan.key_manager [None req-38dacf7b-11c6-4865-9d3f-790b6fc080bf None None] Deprecation Warning : cinder.keymgr.conf_key_mgr.ConfKeyManager is not a stevedore based driver, trying to load it as a class: stevedore.exception.NoMatches: No 'castellan.drivers' driver found, looking for 'cinder.keymgr.conf_key_mgr.ConfKeyManager'
Feb 13 08:07:49 devstack devstack@c-api.service[78486]: WARNING stevedore.named [None req-b9482c3e-3d3f-46b2-86fc-eb5767c7e4d5 None None] Could not load cinder.keymgr.conf_key_mgr.ConfKeyManager
Feb 13 08:07:49 devstack devstack@c-api.service[78486]: WARNING castellan.key_manager [None req-b9482c3e-3d3f-46b2-86fc-eb5767c7e4d5 None None] Deprecation Warning : cinder.keymgr.conf_key_mgr.ConfKeyManager is not a stevedore based driver, trying to load it as a class: stevedore.exception.NoMatches: No 'castellan.drivers' driver found, looking for 'cinder.keymgr.conf_key_mgr.ConfKeyManager'
Feb 13 08:07:49 devstack devstack@c-api.service[78485]: WARNING stevedore.named [None req-38dacf7b-11c6-4865-9d3f-790b6fc080bf None None] Could not load cinder.keymgr.conf_key_mgr.ConfKeyManager
Feb 13 08:07:49 devstack devstack@c-api.service[78485]: WARNING castellan.key_manager [None req-38dacf7b-11c6-4865-9d3f-790b6fc080bf None None] Deprecation Warning : cinder.keymgr.conf_key_mgr.ConfKeyManager is not a stevedore based driver, trying to load it as a class: stevedore.exception.NoMatches: No 'castellan.drivers' driver found, looking for 'cinder.keymgr.conf_key_mgr.ConfKeyManager'
Feb 13 08:07:49 devstack devstack@c-api.service[78486]: WARNING stevedore.named [None req-b9482c3e-3d3f-46b2-86fc-eb5767c7e4d5 None None] Could not load cinder.keymgr.conf_key_mgr.ConfKeyManager
Feb 13 08:07:49 devstack devstack@c-api.service[78485]: WARNING stevedore.named [None req-38dacf7b-11c6-4865-9d3f-790b6fc080bf None None] Could not load cinder.keymgr.conf_key_mgr.ConfKeyManager
Feb 13 08:07:49 devstack devstack@c-api.service[78486]: WARNING castellan.key_manager [None req-b9482c3e-3d3f-46b2-86fc-eb5767c7e4d5 None None] Deprecation Warning : cinder.keymgr.conf_key_mgr.ConfKeyManager is not a stevedore based driver, trying to load it as a class: stevedore.exception.NoMatches: No 'castellan.drivers' driver found, looking for 'cinder.keymgr.conf_key_mgr.ConfKeyManager'
Feb 13 08:07:49 devstack devstack@c-api.service[78485]: WARNING castellan.key_manager [None req-38dacf7b-11c6-4865-9d3f-790b6fc080bf None None] Deprecation Warning : cinder.keymgr.conf_key_mgr.ConfKeyManager is not a stevedore based driver, trying to load it as a class: stevedore.exception.NoMatches: No 'castellan.drivers' driver found, looking for 'cinder.keymgr.conf_key_mgr.ConfKeyManager'
Feb 13 08:07:49 devstack devstack@c-api.service[78485]: WARNING stevedore.named [None req-38dacf7b-11c6-4865-9d3f-790b6fc080bf None None] Could not load cinder.keymgr.conf_key_mgr.ConfKeyManager
Feb 13 08:07:49 devstack devstack@c-api.service[78485]: WARNING castellan.key_manager [None req-38dacf7b-11c6-4865-9d3f-790b6fc080bf None None] Deprecation Warning : cinder.keymgr.conf_key_mgr.ConfKeyManager is not a stevedore based driver, trying to load it as a class: stevedore.exception.NoMatches: No 'castellan.drivers' driver found, looking for 'cinder.keymgr.conf_key_mgr.ConfKeyManager'
Feb 13 08:07:49 devstack devstack@c-api.service[78486]: WARNING stevedore.named [None req-b9482c3e-3d3f-46b2-86fc-eb5767c7e4d5 None None] Could not load cinder.keymgr.conf_key_mgr.ConfKeyManager
Feb 13 08:07:49 devstack devstack@c-api.service[78486]: WARNING castellan.key_manager [None req-b9482c3e-3d3f-46b2-86fc-eb5767c7e4d5 None None] Deprecation Warning : cinder.keymgr.conf_key_mgr.ConfKeyManager is not a stevedore based driver, trying to load it as a class: stevedore.exception.NoMatches: No 'castellan.drivers' driver found, looking for 'cinder.keymgr.conf_key_mgr.ConfKeyManager'
Feb 13 08:07:49 devstack devstack@c-api.service[78485]: WARNING stevedore.named [None req-38dacf7b-11c6-4865-9d3f-790b6fc080bf None None] Could not load cinder.keymgr.conf_key_mgr.ConfKeyManager
