Jul 09 16:54:12 devstack devstack@g-api.service[76408]: DEBUG glance.common.config [None req-a369def8-df32-4d16-a3e1-6e31c9fbc1cd None None] barbican_service_user.insecure = False {{(pid=76408) log_opt_values /opt/stack/data/venv/lib/python3.12/site-packages/oslo_config/cfg.py:3253}}
Jul 09 16:54:12 devstack devstack@g-api.service[76408]: DEBUG glance.common.config [None req-a369def8-df32-4d16-a3e1-6e31c9fbc1cd None None] barbican_service_user.keyfile = None {{(pid=76408) log_opt_values /opt/stack/data/venv/lib/python3.12/site-packages/oslo_config/cfg.py:3253}}
Jul 09 16:54:12 devstack devstack@g-api.service[76408]: DEBUG glance.common.config [None req-a369def8-df32-4d16-a3e1-6e31c9fbc1cd None None] barbican_service_user.split_loggers = False {{(pid=76408) log_opt_values /opt/stack/data/venv/lib/python3.12/site-packages/oslo_config/cfg.py:3253}}
Jul 09 16:54:12 devstack devstack@g-api.service[76408]: DEBUG glance.common.config [None req-a369def8-df32-4d16-a3e1-6e31c9fbc1cd None None] barbican_service_user.timeout = None {{(pid=76408) log_opt_values /opt/stack/data/venv/lib/python3.12/site-packages/oslo_config/cfg.py:3253}}
Jul 09 16:54:12 devstack devstack@g-api.service[76408]: DEBUG glance.common.config [None req-a369def8-df32-4d16-a3e1-6e31c9fbc1cd None None] database.asyncio_connection = **** {{(pid=76408) log_opt_values /opt/stack/data/venv/lib/python3.12/site-packages/oslo_config/cfg.py:3253}}
Jul 09 16:54:12 devstack devstack@g-api.service[76408]: DEBUG glance.common.config [None req-a369def8-df32-4d16-a3e1-6e31c9fbc1cd None None] database.asyncio_slave_connection = **** {{(pid=76408) log_opt_values /opt/stack/data/venv/lib/python3.12/site-packages/oslo_config/cfg.py:3253}}
Jul 09 16:54:12 devstack devstack@g-api.service[76408]: DEBUG glance.common.config [None req-a369def8-df32-4d16-a3e1-6e31c9fbc1cd None None] database.backend = sqlalchemy {{(pid=76408) log_opt_values /opt/stack/data/venv/lib/python3.12/site-packages/oslo_config/cfg.py:3253}}
Jul 09 16:54:12 devstack devstack@g-api.service[76408]: DEBUG glance.common.config [None req-a369def8-df32-4d16-a3e1-6e31c9fbc1cd None None] database.connection = **** {{(pid=76408) log_opt_values /opt/stack/data/venv/lib/python3.12/site-packages/oslo_config/cfg.py:3253}}
Jul 09 16:54:12 devstack devstack@g-api.service[76408]: DEBUG glance.common.config [None req-a369def8-df32-4d16-a3e1-6e31c9fbc1cd None None] database.connection_debug = 0 {{(pid=76408) log_opt_values /opt/stack/data/venv/lib/python3.12/site-packages/oslo_config/cfg.py:3253}}
Jul 09 16:54:12 devstack devstack@g-api.service[76408]: DEBUG glance.common.config [None req-a369def8-df32-4d16-a3e1-6e31c9fbc1cd None None] database.connection_parameters = {{(pid=76408) log_opt_values /opt/stack/data/venv/lib/python3.12/site-packages/oslo_config/cfg.py:3253}}
Jul 09 16:54:12 devstack devstack@g-api.service[76408]: DEBUG glance.common.config [None req-a369def8-df32-4d16-a3e1-6e31c9fbc1cd None None] database.connection_recycle_time = 3600 {{(pid=76408) log_opt_values /opt/stack/data/venv/lib/python3.12/site-packages/oslo_config/cfg.py:3253}}
Jul 09 16:54:12 devstack devstack@g-api.service[76408]: DEBUG glance.common.config [None req-a369def8-df32-4d16-a3e1-6e31c9fbc1cd None None] database.connection_trace = False {{(pid=76408) log_opt_values /opt/stack/data/venv/lib/python3.12/site-packages/oslo_config/cfg.py:3253}}
Jul 09 16:54:12 devstack devstack@g-api.service[76408]: DEBUG glance.common.config [None req-a369def8-df32-4d16-a3e1-6e31c9fbc1cd None None] database.db_inc_retry_interval = True {{(pid=76408) log_opt_values /opt/stack/data/venv/lib/python3.12/site-packages/oslo_config/cfg.py:3253}}
Jul 09 16:54:12 devstack devstack@g-api.service[76408]: DEBUG glance.common.config [None req-a369def8-df32-4d16-a3e1-6e31c9fbc1cd None None] database.db_max_retries = 20 {{(pid=76408) log_opt_values /opt/stack/data/venv/lib/python3.12/site-packages/oslo_config/cfg.py:3253}}
Jul 09 16:54:12 devstack devstack@g-api.service[76408]: DEBUG glance.common.config [None req-a369def8-df32-4d16-a3e1-6e31c9fbc1cd None None] database.db_max_retry_interval = 10 {{(pid=76408) log_opt_values /opt/stack/data/venv/lib/python3.12/site-packages/oslo_config/cfg.py:3253}}
Jul 09 16:54:12 devstack devstack@g-api.service[76408]: DEBUG glance.common.config [None req-a369def8-df32-4d16-a3e1-6e31c9fbc1cd None None] database.db_retry_interval = 1 {{(pid=76408) log_opt_values /opt/stack/data/venv/lib/python3.12/site-packages/oslo_config/cfg.py:3253}}
Jul 09 16:54:12 devstack devstack@g-api.service[76408]: DEBUG glance.common.config [None req-a369def8-df32-4d16-a3e1-6e31c9fbc1cd None None] database.max_overflow = 50 {{(pid=76408) log_opt_values /opt/stack/data/venv/lib/python3.12/site-packages/oslo_config/cfg.py:3253}}
Jul 09 16:54:12 devstack devstack@g-api.service[76408]: DEBUG glance.common.config [None req-a369def8-df32-4d16-a3e1-6e31c9fbc1cd None None] database.max_pool_size = 5 {{(pid=76408) log_opt_values /opt/stack/data/venv/lib/python3.12/site-packages/oslo_config/cfg.py:3253}}
Jul 09 16:54:12 devstack devstack@g-api.service[76408]: DEBUG glance.common.config [None req-a369def8-df32-4d16-a3e1-6e31c9fbc1cd None None] database.max_retries = 10 {{(pid=76408) log_opt_values /opt/stack/data/venv/lib/python3.12/site-packages/oslo_config/cfg.py:3253}}
Jul 09 16:54:12 devstack devstack@g-api.service[76408]: DEBUG glance.common.config [None req-a369def8-df32-4d16-a3e1-6e31c9fbc1cd None None] database.mysql_sql_mode = TRADITIONAL {{(pid=76408) log_opt_values /opt/stack/data/venv/lib/python3.12/site-packages/oslo_config/cfg.py:3253}}
Jul 09 16:54:12 devstack devstack@g-api.service[76408]: DEBUG glance.common.config [None req-a369def8-df32-4d16-a3e1-6e31c9fbc1cd None None] database.mysql_wsrep_sync_wait = None {{(pid=76408) log_opt_values /opt/stack/data/venv/lib/python3.12/site-packages/oslo_config/cfg.py:3253}}
Jul 09 16:54:12 devstack devstack@g-api.service[76408]: DEBUG glance.common.config [None req-a369def8-df32-4d16-a3e1-6e31c9fbc1cd None None] database.pool_timeout = None {{(pid=76408) log_opt_values /opt/stack/data/venv/lib/python3.12/site-packages/oslo_config/cfg.py:3253}}
Jul 09 16:54:12 devstack devstack@g-api.service[76408]: DEBUG glance.common.config [None req-a369def8-df32-4d16-a3e1-6e31c9fbc1cd None None] database.retry_interval = 10 {{(pid=76408) log_opt_values /opt/stack/data/venv/lib/python3.12/site-packages/oslo_config/cfg.py:3253}}
Jul 09 16:54:12 devstack devstack@g-api.service[76408]: DEBUG glance.common.config [None req-a369def8-df32-4d16-a3e1-6e31c9fbc1cd None None] database.slave_connection = **** {{(pid=76408) log_opt_values /opt/stack/data/venv/lib/python3.12/site-packages/oslo_config/cfg.py:3253}}
Jul 09 16:54:12 devstack devstack@g-api.service[76408]: DEBUG glance.common.config [None req-a369def8-df32-4d16-a3e1-6e31c9fbc1cd None None] database.sqlite_synchronous = True {{(pid=76408) log_opt_values /opt/stack/data/venv/lib/python3.12/site-packages/oslo_config/cfg.py:3253}}
Jul 09 16:54:12 devstack devstack@g-api.service[76408]: DEBUG glance.common.config [None req-a369def8-df32-4d16-a3e1-6e31c9fbc1cd None None] database.synchronous_reader = True {{(pid=76408) log_opt_values /opt/stack/data/venv/lib/python3.12/site-packages/oslo_config/cfg.py:3253}}
Jul 09 16:54:12 devstack devstack@g-api.service[76408]: DEBUG glance.common.config [None req-a369def8-df32-4d16-a3e1-6e31c9fbc1cd None None] database.use_db_reconnect = False {{(pid=76408) log_opt_values /opt/stack/data/venv/lib/python3.12/site-packages/oslo_config/cfg.py:3253}}
Jul 09 16:54:12 devstack devstack@g-api.service[76408]: DEBUG glance.common.config [None req-a369def8-df32-4d16-a3e1-6e31c9fbc1cd None None] healthcheck.allowed_source_ranges = [] {{(pid=76408) log_opt_values /opt/stack/data/venv/lib/python3.12/site-packages/oslo_config/cfg.py:3253}}
Jul 09 16:54:12 devstack devstack@g-api.service[76408]: DEBUG glance.common.config [None req-a369def8-df32-4d16-a3e1-6e31c9fbc1cd None None] healthcheck.backends = ['disable_by_file'] {{(pid=76408) log_opt_values /opt/stack/data/venv/lib/python3.12/site-packages/oslo_config/cfg.py:3253}}
Jul 09 16:54:12 devstack devstack@g-api.service[76408]: DEBUG glance.common.config [None req-a369def8-df32-4d16-a3e1-6e31c9fbc1cd None None] healthcheck.detailed = False {{(pid=76408) log_opt_values /opt/stack/data/venv/lib/python3.12/site-packages/oslo_config/cfg.py:3253}}
Jul 09 16:54:12 devstack devstack@g-api.service[76408]: DEBUG glance.common.config [None req-a369def8-df32-4d16-a3e1-6e31c9fbc1cd None None] healthcheck.disable_by_file_path = None {{(pid=76408) log_opt_values /opt/stack/data/venv/lib/python3.12/site-packages/oslo_config/cfg.py:3253}}
Jul 09 16:54:12 devstack devstack@g-api.service[76408]: DEBUG glance.common.config [None req-a369def8-df32-4d16-a3e1-6e31c9fbc1cd None None] healthcheck.ignore_proxied_requests = False {{(pid=76408) log_opt_values /opt/stack/data/venv/lib/python3.12/site-packages/oslo_config/cfg.py:3253}}
Jul 09 16:54:12 devstack devstack@g-api.service[76408]: DEBUG glance.common.config [None req-a369def8-df32-4d16-a3e1-6e31c9fbc1cd None None] ******************************************************************************** {{(pid=76408) log_opt_values /opt/stack/data/venv/lib/python3.12/site-packages/oslo_config/cfg.py:3260}}
Jul 09 16:54:12 devstack devstack@g-api.service[76408]: WSGI app 0 (mountpoint='') ready in 6 seconds on interpreter 0x7ca3abca4668 pid: 76408 (default app)
Jul 09 16:54:16 devstack devstack@g-api.service[76409]: DEBUG glance.api.middleware.version_negotiation [None req-f2756198-5f28-4844-8a54-66fc6b400386 None None] Determining version of request: GET / Accept: application/json {{(pid=76409) process_request /opt/stack/glance/glance/api/middleware/version_negotiation.py:44}}
Jul 09 16:54:16 devstack devstack@g-api.service[76409]: DEBUG glance.api.middleware.version_negotiation [None req-f2756198-5f28-4844-8a54-66fc6b400386 None None] Using url versioning {{(pid=76409) process_request /opt/stack/glance/glance/api/middleware/version_negotiation.py:57}}
Jul 09 16:54:16 devstack devstack@g-api.service[76409]: DEBUG glance.api.middleware.version_negotiation [None req-f2756198-5f28-4844-8a54-66fc6b400386 None None] Unknown version. Returning version choices. {{(pid=76409) process_request /opt/stack/glance/glance/api/middleware/version_negotiation.py:64}}
Jul 09 16:54:16 devstack devstack@g-api.service[76409]: [pid: 76409|app: 0|req: 2/2] 127.0.0.1 () {34 vars in 519 bytes} [Thu Jul 9 16:54:16 2026] GET / => generated 1571 bytes in 5 msecs (HTTP/1.1 300) 3 headers in 106 bytes (1 switches on core 0)
Jul 09 16:54:16 devstack devstack@g-api.service[76408]: DEBUG glance.api.middleware.version_negotiation [None req-a369def8-df32-4d16-a3e1-6e31c9fbc1cd None None] Determining version of request: POST /v2/images Accept: */* {{(pid=76408) process_request /opt/stack/glance/glance/api/middleware/version_negotiation.py:44}}
Jul 09 16:54:16 devstack devstack@g-api.service[76408]: DEBUG glance.api.middleware.version_negotiation [None req-a369def8-df32-4d16-a3e1-6e31c9fbc1cd None None] Using url versioning {{(pid=76408) process_request /opt/stack/glance/glance/api/middleware/version_negotiation.py:57}}
Jul 09 16:54:16 devstack devstack@g-api.service[76408]: DEBUG glance.api.middleware.version_negotiation [None req-a369def8-df32-4d16-a3e1-6e31c9fbc1cd None None] Matched version: v2 {{(pid=76408) process_request /opt/stack/glance/glance/api/middleware/version_negotiation.py:69}}
Jul 09 16:54:16 devstack devstack@g-api.service[76408]: DEBUG glance.api.middleware.version_negotiation [None req-a369def8-df32-4d16-a3e1-6e31c9fbc1cd None None] new path /v2/images {{(pid=76408) process_request /opt/stack/glance/glance/api/middleware/version_negotiation.py:70}}
Jul 09 16:54:17 devstack devstack@g-api.service[76408]: [pid: 76408|app: 0|req: 1/3] 127.0.0.1 () {40 vars in 782 bytes} [Thu Jul 9 16:54:16 2026] POST /v2/images => generated 807 bytes in 1207 msecs (HTTP/1.1 201) 6 headers in 314 bytes (1 switches on core 0)
Jul 09 16:54:17 devstack devstack@g-api.service[76409]: DEBUG glance.api.middleware.version_negotiation [None req-f2756198-5f28-4844-8a54-66fc6b400386 None None] Determining version of request: PUT /v2/images/cd66455c-9772-4d79-b400-0ea9cf463a75/file Accept: {{(pid=76409) process_request /opt/stack/glance/glance/api/middleware/version_negotiation.py:44}}
Jul 09 16:54:17 devstack devstack@g-api.service[76409]: DEBUG glance.api.middleware.version_negotiation [None req-f2756198-5f28-4844-8a54-66fc6b400386 None None] Using url versioning {{(pid=76409) process_request /opt/stack/glance/glance/api/middleware/version_negotiation.py:57}}
Jul 09 16:54:17 devstack devstack@g-api.service[76409]: DEBUG glance.api.middleware.version_negotiation [None req-f2756198-5f28-4844-8a54-66fc6b400386 None None] Matched version: v2 {{(pid=76409) process_request /opt/stack/glance/glance/api/middleware/version_negotiation.py:69}}
Jul 09 16:54:17 devstack devstack@g-api.service[76409]: DEBUG glance.api.middleware.version_negotiation [None req-f2756198-5f28-4844-8a54-66fc6b400386 None None] new path /v2/images/cd66455c-9772-4d79-b400-0ea9cf463a75/file {{(pid=76409) process_request /opt/stack/glance/glance/api/middleware/version_negotiation.py:70}}
Jul 09 16:54:18 devstack devstack@g-api.service[76409]: INFO glance.api.v2.image_data [None req-b41be9fc-9539-404a-a442-d74bc32cc65c admin admin] Unable to create trust: no such option collect_timing in group [keystone_authtoken] Use the existing user token.
Jul 09 16:54:19 devstack devstack@g-api.service[76409]: DEBUG glance.location [None req-b41be9fc-9539-404a-a442-d74bc32cc65c admin admin] Enabling in-flight format inspection for qcow2 {{(pid=76409) set_data /opt/stack/glance/glance/location.py:596}}
Jul 09 16:54:19 devstack devstack@g-api.service[76409]: DEBUG oslo_utils.imageutils.format_inspector [None req-b41be9fc-9539-404a-a442-d74bc32cc65c admin admin] Format inspector for vmdk does not match, excluding from consideration (Signature KDMV not found: b'QFI\xfb') {{(pid=76409) _process_chunk /opt/stack/data/venv/lib/python3.12/site-packages/oslo_utils/imageutils/format_inspector.py:1758}}
Jul 09 16:54:19 devstack devstack@g-api.service[76409]: DEBUG oslo_utils.imageutils.format_inspector [None req-b41be9fc-9539-404a-a442-d74bc32cc65c admin admin] Format inspector for vhdx does not match, excluding from consideration (Region signature not found at 30000) {{(pid=76409) _process_chunk /opt/stack/data/venv/lib/python3.12/site-packages/oslo_utils/imageutils/format_inspector.py:1758}}
Jul 09 16:54:19 devstack devstack@g-api.service[76409]: DEBUG glance_store._drivers.filesystem [None req-b41be9fc-9539-404a-a442-d74bc32cc65c admin admin] Wrote 21692416 bytes to /opt/stack/data/glance/images/cd66455c-9772-4d79-b400-0ea9cf463a75 with checksum 87617e24a5e30cb3b87fda8c0764838f and multihash 9a9bce0083a00939ec17c11febbfc767aa211aaa54f51e75c5a8b271a9b5637c77205a518b7a2007cb391d23cceb01e0e4e8d64832317151bc85b734b92a7be0 {{(pid=76409) add /opt/stack/data/venv/lib/python3.12/site-packages/glance_store/_drivers/filesystem.py:899}}
Jul 09 16:54:19 devstack devstack@g-api.service[76409]: INFO glance.location [None req-b41be9fc-9539-404a-a442-d74bc32cc65c admin admin] Image format matched and virtual size computed: 117440512
Jul 09 16:54:19 devstack devstack@g-api.service[76409]: DEBUG glance_store.backend [None req-b41be9fc-9539-404a-a442-d74bc32cc65c admin admin] Skipping store.set_acls... not implemented. {{(pid=76409) set_acls /opt/stack/data/venv/lib/python3.12/site-packages/glance_store/backend.py:507}}
Jul 09 16:54:19 devstack devstack@g-api.service[76409]: [pid: 76409|app: 0|req: 3/4] 127.0.0.1 () {40 vars in 875 bytes} [Thu Jul 9 16:54:17 2026] PUT /v2/images/cd66455c-9772-4d79-b400-0ea9cf463a75/file => generated 0 bytes in 1872 msecs (HTTP/1.1 204) 4 headers in 171 bytes (1 switches on core 0)
Jul 09 16:54:19 devstack devstack@g-api.service[76408]: DEBUG glance.api.middleware.version_negotiation [None req-2a77dc6d-f2d3-41c3-9986-a44bd3211e6c admin admin] Determining version of request: GET /v2/images/cd66455c-9772-4d79-b400-0ea9cf463a75 Accept: */* {{(pid=76408) process_request /opt/stack/glance/glance/api/middleware/version_negotiation.py:44}}
Jul 09 16:54:19 devstack devstack@g-api.service[76408]: DEBUG glance.api.middleware.version_negotiation [None req-2a77dc6d-f2d3-41c3-9986-a44bd3211e6c admin admin] Using url versioning {{(pid=76408) process_request /opt/stack/glance/glance/api/middleware/version_negotiation.py:57}}
Jul 09 16:54:19 devstack devstack@g-api.service[76408]: DEBUG glance.api.middleware.version_negotiation [None req-2a77dc6d-f2d3-41c3-9986-a44bd3211e6c admin admin] Matched version: v2 {{(pid=76408) process_request /opt/stack/glance/glance/api/middleware/version_negotiation.py:69}}
Jul 09 16:54:19 devstack devstack@g-api.service[76408]: DEBUG glance.api.middleware.version_negotiation [None req-2a77dc6d-f2d3-41c3-9986-a44bd3211e6c admin admin] new path /v2/images/cd66455c-9772-4d79-b400-0ea9cf463a75 {{(pid=76408) process_request /opt/stack/glance/glance/api/middleware/version_negotiation.py:70}}
Jul 09 16:54:19 devstack devstack@g-api.service[76408]: [pid: 76408|app: 0|req: 2/5] 127.0.0.1 () {36 vars in 802 bytes} [Thu Jul 9 16:54:19 2026] GET /v2/images/cd66455c-9772-4d79-b400-0ea9cf463a75 => generated 976 bytes in 21 msecs (HTTP/1.1 200) 4 headers in 157 bytes (1 switches on core 0)
Jul 09 16:54:29 devstack devstack@g-api.service[76409]: DEBUG dbcounter [-] [76409] Writing DB stats glance:INSERT=5,glance:SELECT=16,glance:UPDATE=2 {{(pid=76409) stat_writer /opt/stack/data/venv/lib/python3.12/site-packages/dbcounter.py:115}}
Jul 09 16:54:29 devstack devstack@g-api.service[76408]: DEBUG dbcounter [-] [76408] Writing DB stats glance:INSERT=9,glance:SELECT=6 {{(pid=76408) stat_writer /opt/stack/data/venv/lib/python3.12/site-packages/dbcounter.py:115}}
Jul 09 16:55:06 devstack devstack@g-api.service[76409]: DEBUG glance.api.middleware.version_negotiation [None req-b41be9fc-9539-404a-a442-d74bc32cc65c admin admin] Determining version of request: GET / Accept: application/json {{(pid=76409) process_request /opt/stack/glance/glance/api/middleware/version_negotiation.py:44}}
Jul 09 16:55:06 devstack devstack@g-api.service[76409]: DEBUG glance.api.middleware.version_negotiation [None req-b41be9fc-9539-404a-a442-d74bc32cc65c admin admin] Using url versioning {{(pid=76409) process_request /opt/stack/glance/glance/api/middleware/version_negotiation.py:57}}
Jul 09 16:55:06 devstack devstack@g-api.service[76409]: DEBUG glance.api.middleware.version_negotiation [None req-b41be9fc-9539-404a-a442-d74bc32cc65c admin admin] Unknown version. Returning version choices. {{(pid=76409) process_request /opt/stack/glance/glance/api/middleware/version_negotiation.py:64}}
Jul 09 16:55:06 devstack devstack@g-api.service[76409]: [pid: 76409|app: 0|req: 4/6] 127.0.0.1 () {34 vars in 519 bytes} [Thu Jul 9 16:55:06 2026] GET / => generated 1571 bytes in 4 msecs (HTTP/1.1 300) 3 headers in 106 bytes (1 switches on core 0)
Jul 09 16:55:06 devstack devstack@g-api.service[76408]: DEBUG glance.api.middleware.version_negotiation [None req-2e61de79-9c64-493f-864a-fb68356ba373 admin admin] Determining version of request: GET /v2/images Accept: application/json {{(pid=76408) process_request /opt/stack/glance/glance/api/middleware/version_negotiation.py:44}}
Jul 09 16:55:06 devstack devstack@g-api.service[76408]: DEBUG glance.api.middleware.version_negotiation [None req-2e61de79-9c64-493f-864a-fb68356ba373 admin admin] Using url versioning {{(pid=76408) process_request /opt/stack/glance/glance/api/middleware/version_negotiation.py:57}}
Jul 09 16:55:06 devstack devstack@g-api.service[76408]: DEBUG glance.api.middleware.version_negotiation [None req-2e61de79-9c64-493f-864a-fb68356ba373 admin admin] Matched version: v2 {{(pid=76408) process_request /opt/stack/glance/glance/api/middleware/version_negotiation.py:69}}
Jul 09 16:55:06 devstack devstack@g-api.service[76408]: DEBUG glance.api.middleware.version_negotiation [None req-2e61de79-9c64-493f-864a-fb68356ba373 admin admin] new path /v2/images {{(pid=76408) process_request /opt/stack/glance/glance/api/middleware/version_negotiation.py:70}}
Jul 09 16:55:06 devstack devstack@g-api.service[76408]: [pid: 76408|app: 0|req: 3/7] 127.0.0.1 () {36 vars in 741 bytes} [Thu Jul 9 16:55:06 2026] GET /v2/images => generated 1045 bytes in 92 msecs (HTTP/1.1 200) 4 headers in 158 bytes (1 switches on core 0)
Jul 09 16:55:16 devstack devstack@g-api.service[76408]: DEBUG dbcounter [-] [76408] Writing DB stats glance:SELECT=1 {{(pid=76408) stat_writer /opt/stack/data/venv/lib/python3.12/site-packages/dbcounter.py:115}}
Jul 09 16:55:17 devstack devstack@g-api.service[76409]: DEBUG glance.api.middleware.version_negotiation [None req-b41be9fc-9539-404a-a442-d74bc32cc65c admin admin] Determining version of request: GET / Accept: application/json {{(pid=76409) process_request /opt/stack/glance/glance/api/middleware/version_negotiation.py:44}}
Jul 09 16:55:17 devstack devstack@g-api.service[76409]: DEBUG glance.api.middleware.version_negotiation [None req-b41be9fc-9539-404a-a442-d74bc32cc65c admin admin] Using url versioning {{(pid=76409) process_request /opt/stack/glance/glance/api/middleware/version_negotiation.py:57}}
Jul 09 16:55:17 devstack devstack@g-api.service[76409]: DEBUG glance.api.middleware.version_negotiation [None req-b41be9fc-9539-404a-a442-d74bc32cc65c admin admin] Unknown version. Returning version choices. {{(pid=76409) process_request /opt/stack/glance/glance/api/middleware/version_negotiation.py:64}}
Jul 09 16:55:17 devstack devstack@g-api.service[76409]: [pid: 76409|app: 0|req: 5/8] 127.0.0.1 () {34 vars in 519 bytes} [Thu Jul 9 16:55:17 2026] GET / => generated 1571 bytes in 2 msecs (HTTP/1.1 300) 3 headers in 106 bytes (1 switches on core 0)
Jul 09 16:55:17 devstack devstack@g-api.service[76408]: DEBUG glance.api.middleware.version_negotiation [None req-e31fa5ff-50b5-475e-ae1c-dc9601838d56 admin admin] Determining version of request: GET /v2/images/cd66455c-9772-4d79-b400-0ea9cf463a75 Accept: */* {{(pid=76408) process_request /opt/stack/glance/glance/api/middleware/version_negotiation.py:44}}
Jul 09 16:55:17 devstack devstack@g-api.service[76408]: DEBUG glance.api.middleware.version_negotiation [None req-e31fa5ff-50b5-475e-ae1c-dc9601838d56 admin admin] Using url versioning {{(pid=76408) process_request /opt/stack/glance/glance/api/middleware/version_negotiation.py:57}}
Jul 09 16:55:17 devstack devstack@g-api.service[76408]: DEBUG glance.api.middleware.version_negotiation [None req-e31fa5ff-50b5-475e-ae1c-dc9601838d56 admin admin] Matched version: v2 {{(pid=76408) process_request /opt/stack/glance/glance/api/middleware/version_negotiation.py:69}}
Jul 09 16:55:17 devstack devstack@g-api.service[76408]: DEBUG glance.api.middleware.version_negotiation [None req-e31fa5ff-50b5-475e-ae1c-dc9601838d56 admin admin] new path /v2/images/cd66455c-9772-4d79-b400-0ea9cf463a75 {{(pid=76408) process_request /opt/stack/glance/glance/api/middleware/version_negotiation.py:70}}
Jul 09 16:55:17 devstack devstack@g-api.service[76408]: [pid: 76408|app: 0|req: 4/9] 127.0.0.1 () {36 vars in 802 bytes} [Thu Jul 9 16:55:17 2026] GET /v2/images/cd66455c-9772-4d79-b400-0ea9cf463a75 => generated 976 bytes in 75 msecs (HTTP/1.1 200) 4 headers in 157 bytes (1 switches on core 0)
Jul 09 16:55:24 devstack devstack@g-api.service[76409]: DEBUG glance.api.middleware.version_negotiation [None req-b41be9fc-9539-404a-a442-d74bc32cc65c admin admin] Determining version of request: GET / Accept: application/json {{(pid=76409) process_request /opt/stack/glance/glance/api/middleware/version_negotiation.py:44}}
Jul 09 16:55:24 devstack devstack@g-api.service[76409]: DEBUG glance.api.middleware.version_negotiation [None req-b41be9fc-9539-404a-a442-d74bc32cc65c admin admin] Using url versioning {{(pid=76409) process_request /opt/stack/glance/glance/api/middleware/version_negotiation.py:57}}
Jul 09 16:55:24 devstack devstack@g-api.service[76409]: DEBUG glance.api.middleware.version_negotiation [None req-b41be9fc-9539-404a-a442-d74bc32cc65c admin admin] Unknown version. Returning version choices. {{(pid=76409) process_request /opt/stack/glance/glance/api/middleware/version_negotiation.py:64}}
Jul 09 16:55:24 devstack devstack@g-api.service[76409]: [pid: 76409|app: 0|req: 6/10] 127.0.0.1 () {34 vars in 519 bytes} [Thu Jul 9 16:55:24 2026] GET / => generated 1571 bytes in 3 msecs (HTTP/1.1 300) 3 headers in 106 bytes (1 switches on core 0)
Jul 09 16:55:24 devstack devstack@g-api.service[76408]: DEBUG glance.api.middleware.version_negotiation [None req-0f67c037-7a17-4b1f-989f-004adcb7ebb3 admin admin] Determining version of request: GET /v2/images/cd66455c-9772-4d79-b400-0ea9cf463a75 Accept: */* {{(pid=76408) process_request /opt/stack/glance/glance/api/middleware/version_negotiation.py:44}}
Jul 09 16:55:24 devstack devstack@g-api.service[76408]: DEBUG glance.api.middleware.version_negotiation [None req-0f67c037-7a17-4b1f-989f-004adcb7ebb3 admin admin] Using url versioning {{(pid=76408) process_request /opt/stack/glance/glance/api/middleware/version_negotiation.py:57}}
Jul 09 16:55:24 devstack devstack@g-api.service[76408]: DEBUG glance.api.middleware.version_negotiation [None req-0f67c037-7a17-4b1f-989f-004adcb7ebb3 admin admin] Matched version: v2 {{(pid=76408) process_request /opt/stack/glance/glance/api/middleware/version_negotiation.py:69}}
Jul 09 16:55:24 devstack devstack@g-api.service[76408]: DEBUG glance.api.middleware.version_negotiation [None req-0f67c037-7a17-4b1f-989f-004adcb7ebb3 admin admin] new path /v2/images/cd66455c-9772-4d79-b400-0ea9cf463a75 {{(pid=76408) process_request /opt/stack/glance/glance/api/middleware/version_negotiation.py:70}}
Jul 09 16:55:24 devstack devstack@g-api.service[76408]: [pid: 76408|app: 0|req: 5/11] 127.0.0.1 () {36 vars in 802 bytes} [Thu Jul 9 16:55:24 2026] GET /v2/images/cd66455c-9772-4d79-b400-0ea9cf463a75 => generated 976 bytes in 75 msecs (HTTP/1.1 200) 4 headers in 157 bytes (1 switches on core 0)
Jul 09 16:55:34 devstack devstack@g-api.service[76408]: DEBUG dbcounter [-] [76408] Writing DB stats glance:SELECT=4 {{(pid=76408) stat_writer /opt/stack/data/venv/lib/python3.12/site-packages/dbcounter.py:115}}
Jul 09 16:56:40 devstack devstack@g-api.service[76409]: DEBUG glance.api.middleware.version_negotiation [None req-b41be9fc-9539-404a-a442-d74bc32cc65c admin admin] Determining version of request: GET / Accept: application/json {{(pid=76409) process_request /opt/stack/glance/glance/api/middleware/version_negotiation.py:44}}
Jul 09 16:56:40 devstack devstack@g-api.service[76409]: DEBUG glance.api.middleware.version_negotiation [None req-b41be9fc-9539-404a-a442-d74bc32cc65c admin admin] Using url versioning {{(pid=76409) process_request /opt/stack/glance/glance/api/middleware/version_negotiation.py:57}}
Jul 09 16:56:40 devstack devstack@g-api.service[76409]: DEBUG glance.api.middleware.version_negotiation [None req-b41be9fc-9539-404a-a442-d74bc32cc65c admin admin] Unknown version. Returning version choices. {{(pid=76409) process_request /opt/stack/glance/glance/api/middleware/version_negotiation.py:64}}
Jul 09 16:56:40 devstack devstack@g-api.service[76409]: [pid: 76409|app: 0|req: 7/12] 127.0.0.1 () {36 vars in 488 bytes} [Thu Jul 9 16:56:40 2026] GET / => generated 1571 bytes in 2 msecs (HTTP/1.1 300) 3 headers in 106 bytes (1 switches on core 0)
Jul 09 17:01:01 devstack devstack@g-api.service[76408]: DEBUG glance.api.middleware.version_negotiation [None req-fbf685cc-988c-434e-b3e5-07fea40b5565 admin admin] Determining version of request: GET / Accept: application/json {{(pid=76408) process_request /opt/stack/glance/glance/api/middleware/version_negotiation.py:44}}
Jul 09 17:01:01 devstack devstack@g-api.service[76408]: DEBUG glance.api.middleware.version_negotiation [None req-fbf685cc-988c-434e-b3e5-07fea40b5565 admin admin] Using url versioning {{(pid=76408) process_request /opt/stack/glance/glance/api/middleware/version_negotiation.py:57}}
Jul 09 17:01:01 devstack devstack@g-api.service[76408]: DEBUG glance.api.middleware.version_negotiation [None req-fbf685cc-988c-434e-b3e5-07fea40b5565 admin admin] Unknown version. Returning version choices. {{(pid=76408) process_request /opt/stack/glance/glance/api/middleware/version_negotiation.py:64}}
Jul 09 17:01:01 devstack devstack@g-api.service[76408]: [pid: 76408|app: 0|req: 6/13] 127.0.0.1 () {34 vars in 505 bytes} [Thu Jul 9 17:01:01 2026] GET / => generated 1571 bytes in 5 msecs (HTTP/1.1 300) 3 headers in 106 bytes (1 switches on core 0)
Jul 09 17:01:02 devstack devstack@g-api.service[76409]: DEBUG glance.api.middleware.version_negotiation [None req-b41be9fc-9539-404a-a442-d74bc32cc65c admin admin] Determining version of request: GET /v2/images/cd66455c-9772-4d79-b400-0ea9cf463a75 Accept: */* {{(pid=76409) process_request /opt/stack/glance/glance/api/middleware/version_negotiation.py:44}}
Jul 09 17:01:02 devstack devstack@g-api.service[76409]: DEBUG glance.api.middleware.version_negotiation [None req-b41be9fc-9539-404a-a442-d74bc32cc65c admin admin] Using url versioning {{(pid=76409) process_request /opt/stack/glance/glance/api/middleware/version_negotiation.py:57}}
Jul 09 17:01:02 devstack devstack@g-api.service[76409]: DEBUG glance.api.middleware.version_negotiation [None req-b41be9fc-9539-404a-a442-d74bc32cc65c admin admin] Matched version: v2 {{(pid=76409) process_request /opt/stack/glance/glance/api/middleware/version_negotiation.py:69}}
Jul 09 17:01:02 devstack devstack@g-api.service[76409]: DEBUG glance.api.middleware.version_negotiation [None req-b41be9fc-9539-404a-a442-d74bc32cc65c admin admin] new path /v2/images/cd66455c-9772-4d79-b400-0ea9cf463a75 {{(pid=76409) process_request /opt/stack/glance/glance/api/middleware/version_negotiation.py:70}}
Jul 09 17:01:02 devstack devstack@g-api.service[76409]: [pid: 76409|app: 0|req: 8/14] 127.0.0.1 () {42 vars in 1061 bytes} [Thu Jul 9 17:01:02 2026] GET /v2/images/cd66455c-9772-4d79-b400-0ea9cf463a75 => generated 976 bytes in 383 msecs (HTTP/1.1 200) 4 headers in 157 bytes (1 switches on core 0)
Jul 09 17:01:02 devstack devstack@g-api.service[76408]: DEBUG glance.api.middleware.version_negotiation [None req-fbf685cc-988c-434e-b3e5-07fea40b5565 admin admin] Determining version of request: GET /v2/schemas/image Accept: */* {{(pid=76408) process_request /opt/stack/glance/glance/api/middleware/version_negotiation.py:44}}
Jul 09 17:01:02 devstack devstack@g-api.service[76408]: DEBUG glance.api.middleware.version_negotiation [None req-fbf685cc-988c-434e-b3e5-07fea40b5565 admin admin] Using url versioning {{(pid=76408) process_request /opt/stack/glance/glance/api/middleware/version_negotiation.py:57}}
Jul 09 17:01:02 devstack devstack@g-api.service[76408]: DEBUG glance.api.middleware.version_negotiation [None req-fbf685cc-988c-434e-b3e5-07fea40b5565 admin admin] Matched version: v2 {{(pid=76408) process_request /opt/stack/glance/glance/api/middleware/version_negotiation.py:69}}
Jul 09 17:01:02 devstack devstack@g-api.service[76408]: DEBUG glance.api.middleware.version_negotiation [None req-fbf685cc-988c-434e-b3e5-07fea40b5565 admin admin] new path /v2/schemas/image {{(pid=76408) process_request /opt/stack/glance/glance/api/middleware/version_negotiation.py:70}}
Jul 09 17:01:02 devstack devstack@g-api.service[76408]: [pid: 76408|app: 0|req: 7/15] 127.0.0.1 () {42 vars in 1001 bytes} [Thu Jul 9 17:01:02 2026] GET /v2/schemas/image => generated 6083 bytes in 9 msecs (HTTP/1.1 200) 4 headers in 158 bytes (1 switches on core 0)
Jul 09 17:01:12 devstack devstack@g-api.service[76409]: DEBUG dbcounter [-] [76409] Writing DB stats glance:SELECT=2 {{(pid=76409) stat_writer /opt/stack/data/venv/lib/python3.12/site-packages/dbcounter.py:115}}
Jul 09 17:01:26 devstack devstack@g-api.service[76409]: DEBUG glance.api.middleware.version_negotiation [None req-dfc65756-9d9e-45f1-81b2-e11ec0e93a01 tempest-DeleteServersTestJSON-664232511 tempest-DeleteServersTestJSON-664232511-project-member] Determining version of request: GET /v2/images/cd66455c-9772-4d79-b400-0ea9cf463a75 Accept: */* {{(pid=76409) process_request /opt/stack/glance/glance/api/middleware/version_negotiation.py:44}}
Jul 09 17:01:26 devstack devstack@g-api.service[76409]: DEBUG glance.api.middleware.version_negotiation [None req-dfc65756-9d9e-45f1-81b2-e11ec0e93a01 tempest-DeleteServersTestJSON-664232511 tempest-DeleteServersTestJSON-664232511-project-member] Using url versioning {{(pid=76409) process_request /opt/stack/glance/glance/api/middleware/version_negotiation.py:57}}
Jul 09 17:01:26 devstack devstack@g-api.service[76409]: DEBUG glance.api.middleware.version_negotiation [None req-dfc65756-9d9e-45f1-81b2-e11ec0e93a01 tempest-DeleteServersTestJSON-664232511 tempest-DeleteServersTestJSON-664232511-project-member] Matched version: v2 {{(pid=76409) process_request /opt/stack/glance/glance/api/middleware/version_negotiation.py:69}}
Jul 09 17:01:26 devstack devstack@g-api.service[76409]: DEBUG glance.api.middleware.version_negotiation [None req-dfc65756-9d9e-45f1-81b2-e11ec0e93a01 tempest-DeleteServersTestJSON-664232511 tempest-DeleteServersTestJSON-664232511-project-member] new path /v2/images/cd66455c-9772-4d79-b400-0ea9cf463a75 {{(pid=76409) process_request /opt/stack/glance/glance/api/middleware/version_negotiation.py:70}}
Jul 09 17:01:26 devstack devstack@g-api.service[76409]: [pid: 76409|app: 0|req: 9/16] 127.0.0.1 () {42 vars in 1061 bytes} [Thu Jul 9 17:01:26 2026] GET /v2/images/cd66455c-9772-4d79-b400-0ea9cf463a75 => generated 976 bytes in 290 msecs (HTTP/1.1 200) 4 headers in 157 bytes (1 switches on core 0)
Jul 09 17:01:26 devstack devstack@g-api.service[76408]: DEBUG glance.api.middleware.version_negotiation [None req-dfc65756-9d9e-45f1-81b2-e11ec0e93a01 tempest-DeleteServersTestJSON-664232511 tempest-DeleteServersTestJSON-664232511-project-member] Determining version of request: GET /v2/images/cd66455c-9772-4d79-b400-0ea9cf463a75/file Accept: */* {{(pid=76408) process_request /opt/stack/glance/glance/api/middleware/version_negotiation.py:44}}
Jul 09 17:01:26 devstack devstack@g-api.service[76408]: DEBUG glance.api.middleware.version_negotiation [None req-dfc65756-9d9e-45f1-81b2-e11ec0e93a01 tempest-DeleteServersTestJSON-664232511 tempest-DeleteServersTestJSON-664232511-project-member] Using url versioning {{(pid=76408) process_request /opt/stack/glance/glance/api/middleware/version_negotiation.py:57}}
Jul 09 17:01:26 devstack devstack@g-api.service[76408]: DEBUG glance.api.middleware.version_negotiation [None req-dfc65756-9d9e-45f1-81b2-e11ec0e93a01 tempest-DeleteServersTestJSON-664232511 tempest-DeleteServersTestJSON-664232511-project-member] Matched version: v2 {{(pid=76408) process_request /opt/stack/glance/glance/api/middleware/version_negotiation.py:69}}
Jul 09 17:01:26 devstack devstack@g-api.service[76408]: DEBUG glance.api.middleware.version_negotiation [None req-dfc65756-9d9e-45f1-81b2-e11ec0e93a01 tempest-DeleteServersTestJSON-664232511 tempest-DeleteServersTestJSON-664232511-project-member] new path /v2/images/cd66455c-9772-4d79-b400-0ea9cf463a75/file {{(pid=76408) process_request /opt/stack/glance/glance/api/middleware/version_negotiation.py:70}}
Jul 09 17:01:26 devstack devstack@g-api.service[76408]: DEBUG glance_store._drivers.filesystem [None req-dfc65756-9d9e-45f1-81b2-e11ec0e93a01 tempest-DeleteServersTestJSON-664232511 tempest-DeleteServersTestJSON-664232511-project-member] Found image at /opt/stack/data/glance/images/cd66455c-9772-4d79-b400-0ea9cf463a75. Returning in ChunkedFile. {{(pid=76408) get /opt/stack/data/venv/lib/python3.12/site-packages/glance_store/_drivers/filesystem.py:724}}
Jul 09 17:01:26 devstack devstack@g-api.service[76408]: DEBUG glance.image_cache [None req-dfc65756-9d9e-45f1-81b2-e11ec0e93a01 tempest-DeleteServersTestJSON-664232511 tempest-DeleteServersTestJSON-664232511-project-member] Tee'ing image 'cd66455c-9772-4d79-b400-0ea9cf463a75' into cache {{(pid=76408) get_caching_iter /opt/stack/glance/glance/image_cache/__init__.py:356}}
Jul 09 17:01:27 devstack devstack@g-api.service[76408]: DEBUG glance.image_cache.drivers.centralized_db [None req-dfc65756-9d9e-45f1-81b2-e11ec0e93a01 tempest-DeleteServersTestJSON-664232511 tempest-DeleteServersTestJSON-664232511-project-member] Fetch finished, moving '/opt/stack/data/glance/cache/incomplete/cd66455c-9772-4d79-b400-0ea9cf463a75' to '/opt/stack/data/glance/cache/cd66455c-9772-4d79-b400-0ea9cf463a75' {{(pid=76408) commit /opt/stack/glance/glance/image_cache/drivers/centralized_db.py:243}}
Jul 09 17:01:27 devstack devstack@g-api.service[76408]: DEBUG glance.image_cache.drivers.centralized_db [None req-dfc65756-9d9e-45f1-81b2-e11ec0e93a01 tempest-DeleteServersTestJSON-664232511 tempest-DeleteServersTestJSON-664232511-project-member] Image cached successfully. {{(pid=76408) commit /opt/stack/glance/glance/image_cache/drivers/centralized_db.py:258}}
Jul 09 17:01:27 devstack devstack@g-api.service[76408]: [pid: 76408|app: 0|req: 8/17] 127.0.0.1 () {42 vars in 1071 bytes} [Thu Jul 9 17:01:26 2026] GET /v2/images/cd66455c-9772-4d79-b400-0ea9cf463a75/file => generated 21692416 bytes in 706 msecs (HTTP/1.1 200) 4 headers in 191 bytes (335 switches on core 0)
Jul 09 17:01:27 devstack devstack@g-api.service[76409]: DEBUG glance.api.middleware.version_negotiation [None req-dfc65756-9d9e-45f1-81b2-e11ec0e93a01 tempest-DeleteServersTestJSON-664232511 tempest-DeleteServersTestJSON-664232511-project-member] Determining version of request: GET /v2/images/cd66455c-9772-4d79-b400-0ea9cf463a75 Accept: */* {{(pid=76409) process_request /opt/stack/glance/glance/api/middleware/version_negotiation.py:44}}
Jul 09 17:01:27 devstack devstack@g-api.service[76409]: DEBUG glance.api.middleware.version_negotiation [None req-dfc65756-9d9e-45f1-81b2-e11ec0e93a01 tempest-DeleteServersTestJSON-664232511 tempest-DeleteServersTestJSON-664232511-project-member] Using url versioning {{(pid=76409) process_request /opt/stack/glance/glance/api/middleware/version_negotiation.py:57}}
Jul 09 17:01:27 devstack devstack@g-api.service[76409]: DEBUG glance.api.middleware.version_negotiation [None req-dfc65756-9d9e-45f1-81b2-e11ec0e93a01 tempest-DeleteServersTestJSON-664232511 tempest-DeleteServersTestJSON-664232511-project-member] Matched version: v2 {{(pid=76409) process_request /opt/stack/glance/glance/api/middleware/version_negotiation.py:69}}
Jul 09 17:01:27 devstack devstack@g-api.service[76409]: DEBUG glance.api.middleware.version_negotiation [None req-dfc65756-9d9e-45f1-81b2-e11ec0e93a01 tempest-DeleteServersTestJSON-664232511 tempest-DeleteServersTestJSON-664232511-project-member] new path /v2/images/cd66455c-9772-4d79-b400-0ea9cf463a75 {{(pid=76409) process_request /opt/stack/glance/glance/api/middleware/version_negotiation.py:70}}
Jul 09 17:01:27 devstack devstack@g-api.service[76409]: [pid: 76409|app: 0|req: 10/18] 127.0.0.1 () {42 vars in 1061 bytes} [Thu Jul 9 17:01:27 2026] GET /v2/images/cd66455c-9772-4d79-b400-0ea9cf463a75 => generated 976 bytes in 67 msecs (HTTP/1.1 200) 4 headers in 157 bytes (1 switches on core 0)
Jul 09 17:01:27 devstack devstack@g-api.service[76408]: DEBUG glance.api.middleware.version_negotiation [None req-dfc65756-9d9e-45f1-81b2-e11ec0e93a01 tempest-DeleteServersTestJSON-664232511 tempest-DeleteServersTestJSON-664232511-project-member] Determining version of request: GET /v2/schemas/image Accept: */* {{(pid=76408) process_request /opt/stack/glance/glance/api/middleware/version_negotiation.py:44}}
Jul 09 17:01:27 devstack devstack@g-api.service[76408]: DEBUG glance.api.middleware.version_negotiation [None req-dfc65756-9d9e-45f1-81b2-e11ec0e93a01 tempest-DeleteServersTestJSON-664232511 tempest-DeleteServersTestJSON-664232511-project-member] Using url versioning {{(pid=76408) process_request /opt/stack/glance/glance/api/middleware/version_negotiation.py:57}}
Jul 09 17:01:27 devstack devstack@g-api.service[76408]: DEBUG glance.api.middleware.version_negotiation [None req-dfc65756-9d9e-45f1-81b2-e11ec0e93a01 tempest-DeleteServersTestJSON-664232511 tempest-DeleteServersTestJSON-664232511-project-member] Matched version: v2 {{(pid=76408) process_request /opt/stack/glance/glance/api/middleware/version_negotiation.py:69}}
Jul 09 17:01:27 devstack devstack@g-api.service[76408]: DEBUG glance.api.middleware.version_negotiation [None req-dfc65756-9d9e-45f1-81b2-e11ec0e93a01 tempest-DeleteServersTestJSON-664232511 tempest-DeleteServersTestJSON-664232511-project-member] new path /v2/schemas/image {{(pid=76408) process_request /opt/stack/glance/glance/api/middleware/version_negotiation.py:70}}
Jul 09 17:01:27 devstack devstack@g-api.service[76408]: [pid: 76408|app: 0|req: 9/19] 127.0.0.1 () {42 vars in 1001 bytes} [Thu Jul 9 17:01:27 2026] GET /v2/schemas/image => generated 6083 bytes in 18 msecs (HTTP/1.1 200) 4 headers in 158 bytes (1 switches on core 0)
Jul 09 17:01:37 devstack devstack@g-api.service[76408]: DEBUG dbcounter [-] [76408] Writing DB stats glance:SELECT=5,glance:INSERT=1 {{(pid=76408) stat_writer /opt/stack/data/venv/lib/python3.12/site-packages/dbcounter.py:115}}
Jul 09 17:01:37 devstack devstack@g-api.service[76409]: DEBUG dbcounter [-] [76409] Writing DB stats glance:SELECT=4 {{(pid=76409) stat_writer /opt/stack/data/venv/lib/python3.12/site-packages/dbcounter.py:115}}
Jul 09 17:01:37 devstack devstack@g-api.service[76409]: DEBUG glance.api.middleware.version_negotiation [None req-dfc65756-9d9e-45f1-81b2-e11ec0e93a01 tempest-DeleteServersTestJSON-664232511 tempest-DeleteServersTestJSON-664232511-project-member] Determining version of request: GET /v2/images/cd66455c-9772-4d79-b400-0ea9cf463a75 Accept: */* {{(pid=76409) process_request /opt/stack/glance/glance/api/middleware/version_negotiation.py:44}}
Jul 09 17:01:37 devstack devstack@g-api.service[76409]: DEBUG glance.api.middleware.version_negotiation [None req-dfc65756-9d9e-45f1-81b2-e11ec0e93a01 tempest-DeleteServersTestJSON-664232511 tempest-DeleteServersTestJSON-664232511-project-member] Using url versioning {{(pid=76409) process_request /opt/stack/glance/glance/api/middleware/version_negotiation.py:57}}
Jul 09 17:01:37 devstack devstack@g-api.service[76409]: DEBUG glance.api.middleware.version_negotiation [None req-dfc65756-9d9e-45f1-81b2-e11ec0e93a01 tempest-DeleteServersTestJSON-664232511 tempest-DeleteServersTestJSON-664232511-project-member] Matched version: v2 {{(pid=76409) process_request /opt/stack/glance/glance/api/middleware/version_negotiation.py:69}}
Jul 09 17:01:37 devstack devstack@g-api.service[76409]: DEBUG glance.api.middleware.version_negotiation [None req-dfc65756-9d9e-45f1-81b2-e11ec0e93a01 tempest-DeleteServersTestJSON-664232511 tempest-DeleteServersTestJSON-664232511-project-member] new path /v2/images/cd66455c-9772-4d79-b400-0ea9cf463a75 {{(pid=76409) process_request /opt/stack/glance/glance/api/middleware/version_negotiation.py:70}}
Jul 09 17:01:37 devstack devstack@g-api.service[76409]: [pid: 76409|app: 0|req: 11/20] 127.0.0.1 () {42 vars in 1061 bytes} [Thu Jul 9 17:01:37 2026] GET /v2/images/cd66455c-9772-4d79-b400-0ea9cf463a75 => generated 976 bytes in 22 msecs (HTTP/1.1 200) 4 headers in 157 bytes (1 switches on core 0)
Jul 09 17:01:37 devstack devstack@g-api.service[76408]: DEBUG glance.api.middleware.version_negotiation [None req-dfc65756-9d9e-45f1-81b2-e11ec0e93a01 tempest-DeleteServersTestJSON-664232511 tempest-DeleteServersTestJSON-664232511-project-member] Determining version of request: GET /v2/schemas/image Accept: */* {{(pid=76408) process_request /opt/stack/glance/glance/api/middleware/version_negotiation.py:44}}
Jul 09 17:01:37 devstack devstack@g-api.service[76408]: DEBUG glance.api.middleware.version_negotiation [None req-dfc65756-9d9e-45f1-81b2-e11ec0e93a01 tempest-DeleteServersTestJSON-664232511 tempest-DeleteServersTestJSON-664232511-project-member] Using url versioning {{(pid=76408) process_request /opt/stack/glance/glance/api/middleware/version_negotiation.py:57}}
Jul 09 17:01:37 devstack devstack@g-api.service[76408]: DEBUG glance.api.middleware.version_negotiation [None req-dfc65756-9d9e-45f1-81b2-e11ec0e93a01 tempest-DeleteServersTestJSON-664232511 tempest-DeleteServersTestJSON-664232511-project-member] Matched version: v2 {{(pid=76408) process_request /opt/stack/glance/glance/api/middleware/version_negotiation.py:69}}
Jul 09 17:01:37 devstack devstack@g-api.service[76408]: DEBUG glance.api.middleware.version_negotiation [None req-dfc65756-9d9e-45f1-81b2-e11ec0e93a01 tempest-DeleteServersTestJSON-664232511 tempest-DeleteServersTestJSON-664232511-project-member] new path /v2/schemas/image {{(pid=76408) process_request /opt/stack/glance/glance/api/middleware/version_negotiation.py:70}}
Jul 09 17:01:37 devstack devstack@g-api.service[76408]: [pid: 76408|app: 0|req: 10/21] 127.0.0.1 () {42 vars in 1001 bytes} [Thu Jul 9 17:01:37 2026] GET /v2/schemas/image => generated 6083 bytes in 8 msecs (HTTP/1.1 200) 4 headers in 158 bytes (1 switches on core 0)
Jul 09 17:01:41 devstack devstack@g-api.service[76409]: DEBUG glance.api.middleware.version_negotiation [None req-c9b570ad-dff6-44cb-9aab-db57363bb37e tempest-VolumesAdminNegativeTest-465805886 tempest-VolumesAdminNegativeTest-465805886-project-member] Determining version of request: GET / Accept: application/json {{(pid=76409) process_request /opt/stack/glance/glance/api/middleware/version_negotiation.py:44}}
Jul 09 17:01:41 devstack devstack@g-api.service[76409]: DEBUG glance.api.middleware.version_negotiation [None req-c9b570ad-dff6-44cb-9aab-db57363bb37e tempest-VolumesAdminNegativeTest-465805886 tempest-VolumesAdminNegativeTest-465805886-project-member] Using url versioning {{(pid=76409) process_request /opt/stack/glance/glance/api/middleware/version_negotiation.py:57}}
Jul 09 17:01:41 devstack devstack@g-api.service[76409]: DEBUG glance.api.middleware.version_negotiation [None req-c9b570ad-dff6-44cb-9aab-db57363bb37e tempest-VolumesAdminNegativeTest-465805886 tempest-VolumesAdminNegativeTest-465805886-project-member] Unknown version. Returning version choices. {{(pid=76409) process_request /opt/stack/glance/glance/api/middleware/version_negotiation.py:64}}
Jul 09 17:01:41 devstack devstack@g-api.service[76409]: [pid: 76409|app: 0|req: 12/22] 127.0.0.1 () {34 vars in 505 bytes} [Thu Jul 9 17:01:41 2026] GET / => generated 1571 bytes in 2 msecs (HTTP/1.1 300) 3 headers in 106 bytes (1 switches on core 0)
Jul 09 17:01:41 devstack devstack@g-api.service[76408]: DEBUG glance.api.middleware.version_negotiation [None req-c9b570ad-dff6-44cb-9aab-db57363bb37e tempest-VolumesAdminNegativeTest-465805886 tempest-VolumesAdminNegativeTest-465805886-project-member] Determining version of request: GET /v2/images/cd66455c-9772-4d79-b400-0ea9cf463a75 Accept: */* {{(pid=76408) process_request /opt/stack/glance/glance/api/middleware/version_negotiation.py:44}}
Jul 09 17:01:41 devstack devstack@g-api.service[76408]: DEBUG glance.api.middleware.version_negotiation [None req-c9b570ad-dff6-44cb-9aab-db57363bb37e tempest-VolumesAdminNegativeTest-465805886 tempest-VolumesAdminNegativeTest-465805886-project-member] Using url versioning {{(pid=76408) process_request /opt/stack/glance/glance/api/middleware/version_negotiation.py:57}}
Jul 09 17:01:41 devstack devstack@g-api.service[76408]: DEBUG glance.api.middleware.version_negotiation [None req-c9b570ad-dff6-44cb-9aab-db57363bb37e tempest-VolumesAdminNegativeTest-465805886 tempest-VolumesAdminNegativeTest-465805886-project-member] Matched version: v2 {{(pid=76408) process_request /opt/stack/glance/glance/api/middleware/version_negotiation.py:69}}
Jul 09 17:01:41 devstack devstack@g-api.service[76408]: DEBUG glance.api.middleware.version_negotiation [None req-c9b570ad-dff6-44cb-9aab-db57363bb37e tempest-VolumesAdminNegativeTest-465805886 tempest-VolumesAdminNegativeTest-465805886-project-member] new path /v2/images/cd66455c-9772-4d79-b400-0ea9cf463a75 {{(pid=76408) process_request /opt/stack/glance/glance/api/middleware/version_negotiation.py:70}}
Jul 09 17:01:41 devstack devstack@g-api.service[76408]: [pid: 76408|app: 0|req: 11/23] 127.0.0.1 () {42 vars in 1061 bytes} [Thu Jul 9 17:01:41 2026] GET /v2/images/cd66455c-9772-4d79-b400-0ea9cf463a75 => generated 976 bytes in 51 msecs (HTTP/1.1 200) 4 headers in 157 bytes (1 switches on core 0)
Jul 09 17:01:41 devstack devstack@g-api.service[76409]: DEBUG glance.api.middleware.version_negotiation [None req-c9b570ad-dff6-44cb-9aab-db57363bb37e tempest-VolumesAdminNegativeTest-465805886 tempest-VolumesAdminNegativeTest-465805886-project-member] Determining version of request: GET /v2/schemas/image Accept: */* {{(pid=76409) process_request /opt/stack/glance/glance/api/middleware/version_negotiation.py:44}}
Jul 09 17:01:41 devstack devstack@g-api.service[76409]: DEBUG glance.api.middleware.version_negotiation [None req-c9b570ad-dff6-44cb-9aab-db57363bb37e tempest-VolumesAdminNegativeTest-465805886 tempest-VolumesAdminNegativeTest-465805886-project-member] Using url versioning {{(pid=76409) process_request /opt/stack/glance/glance/api/middleware/version_negotiation.py:57}}
Jul 09 17:01:41 devstack devstack@g-api.service[76409]: DEBUG glance.api.middleware.version_negotiation [None req-c9b570ad-dff6-44cb-9aab-db57363bb37e tempest-VolumesAdminNegativeTest-465805886 tempest-VolumesAdminNegativeTest-465805886-project-member] Matched version: v2 {{(pid=76409) process_request /opt/stack/glance/glance/api/middleware/version_negotiation.py:69}}
Jul 09 17:01:41 devstack devstack@g-api.service[76409]: DEBUG glance.api.middleware.version_negotiation [None req-c9b570ad-dff6-44cb-9aab-db57363bb37e tempest-VolumesAdminNegativeTest-465805886 tempest-VolumesAdminNegativeTest-465805886-project-member] new path /v2/schemas/image {{(pid=76409) process_request /opt/stack/glance/glance/api/middleware/version_negotiation.py:70}}
