Aug 21 18:10:39 devstack devstack@g-api.service[84298]: DEBUG glance.common.config [None req-6b762c85-8c98-4abd-b8f3-5d1ec1ceeaf4 None None] barbican_service_user.certfile = None {{(pid=84298) log_opt_values /opt/stack/data/venv/lib/python3.12/site-packages/oslo_config/cfg.py:3560}}
Aug 21 18:10:39 devstack devstack@g-api.service[84298]: DEBUG glance.common.config [None req-6b762c85-8c98-4abd-b8f3-5d1ec1ceeaf4 None None] barbican_service_user.collect_timing = False {{(pid=84298) log_opt_values /opt/stack/data/venv/lib/python3.12/site-packages/oslo_config/cfg.py:3560}}
Aug 21 18:10:39 devstack devstack@g-api.service[84298]: DEBUG glance.common.config [None req-6b762c85-8c98-4abd-b8f3-5d1ec1ceeaf4 None None] barbican_service_user.insecure = False {{(pid=84298) log_opt_values /opt/stack/data/venv/lib/python3.12/site-packages/oslo_config/cfg.py:3560}}
Aug 21 18:10:39 devstack devstack@g-api.service[84298]: DEBUG glance.common.config [None req-6b762c85-8c98-4abd-b8f3-5d1ec1ceeaf4 None None] barbican_service_user.keyfile = None {{(pid=84298) log_opt_values /opt/stack/data/venv/lib/python3.12/site-packages/oslo_config/cfg.py:3560}}
Aug 21 18:10:39 devstack devstack@g-api.service[84298]: DEBUG glance.common.config [None req-6b762c85-8c98-4abd-b8f3-5d1ec1ceeaf4 None None] barbican_service_user.split_loggers = False {{(pid=84298) log_opt_values /opt/stack/data/venv/lib/python3.12/site-packages/oslo_config/cfg.py:3560}}
Aug 21 18:10:39 devstack devstack@g-api.service[84298]: DEBUG glance.common.config [None req-6b762c85-8c98-4abd-b8f3-5d1ec1ceeaf4 None None] barbican_service_user.timeout = None {{(pid=84298) log_opt_values /opt/stack/data/venv/lib/python3.12/site-packages/oslo_config/cfg.py:3560}}
Aug 21 18:10:39 devstack devstack@g-api.service[84298]: DEBUG glance.common.config [None req-6b762c85-8c98-4abd-b8f3-5d1ec1ceeaf4 None None] database.asyncio_connection = **** {{(pid=84298) log_opt_values /opt/stack/data/venv/lib/python3.12/site-packages/oslo_config/cfg.py:3560}}
Aug 21 18:10:39 devstack devstack@g-api.service[84298]: DEBUG glance.common.config [None req-6b762c85-8c98-4abd-b8f3-5d1ec1ceeaf4 None None] database.asyncio_slave_connection = **** {{(pid=84298) log_opt_values /opt/stack/data/venv/lib/python3.12/site-packages/oslo_config/cfg.py:3560}}
Aug 21 18:10:39 devstack devstack@g-api.service[84298]: DEBUG glance.common.config [None req-6b762c85-8c98-4abd-b8f3-5d1ec1ceeaf4 None None] database.backend = sqlalchemy {{(pid=84298) log_opt_values /opt/stack/data/venv/lib/python3.12/site-packages/oslo_config/cfg.py:3560}}
Aug 21 18:10:39 devstack devstack@g-api.service[84298]: DEBUG glance.common.config [None req-6b762c85-8c98-4abd-b8f3-5d1ec1ceeaf4 None None] database.connection = **** {{(pid=84298) log_opt_values /opt/stack/data/venv/lib/python3.12/site-packages/oslo_config/cfg.py:3560}}
Aug 21 18:10:39 devstack devstack@g-api.service[84298]: DEBUG glance.common.config [None req-6b762c85-8c98-4abd-b8f3-5d1ec1ceeaf4 None None] database.connection_debug = 0 {{(pid=84298) log_opt_values /opt/stack/data/venv/lib/python3.12/site-packages/oslo_config/cfg.py:3560}}
Aug 21 18:10:39 devstack devstack@g-api.service[84298]: DEBUG glance.common.config [None req-6b762c85-8c98-4abd-b8f3-5d1ec1ceeaf4 None None] database.connection_parameters = {{(pid=84298) log_opt_values /opt/stack/data/venv/lib/python3.12/site-packages/oslo_config/cfg.py:3560}}
Aug 21 18:10:39 devstack devstack@g-api.service[84298]: DEBUG glance.common.config [None req-6b762c85-8c98-4abd-b8f3-5d1ec1ceeaf4 None None] database.connection_recycle_time = 3600 {{(pid=84298) log_opt_values /opt/stack/data/venv/lib/python3.12/site-packages/oslo_config/cfg.py:3560}}
Aug 21 18:10:39 devstack devstack@g-api.service[84298]: DEBUG glance.common.config [None req-6b762c85-8c98-4abd-b8f3-5d1ec1ceeaf4 None None] database.connection_trace = False {{(pid=84298) log_opt_values /opt/stack/data/venv/lib/python3.12/site-packages/oslo_config/cfg.py:3560}}
Aug 21 18:10:39 devstack devstack@g-api.service[84298]: DEBUG glance.common.config [None req-6b762c85-8c98-4abd-b8f3-5d1ec1ceeaf4 None None] database.db_inc_retry_interval = True {{(pid=84298) log_opt_values /opt/stack/data/venv/lib/python3.12/site-packages/oslo_config/cfg.py:3560}}
Aug 21 18:10:39 devstack devstack@g-api.service[84298]: DEBUG glance.common.config [None req-6b762c85-8c98-4abd-b8f3-5d1ec1ceeaf4 None None] database.db_max_retries = 20 {{(pid=84298) log_opt_values /opt/stack/data/venv/lib/python3.12/site-packages/oslo_config/cfg.py:3560}}
Aug 21 18:10:39 devstack devstack@g-api.service[84298]: DEBUG glance.common.config [None req-6b762c85-8c98-4abd-b8f3-5d1ec1ceeaf4 None None] database.db_max_retry_interval = 10 {{(pid=84298) log_opt_values /opt/stack/data/venv/lib/python3.12/site-packages/oslo_config/cfg.py:3560}}
Aug 21 18:10:39 devstack devstack@g-api.service[84298]: DEBUG glance.common.config [None req-6b762c85-8c98-4abd-b8f3-5d1ec1ceeaf4 None None] database.db_retry_interval = 1 {{(pid=84298) log_opt_values /opt/stack/data/venv/lib/python3.12/site-packages/oslo_config/cfg.py:3560}}
Aug 21 18:10:39 devstack devstack@g-api.service[84298]: DEBUG glance.common.config [None req-6b762c85-8c98-4abd-b8f3-5d1ec1ceeaf4 None None] database.max_overflow = 50 {{(pid=84298) log_opt_values /opt/stack/data/venv/lib/python3.12/site-packages/oslo_config/cfg.py:3560}}
Aug 21 18:10:39 devstack devstack@g-api.service[84298]: DEBUG glance.common.config [None req-6b762c85-8c98-4abd-b8f3-5d1ec1ceeaf4 None None] database.max_pool_size = 5 {{(pid=84298) log_opt_values /opt/stack/data/venv/lib/python3.12/site-packages/oslo_config/cfg.py:3560}}
Aug 21 18:10:39 devstack devstack@g-api.service[84298]: DEBUG glance.common.config [None req-6b762c85-8c98-4abd-b8f3-5d1ec1ceeaf4 None None] database.max_retries = 10 {{(pid=84298) log_opt_values /opt/stack/data/venv/lib/python3.12/site-packages/oslo_config/cfg.py:3560}}
Aug 21 18:10:39 devstack devstack@g-api.service[84298]: DEBUG glance.common.config [None req-6b762c85-8c98-4abd-b8f3-5d1ec1ceeaf4 None None] database.mysql_sql_mode = TRADITIONAL {{(pid=84298) log_opt_values /opt/stack/data/venv/lib/python3.12/site-packages/oslo_config/cfg.py:3560}}
Aug 21 18:10:39 devstack devstack@g-api.service[84298]: DEBUG glance.common.config [None req-6b762c85-8c98-4abd-b8f3-5d1ec1ceeaf4 None None] database.mysql_wsrep_sync_wait = None {{(pid=84298) log_opt_values /opt/stack/data/venv/lib/python3.12/site-packages/oslo_config/cfg.py:3560}}
Aug 21 18:10:39 devstack devstack@g-api.service[84298]: DEBUG glance.common.config [None req-6b762c85-8c98-4abd-b8f3-5d1ec1ceeaf4 None None] database.pool_timeout = None {{(pid=84298) log_opt_values /opt/stack/data/venv/lib/python3.12/site-packages/oslo_config/cfg.py:3560}}
Aug 21 18:10:39 devstack devstack@g-api.service[84298]: DEBUG glance.common.config [None req-6b762c85-8c98-4abd-b8f3-5d1ec1ceeaf4 None None] database.retry_interval = 10 {{(pid=84298) log_opt_values /opt/stack/data/venv/lib/python3.12/site-packages/oslo_config/cfg.py:3560}}
Aug 21 18:10:39 devstack devstack@g-api.service[84298]: DEBUG glance.common.config [None req-6b762c85-8c98-4abd-b8f3-5d1ec1ceeaf4 None None] database.slave_connection = **** {{(pid=84298) log_opt_values /opt/stack/data/venv/lib/python3.12/site-packages/oslo_config/cfg.py:3560}}
Aug 21 18:10:39 devstack devstack@g-api.service[84298]: DEBUG glance.common.config [None req-6b762c85-8c98-4abd-b8f3-5d1ec1ceeaf4 None None] database.sqlite_synchronous = True {{(pid=84298) log_opt_values /opt/stack/data/venv/lib/python3.12/site-packages/oslo_config/cfg.py:3560}}
Aug 21 18:10:39 devstack devstack@g-api.service[84298]: DEBUG glance.common.config [None req-6b762c85-8c98-4abd-b8f3-5d1ec1ceeaf4 None None] database.synchronous_reader = True {{(pid=84298) log_opt_values /opt/stack/data/venv/lib/python3.12/site-packages/oslo_config/cfg.py:3560}}
Aug 21 18:10:39 devstack devstack@g-api.service[84298]: DEBUG glance.common.config [None req-6b762c85-8c98-4abd-b8f3-5d1ec1ceeaf4 None None] database.use_db_reconnect = False {{(pid=84298) log_opt_values /opt/stack/data/venv/lib/python3.12/site-packages/oslo_config/cfg.py:3560}}
Aug 21 18:10:39 devstack devstack@g-api.service[84298]: DEBUG glance.common.config [None req-6b762c85-8c98-4abd-b8f3-5d1ec1ceeaf4 None None] healthcheck.allowed_source_ranges = [] {{(pid=84298) log_opt_values /opt/stack/data/venv/lib/python3.12/site-packages/oslo_config/cfg.py:3560}}
Aug 21 18:10:39 devstack devstack@g-api.service[84298]: DEBUG glance.common.config [None req-6b762c85-8c98-4abd-b8f3-5d1ec1ceeaf4 None None] healthcheck.backends = ['disable_by_file'] {{(pid=84298) log_opt_values /opt/stack/data/venv/lib/python3.12/site-packages/oslo_config/cfg.py:3560}}
Aug 21 18:10:39 devstack devstack@g-api.service[84298]: DEBUG glance.common.config [None req-6b762c85-8c98-4abd-b8f3-5d1ec1ceeaf4 None None] healthcheck.detailed = False {{(pid=84298) log_opt_values /opt/stack/data/venv/lib/python3.12/site-packages/oslo_config/cfg.py:3560}}
Aug 21 18:10:39 devstack devstack@g-api.service[84298]: DEBUG glance.common.config [None req-6b762c85-8c98-4abd-b8f3-5d1ec1ceeaf4 None None] healthcheck.disable_by_file_path = None {{(pid=84298) log_opt_values /opt/stack/data/venv/lib/python3.12/site-packages/oslo_config/cfg.py:3560}}
Aug 21 18:10:39 devstack devstack@g-api.service[84298]: DEBUG glance.common.config [None req-6b762c85-8c98-4abd-b8f3-5d1ec1ceeaf4 None None] healthcheck.ignore_proxied_requests = False {{(pid=84298) log_opt_values /opt/stack/data/venv/lib/python3.12/site-packages/oslo_config/cfg.py:3560}}
Aug 21 18:10:39 devstack devstack@g-api.service[84298]: DEBUG glance.common.config [None req-6b762c85-8c98-4abd-b8f3-5d1ec1ceeaf4 None None] ******************************************************************************** {{(pid=84298) log_opt_values /opt/stack/data/venv/lib/python3.12/site-packages/oslo_config/cfg.py:3567}}
Aug 21 18:10:39 devstack devstack@g-api.service[84298]: WSGI app 0 (mountpoint='') ready in 6 seconds on interpreter 0x718e822a4668 pid: 84298 (default app)
Aug 21 18:10:43 devstack devstack@g-api.service[84299]: DEBUG glance.api.middleware.version_negotiation [None req-25fb5cfb-581e-4b85-99d8-709edb8fca80 None None] Determining version of request: GET / Accept: application/json {{(pid=84299) process_request /opt/stack/glance/glance/api/middleware/version_negotiation.py:44}}
Aug 21 18:10:43 devstack devstack@g-api.service[84299]: DEBUG glance.api.middleware.version_negotiation [None req-25fb5cfb-581e-4b85-99d8-709edb8fca80 None None] Using url versioning {{(pid=84299) process_request /opt/stack/glance/glance/api/middleware/version_negotiation.py:57}}
Aug 21 18:10:43 devstack devstack@g-api.service[84299]: DEBUG glance.api.middleware.version_negotiation [None req-25fb5cfb-581e-4b85-99d8-709edb8fca80 None None] Unknown version. Returning version choices. {{(pid=84299) process_request /opt/stack/glance/glance/api/middleware/version_negotiation.py:64}}
Aug 21 18:10:43 devstack devstack@g-api.service[84299]: [pid: 84299|app: 0|req: 2/2] 127.0.0.1 () {34 vars in 519 bytes} [Fri Aug 21 18:10:43 2026] GET / => generated 1571 bytes in 5 msecs (HTTP/1.1 300) 3 headers in 106 bytes (1 switches on core 0)
Aug 21 18:10:43 devstack devstack@g-api.service[84298]: DEBUG glance.api.middleware.version_negotiation [None req-6b762c85-8c98-4abd-b8f3-5d1ec1ceeaf4 None None] Determining version of request: POST /v2/images Accept: */* {{(pid=84298) process_request /opt/stack/glance/glance/api/middleware/version_negotiation.py:44}}
Aug 21 18:10:43 devstack devstack@g-api.service[84298]: DEBUG glance.api.middleware.version_negotiation [None req-6b762c85-8c98-4abd-b8f3-5d1ec1ceeaf4 None None] Using url versioning {{(pid=84298) process_request /opt/stack/glance/glance/api/middleware/version_negotiation.py:57}}
Aug 21 18:10:43 devstack devstack@g-api.service[84298]: DEBUG glance.api.middleware.version_negotiation [None req-6b762c85-8c98-4abd-b8f3-5d1ec1ceeaf4 None None] Matched version: v2 {{(pid=84298) process_request /opt/stack/glance/glance/api/middleware/version_negotiation.py:69}}
Aug 21 18:10:43 devstack devstack@g-api.service[84298]: DEBUG glance.api.middleware.version_negotiation [None req-6b762c85-8c98-4abd-b8f3-5d1ec1ceeaf4 None None] new path /v2/images {{(pid=84298) process_request /opt/stack/glance/glance/api/middleware/version_negotiation.py:70}}
Aug 21 18:10:44 devstack devstack@g-api.service[84298]: [pid: 84298|app: 0|req: 1/3] 127.0.0.1 () {40 vars in 782 bytes} [Fri Aug 21 18:10:43 2026] POST /v2/images => generated 807 bytes in 1312 msecs (HTTP/1.1 201) 6 headers in 314 bytes (1 switches on core 0)
Aug 21 18:10:44 devstack devstack@g-api.service[84299]: DEBUG glance.api.middleware.version_negotiation [None req-25fb5cfb-581e-4b85-99d8-709edb8fca80 None None] Determining version of request: PUT /v2/images/31ff1c3b-0dbd-46af-a0a3-d3324bf3ee0d/file Accept: {{(pid=84299) process_request /opt/stack/glance/glance/api/middleware/version_negotiation.py:44}}
Aug 21 18:10:44 devstack devstack@g-api.service[84299]: DEBUG glance.api.middleware.version_negotiation [None req-25fb5cfb-581e-4b85-99d8-709edb8fca80 None None] Using url versioning {{(pid=84299) process_request /opt/stack/glance/glance/api/middleware/version_negotiation.py:57}}
Aug 21 18:10:44 devstack devstack@g-api.service[84299]: DEBUG glance.api.middleware.version_negotiation [None req-25fb5cfb-581e-4b85-99d8-709edb8fca80 None None] Matched version: v2 {{(pid=84299) process_request /opt/stack/glance/glance/api/middleware/version_negotiation.py:69}}
Aug 21 18:10:44 devstack devstack@g-api.service[84299]: DEBUG glance.api.middleware.version_negotiation [None req-25fb5cfb-581e-4b85-99d8-709edb8fca80 None None] new path /v2/images/31ff1c3b-0dbd-46af-a0a3-d3324bf3ee0d/file {{(pid=84299) process_request /opt/stack/glance/glance/api/middleware/version_negotiation.py:70}}
Aug 21 18:10:45 devstack devstack@g-api.service[84299]: INFO glance.api.v2.image_data [None req-5a5cc932-c533-4216-9849-4704656fad98 admin admin] Unable to create trust: no such option collect_timing in group [keystone_authtoken] Use the existing user token.
Aug 21 18:10:46 devstack devstack@g-api.service[84299]: DEBUG glance.location [None req-5a5cc932-c533-4216-9849-4704656fad98 admin admin] Enabling in-flight format inspection for qcow2 {{(pid=84299) set_data /opt/stack/glance/glance/location.py:596}}
Aug 21 18:10:46 devstack devstack@g-api.service[84299]: DEBUG oslo_utils.imageutils.format_inspector [None req-5a5cc932-c533-4216-9849-4704656fad98 admin admin] Format inspector for vmdk does not match, excluding from consideration (Signature KDMV not found: b'QFI\xfb') {{(pid=84299) _process_chunk /opt/stack/data/venv/lib/python3.12/site-packages/oslo_utils/imageutils/format_inspector.py:1758}}
Aug 21 18:10:46 devstack devstack@g-api.service[84299]: DEBUG oslo_utils.imageutils.format_inspector [None req-5a5cc932-c533-4216-9849-4704656fad98 admin admin] Format inspector for vhdx does not match, excluding from consideration (Region signature not found at 30000) {{(pid=84299) _process_chunk /opt/stack/data/venv/lib/python3.12/site-packages/oslo_utils/imageutils/format_inspector.py:1758}}
Aug 21 18:10:46 devstack devstack@g-api.service[84299]: DEBUG glance_store._drivers.filesystem [None req-5a5cc932-c533-4216-9849-4704656fad98 admin admin] Wrote 21692416 bytes to /opt/stack/data/glance/images/31ff1c3b-0dbd-46af-a0a3-d3324bf3ee0d with checksum 87617e24a5e30cb3b87fda8c0764838f and multihash 9a9bce0083a00939ec17c11febbfc767aa211aaa54f51e75c5a8b271a9b5637c77205a518b7a2007cb391d23cceb01e0e4e8d64832317151bc85b734b92a7be0 {{(pid=84299) add /opt/stack/data/venv/lib/python3.12/site-packages/glance_store/_drivers/filesystem.py:899}}
Aug 21 18:10:46 devstack devstack@g-api.service[84299]: INFO glance.location [None req-5a5cc932-c533-4216-9849-4704656fad98 admin admin] Image format matched and virtual size computed: 117440512
Aug 21 18:10:46 devstack devstack@g-api.service[84299]: DEBUG glance_store.backend [None req-5a5cc932-c533-4216-9849-4704656fad98 admin admin] Skipping store.set_acls... not implemented. {{(pid=84299) set_acls /opt/stack/data/venv/lib/python3.12/site-packages/glance_store/backend.py:507}}
Aug 21 18:10:46 devstack devstack@g-api.service[84299]: [pid: 84299|app: 0|req: 3/4] 127.0.0.1 () {42 vars in 914 bytes} [Fri Aug 21 18:10:44 2026] PUT /v2/images/31ff1c3b-0dbd-46af-a0a3-d3324bf3ee0d/file => generated 0 bytes in 1857 msecs (HTTP/1.1 204) 4 headers in 171 bytes (1 switches on core 0)
Aug 21 18:10:46 devstack devstack@g-api.service[84298]: DEBUG glance.api.middleware.version_negotiation [None req-06c568bb-50d7-451a-83a7-ef74b6810633 admin admin] Determining version of request: GET /v2/images/31ff1c3b-0dbd-46af-a0a3-d3324bf3ee0d Accept: */* {{(pid=84298) process_request /opt/stack/glance/glance/api/middleware/version_negotiation.py:44}}
Aug 21 18:10:46 devstack devstack@g-api.service[84298]: DEBUG glance.api.middleware.version_negotiation [None req-06c568bb-50d7-451a-83a7-ef74b6810633 admin admin] Using url versioning {{(pid=84298) process_request /opt/stack/glance/glance/api/middleware/version_negotiation.py:57}}
Aug 21 18:10:46 devstack devstack@g-api.service[84298]: DEBUG glance.api.middleware.version_negotiation [None req-06c568bb-50d7-451a-83a7-ef74b6810633 admin admin] Matched version: v2 {{(pid=84298) process_request /opt/stack/glance/glance/api/middleware/version_negotiation.py:69}}
Aug 21 18:10:46 devstack devstack@g-api.service[84298]: DEBUG glance.api.middleware.version_negotiation [None req-06c568bb-50d7-451a-83a7-ef74b6810633 admin admin] new path /v2/images/31ff1c3b-0dbd-46af-a0a3-d3324bf3ee0d {{(pid=84298) process_request /opt/stack/glance/glance/api/middleware/version_negotiation.py:70}}
Aug 21 18:10:46 devstack devstack@g-api.service[84298]: [pid: 84298|app: 0|req: 2/5] 127.0.0.1 () {36 vars in 802 bytes} [Fri Aug 21 18:10:46 2026] GET /v2/images/31ff1c3b-0dbd-46af-a0a3-d3324bf3ee0d => generated 976 bytes in 24 msecs (HTTP/1.1 200) 4 headers in 157 bytes (1 switches on core 0)
Aug 21 18:10:56 devstack devstack@g-api.service[84299]: DEBUG dbcounter [-] [84299] Writing DB stats glance:INSERT=5,glance:SELECT=16,glance:UPDATE=2 {{(pid=84299) stat_writer /opt/stack/data/venv/lib/python3.12/site-packages/dbcounter.py:115}}
Aug 21 18:10:56 devstack devstack@g-api.service[84298]: DEBUG dbcounter [-] [84298] Writing DB stats glance:INSERT=9,glance:SELECT=6 {{(pid=84298) stat_writer /opt/stack/data/venv/lib/python3.12/site-packages/dbcounter.py:115}}
Aug 21 18:11:27 devstack devstack@g-api.service[84299]: DEBUG glance.api.middleware.version_negotiation [None req-5a5cc932-c533-4216-9849-4704656fad98 admin admin] Determining version of request: GET / Accept: application/json {{(pid=84299) process_request /opt/stack/glance/glance/api/middleware/version_negotiation.py:44}}
Aug 21 18:11:27 devstack devstack@g-api.service[84299]: DEBUG glance.api.middleware.version_negotiation [None req-5a5cc932-c533-4216-9849-4704656fad98 admin admin] Using url versioning {{(pid=84299) process_request /opt/stack/glance/glance/api/middleware/version_negotiation.py:57}}
Aug 21 18:11:27 devstack devstack@g-api.service[84299]: DEBUG glance.api.middleware.version_negotiation [None req-5a5cc932-c533-4216-9849-4704656fad98 admin admin] Unknown version. Returning version choices. {{(pid=84299) process_request /opt/stack/glance/glance/api/middleware/version_negotiation.py:64}}
Aug 21 18:11:27 devstack devstack@g-api.service[84299]: [pid: 84299|app: 0|req: 4/6] 127.0.0.1 () {34 vars in 519 bytes} [Fri Aug 21 18:11:27 2026] GET / => generated 1571 bytes in 3 msecs (HTTP/1.1 300) 3 headers in 106 bytes (1 switches on core 0)
Aug 21 18:11:27 devstack devstack@g-api.service[84298]: DEBUG glance.api.middleware.version_negotiation [None req-95981424-154a-4510-8146-c0892bf75198 admin admin] Determining version of request: GET /v2/images Accept: application/json {{(pid=84298) process_request /opt/stack/glance/glance/api/middleware/version_negotiation.py:44}}
Aug 21 18:11:27 devstack devstack@g-api.service[84298]: DEBUG glance.api.middleware.version_negotiation [None req-95981424-154a-4510-8146-c0892bf75198 admin admin] Using url versioning {{(pid=84298) process_request /opt/stack/glance/glance/api/middleware/version_negotiation.py:57}}
Aug 21 18:11:27 devstack devstack@g-api.service[84298]: DEBUG glance.api.middleware.version_negotiation [None req-95981424-154a-4510-8146-c0892bf75198 admin admin] Matched version: v2 {{(pid=84298) process_request /opt/stack/glance/glance/api/middleware/version_negotiation.py:69}}
Aug 21 18:11:27 devstack devstack@g-api.service[84298]: DEBUG glance.api.middleware.version_negotiation [None req-95981424-154a-4510-8146-c0892bf75198 admin admin] new path /v2/images {{(pid=84298) process_request /opt/stack/glance/glance/api/middleware/version_negotiation.py:70}}
Aug 21 18:11:28 devstack devstack@g-api.service[84298]: [pid: 84298|app: 0|req: 3/7] 127.0.0.1 () {36 vars in 741 bytes} [Fri Aug 21 18:11:27 2026] GET /v2/images => generated 1045 bytes in 107 msecs (HTTP/1.1 200) 4 headers in 158 bytes (1 switches on core 0)
Aug 21 18:11:37 devstack devstack@g-api.service[84299]: DEBUG glance.api.middleware.version_negotiation [None req-5a5cc932-c533-4216-9849-4704656fad98 admin admin] Determining version of request: GET / Accept: application/json {{(pid=84299) process_request /opt/stack/glance/glance/api/middleware/version_negotiation.py:44}}
Aug 21 18:11:37 devstack devstack@g-api.service[84299]: DEBUG glance.api.middleware.version_negotiation [None req-5a5cc932-c533-4216-9849-4704656fad98 admin admin] Using url versioning {{(pid=84299) process_request /opt/stack/glance/glance/api/middleware/version_negotiation.py:57}}
Aug 21 18:11:37 devstack devstack@g-api.service[84299]: DEBUG glance.api.middleware.version_negotiation [None req-5a5cc932-c533-4216-9849-4704656fad98 admin admin] Unknown version. Returning version choices. {{(pid=84299) process_request /opt/stack/glance/glance/api/middleware/version_negotiation.py:64}}
Aug 21 18:11:37 devstack devstack@g-api.service[84299]: [pid: 84299|app: 0|req: 5/8] 127.0.0.1 () {34 vars in 519 bytes} [Fri Aug 21 18:11:37 2026] GET / => generated 1571 bytes in 2 msecs (HTTP/1.1 300) 3 headers in 106 bytes (1 switches on core 0)
Aug 21 18:11:37 devstack devstack@g-api.service[84298]: DEBUG glance.api.middleware.version_negotiation [None req-b4cb996a-37bf-447c-9a61-774ff482307c admin admin] Determining version of request: GET /v2/images/31ff1c3b-0dbd-46af-a0a3-d3324bf3ee0d Accept: */* {{(pid=84298) process_request /opt/stack/glance/glance/api/middleware/version_negotiation.py:44}}
Aug 21 18:11:37 devstack devstack@g-api.service[84298]: DEBUG glance.api.middleware.version_negotiation [None req-b4cb996a-37bf-447c-9a61-774ff482307c admin admin] Using url versioning {{(pid=84298) process_request /opt/stack/glance/glance/api/middleware/version_negotiation.py:57}}
Aug 21 18:11:37 devstack devstack@g-api.service[84298]: DEBUG glance.api.middleware.version_negotiation [None req-b4cb996a-37bf-447c-9a61-774ff482307c admin admin] Matched version: v2 {{(pid=84298) process_request /opt/stack/glance/glance/api/middleware/version_negotiation.py:69}}
Aug 21 18:11:37 devstack devstack@g-api.service[84298]: DEBUG glance.api.middleware.version_negotiation [None req-b4cb996a-37bf-447c-9a61-774ff482307c admin admin] new path /v2/images/31ff1c3b-0dbd-46af-a0a3-d3324bf3ee0d {{(pid=84298) process_request /opt/stack/glance/glance/api/middleware/version_negotiation.py:70}}
Aug 21 18:11:37 devstack devstack@g-api.service[84298]: [pid: 84298|app: 0|req: 4/9] 127.0.0.1 () {36 vars in 802 bytes} [Fri Aug 21 18:11:37 2026] GET /v2/images/31ff1c3b-0dbd-46af-a0a3-d3324bf3ee0d => generated 976 bytes in 71 msecs (HTTP/1.1 200) 4 headers in 157 bytes (1 switches on core 0)
Aug 21 18:11:43 devstack devstack@g-api.service[84299]: DEBUG glance.api.middleware.version_negotiation [None req-5a5cc932-c533-4216-9849-4704656fad98 admin admin] Determining version of request: GET / Accept: application/json {{(pid=84299) process_request /opt/stack/glance/glance/api/middleware/version_negotiation.py:44}}
Aug 21 18:11:43 devstack devstack@g-api.service[84299]: DEBUG glance.api.middleware.version_negotiation [None req-5a5cc932-c533-4216-9849-4704656fad98 admin admin] Using url versioning {{(pid=84299) process_request /opt/stack/glance/glance/api/middleware/version_negotiation.py:57}}
Aug 21 18:11:43 devstack devstack@g-api.service[84299]: DEBUG glance.api.middleware.version_negotiation [None req-5a5cc932-c533-4216-9849-4704656fad98 admin admin] Unknown version. Returning version choices. {{(pid=84299) process_request /opt/stack/glance/glance/api/middleware/version_negotiation.py:64}}
Aug 21 18:11:43 devstack devstack@g-api.service[84299]: [pid: 84299|app: 0|req: 6/10] 127.0.0.1 () {34 vars in 519 bytes} [Fri Aug 21 18:11:43 2026] GET / => generated 1571 bytes in 3 msecs (HTTP/1.1 300) 3 headers in 106 bytes (1 switches on core 0)
Aug 21 18:11:43 devstack devstack@g-api.service[84298]: DEBUG glance.api.middleware.version_negotiation [None req-aeae6929-e9b2-458d-bfb5-85f5ff646aab admin admin] Determining version of request: GET /v2/images/31ff1c3b-0dbd-46af-a0a3-d3324bf3ee0d Accept: */* {{(pid=84298) process_request /opt/stack/glance/glance/api/middleware/version_negotiation.py:44}}
Aug 21 18:11:43 devstack devstack@g-api.service[84298]: DEBUG glance.api.middleware.version_negotiation [None req-aeae6929-e9b2-458d-bfb5-85f5ff646aab admin admin] Using url versioning {{(pid=84298) process_request /opt/stack/glance/glance/api/middleware/version_negotiation.py:57}}
Aug 21 18:11:43 devstack devstack@g-api.service[84298]: DEBUG glance.api.middleware.version_negotiation [None req-aeae6929-e9b2-458d-bfb5-85f5ff646aab admin admin] Matched version: v2 {{(pid=84298) process_request /opt/stack/glance/glance/api/middleware/version_negotiation.py:69}}
Aug 21 18:11:43 devstack devstack@g-api.service[84298]: DEBUG glance.api.middleware.version_negotiation [None req-aeae6929-e9b2-458d-bfb5-85f5ff646aab admin admin] new path /v2/images/31ff1c3b-0dbd-46af-a0a3-d3324bf3ee0d {{(pid=84298) process_request /opt/stack/glance/glance/api/middleware/version_negotiation.py:70}}
Aug 21 18:11:43 devstack devstack@g-api.service[84298]: [pid: 84298|app: 0|req: 5/11] 127.0.0.1 () {36 vars in 802 bytes} [Fri Aug 21 18:11:43 2026] GET /v2/images/31ff1c3b-0dbd-46af-a0a3-d3324bf3ee0d => generated 976 bytes in 67 msecs (HTTP/1.1 200) 4 headers in 157 bytes (1 switches on core 0)
Aug 21 18:11:53 devstack devstack@g-api.service[84298]: DEBUG dbcounter [-] [84298] Writing DB stats glance:SELECT=5 {{(pid=84298) stat_writer /opt/stack/data/venv/lib/python3.12/site-packages/dbcounter.py:115}}
Aug 21 18:12:56 devstack devstack@g-api.service[84299]: DEBUG glance.api.middleware.version_negotiation [None req-5a5cc932-c533-4216-9849-4704656fad98 admin admin] Determining version of request: GET / Accept: application/json {{(pid=84299) process_request /opt/stack/glance/glance/api/middleware/version_negotiation.py:44}}
Aug 21 18:12:56 devstack devstack@g-api.service[84299]: DEBUG glance.api.middleware.version_negotiation [None req-5a5cc932-c533-4216-9849-4704656fad98 admin admin] Using url versioning {{(pid=84299) process_request /opt/stack/glance/glance/api/middleware/version_negotiation.py:57}}
Aug 21 18:12:56 devstack devstack@g-api.service[84299]: DEBUG glance.api.middleware.version_negotiation [None req-5a5cc932-c533-4216-9849-4704656fad98 admin admin] Unknown version. Returning version choices. {{(pid=84299) process_request /opt/stack/glance/glance/api/middleware/version_negotiation.py:64}}
Aug 21 18:12:56 devstack devstack@g-api.service[84299]: [pid: 84299|app: 0|req: 7/12] 127.0.0.1 () {36 vars in 488 bytes} [Fri Aug 21 18:12:56 2026] GET / => generated 1571 bytes in 3 msecs (HTTP/1.1 300) 3 headers in 106 bytes (1 switches on core 0)
Aug 21 18:16:04 devstack devstack@g-api.service[84298]: DEBUG glance.api.middleware.version_negotiation [None req-ff9ed6cc-6632-4cff-9f1d-76839499e44e admin admin] Determining version of request: GET / Accept: application/json {{(pid=84298) process_request /opt/stack/glance/glance/api/middleware/version_negotiation.py:44}}
Aug 21 18:16:04 devstack devstack@g-api.service[84298]: DEBUG glance.api.middleware.version_negotiation [None req-ff9ed6cc-6632-4cff-9f1d-76839499e44e admin admin] Using url versioning {{(pid=84298) process_request /opt/stack/glance/glance/api/middleware/version_negotiation.py:57}}
Aug 21 18:16:04 devstack devstack@g-api.service[84298]: DEBUG glance.api.middleware.version_negotiation [None req-ff9ed6cc-6632-4cff-9f1d-76839499e44e admin admin] Unknown version. Returning version choices. {{(pid=84298) process_request /opt/stack/glance/glance/api/middleware/version_negotiation.py:64}}
Aug 21 18:16:04 devstack devstack@g-api.service[84298]: [pid: 84298|app: 0|req: 6/13] 127.0.0.1 () {34 vars in 505 bytes} [Fri Aug 21 18:16:04 2026] GET / => generated 1571 bytes in 6 msecs (HTTP/1.1 300) 3 headers in 106 bytes (1 switches on core 0)
Aug 21 18:16:04 devstack devstack@g-api.service[84299]: DEBUG glance.api.middleware.version_negotiation [None req-5a5cc932-c533-4216-9849-4704656fad98 admin admin] Determining version of request: GET /v2/images/31ff1c3b-0dbd-46af-a0a3-d3324bf3ee0d Accept: */* {{(pid=84299) process_request /opt/stack/glance/glance/api/middleware/version_negotiation.py:44}}
Aug 21 18:16:04 devstack devstack@g-api.service[84299]: DEBUG glance.api.middleware.version_negotiation [None req-5a5cc932-c533-4216-9849-4704656fad98 admin admin] Using url versioning {{(pid=84299) process_request /opt/stack/glance/glance/api/middleware/version_negotiation.py:57}}
Aug 21 18:16:04 devstack devstack@g-api.service[84299]: DEBUG glance.api.middleware.version_negotiation [None req-5a5cc932-c533-4216-9849-4704656fad98 admin admin] Matched version: v2 {{(pid=84299) process_request /opt/stack/glance/glance/api/middleware/version_negotiation.py:69}}
Aug 21 18:16:04 devstack devstack@g-api.service[84299]: DEBUG glance.api.middleware.version_negotiation [None req-5a5cc932-c533-4216-9849-4704656fad98 admin admin] new path /v2/images/31ff1c3b-0dbd-46af-a0a3-d3324bf3ee0d {{(pid=84299) process_request /opt/stack/glance/glance/api/middleware/version_negotiation.py:70}}
Aug 21 18:16:05 devstack devstack@g-api.service[84299]: [pid: 84299|app: 0|req: 8/14] 127.0.0.1 () {42 vars in 1061 bytes} [Fri Aug 21 18:16:04 2026] GET /v2/images/31ff1c3b-0dbd-46af-a0a3-d3324bf3ee0d => generated 976 bytes in 441 msecs (HTTP/1.1 200) 4 headers in 157 bytes (1 switches on core 0)
Aug 21 18:16:05 devstack devstack@g-api.service[84298]: DEBUG glance.api.middleware.version_negotiation [None req-ff9ed6cc-6632-4cff-9f1d-76839499e44e admin admin] Determining version of request: GET /v2/schemas/image Accept: */* {{(pid=84298) process_request /opt/stack/glance/glance/api/middleware/version_negotiation.py:44}}
Aug 21 18:16:05 devstack devstack@g-api.service[84298]: DEBUG glance.api.middleware.version_negotiation [None req-ff9ed6cc-6632-4cff-9f1d-76839499e44e admin admin] Using url versioning {{(pid=84298) process_request /opt/stack/glance/glance/api/middleware/version_negotiation.py:57}}
Aug 21 18:16:05 devstack devstack@g-api.service[84298]: DEBUG glance.api.middleware.version_negotiation [None req-ff9ed6cc-6632-4cff-9f1d-76839499e44e admin admin] Matched version: v2 {{(pid=84298) process_request /opt/stack/glance/glance/api/middleware/version_negotiation.py:69}}
Aug 21 18:16:05 devstack devstack@g-api.service[84298]: DEBUG glance.api.middleware.version_negotiation [None req-ff9ed6cc-6632-4cff-9f1d-76839499e44e admin admin] new path /v2/schemas/image {{(pid=84298) process_request /opt/stack/glance/glance/api/middleware/version_negotiation.py:70}}
Aug 21 18:16:05 devstack devstack@g-api.service[84298]: [pid: 84298|app: 0|req: 7/15] 127.0.0.1 () {42 vars in 1001 bytes} [Fri Aug 21 18:16:05 2026] GET /v2/schemas/image => generated 6083 bytes in 12 msecs (HTTP/1.1 200) 4 headers in 158 bytes (1 switches on core 0)
Aug 21 18:16:15 devstack devstack@g-api.service[84299]: DEBUG dbcounter [-] [84299] Writing DB stats glance:SELECT=2 {{(pid=84299) stat_writer /opt/stack/data/venv/lib/python3.12/site-packages/dbcounter.py:115}}
Aug 21 18:16:23 devstack devstack@g-api.service[84299]: DEBUG glance.api.middleware.version_negotiation [None req-f7bc09c6-0de0-4e36-b9bc-2854be0d1e2e tempest-AttachVolumeTestJSON-1142646269 tempest-AttachVolumeTestJSON-1142646269-project-member] Determining version of request: GET /v2/images/31ff1c3b-0dbd-46af-a0a3-d3324bf3ee0d Accept: */* {{(pid=84299) process_request /opt/stack/glance/glance/api/middleware/version_negotiation.py:44}}
Aug 21 18:16:23 devstack devstack@g-api.service[84299]: DEBUG glance.api.middleware.version_negotiation [None req-f7bc09c6-0de0-4e36-b9bc-2854be0d1e2e tempest-AttachVolumeTestJSON-1142646269 tempest-AttachVolumeTestJSON-1142646269-project-member] Using url versioning {{(pid=84299) process_request /opt/stack/glance/glance/api/middleware/version_negotiation.py:57}}
Aug 21 18:16:23 devstack devstack@g-api.service[84299]: DEBUG glance.api.middleware.version_negotiation [None req-f7bc09c6-0de0-4e36-b9bc-2854be0d1e2e tempest-AttachVolumeTestJSON-1142646269 tempest-AttachVolumeTestJSON-1142646269-project-member] Matched version: v2 {{(pid=84299) process_request /opt/stack/glance/glance/api/middleware/version_negotiation.py:69}}
Aug 21 18:16:23 devstack devstack@g-api.service[84299]: DEBUG glance.api.middleware.version_negotiation [None req-f7bc09c6-0de0-4e36-b9bc-2854be0d1e2e tempest-AttachVolumeTestJSON-1142646269 tempest-AttachVolumeTestJSON-1142646269-project-member] new path /v2/images/31ff1c3b-0dbd-46af-a0a3-d3324bf3ee0d {{(pid=84299) process_request /opt/stack/glance/glance/api/middleware/version_negotiation.py:70}}
Aug 21 18:16:23 devstack devstack@g-api.service[84299]: [pid: 84299|app: 0|req: 9/16] 127.0.0.1 () {42 vars in 1061 bytes} [Fri Aug 21 18:16:23 2026] GET /v2/images/31ff1c3b-0dbd-46af-a0a3-d3324bf3ee0d => generated 976 bytes in 240 msecs (HTTP/1.1 200) 4 headers in 157 bytes (1 switches on core 0)
Aug 21 18:16:23 devstack devstack@g-api.service[84298]: DEBUG glance.api.middleware.version_negotiation [None req-f7bc09c6-0de0-4e36-b9bc-2854be0d1e2e tempest-AttachVolumeTestJSON-1142646269 tempest-AttachVolumeTestJSON-1142646269-project-member] Determining version of request: GET /v2/images/31ff1c3b-0dbd-46af-a0a3-d3324bf3ee0d/file Accept: */* {{(pid=84298) process_request /opt/stack/glance/glance/api/middleware/version_negotiation.py:44}}
Aug 21 18:16:23 devstack devstack@g-api.service[84298]: DEBUG glance.api.middleware.version_negotiation [None req-f7bc09c6-0de0-4e36-b9bc-2854be0d1e2e tempest-AttachVolumeTestJSON-1142646269 tempest-AttachVolumeTestJSON-1142646269-project-member] Using url versioning {{(pid=84298) process_request /opt/stack/glance/glance/api/middleware/version_negotiation.py:57}}
Aug 21 18:16:23 devstack devstack@g-api.service[84298]: DEBUG glance.api.middleware.version_negotiation [None req-f7bc09c6-0de0-4e36-b9bc-2854be0d1e2e tempest-AttachVolumeTestJSON-1142646269 tempest-AttachVolumeTestJSON-1142646269-project-member] Matched version: v2 {{(pid=84298) process_request /opt/stack/glance/glance/api/middleware/version_negotiation.py:69}}
Aug 21 18:16:23 devstack devstack@g-api.service[84298]: DEBUG glance.api.middleware.version_negotiation [None req-f7bc09c6-0de0-4e36-b9bc-2854be0d1e2e tempest-AttachVolumeTestJSON-1142646269 tempest-AttachVolumeTestJSON-1142646269-project-member] new path /v2/images/31ff1c3b-0dbd-46af-a0a3-d3324bf3ee0d/file {{(pid=84298) process_request /opt/stack/glance/glance/api/middleware/version_negotiation.py:70}}
Aug 21 18:16:23 devstack devstack@g-api.service[84298]: DEBUG glance_store._drivers.filesystem [None req-f7bc09c6-0de0-4e36-b9bc-2854be0d1e2e tempest-AttachVolumeTestJSON-1142646269 tempest-AttachVolumeTestJSON-1142646269-project-member] Found image at /opt/stack/data/glance/images/31ff1c3b-0dbd-46af-a0a3-d3324bf3ee0d. Returning in ChunkedFile. {{(pid=84298) get /opt/stack/data/venv/lib/python3.12/site-packages/glance_store/_drivers/filesystem.py:724}}
Aug 21 18:16:23 devstack devstack@g-api.service[84298]: DEBUG glance.image_cache [None req-f7bc09c6-0de0-4e36-b9bc-2854be0d1e2e tempest-AttachVolumeTestJSON-1142646269 tempest-AttachVolumeTestJSON-1142646269-project-member] Tee'ing image '31ff1c3b-0dbd-46af-a0a3-d3324bf3ee0d' into cache {{(pid=84298) get_caching_iter /opt/stack/glance/glance/image_cache/__init__.py:356}}
Aug 21 18:16:24 devstack devstack@g-api.service[84298]: DEBUG glance.image_cache.drivers.centralized_db [None req-f7bc09c6-0de0-4e36-b9bc-2854be0d1e2e tempest-AttachVolumeTestJSON-1142646269 tempest-AttachVolumeTestJSON-1142646269-project-member] Fetch finished, moving '/opt/stack/data/glance/cache/incomplete/31ff1c3b-0dbd-46af-a0a3-d3324bf3ee0d' to '/opt/stack/data/glance/cache/31ff1c3b-0dbd-46af-a0a3-d3324bf3ee0d' {{(pid=84298) commit /opt/stack/glance/glance/image_cache/drivers/centralized_db.py:243}}
Aug 21 18:16:24 devstack devstack@g-api.service[84298]: DEBUG glance.image_cache.drivers.centralized_db [None req-f7bc09c6-0de0-4e36-b9bc-2854be0d1e2e tempest-AttachVolumeTestJSON-1142646269 tempest-AttachVolumeTestJSON-1142646269-project-member] Image cached successfully. {{(pid=84298) commit /opt/stack/glance/glance/image_cache/drivers/centralized_db.py:258}}
Aug 21 18:16:24 devstack devstack@g-api.service[84298]: [pid: 84298|app: 0|req: 8/17] 127.0.0.1 () {42 vars in 1071 bytes} [Fri Aug 21 18:16:23 2026] GET /v2/images/31ff1c3b-0dbd-46af-a0a3-d3324bf3ee0d/file => generated 21692416 bytes in 440 msecs (HTTP/1.1 200) 4 headers in 191 bytes (338 switches on core 0)
Aug 21 18:16:24 devstack devstack@g-api.service[84299]: DEBUG glance.api.middleware.version_negotiation [None req-f7bc09c6-0de0-4e36-b9bc-2854be0d1e2e tempest-AttachVolumeTestJSON-1142646269 tempest-AttachVolumeTestJSON-1142646269-project-member] Determining version of request: GET /v2/images/31ff1c3b-0dbd-46af-a0a3-d3324bf3ee0d Accept: */* {{(pid=84299) process_request /opt/stack/glance/glance/api/middleware/version_negotiation.py:44}}
Aug 21 18:16:24 devstack devstack@g-api.service[84299]: DEBUG glance.api.middleware.version_negotiation [None req-f7bc09c6-0de0-4e36-b9bc-2854be0d1e2e tempest-AttachVolumeTestJSON-1142646269 tempest-AttachVolumeTestJSON-1142646269-project-member] Using url versioning {{(pid=84299) process_request /opt/stack/glance/glance/api/middleware/version_negotiation.py:57}}
Aug 21 18:16:24 devstack devstack@g-api.service[84299]: DEBUG glance.api.middleware.version_negotiation [None req-f7bc09c6-0de0-4e36-b9bc-2854be0d1e2e tempest-AttachVolumeTestJSON-1142646269 tempest-AttachVolumeTestJSON-1142646269-project-member] Matched version: v2 {{(pid=84299) process_request /opt/stack/glance/glance/api/middleware/version_negotiation.py:69}}
Aug 21 18:16:24 devstack devstack@g-api.service[84299]: DEBUG glance.api.middleware.version_negotiation [None req-f7bc09c6-0de0-4e36-b9bc-2854be0d1e2e tempest-AttachVolumeTestJSON-1142646269 tempest-AttachVolumeTestJSON-1142646269-project-member] new path /v2/images/31ff1c3b-0dbd-46af-a0a3-d3324bf3ee0d {{(pid=84299) process_request /opt/stack/glance/glance/api/middleware/version_negotiation.py:70}}
Aug 21 18:16:24 devstack devstack@g-api.service[84299]: [pid: 84299|app: 0|req: 10/18] 127.0.0.1 () {42 vars in 1061 bytes} [Fri Aug 21 18:16:24 2026] GET /v2/images/31ff1c3b-0dbd-46af-a0a3-d3324bf3ee0d => generated 976 bytes in 42 msecs (HTTP/1.1 200) 4 headers in 157 bytes (1 switches on core 0)
Aug 21 18:16:24 devstack devstack@g-api.service[84298]: DEBUG glance.api.middleware.version_negotiation [None req-f7bc09c6-0de0-4e36-b9bc-2854be0d1e2e tempest-AttachVolumeTestJSON-1142646269 tempest-AttachVolumeTestJSON-1142646269-project-member] Determining version of request: GET /v2/schemas/image Accept: */* {{(pid=84298) process_request /opt/stack/glance/glance/api/middleware/version_negotiation.py:44}}
Aug 21 18:16:24 devstack devstack@g-api.service[84298]: DEBUG glance.api.middleware.version_negotiation [None req-f7bc09c6-0de0-4e36-b9bc-2854be0d1e2e tempest-AttachVolumeTestJSON-1142646269 tempest-AttachVolumeTestJSON-1142646269-project-member] Using url versioning {{(pid=84298) process_request /opt/stack/glance/glance/api/middleware/version_negotiation.py:57}}
Aug 21 18:16:24 devstack devstack@g-api.service[84298]: DEBUG glance.api.middleware.version_negotiation [None req-f7bc09c6-0de0-4e36-b9bc-2854be0d1e2e tempest-AttachVolumeTestJSON-1142646269 tempest-AttachVolumeTestJSON-1142646269-project-member] Matched version: v2 {{(pid=84298) process_request /opt/stack/glance/glance/api/middleware/version_negotiation.py:69}}
Aug 21 18:16:24 devstack devstack@g-api.service[84298]: DEBUG glance.api.middleware.version_negotiation [None req-f7bc09c6-0de0-4e36-b9bc-2854be0d1e2e tempest-AttachVolumeTestJSON-1142646269 tempest-AttachVolumeTestJSON-1142646269-project-member] new path /v2/schemas/image {{(pid=84298) process_request /opt/stack/glance/glance/api/middleware/version_negotiation.py:70}}
Aug 21 18:16:24 devstack devstack@g-api.service[84298]: [pid: 84298|app: 0|req: 9/19] 127.0.0.1 () {42 vars in 1001 bytes} [Fri Aug 21 18:16:24 2026] GET /v2/schemas/image => generated 6083 bytes in 18 msecs (HTTP/1.1 200) 4 headers in 158 bytes (1 switches on core 0)
Aug 21 18:16:28 devstack devstack@g-api.service[84299]: DEBUG glance.api.middleware.version_negotiation [None req-f7bc09c6-0de0-4e36-b9bc-2854be0d1e2e tempest-AttachVolumeTestJSON-1142646269 tempest-AttachVolumeTestJSON-1142646269-project-member] Determining version of request: GET /v2/images/31ff1c3b-0dbd-46af-a0a3-d3324bf3ee0d Accept: */* {{(pid=84299) process_request /opt/stack/glance/glance/api/middleware/version_negotiation.py:44}}
Aug 21 18:16:28 devstack devstack@g-api.service[84299]: DEBUG glance.api.middleware.version_negotiation [None req-f7bc09c6-0de0-4e36-b9bc-2854be0d1e2e tempest-AttachVolumeTestJSON-1142646269 tempest-AttachVolumeTestJSON-1142646269-project-member] Using url versioning {{(pid=84299) process_request /opt/stack/glance/glance/api/middleware/version_negotiation.py:57}}
Aug 21 18:16:28 devstack devstack@g-api.service[84299]: DEBUG glance.api.middleware.version_negotiation [None req-f7bc09c6-0de0-4e36-b9bc-2854be0d1e2e tempest-AttachVolumeTestJSON-1142646269 tempest-AttachVolumeTestJSON-1142646269-project-member] Matched version: v2 {{(pid=84299) process_request /opt/stack/glance/glance/api/middleware/version_negotiation.py:69}}
Aug 21 18:16:28 devstack devstack@g-api.service[84299]: DEBUG glance.api.middleware.version_negotiation [None req-f7bc09c6-0de0-4e36-b9bc-2854be0d1e2e tempest-AttachVolumeTestJSON-1142646269 tempest-AttachVolumeTestJSON-1142646269-project-member] new path /v2/images/31ff1c3b-0dbd-46af-a0a3-d3324bf3ee0d {{(pid=84299) process_request /opt/stack/glance/glance/api/middleware/version_negotiation.py:70}}
Aug 21 18:16:28 devstack devstack@g-api.service[84299]: [pid: 84299|app: 0|req: 11/20] 127.0.0.1 () {42 vars in 1061 bytes} [Fri Aug 21 18:16:28 2026] GET /v2/images/31ff1c3b-0dbd-46af-a0a3-d3324bf3ee0d => generated 976 bytes in 32 msecs (HTTP/1.1 200) 4 headers in 157 bytes (1 switches on core 0)
Aug 21 18:16:28 devstack devstack@g-api.service[84298]: DEBUG glance.api.middleware.version_negotiation [None req-f7bc09c6-0de0-4e36-b9bc-2854be0d1e2e tempest-AttachVolumeTestJSON-1142646269 tempest-AttachVolumeTestJSON-1142646269-project-member] Determining version of request: GET /v2/schemas/image Accept: */* {{(pid=84298) process_request /opt/stack/glance/glance/api/middleware/version_negotiation.py:44}}
Aug 21 18:16:28 devstack devstack@g-api.service[84298]: DEBUG glance.api.middleware.version_negotiation [None req-f7bc09c6-0de0-4e36-b9bc-2854be0d1e2e tempest-AttachVolumeTestJSON-1142646269 tempest-AttachVolumeTestJSON-1142646269-project-member] Using url versioning {{(pid=84298) process_request /opt/stack/glance/glance/api/middleware/version_negotiation.py:57}}
Aug 21 18:16:28 devstack devstack@g-api.service[84298]: DEBUG glance.api.middleware.version_negotiation [None req-f7bc09c6-0de0-4e36-b9bc-2854be0d1e2e tempest-AttachVolumeTestJSON-1142646269 tempest-AttachVolumeTestJSON-1142646269-project-member] Matched version: v2 {{(pid=84298) process_request /opt/stack/glance/glance/api/middleware/version_negotiation.py:69}}
Aug 21 18:16:28 devstack devstack@g-api.service[84298]: DEBUG glance.api.middleware.version_negotiation [None req-f7bc09c6-0de0-4e36-b9bc-2854be0d1e2e tempest-AttachVolumeTestJSON-1142646269 tempest-AttachVolumeTestJSON-1142646269-project-member] new path /v2/schemas/image {{(pid=84298) process_request /opt/stack/glance/glance/api/middleware/version_negotiation.py:70}}
Aug 21 18:16:28 devstack devstack@g-api.service[84298]: [pid: 84298|app: 0|req: 10/21] 127.0.0.1 () {42 vars in 1001 bytes} [Fri Aug 21 18:16:28 2026] GET /v2/schemas/image => generated 6083 bytes in 14 msecs (HTTP/1.1 200) 4 headers in 158 bytes (1 switches on core 0)
Aug 21 18:16:33 devstack devstack@g-api.service[84299]: DEBUG glance.api.middleware.version_negotiation [None req-323a6409-6697-42f7-b3ab-40cdb2ae3e1e tempest-VolumesAdminNegativeTest-1348485496 tempest-VolumesAdminNegativeTest-1348485496-project-member] Determining version of request: GET / Accept: application/json {{(pid=84299) process_request /opt/stack/glance/glance/api/middleware/version_negotiation.py:44}}
Aug 21 18:16:33 devstack devstack@g-api.service[84299]: DEBUG glance.api.middleware.version_negotiation [None req-323a6409-6697-42f7-b3ab-40cdb2ae3e1e tempest-VolumesAdminNegativeTest-1348485496 tempest-VolumesAdminNegativeTest-1348485496-project-member] Using url versioning {{(pid=84299) process_request /opt/stack/glance/glance/api/middleware/version_negotiation.py:57}}
Aug 21 18:16:33 devstack devstack@g-api.service[84299]: DEBUG glance.api.middleware.version_negotiation [None req-323a6409-6697-42f7-b3ab-40cdb2ae3e1e tempest-VolumesAdminNegativeTest-1348485496 tempest-VolumesAdminNegativeTest-1348485496-project-member] Unknown version. Returning version choices. {{(pid=84299) process_request /opt/stack/glance/glance/api/middleware/version_negotiation.py:64}}
Aug 21 18:16:33 devstack devstack@g-api.service[84299]: [pid: 84299|app: 0|req: 12/22] 127.0.0.1 () {34 vars in 505 bytes} [Fri Aug 21 18:16:33 2026] GET / => generated 1571 bytes in 4 msecs (HTTP/1.1 300) 3 headers in 106 bytes (1 switches on core 0)
Aug 21 18:16:33 devstack devstack@g-api.service[84298]: DEBUG glance.api.middleware.version_negotiation [None req-323a6409-6697-42f7-b3ab-40cdb2ae3e1e tempest-VolumesAdminNegativeTest-1348485496 tempest-VolumesAdminNegativeTest-1348485496-project-member] Determining version of request: GET /v2/images/31ff1c3b-0dbd-46af-a0a3-d3324bf3ee0d Accept: */* {{(pid=84298) process_request /opt/stack/glance/glance/api/middleware/version_negotiation.py:44}}
Aug 21 18:16:33 devstack devstack@g-api.service[84298]: DEBUG glance.api.middleware.version_negotiation [None req-323a6409-6697-42f7-b3ab-40cdb2ae3e1e tempest-VolumesAdminNegativeTest-1348485496 tempest-VolumesAdminNegativeTest-1348485496-project-member] Using url versioning {{(pid=84298) process_request /opt/stack/glance/glance/api/middleware/version_negotiation.py:57}}
Aug 21 18:16:33 devstack devstack@g-api.service[84298]: DEBUG glance.api.middleware.version_negotiation [None req-323a6409-6697-42f7-b3ab-40cdb2ae3e1e tempest-VolumesAdminNegativeTest-1348485496 tempest-VolumesAdminNegativeTest-1348485496-project-member] Matched version: v2 {{(pid=84298) process_request /opt/stack/glance/glance/api/middleware/version_negotiation.py:69}}
Aug 21 18:16:33 devstack devstack@g-api.service[84298]: DEBUG glance.api.middleware.version_negotiation [None req-323a6409-6697-42f7-b3ab-40cdb2ae3e1e tempest-VolumesAdminNegativeTest-1348485496 tempest-VolumesAdminNegativeTest-1348485496-project-member] new path /v2/images/31ff1c3b-0dbd-46af-a0a3-d3324bf3ee0d {{(pid=84298) process_request /opt/stack/glance/glance/api/middleware/version_negotiation.py:70}}
Aug 21 18:16:33 devstack devstack@g-api.service[84298]: [pid: 84298|app: 0|req: 11/23] 127.0.0.1 () {42 vars in 1061 bytes} [Fri Aug 21 18:16:33 2026] GET /v2/images/31ff1c3b-0dbd-46af-a0a3-d3324bf3ee0d => generated 976 bytes in 37 msecs (HTTP/1.1 200) 4 headers in 157 bytes (1 switches on core 0)
Aug 21 18:16:33 devstack devstack@g-api.service[84299]: DEBUG glance.api.middleware.version_negotiation [None req-323a6409-6697-42f7-b3ab-40cdb2ae3e1e tempest-VolumesAdminNegativeTest-1348485496 tempest-VolumesAdminNegativeTest-1348485496-project-member] Determining version of request: GET /v2/schemas/image Accept: */* {{(pid=84299) process_request /opt/stack/glance/glance/api/middleware/version_negotiation.py:44}}
Aug 21 18:16:33 devstack devstack@g-api.service[84299]: DEBUG glance.api.middleware.version_negotiation [None req-323a6409-6697-42f7-b3ab-40cdb2ae3e1e tempest-VolumesAdminNegativeTest-1348485496 tempest-VolumesAdminNegativeTest-1348485496-project-member] Using url versioning {{(pid=84299) process_request /opt/stack/glance/glance/api/middleware/version_negotiation.py:57}}
Aug 21 18:16:33 devstack devstack@g-api.service[84299]: DEBUG glance.api.middleware.version_negotiation [None req-323a6409-6697-42f7-b3ab-40cdb2ae3e1e tempest-VolumesAdminNegativeTest-1348485496 tempest-VolumesAdminNegativeTest-1348485496-project-member] Matched version: v2 {{(pid=84299) process_request /opt/stack/glance/glance/api/middleware/version_negotiation.py:69}}
Aug 21 18:16:33 devstack devstack@g-api.service[84299]: DEBUG glance.api.middleware.version_negotiation [None req-323a6409-6697-42f7-b3ab-40cdb2ae3e1e tempest-VolumesAdminNegativeTest-1348485496 tempest-VolumesAdminNegativeTest-1348485496-project-member] new path /v2/schemas/image {{(pid=84299) process_request /opt/stack/glance/glance/api/middleware/version_negotiation.py:70}}
