Aug 18 19:14:32 devstack devstack@g-api.service[84210]: DEBUG glance.common.config [None req-0402406e-3efb-4336-b61e-99d8dd3c71ad None None] barbican_service_user.certfile = None {{(pid=84210) log_opt_values /opt/stack/data/venv/lib/python3.12/site-packages/oslo_config/cfg.py:3560}}
Aug 18 19:14:32 devstack devstack@g-api.service[84210]: DEBUG glance.common.config [None req-0402406e-3efb-4336-b61e-99d8dd3c71ad None None] barbican_service_user.collect_timing = False {{(pid=84210) log_opt_values /opt/stack/data/venv/lib/python3.12/site-packages/oslo_config/cfg.py:3560}}
Aug 18 19:14:32 devstack devstack@g-api.service[84210]: DEBUG glance.common.config [None req-0402406e-3efb-4336-b61e-99d8dd3c71ad None None] barbican_service_user.insecure = False {{(pid=84210) log_opt_values /opt/stack/data/venv/lib/python3.12/site-packages/oslo_config/cfg.py:3560}}
Aug 18 19:14:32 devstack devstack@g-api.service[84210]: DEBUG glance.common.config [None req-0402406e-3efb-4336-b61e-99d8dd3c71ad None None] barbican_service_user.keyfile = None {{(pid=84210) log_opt_values /opt/stack/data/venv/lib/python3.12/site-packages/oslo_config/cfg.py:3560}}
Aug 18 19:14:32 devstack devstack@g-api.service[84210]: DEBUG glance.common.config [None req-0402406e-3efb-4336-b61e-99d8dd3c71ad None None] barbican_service_user.split_loggers = False {{(pid=84210) log_opt_values /opt/stack/data/venv/lib/python3.12/site-packages/oslo_config/cfg.py:3560}}
Aug 18 19:14:32 devstack devstack@g-api.service[84210]: DEBUG glance.common.config [None req-0402406e-3efb-4336-b61e-99d8dd3c71ad None None] barbican_service_user.timeout = None {{(pid=84210) log_opt_values /opt/stack/data/venv/lib/python3.12/site-packages/oslo_config/cfg.py:3560}}
Aug 18 19:14:32 devstack devstack@g-api.service[84210]: DEBUG glance.common.config [None req-0402406e-3efb-4336-b61e-99d8dd3c71ad None None] database.asyncio_connection = **** {{(pid=84210) log_opt_values /opt/stack/data/venv/lib/python3.12/site-packages/oslo_config/cfg.py:3560}}
Aug 18 19:14:32 devstack devstack@g-api.service[84210]: DEBUG glance.common.config [None req-0402406e-3efb-4336-b61e-99d8dd3c71ad None None] database.asyncio_slave_connection = **** {{(pid=84210) log_opt_values /opt/stack/data/venv/lib/python3.12/site-packages/oslo_config/cfg.py:3560}}
Aug 18 19:14:32 devstack devstack@g-api.service[84210]: DEBUG glance.common.config [None req-0402406e-3efb-4336-b61e-99d8dd3c71ad None None] database.backend = sqlalchemy {{(pid=84210) log_opt_values /opt/stack/data/venv/lib/python3.12/site-packages/oslo_config/cfg.py:3560}}
Aug 18 19:14:32 devstack devstack@g-api.service[84210]: DEBUG glance.common.config [None req-0402406e-3efb-4336-b61e-99d8dd3c71ad None None] database.connection = **** {{(pid=84210) log_opt_values /opt/stack/data/venv/lib/python3.12/site-packages/oslo_config/cfg.py:3560}}
Aug 18 19:14:32 devstack devstack@g-api.service[84210]: DEBUG glance.common.config [None req-0402406e-3efb-4336-b61e-99d8dd3c71ad None None] database.connection_debug = 0 {{(pid=84210) log_opt_values /opt/stack/data/venv/lib/python3.12/site-packages/oslo_config/cfg.py:3560}}
Aug 18 19:14:32 devstack devstack@g-api.service[84210]: DEBUG glance.common.config [None req-0402406e-3efb-4336-b61e-99d8dd3c71ad None None] database.connection_parameters = {{(pid=84210) log_opt_values /opt/stack/data/venv/lib/python3.12/site-packages/oslo_config/cfg.py:3560}}
Aug 18 19:14:32 devstack devstack@g-api.service[84210]: DEBUG glance.common.config [None req-0402406e-3efb-4336-b61e-99d8dd3c71ad None None] database.connection_recycle_time = 3600 {{(pid=84210) log_opt_values /opt/stack/data/venv/lib/python3.12/site-packages/oslo_config/cfg.py:3560}}
Aug 18 19:14:32 devstack devstack@g-api.service[84210]: DEBUG glance.common.config [None req-0402406e-3efb-4336-b61e-99d8dd3c71ad None None] database.connection_trace = False {{(pid=84210) log_opt_values /opt/stack/data/venv/lib/python3.12/site-packages/oslo_config/cfg.py:3560}}
Aug 18 19:14:32 devstack devstack@g-api.service[84210]: DEBUG glance.common.config [None req-0402406e-3efb-4336-b61e-99d8dd3c71ad None None] database.db_inc_retry_interval = True {{(pid=84210) log_opt_values /opt/stack/data/venv/lib/python3.12/site-packages/oslo_config/cfg.py:3560}}
Aug 18 19:14:32 devstack devstack@g-api.service[84210]: DEBUG glance.common.config [None req-0402406e-3efb-4336-b61e-99d8dd3c71ad None None] database.db_max_retries = 20 {{(pid=84210) log_opt_values /opt/stack/data/venv/lib/python3.12/site-packages/oslo_config/cfg.py:3560}}
Aug 18 19:14:32 devstack devstack@g-api.service[84210]: DEBUG glance.common.config [None req-0402406e-3efb-4336-b61e-99d8dd3c71ad None None] database.db_max_retry_interval = 10 {{(pid=84210) log_opt_values /opt/stack/data/venv/lib/python3.12/site-packages/oslo_config/cfg.py:3560}}
Aug 18 19:14:32 devstack devstack@g-api.service[84210]: DEBUG glance.common.config [None req-0402406e-3efb-4336-b61e-99d8dd3c71ad None None] database.db_retry_interval = 1 {{(pid=84210) log_opt_values /opt/stack/data/venv/lib/python3.12/site-packages/oslo_config/cfg.py:3560}}
Aug 18 19:14:32 devstack devstack@g-api.service[84210]: DEBUG glance.common.config [None req-0402406e-3efb-4336-b61e-99d8dd3c71ad None None] database.max_overflow = 50 {{(pid=84210) log_opt_values /opt/stack/data/venv/lib/python3.12/site-packages/oslo_config/cfg.py:3560}}
Aug 18 19:14:32 devstack devstack@g-api.service[84210]: DEBUG glance.common.config [None req-0402406e-3efb-4336-b61e-99d8dd3c71ad None None] database.max_pool_size = 5 {{(pid=84210) log_opt_values /opt/stack/data/venv/lib/python3.12/site-packages/oslo_config/cfg.py:3560}}
Aug 18 19:14:32 devstack devstack@g-api.service[84210]: DEBUG glance.common.config [None req-0402406e-3efb-4336-b61e-99d8dd3c71ad None None] database.max_retries = 10 {{(pid=84210) log_opt_values /opt/stack/data/venv/lib/python3.12/site-packages/oslo_config/cfg.py:3560}}
Aug 18 19:14:32 devstack devstack@g-api.service[84210]: DEBUG glance.common.config [None req-0402406e-3efb-4336-b61e-99d8dd3c71ad None None] database.mysql_sql_mode = TRADITIONAL {{(pid=84210) log_opt_values /opt/stack/data/venv/lib/python3.12/site-packages/oslo_config/cfg.py:3560}}
Aug 18 19:14:32 devstack devstack@g-api.service[84210]: DEBUG glance.common.config [None req-0402406e-3efb-4336-b61e-99d8dd3c71ad None None] database.mysql_wsrep_sync_wait = None {{(pid=84210) log_opt_values /opt/stack/data/venv/lib/python3.12/site-packages/oslo_config/cfg.py:3560}}
Aug 18 19:14:32 devstack devstack@g-api.service[84210]: DEBUG glance.common.config [None req-0402406e-3efb-4336-b61e-99d8dd3c71ad None None] database.pool_timeout = None {{(pid=84210) log_opt_values /opt/stack/data/venv/lib/python3.12/site-packages/oslo_config/cfg.py:3560}}
Aug 18 19:14:32 devstack devstack@g-api.service[84210]: DEBUG glance.common.config [None req-0402406e-3efb-4336-b61e-99d8dd3c71ad None None] database.retry_interval = 10 {{(pid=84210) log_opt_values /opt/stack/data/venv/lib/python3.12/site-packages/oslo_config/cfg.py:3560}}
Aug 18 19:14:32 devstack devstack@g-api.service[84210]: DEBUG glance.common.config [None req-0402406e-3efb-4336-b61e-99d8dd3c71ad None None] database.slave_connection = **** {{(pid=84210) log_opt_values /opt/stack/data/venv/lib/python3.12/site-packages/oslo_config/cfg.py:3560}}
Aug 18 19:14:32 devstack devstack@g-api.service[84210]: DEBUG glance.common.config [None req-0402406e-3efb-4336-b61e-99d8dd3c71ad None None] database.sqlite_synchronous = True {{(pid=84210) log_opt_values /opt/stack/data/venv/lib/python3.12/site-packages/oslo_config/cfg.py:3560}}
Aug 18 19:14:32 devstack devstack@g-api.service[84210]: DEBUG glance.common.config [None req-0402406e-3efb-4336-b61e-99d8dd3c71ad None None] database.synchronous_reader = True {{(pid=84210) log_opt_values /opt/stack/data/venv/lib/python3.12/site-packages/oslo_config/cfg.py:3560}}
Aug 18 19:14:32 devstack devstack@g-api.service[84210]: DEBUG glance.common.config [None req-0402406e-3efb-4336-b61e-99d8dd3c71ad None None] database.use_db_reconnect = False {{(pid=84210) log_opt_values /opt/stack/data/venv/lib/python3.12/site-packages/oslo_config/cfg.py:3560}}
Aug 18 19:14:32 devstack devstack@g-api.service[84210]: DEBUG glance.common.config [None req-0402406e-3efb-4336-b61e-99d8dd3c71ad None None] healthcheck.allowed_source_ranges = [] {{(pid=84210) log_opt_values /opt/stack/data/venv/lib/python3.12/site-packages/oslo_config/cfg.py:3560}}
Aug 18 19:14:32 devstack devstack@g-api.service[84210]: DEBUG glance.common.config [None req-0402406e-3efb-4336-b61e-99d8dd3c71ad None None] healthcheck.backends = ['disable_by_file'] {{(pid=84210) log_opt_values /opt/stack/data/venv/lib/python3.12/site-packages/oslo_config/cfg.py:3560}}
Aug 18 19:14:32 devstack devstack@g-api.service[84210]: DEBUG glance.common.config [None req-0402406e-3efb-4336-b61e-99d8dd3c71ad None None] healthcheck.detailed = False {{(pid=84210) log_opt_values /opt/stack/data/venv/lib/python3.12/site-packages/oslo_config/cfg.py:3560}}
Aug 18 19:14:32 devstack devstack@g-api.service[84210]: DEBUG glance.common.config [None req-0402406e-3efb-4336-b61e-99d8dd3c71ad None None] healthcheck.disable_by_file_path = None {{(pid=84210) log_opt_values /opt/stack/data/venv/lib/python3.12/site-packages/oslo_config/cfg.py:3560}}
Aug 18 19:14:32 devstack devstack@g-api.service[84210]: DEBUG glance.common.config [None req-0402406e-3efb-4336-b61e-99d8dd3c71ad None None] healthcheck.ignore_proxied_requests = False {{(pid=84210) log_opt_values /opt/stack/data/venv/lib/python3.12/site-packages/oslo_config/cfg.py:3560}}
Aug 18 19:14:32 devstack devstack@g-api.service[84210]: DEBUG glance.common.config [None req-0402406e-3efb-4336-b61e-99d8dd3c71ad None None] ******************************************************************************** {{(pid=84210) log_opt_values /opt/stack/data/venv/lib/python3.12/site-packages/oslo_config/cfg.py:3567}}
Aug 18 19:14:32 devstack devstack@g-api.service[84210]: WSGI app 0 (mountpoint='') ready in 5 seconds on interpreter 0x70f2a64a4668 pid: 84210 (default app)
Aug 18 19:14:36 devstack devstack@g-api.service[84209]: DEBUG glance.api.middleware.version_negotiation [None req-1190328e-f4f5-4343-8deb-613ca580727b None None] Determining version of request: GET / Accept: application/json {{(pid=84209) process_request /opt/stack/glance/glance/api/middleware/version_negotiation.py:44}}
Aug 18 19:14:36 devstack devstack@g-api.service[84209]: DEBUG glance.api.middleware.version_negotiation [None req-1190328e-f4f5-4343-8deb-613ca580727b None None] Using url versioning {{(pid=84209) process_request /opt/stack/glance/glance/api/middleware/version_negotiation.py:57}}
Aug 18 19:14:36 devstack devstack@g-api.service[84209]: DEBUG glance.api.middleware.version_negotiation [None req-1190328e-f4f5-4343-8deb-613ca580727b None None] Unknown version. Returning version choices. {{(pid=84209) process_request /opt/stack/glance/glance/api/middleware/version_negotiation.py:64}}
Aug 18 19:14:36 devstack devstack@g-api.service[84209]: [pid: 84209|app: 0|req: 2/2] 127.0.0.1 () {34 vars in 519 bytes} [Tue Aug 18 19:14:36 2026] GET / => generated 1571 bytes in 4 msecs (HTTP/1.1 300) 3 headers in 106 bytes (1 switches on core 0)
Aug 18 19:14:36 devstack devstack@g-api.service[84210]: DEBUG glance.api.middleware.version_negotiation [None req-0402406e-3efb-4336-b61e-99d8dd3c71ad None None] Determining version of request: POST /v2/images Accept: */* {{(pid=84210) process_request /opt/stack/glance/glance/api/middleware/version_negotiation.py:44}}
Aug 18 19:14:36 devstack devstack@g-api.service[84210]: DEBUG glance.api.middleware.version_negotiation [None req-0402406e-3efb-4336-b61e-99d8dd3c71ad None None] Using url versioning {{(pid=84210) process_request /opt/stack/glance/glance/api/middleware/version_negotiation.py:57}}
Aug 18 19:14:36 devstack devstack@g-api.service[84210]: DEBUG glance.api.middleware.version_negotiation [None req-0402406e-3efb-4336-b61e-99d8dd3c71ad None None] Matched version: v2 {{(pid=84210) process_request /opt/stack/glance/glance/api/middleware/version_negotiation.py:69}}
Aug 18 19:14:36 devstack devstack@g-api.service[84210]: DEBUG glance.api.middleware.version_negotiation [None req-0402406e-3efb-4336-b61e-99d8dd3c71ad None None] new path /v2/images {{(pid=84210) process_request /opt/stack/glance/glance/api/middleware/version_negotiation.py:70}}
Aug 18 19:14:37 devstack devstack@g-api.service[84210]: [pid: 84210|app: 0|req: 1/3] 127.0.0.1 () {40 vars in 782 bytes} [Tue Aug 18 19:14:36 2026] POST /v2/images => generated 807 bytes in 1177 msecs (HTTP/1.1 201) 6 headers in 314 bytes (1 switches on core 0)
Aug 18 19:14:37 devstack devstack@g-api.service[84209]: DEBUG glance.api.middleware.version_negotiation [None req-1190328e-f4f5-4343-8deb-613ca580727b None None] Determining version of request: PUT /v2/images/aa42e73b-1652-4fe7-82c1-736add5557b2/file Accept: {{(pid=84209) process_request /opt/stack/glance/glance/api/middleware/version_negotiation.py:44}}
Aug 18 19:14:37 devstack devstack@g-api.service[84209]: DEBUG glance.api.middleware.version_negotiation [None req-1190328e-f4f5-4343-8deb-613ca580727b None None] Using url versioning {{(pid=84209) process_request /opt/stack/glance/glance/api/middleware/version_negotiation.py:57}}
Aug 18 19:14:37 devstack devstack@g-api.service[84209]: DEBUG glance.api.middleware.version_negotiation [None req-1190328e-f4f5-4343-8deb-613ca580727b None None] Matched version: v2 {{(pid=84209) process_request /opt/stack/glance/glance/api/middleware/version_negotiation.py:69}}
Aug 18 19:14:37 devstack devstack@g-api.service[84209]: DEBUG glance.api.middleware.version_negotiation [None req-1190328e-f4f5-4343-8deb-613ca580727b None None] new path /v2/images/aa42e73b-1652-4fe7-82c1-736add5557b2/file {{(pid=84209) process_request /opt/stack/glance/glance/api/middleware/version_negotiation.py:70}}
Aug 18 19:14:38 devstack devstack@g-api.service[84209]: INFO glance.api.v2.image_data [None req-4d55f796-2c45-431e-b8b1-7f0508e10be7 admin admin] Unable to create trust: no such option collect_timing in group [keystone_authtoken] Use the existing user token.
Aug 18 19:14:38 devstack devstack@g-api.service[84209]: DEBUG glance.location [None req-4d55f796-2c45-431e-b8b1-7f0508e10be7 admin admin] Enabling in-flight format inspection for qcow2 {{(pid=84209) set_data /opt/stack/glance/glance/location.py:596}}
Aug 18 19:14:38 devstack devstack@g-api.service[84209]: DEBUG oslo_utils.imageutils.format_inspector [None req-4d55f796-2c45-431e-b8b1-7f0508e10be7 admin admin] Format inspector for vmdk does not match, excluding from consideration (Signature KDMV not found: b'QFI\xfb') {{(pid=84209) _process_chunk /opt/stack/data/venv/lib/python3.12/site-packages/oslo_utils/imageutils/format_inspector.py:1758}}
Aug 18 19:14:38 devstack devstack@g-api.service[84209]: DEBUG oslo_utils.imageutils.format_inspector [None req-4d55f796-2c45-431e-b8b1-7f0508e10be7 admin admin] Format inspector for vhdx does not match, excluding from consideration (Region signature not found at 30000) {{(pid=84209) _process_chunk /opt/stack/data/venv/lib/python3.12/site-packages/oslo_utils/imageutils/format_inspector.py:1758}}
Aug 18 19:14:39 devstack devstack@g-api.service[84209]: DEBUG glance_store._drivers.filesystem [None req-4d55f796-2c45-431e-b8b1-7f0508e10be7 admin admin] Wrote 21692416 bytes to /opt/stack/data/glance/images/aa42e73b-1652-4fe7-82c1-736add5557b2 with checksum 87617e24a5e30cb3b87fda8c0764838f and multihash 9a9bce0083a00939ec17c11febbfc767aa211aaa54f51e75c5a8b271a9b5637c77205a518b7a2007cb391d23cceb01e0e4e8d64832317151bc85b734b92a7be0 {{(pid=84209) add /opt/stack/data/venv/lib/python3.12/site-packages/glance_store/_drivers/filesystem.py:899}}
Aug 18 19:14:39 devstack devstack@g-api.service[84209]: INFO glance.location [None req-4d55f796-2c45-431e-b8b1-7f0508e10be7 admin admin] Image format matched and virtual size computed: 117440512
Aug 18 19:14:39 devstack devstack@g-api.service[84209]: DEBUG glance_store.backend [None req-4d55f796-2c45-431e-b8b1-7f0508e10be7 admin admin] Skipping store.set_acls... not implemented. {{(pid=84209) set_acls /opt/stack/data/venv/lib/python3.12/site-packages/glance_store/backend.py:507}}
Aug 18 19:14:39 devstack devstack@g-api.service[84209]: [pid: 84209|app: 0|req: 3/4] 127.0.0.1 () {42 vars in 914 bytes} [Tue Aug 18 19:14:37 2026] PUT /v2/images/aa42e73b-1652-4fe7-82c1-736add5557b2/file => generated 0 bytes in 1814 msecs (HTTP/1.1 204) 4 headers in 171 bytes (1 switches on core 0)
Aug 18 19:14:39 devstack devstack@g-api.service[84210]: DEBUG glance.api.middleware.version_negotiation [None req-2ab07920-e758-4141-a5b3-81092a87825c admin admin] Determining version of request: GET /v2/images/aa42e73b-1652-4fe7-82c1-736add5557b2 Accept: */* {{(pid=84210) process_request /opt/stack/glance/glance/api/middleware/version_negotiation.py:44}}
Aug 18 19:14:39 devstack devstack@g-api.service[84210]: DEBUG glance.api.middleware.version_negotiation [None req-2ab07920-e758-4141-a5b3-81092a87825c admin admin] Using url versioning {{(pid=84210) process_request /opt/stack/glance/glance/api/middleware/version_negotiation.py:57}}
Aug 18 19:14:39 devstack devstack@g-api.service[84210]: DEBUG glance.api.middleware.version_negotiation [None req-2ab07920-e758-4141-a5b3-81092a87825c admin admin] Matched version: v2 {{(pid=84210) process_request /opt/stack/glance/glance/api/middleware/version_negotiation.py:69}}
Aug 18 19:14:39 devstack devstack@g-api.service[84210]: DEBUG glance.api.middleware.version_negotiation [None req-2ab07920-e758-4141-a5b3-81092a87825c admin admin] new path /v2/images/aa42e73b-1652-4fe7-82c1-736add5557b2 {{(pid=84210) process_request /opt/stack/glance/glance/api/middleware/version_negotiation.py:70}}
Aug 18 19:14:39 devstack devstack@g-api.service[84210]: [pid: 84210|app: 0|req: 2/5] 127.0.0.1 () {36 vars in 802 bytes} [Tue Aug 18 19:14:39 2026] GET /v2/images/aa42e73b-1652-4fe7-82c1-736add5557b2 => generated 976 bytes in 37 msecs (HTTP/1.1 200) 4 headers in 157 bytes (1 switches on core 0)
Aug 18 19:14:49 devstack devstack@g-api.service[84209]: DEBUG dbcounter [-] [84209] Writing DB stats glance:INSERT=5,glance:SELECT=16,glance:UPDATE=2 {{(pid=84209) stat_writer /opt/stack/data/venv/lib/python3.12/site-packages/dbcounter.py:115}}
Aug 18 19:14:49 devstack devstack@g-api.service[84210]: DEBUG dbcounter [-] [84210] Writing DB stats glance:INSERT=9,glance:SELECT=6 {{(pid=84210) stat_writer /opt/stack/data/venv/lib/python3.12/site-packages/dbcounter.py:115}}
Aug 18 19:15:23 devstack devstack@g-api.service[84209]: DEBUG glance.api.middleware.version_negotiation [None req-4d55f796-2c45-431e-b8b1-7f0508e10be7 admin admin] Determining version of request: GET / Accept: application/json {{(pid=84209) process_request /opt/stack/glance/glance/api/middleware/version_negotiation.py:44}}
Aug 18 19:15:23 devstack devstack@g-api.service[84209]: DEBUG glance.api.middleware.version_negotiation [None req-4d55f796-2c45-431e-b8b1-7f0508e10be7 admin admin] Using url versioning {{(pid=84209) process_request /opt/stack/glance/glance/api/middleware/version_negotiation.py:57}}
Aug 18 19:15:23 devstack devstack@g-api.service[84209]: DEBUG glance.api.middleware.version_negotiation [None req-4d55f796-2c45-431e-b8b1-7f0508e10be7 admin admin] Unknown version. Returning version choices. {{(pid=84209) process_request /opt/stack/glance/glance/api/middleware/version_negotiation.py:64}}
Aug 18 19:15:23 devstack devstack@g-api.service[84209]: [pid: 84209|app: 0|req: 4/6] 127.0.0.1 () {34 vars in 519 bytes} [Tue Aug 18 19:15:23 2026] GET / => generated 1571 bytes in 4 msecs (HTTP/1.1 300) 3 headers in 106 bytes (1 switches on core 0)
Aug 18 19:15:23 devstack devstack@g-api.service[84210]: DEBUG glance.api.middleware.version_negotiation [None req-0474d4d3-8aec-4369-ac70-921830703596 admin admin] Determining version of request: GET /v2/images Accept: application/json {{(pid=84210) process_request /opt/stack/glance/glance/api/middleware/version_negotiation.py:44}}
Aug 18 19:15:23 devstack devstack@g-api.service[84210]: DEBUG glance.api.middleware.version_negotiation [None req-0474d4d3-8aec-4369-ac70-921830703596 admin admin] Using url versioning {{(pid=84210) process_request /opt/stack/glance/glance/api/middleware/version_negotiation.py:57}}
Aug 18 19:15:23 devstack devstack@g-api.service[84210]: DEBUG glance.api.middleware.version_negotiation [None req-0474d4d3-8aec-4369-ac70-921830703596 admin admin] Matched version: v2 {{(pid=84210) process_request /opt/stack/glance/glance/api/middleware/version_negotiation.py:69}}
Aug 18 19:15:23 devstack devstack@g-api.service[84210]: DEBUG glance.api.middleware.version_negotiation [None req-0474d4d3-8aec-4369-ac70-921830703596 admin admin] new path /v2/images {{(pid=84210) process_request /opt/stack/glance/glance/api/middleware/version_negotiation.py:70}}
Aug 18 19:15:23 devstack devstack@g-api.service[84210]: [pid: 84210|app: 0|req: 3/7] 127.0.0.1 () {36 vars in 741 bytes} [Tue Aug 18 19:15:23 2026] GET /v2/images => generated 1045 bytes in 89 msecs (HTTP/1.1 200) 4 headers in 158 bytes (1 switches on core 0)
Aug 18 19:15:33 devstack devstack@g-api.service[84209]: DEBUG glance.api.middleware.version_negotiation [None req-4d55f796-2c45-431e-b8b1-7f0508e10be7 admin admin] Determining version of request: GET / Accept: application/json {{(pid=84209) process_request /opt/stack/glance/glance/api/middleware/version_negotiation.py:44}}
Aug 18 19:15:33 devstack devstack@g-api.service[84209]: DEBUG glance.api.middleware.version_negotiation [None req-4d55f796-2c45-431e-b8b1-7f0508e10be7 admin admin] Using url versioning {{(pid=84209) process_request /opt/stack/glance/glance/api/middleware/version_negotiation.py:57}}
Aug 18 19:15:33 devstack devstack@g-api.service[84209]: DEBUG glance.api.middleware.version_negotiation [None req-4d55f796-2c45-431e-b8b1-7f0508e10be7 admin admin] Unknown version. Returning version choices. {{(pid=84209) process_request /opt/stack/glance/glance/api/middleware/version_negotiation.py:64}}
Aug 18 19:15:33 devstack devstack@g-api.service[84209]: [pid: 84209|app: 0|req: 5/8] 127.0.0.1 () {34 vars in 519 bytes} [Tue Aug 18 19:15:33 2026] GET / => generated 1571 bytes in 3 msecs (HTTP/1.1 300) 3 headers in 106 bytes (1 switches on core 0)
Aug 18 19:15:33 devstack devstack@g-api.service[84210]: DEBUG glance.api.middleware.version_negotiation [None req-98a59bcb-ffd7-4c9d-a581-dff421f006d1 admin admin] Determining version of request: GET /v2/images/aa42e73b-1652-4fe7-82c1-736add5557b2 Accept: */* {{(pid=84210) process_request /opt/stack/glance/glance/api/middleware/version_negotiation.py:44}}
Aug 18 19:15:33 devstack devstack@g-api.service[84210]: DEBUG glance.api.middleware.version_negotiation [None req-98a59bcb-ffd7-4c9d-a581-dff421f006d1 admin admin] Using url versioning {{(pid=84210) process_request /opt/stack/glance/glance/api/middleware/version_negotiation.py:57}}
Aug 18 19:15:33 devstack devstack@g-api.service[84210]: DEBUG glance.api.middleware.version_negotiation [None req-98a59bcb-ffd7-4c9d-a581-dff421f006d1 admin admin] Matched version: v2 {{(pid=84210) process_request /opt/stack/glance/glance/api/middleware/version_negotiation.py:69}}
Aug 18 19:15:33 devstack devstack@g-api.service[84210]: DEBUG glance.api.middleware.version_negotiation [None req-98a59bcb-ffd7-4c9d-a581-dff421f006d1 admin admin] new path /v2/images/aa42e73b-1652-4fe7-82c1-736add5557b2 {{(pid=84210) process_request /opt/stack/glance/glance/api/middleware/version_negotiation.py:70}}
Aug 18 19:15:33 devstack devstack@g-api.service[84210]: [pid: 84210|app: 0|req: 4/9] 127.0.0.1 () {36 vars in 802 bytes} [Tue Aug 18 19:15:33 2026] GET /v2/images/aa42e73b-1652-4fe7-82c1-736add5557b2 => generated 976 bytes in 76 msecs (HTTP/1.1 200) 4 headers in 157 bytes (1 switches on core 0)
Aug 18 19:15:40 devstack devstack@g-api.service[84209]: DEBUG glance.api.middleware.version_negotiation [None req-4d55f796-2c45-431e-b8b1-7f0508e10be7 admin admin] Determining version of request: GET / Accept: application/json {{(pid=84209) process_request /opt/stack/glance/glance/api/middleware/version_negotiation.py:44}}
Aug 18 19:15:40 devstack devstack@g-api.service[84209]: DEBUG glance.api.middleware.version_negotiation [None req-4d55f796-2c45-431e-b8b1-7f0508e10be7 admin admin] Using url versioning {{(pid=84209) process_request /opt/stack/glance/glance/api/middleware/version_negotiation.py:57}}
Aug 18 19:15:40 devstack devstack@g-api.service[84209]: DEBUG glance.api.middleware.version_negotiation [None req-4d55f796-2c45-431e-b8b1-7f0508e10be7 admin admin] Unknown version. Returning version choices. {{(pid=84209) process_request /opt/stack/glance/glance/api/middleware/version_negotiation.py:64}}
Aug 18 19:15:40 devstack devstack@g-api.service[84209]: [pid: 84209|app: 0|req: 6/10] 127.0.0.1 () {34 vars in 519 bytes} [Tue Aug 18 19:15:40 2026] GET / => generated 1571 bytes in 2 msecs (HTTP/1.1 300) 3 headers in 106 bytes (1 switches on core 0)
Aug 18 19:15:40 devstack devstack@g-api.service[84210]: DEBUG glance.api.middleware.version_negotiation [None req-fe689771-fee3-4584-b344-47e75ed98aa6 admin admin] Determining version of request: GET /v2/images/aa42e73b-1652-4fe7-82c1-736add5557b2 Accept: */* {{(pid=84210) process_request /opt/stack/glance/glance/api/middleware/version_negotiation.py:44}}
Aug 18 19:15:40 devstack devstack@g-api.service[84210]: DEBUG glance.api.middleware.version_negotiation [None req-fe689771-fee3-4584-b344-47e75ed98aa6 admin admin] Using url versioning {{(pid=84210) process_request /opt/stack/glance/glance/api/middleware/version_negotiation.py:57}}
Aug 18 19:15:40 devstack devstack@g-api.service[84210]: DEBUG glance.api.middleware.version_negotiation [None req-fe689771-fee3-4584-b344-47e75ed98aa6 admin admin] Matched version: v2 {{(pid=84210) process_request /opt/stack/glance/glance/api/middleware/version_negotiation.py:69}}
Aug 18 19:15:40 devstack devstack@g-api.service[84210]: DEBUG glance.api.middleware.version_negotiation [None req-fe689771-fee3-4584-b344-47e75ed98aa6 admin admin] new path /v2/images/aa42e73b-1652-4fe7-82c1-736add5557b2 {{(pid=84210) process_request /opt/stack/glance/glance/api/middleware/version_negotiation.py:70}}
Aug 18 19:15:40 devstack devstack@g-api.service[84210]: [pid: 84210|app: 0|req: 5/11] 127.0.0.1 () {36 vars in 802 bytes} [Tue Aug 18 19:15:40 2026] GET /v2/images/aa42e73b-1652-4fe7-82c1-736add5557b2 => generated 976 bytes in 74 msecs (HTTP/1.1 200) 4 headers in 157 bytes (1 switches on core 0)
Aug 18 19:15:50 devstack devstack@g-api.service[84210]: DEBUG dbcounter [-] [84210] Writing DB stats glance:SELECT=5 {{(pid=84210) stat_writer /opt/stack/data/venv/lib/python3.12/site-packages/dbcounter.py:115}}
Aug 18 19:16:56 devstack devstack@g-api.service[84209]: DEBUG glance.api.middleware.version_negotiation [None req-4d55f796-2c45-431e-b8b1-7f0508e10be7 admin admin] Determining version of request: GET / Accept: application/json {{(pid=84209) process_request /opt/stack/glance/glance/api/middleware/version_negotiation.py:44}}
Aug 18 19:16:56 devstack devstack@g-api.service[84209]: DEBUG glance.api.middleware.version_negotiation [None req-4d55f796-2c45-431e-b8b1-7f0508e10be7 admin admin] Using url versioning {{(pid=84209) process_request /opt/stack/glance/glance/api/middleware/version_negotiation.py:57}}
Aug 18 19:16:56 devstack devstack@g-api.service[84209]: DEBUG glance.api.middleware.version_negotiation [None req-4d55f796-2c45-431e-b8b1-7f0508e10be7 admin admin] Unknown version. Returning version choices. {{(pid=84209) process_request /opt/stack/glance/glance/api/middleware/version_negotiation.py:64}}
Aug 18 19:16:56 devstack devstack@g-api.service[84209]: [pid: 84209|app: 0|req: 7/12] 127.0.0.1 () {36 vars in 488 bytes} [Tue Aug 18 19:16:55 2026] GET / => generated 1571 bytes in 4 msecs (HTTP/1.1 300) 3 headers in 106 bytes (1 switches on core 0)
Aug 18 19:19:52 devstack devstack@g-api.service[84210]: DEBUG glance.api.middleware.version_negotiation [None req-177d6450-1140-47aa-b54f-dc16421efb29 admin admin] Determining version of request: GET / Accept: application/json {{(pid=84210) process_request /opt/stack/glance/glance/api/middleware/version_negotiation.py:44}}
Aug 18 19:19:52 devstack devstack@g-api.service[84210]: DEBUG glance.api.middleware.version_negotiation [None req-177d6450-1140-47aa-b54f-dc16421efb29 admin admin] Using url versioning {{(pid=84210) process_request /opt/stack/glance/glance/api/middleware/version_negotiation.py:57}}
Aug 18 19:19:52 devstack devstack@g-api.service[84210]: DEBUG glance.api.middleware.version_negotiation [None req-177d6450-1140-47aa-b54f-dc16421efb29 admin admin] Unknown version. Returning version choices. {{(pid=84210) process_request /opt/stack/glance/glance/api/middleware/version_negotiation.py:64}}
Aug 18 19:19:52 devstack devstack@g-api.service[84210]: [pid: 84210|app: 0|req: 6/13] 127.0.0.1 () {34 vars in 505 bytes} [Tue Aug 18 19:19:52 2026] GET / => generated 1571 bytes in 5 msecs (HTTP/1.1 300) 3 headers in 106 bytes (1 switches on core 0)
Aug 18 19:19:52 devstack devstack@g-api.service[84209]: DEBUG glance.api.middleware.version_negotiation [None req-4d55f796-2c45-431e-b8b1-7f0508e10be7 admin admin] Determining version of request: GET /v2/images/aa42e73b-1652-4fe7-82c1-736add5557b2 Accept: */* {{(pid=84209) process_request /opt/stack/glance/glance/api/middleware/version_negotiation.py:44}}
Aug 18 19:19:52 devstack devstack@g-api.service[84209]: DEBUG glance.api.middleware.version_negotiation [None req-4d55f796-2c45-431e-b8b1-7f0508e10be7 admin admin] Using url versioning {{(pid=84209) process_request /opt/stack/glance/glance/api/middleware/version_negotiation.py:57}}
Aug 18 19:19:52 devstack devstack@g-api.service[84209]: DEBUG glance.api.middleware.version_negotiation [None req-4d55f796-2c45-431e-b8b1-7f0508e10be7 admin admin] Matched version: v2 {{(pid=84209) process_request /opt/stack/glance/glance/api/middleware/version_negotiation.py:69}}
Aug 18 19:19:52 devstack devstack@g-api.service[84209]: DEBUG glance.api.middleware.version_negotiation [None req-4d55f796-2c45-431e-b8b1-7f0508e10be7 admin admin] new path /v2/images/aa42e73b-1652-4fe7-82c1-736add5557b2 {{(pid=84209) process_request /opt/stack/glance/glance/api/middleware/version_negotiation.py:70}}
Aug 18 19:19:52 devstack devstack@g-api.service[84209]: [pid: 84209|app: 0|req: 8/14] 127.0.0.1 () {42 vars in 1061 bytes} [Tue Aug 18 19:19:52 2026] GET /v2/images/aa42e73b-1652-4fe7-82c1-736add5557b2 => generated 976 bytes in 351 msecs (HTTP/1.1 200) 4 headers in 157 bytes (1 switches on core 0)
Aug 18 19:19:52 devstack devstack@g-api.service[84210]: DEBUG glance.api.middleware.version_negotiation [None req-177d6450-1140-47aa-b54f-dc16421efb29 admin admin] Determining version of request: GET /v2/schemas/image Accept: */* {{(pid=84210) process_request /opt/stack/glance/glance/api/middleware/version_negotiation.py:44}}
Aug 18 19:19:52 devstack devstack@g-api.service[84210]: DEBUG glance.api.middleware.version_negotiation [None req-177d6450-1140-47aa-b54f-dc16421efb29 admin admin] Using url versioning {{(pid=84210) process_request /opt/stack/glance/glance/api/middleware/version_negotiation.py:57}}
Aug 18 19:19:52 devstack devstack@g-api.service[84210]: DEBUG glance.api.middleware.version_negotiation [None req-177d6450-1140-47aa-b54f-dc16421efb29 admin admin] Matched version: v2 {{(pid=84210) process_request /opt/stack/glance/glance/api/middleware/version_negotiation.py:69}}
Aug 18 19:19:52 devstack devstack@g-api.service[84210]: DEBUG glance.api.middleware.version_negotiation [None req-177d6450-1140-47aa-b54f-dc16421efb29 admin admin] new path /v2/schemas/image {{(pid=84210) process_request /opt/stack/glance/glance/api/middleware/version_negotiation.py:70}}
Aug 18 19:19:52 devstack devstack@g-api.service[84210]: [pid: 84210|app: 0|req: 7/15] 127.0.0.1 () {42 vars in 1001 bytes} [Tue Aug 18 19:19:52 2026] GET /v2/schemas/image => generated 6083 bytes in 16 msecs (HTTP/1.1 200) 4 headers in 158 bytes (1 switches on core 0)
Aug 18 19:19:59 devstack devstack@g-api.service[84209]: DEBUG glance.api.middleware.version_negotiation [None req-409bca85-ec54-4040-86ad-41ef9aa94e7b tempest-ServerRescueNegativeTestJSON-2060705415 tempest-ServerRescueNegativeTestJSON-2060705415-project-member] Determining version of request: GET / Accept: application/json {{(pid=84209) process_request /opt/stack/glance/glance/api/middleware/version_negotiation.py:44}}
Aug 18 19:19:59 devstack devstack@g-api.service[84209]: DEBUG glance.api.middleware.version_negotiation [None req-409bca85-ec54-4040-86ad-41ef9aa94e7b tempest-ServerRescueNegativeTestJSON-2060705415 tempest-ServerRescueNegativeTestJSON-2060705415-project-member] Using url versioning {{(pid=84209) process_request /opt/stack/glance/glance/api/middleware/version_negotiation.py:57}}
Aug 18 19:19:59 devstack devstack@g-api.service[84209]: DEBUG glance.api.middleware.version_negotiation [None req-409bca85-ec54-4040-86ad-41ef9aa94e7b tempest-ServerRescueNegativeTestJSON-2060705415 tempest-ServerRescueNegativeTestJSON-2060705415-project-member] Unknown version. Returning version choices. {{(pid=84209) process_request /opt/stack/glance/glance/api/middleware/version_negotiation.py:64}}
Aug 18 19:19:59 devstack devstack@g-api.service[84209]: [pid: 84209|app: 0|req: 9/16] 127.0.0.1 () {34 vars in 505 bytes} [Tue Aug 18 19:19:59 2026] GET / => generated 1571 bytes in 6 msecs (HTTP/1.1 300) 3 headers in 106 bytes (1 switches on core 0)
Aug 18 19:19:59 devstack devstack@g-api.service[84210]: DEBUG glance.api.middleware.version_negotiation [None req-409bca85-ec54-4040-86ad-41ef9aa94e7b tempest-ServerRescueNegativeTestJSON-2060705415 tempest-ServerRescueNegativeTestJSON-2060705415-project-member] Determining version of request: GET /v2/images/aa42e73b-1652-4fe7-82c1-736add5557b2 Accept: */* {{(pid=84210) process_request /opt/stack/glance/glance/api/middleware/version_negotiation.py:44}}
Aug 18 19:19:59 devstack devstack@g-api.service[84210]: DEBUG glance.api.middleware.version_negotiation [None req-409bca85-ec54-4040-86ad-41ef9aa94e7b tempest-ServerRescueNegativeTestJSON-2060705415 tempest-ServerRescueNegativeTestJSON-2060705415-project-member] Using url versioning {{(pid=84210) process_request /opt/stack/glance/glance/api/middleware/version_negotiation.py:57}}
Aug 18 19:19:59 devstack devstack@g-api.service[84210]: DEBUG glance.api.middleware.version_negotiation [None req-409bca85-ec54-4040-86ad-41ef9aa94e7b tempest-ServerRescueNegativeTestJSON-2060705415 tempest-ServerRescueNegativeTestJSON-2060705415-project-member] Matched version: v2 {{(pid=84210) process_request /opt/stack/glance/glance/api/middleware/version_negotiation.py:69}}
Aug 18 19:19:59 devstack devstack@g-api.service[84210]: DEBUG glance.api.middleware.version_negotiation [None req-409bca85-ec54-4040-86ad-41ef9aa94e7b tempest-ServerRescueNegativeTestJSON-2060705415 tempest-ServerRescueNegativeTestJSON-2060705415-project-member] new path /v2/images/aa42e73b-1652-4fe7-82c1-736add5557b2 {{(pid=84210) process_request /opt/stack/glance/glance/api/middleware/version_negotiation.py:70}}
Aug 18 19:19:59 devstack devstack@g-api.service[84210]: [pid: 84210|app: 0|req: 8/17] 127.0.0.1 () {42 vars in 1061 bytes} [Tue Aug 18 19:19:59 2026] GET /v2/images/aa42e73b-1652-4fe7-82c1-736add5557b2 => generated 976 bytes in 272 msecs (HTTP/1.1 200) 4 headers in 157 bytes (1 switches on core 0)
Aug 18 19:19:59 devstack devstack@g-api.service[84209]: DEBUG glance.api.middleware.version_negotiation [None req-409bca85-ec54-4040-86ad-41ef9aa94e7b tempest-ServerRescueNegativeTestJSON-2060705415 tempest-ServerRescueNegativeTestJSON-2060705415-project-member] Determining version of request: GET /v2/schemas/image Accept: */* {{(pid=84209) process_request /opt/stack/glance/glance/api/middleware/version_negotiation.py:44}}
Aug 18 19:19:59 devstack devstack@g-api.service[84209]: DEBUG glance.api.middleware.version_negotiation [None req-409bca85-ec54-4040-86ad-41ef9aa94e7b tempest-ServerRescueNegativeTestJSON-2060705415 tempest-ServerRescueNegativeTestJSON-2060705415-project-member] Using url versioning {{(pid=84209) process_request /opt/stack/glance/glance/api/middleware/version_negotiation.py:57}}
Aug 18 19:19:59 devstack devstack@g-api.service[84209]: DEBUG glance.api.middleware.version_negotiation [None req-409bca85-ec54-4040-86ad-41ef9aa94e7b tempest-ServerRescueNegativeTestJSON-2060705415 tempest-ServerRescueNegativeTestJSON-2060705415-project-member] Matched version: v2 {{(pid=84209) process_request /opt/stack/glance/glance/api/middleware/version_negotiation.py:69}}
Aug 18 19:19:59 devstack devstack@g-api.service[84209]: DEBUG glance.api.middleware.version_negotiation [None req-409bca85-ec54-4040-86ad-41ef9aa94e7b tempest-ServerRescueNegativeTestJSON-2060705415 tempest-ServerRescueNegativeTestJSON-2060705415-project-member] new path /v2/schemas/image {{(pid=84209) process_request /opt/stack/glance/glance/api/middleware/version_negotiation.py:70}}
Aug 18 19:19:59 devstack devstack@g-api.service[84209]: [pid: 84209|app: 0|req: 10/18] 127.0.0.1 () {42 vars in 1001 bytes} [Tue Aug 18 19:19:59 2026] GET /v2/schemas/image => generated 6083 bytes in 10 msecs (HTTP/1.1 200) 4 headers in 158 bytes (1 switches on core 0)
Aug 18 19:20:02 devstack devstack@g-api.service[84209]: DEBUG dbcounter [-] [84209] Writing DB stats glance:SELECT=2 {{(pid=84209) stat_writer /opt/stack/data/venv/lib/python3.12/site-packages/dbcounter.py:115}}
Aug 18 19:20:03 devstack devstack@g-api.service[84210]: DEBUG glance.api.middleware.version_negotiation [None req-ba976095-ed69-4caa-9e23-1a16720d0239 tempest-AttachVolumeShelveTestJSON-1162817599 tempest-AttachVolumeShelveTestJSON-1162817599-project-member] Determining version of request: GET /v2/images/aa42e73b-1652-4fe7-82c1-736add5557b2 Accept: */* {{(pid=84210) process_request /opt/stack/glance/glance/api/middleware/version_negotiation.py:44}}
Aug 18 19:20:03 devstack devstack@g-api.service[84210]: DEBUG glance.api.middleware.version_negotiation [None req-ba976095-ed69-4caa-9e23-1a16720d0239 tempest-AttachVolumeShelveTestJSON-1162817599 tempest-AttachVolumeShelveTestJSON-1162817599-project-member] Using url versioning {{(pid=84210) process_request /opt/stack/glance/glance/api/middleware/version_negotiation.py:57}}
Aug 18 19:20:03 devstack devstack@g-api.service[84210]: DEBUG glance.api.middleware.version_negotiation [None req-ba976095-ed69-4caa-9e23-1a16720d0239 tempest-AttachVolumeShelveTestJSON-1162817599 tempest-AttachVolumeShelveTestJSON-1162817599-project-member] Matched version: v2 {{(pid=84210) process_request /opt/stack/glance/glance/api/middleware/version_negotiation.py:69}}
Aug 18 19:20:03 devstack devstack@g-api.service[84210]: DEBUG glance.api.middleware.version_negotiation [None req-ba976095-ed69-4caa-9e23-1a16720d0239 tempest-AttachVolumeShelveTestJSON-1162817599 tempest-AttachVolumeShelveTestJSON-1162817599-project-member] new path /v2/images/aa42e73b-1652-4fe7-82c1-736add5557b2 {{(pid=84210) process_request /opt/stack/glance/glance/api/middleware/version_negotiation.py:70}}
Aug 18 19:20:03 devstack devstack@g-api.service[84210]: [pid: 84210|app: 0|req: 9/19] 127.0.0.1 () {42 vars in 1061 bytes} [Tue Aug 18 19:20:03 2026] GET /v2/images/aa42e73b-1652-4fe7-82c1-736add5557b2 => generated 976 bytes in 38 msecs (HTTP/1.1 200) 4 headers in 157 bytes (1 switches on core 0)
Aug 18 19:20:03 devstack devstack@g-api.service[84209]: DEBUG glance.api.middleware.version_negotiation [None req-ba976095-ed69-4caa-9e23-1a16720d0239 tempest-AttachVolumeShelveTestJSON-1162817599 tempest-AttachVolumeShelveTestJSON-1162817599-project-member] Determining version of request: GET /v2/schemas/image Accept: */* {{(pid=84209) process_request /opt/stack/glance/glance/api/middleware/version_negotiation.py:44}}
Aug 18 19:20:03 devstack devstack@g-api.service[84209]: DEBUG glance.api.middleware.version_negotiation [None req-ba976095-ed69-4caa-9e23-1a16720d0239 tempest-AttachVolumeShelveTestJSON-1162817599 tempest-AttachVolumeShelveTestJSON-1162817599-project-member] Using url versioning {{(pid=84209) process_request /opt/stack/glance/glance/api/middleware/version_negotiation.py:57}}
Aug 18 19:20:03 devstack devstack@g-api.service[84209]: DEBUG glance.api.middleware.version_negotiation [None req-ba976095-ed69-4caa-9e23-1a16720d0239 tempest-AttachVolumeShelveTestJSON-1162817599 tempest-AttachVolumeShelveTestJSON-1162817599-project-member] Matched version: v2 {{(pid=84209) process_request /opt/stack/glance/glance/api/middleware/version_negotiation.py:69}}
Aug 18 19:20:03 devstack devstack@g-api.service[84209]: DEBUG glance.api.middleware.version_negotiation [None req-ba976095-ed69-4caa-9e23-1a16720d0239 tempest-AttachVolumeShelveTestJSON-1162817599 tempest-AttachVolumeShelveTestJSON-1162817599-project-member] new path /v2/schemas/image {{(pid=84209) process_request /opt/stack/glance/glance/api/middleware/version_negotiation.py:70}}
Aug 18 19:20:03 devstack devstack@g-api.service[84209]: [pid: 84209|app: 0|req: 11/20] 127.0.0.1 () {42 vars in 1001 bytes} [Tue Aug 18 19:20:03 2026] GET /v2/schemas/image => generated 6083 bytes in 7 msecs (HTTP/1.1 200) 4 headers in 158 bytes (1 switches on core 0)
Aug 18 19:20:04 devstack devstack@g-api.service[84210]: DEBUG glance.api.middleware.version_negotiation [None req-a5fe284f-6aad-4021-a928-c12f6126530e tempest-ServerRescueNegativeTestJSON-2060705415 tempest-ServerRescueNegativeTestJSON-2060705415-project-member] Determining version of request: GET /v2/images/aa42e73b-1652-4fe7-82c1-736add5557b2 Accept: */* {{(pid=84210) process_request /opt/stack/glance/glance/api/middleware/version_negotiation.py:44}}
Aug 18 19:20:04 devstack devstack@g-api.service[84210]: DEBUG glance.api.middleware.version_negotiation [None req-a5fe284f-6aad-4021-a928-c12f6126530e tempest-ServerRescueNegativeTestJSON-2060705415 tempest-ServerRescueNegativeTestJSON-2060705415-project-member] Using url versioning {{(pid=84210) process_request /opt/stack/glance/glance/api/middleware/version_negotiation.py:57}}
Aug 18 19:20:04 devstack devstack@g-api.service[84210]: DEBUG glance.api.middleware.version_negotiation [None req-a5fe284f-6aad-4021-a928-c12f6126530e tempest-ServerRescueNegativeTestJSON-2060705415 tempest-ServerRescueNegativeTestJSON-2060705415-project-member] Matched version: v2 {{(pid=84210) process_request /opt/stack/glance/glance/api/middleware/version_negotiation.py:69}}
Aug 18 19:20:04 devstack devstack@g-api.service[84210]: DEBUG glance.api.middleware.version_negotiation [None req-a5fe284f-6aad-4021-a928-c12f6126530e tempest-ServerRescueNegativeTestJSON-2060705415 tempest-ServerRescueNegativeTestJSON-2060705415-project-member] new path /v2/images/aa42e73b-1652-4fe7-82c1-736add5557b2 {{(pid=84210) process_request /opt/stack/glance/glance/api/middleware/version_negotiation.py:70}}
Aug 18 19:20:04 devstack devstack@g-api.service[84210]: [pid: 84210|app: 0|req: 10/21] 127.0.0.1 () {42 vars in 1061 bytes} [Tue Aug 18 19:20:04 2026] GET /v2/images/aa42e73b-1652-4fe7-82c1-736add5557b2 => generated 976 bytes in 321 msecs (HTTP/1.1 200) 4 headers in 157 bytes (1 switches on core 0)
Aug 18 19:20:04 devstack devstack@g-api.service[84209]: DEBUG glance.api.middleware.version_negotiation [None req-a5fe284f-6aad-4021-a928-c12f6126530e tempest-ServerRescueNegativeTestJSON-2060705415 tempest-ServerRescueNegativeTestJSON-2060705415-project-member] Determining version of request: GET /v2/images/aa42e73b-1652-4fe7-82c1-736add5557b2/file Accept: */* {{(pid=84209) process_request /opt/stack/glance/glance/api/middleware/version_negotiation.py:44}}
Aug 18 19:20:04 devstack devstack@g-api.service[84209]: DEBUG glance.api.middleware.version_negotiation [None req-a5fe284f-6aad-4021-a928-c12f6126530e tempest-ServerRescueNegativeTestJSON-2060705415 tempest-ServerRescueNegativeTestJSON-2060705415-project-member] Using url versioning {{(pid=84209) process_request /opt/stack/glance/glance/api/middleware/version_negotiation.py:57}}
Aug 18 19:20:04 devstack devstack@g-api.service[84209]: DEBUG glance.api.middleware.version_negotiation [None req-a5fe284f-6aad-4021-a928-c12f6126530e tempest-ServerRescueNegativeTestJSON-2060705415 tempest-ServerRescueNegativeTestJSON-2060705415-project-member] Matched version: v2 {{(pid=84209) process_request /opt/stack/glance/glance/api/middleware/version_negotiation.py:69}}
Aug 18 19:20:04 devstack devstack@g-api.service[84209]: DEBUG glance.api.middleware.version_negotiation [None req-a5fe284f-6aad-4021-a928-c12f6126530e tempest-ServerRescueNegativeTestJSON-2060705415 tempest-ServerRescueNegativeTestJSON-2060705415-project-member] new path /v2/images/aa42e73b-1652-4fe7-82c1-736add5557b2/file {{(pid=84209) process_request /opt/stack/glance/glance/api/middleware/version_negotiation.py:70}}
Aug 18 19:20:04 devstack devstack@g-api.service[84209]: DEBUG glance_store._drivers.filesystem [None req-409bca85-ec54-4040-86ad-41ef9aa94e7b tempest-ServerRescueNegativeTestJSON-2060705415 tempest-ServerRescueNegativeTestJSON-2060705415-project-member] Found image at /opt/stack/data/glance/images/aa42e73b-1652-4fe7-82c1-736add5557b2. Returning in ChunkedFile. {{(pid=84209) get /opt/stack/data/venv/lib/python3.12/site-packages/glance_store/_drivers/filesystem.py:724}}
Aug 18 19:20:04 devstack devstack@g-api.service[84209]: DEBUG glance.image_cache [None req-409bca85-ec54-4040-86ad-41ef9aa94e7b tempest-ServerRescueNegativeTestJSON-2060705415 tempest-ServerRescueNegativeTestJSON-2060705415-project-member] Tee'ing image 'aa42e73b-1652-4fe7-82c1-736add5557b2' into cache {{(pid=84209) get_caching_iter /opt/stack/glance/glance/image_cache/__init__.py:356}}
Aug 18 19:20:05 devstack devstack@g-api.service[84209]: DEBUG glance.image_cache.drivers.centralized_db [None req-409bca85-ec54-4040-86ad-41ef9aa94e7b tempest-ServerRescueNegativeTestJSON-2060705415 tempest-ServerRescueNegativeTestJSON-2060705415-project-member] Fetch finished, moving '/opt/stack/data/glance/cache/incomplete/aa42e73b-1652-4fe7-82c1-736add5557b2' to '/opt/stack/data/glance/cache/aa42e73b-1652-4fe7-82c1-736add5557b2' {{(pid=84209) commit /opt/stack/glance/glance/image_cache/drivers/centralized_db.py:243}}
Aug 18 19:20:05 devstack devstack@g-api.service[84209]: DEBUG glance.image_cache.drivers.centralized_db [None req-409bca85-ec54-4040-86ad-41ef9aa94e7b tempest-ServerRescueNegativeTestJSON-2060705415 tempest-ServerRescueNegativeTestJSON-2060705415-project-member] Image cached successfully. {{(pid=84209) commit /opt/stack/glance/glance/image_cache/drivers/centralized_db.py:258}}
Aug 18 19:20:05 devstack devstack@g-api.service[84209]: [pid: 84209|app: 0|req: 12/22] 127.0.0.1 () {42 vars in 1071 bytes} [Tue Aug 18 19:20:04 2026] GET /v2/images/aa42e73b-1652-4fe7-82c1-736add5557b2/file => generated 21692416 bytes in 448 msecs (HTTP/1.1 200) 4 headers in 191 bytes (337 switches on core 0)
Aug 18 19:20:05 devstack devstack@g-api.service[84210]: DEBUG glance.api.middleware.version_negotiation [None req-409bca85-ec54-4040-86ad-41ef9aa94e7b tempest-ServerRescueNegativeTestJSON-2060705415 tempest-ServerRescueNegativeTestJSON-2060705415-project-member] Determining version of request: GET /v2/images/aa42e73b-1652-4fe7-82c1-736add5557b2 Accept: */* {{(pid=84210) process_request /opt/stack/glance/glance/api/middleware/version_negotiation.py:44}}
Aug 18 19:20:05 devstack devstack@g-api.service[84210]: DEBUG glance.api.middleware.version_negotiation [None req-409bca85-ec54-4040-86ad-41ef9aa94e7b tempest-ServerRescueNegativeTestJSON-2060705415 tempest-ServerRescueNegativeTestJSON-2060705415-project-member] Using url versioning {{(pid=84210) process_request /opt/stack/glance/glance/api/middleware/version_negotiation.py:57}}
Aug 18 19:20:05 devstack devstack@g-api.service[84210]: DEBUG glance.api.middleware.version_negotiation [None req-409bca85-ec54-4040-86ad-41ef9aa94e7b tempest-ServerRescueNegativeTestJSON-2060705415 tempest-ServerRescueNegativeTestJSON-2060705415-project-member] Matched version: v2 {{(pid=84210) process_request /opt/stack/glance/glance/api/middleware/version_negotiation.py:69}}
Aug 18 19:20:05 devstack devstack@g-api.service[84210]: DEBUG glance.api.middleware.version_negotiation [None req-409bca85-ec54-4040-86ad-41ef9aa94e7b tempest-ServerRescueNegativeTestJSON-2060705415 tempest-ServerRescueNegativeTestJSON-2060705415-project-member] new path /v2/images/aa42e73b-1652-4fe7-82c1-736add5557b2 {{(pid=84210) process_request /opt/stack/glance/glance/api/middleware/version_negotiation.py:70}}
Aug 18 19:20:05 devstack devstack@g-api.service[84210]: [pid: 84210|app: 0|req: 11/23] 127.0.0.1 () {42 vars in 1061 bytes} [Tue Aug 18 19:20:05 2026] GET /v2/images/aa42e73b-1652-4fe7-82c1-736add5557b2 => generated 976 bytes in 33 msecs (HTTP/1.1 200) 4 headers in 157 bytes (1 switches on core 0)
Aug 18 19:20:05 devstack devstack@g-api.service[84209]: DEBUG glance.api.middleware.version_negotiation [None req-409bca85-ec54-4040-86ad-41ef9aa94e7b tempest-ServerRescueNegativeTestJSON-2060705415 tempest-ServerRescueNegativeTestJSON-2060705415-project-member] Determining version of request: GET /v2/schemas/image Accept: */* {{(pid=84209) process_request /opt/stack/glance/glance/api/middleware/version_negotiation.py:44}}
Aug 18 19:20:05 devstack devstack@g-api.service[84209]: DEBUG glance.api.middleware.version_negotiation [None req-409bca85-ec54-4040-86ad-41ef9aa94e7b tempest-ServerRescueNegativeTestJSON-2060705415 tempest-ServerRescueNegativeTestJSON-2060705415-project-member] Using url versioning {{(pid=84209) process_request /opt/stack/glance/glance/api/middleware/version_negotiation.py:57}}
