Jun 01 16:56:20 devstack cinder-volume[86566]: DEBUG oslo_concurrency.processutils [None req-add49e5e-e67f-45a7-806e-ccca0e808e93 tempest-SnapshotsActionsTest-1512539326 None] CMD "sudo cinder-rootwrap /etc/cinder/rootwrap.conf qemu-img create -f qcow2 -o backing_file=/opt/stack/data/cinder/mnt/fdaa8870163f5c3c96273dbd8992d27c/volume-b4b025a5-7d12-4811-bcca-470b46e0c960,backing_fmt=qcow2 /opt/stack/data/cinder/mnt/fdaa8870163f5c3c96273dbd8992d27c/volume-b4b025a5-7d12-4811-bcca-470b46e0c960.f02cf5d7-b853-40f5-9a9a-11f93ca088cd 1G" returned: 0 in 0.928s {{(pid=86566) execute /opt/stack/data/venv/lib/python3.12/site-packages/oslo_concurrency/processutils.py:468}}
Jun 01 16:56:20 devstack cinder-volume[86566]: DEBUG oslo_concurrency.processutils [None req-add49e5e-e67f-45a7-806e-ccca0e808e93 tempest-SnapshotsActionsTest-1512539326 None] Running cmd (subprocess): sudo cinder-rootwrap /etc/cinder/rootwrap.conf qemu-img rebase -u -b volume-b4b025a5-7d12-4811-bcca-470b46e0c960 -F qcow2 /opt/stack/data/cinder/mnt/fdaa8870163f5c3c96273dbd8992d27c/volume-b4b025a5-7d12-4811-bcca-470b46e0c960.f02cf5d7-b853-40f5-9a9a-11f93ca088cd {{(pid=86566) execute /opt/stack/data/venv/lib/python3.12/site-packages/oslo_concurrency/processutils.py:440}}
Jun 01 16:56:20 devstack sudo[94170]: quobyte : PWD=/ ; USER=root ; COMMAND=/opt/stack/data/venv/bin/cinder-rootwrap /etc/cinder/rootwrap.conf qemu-img rebase -u -b volume-b4b025a5-7d12-4811-bcca-470b46e0c960 -F qcow2 /opt/stack/data/cinder/mnt/fdaa8870163f5c3c96273dbd8992d27c/volume-b4b025a5-7d12-4811-bcca-470b46e0c960.f02cf5d7-b853-40f5-9a9a-11f93ca088cd
Jun 01 16:56:20 devstack sudo[94170]: pam_unix(sudo:session): session opened for user root(uid=0) by (uid=1000)
Jun 01 16:56:21 devstack sudo[94170]: pam_unix(sudo:session): session closed for user root
Jun 01 16:56:21 devstack cinder-volume[86566]: DEBUG oslo_concurrency.processutils [None req-add49e5e-e67f-45a7-806e-ccca0e808e93 tempest-SnapshotsActionsTest-1512539326 None] CMD "sudo cinder-rootwrap /etc/cinder/rootwrap.conf qemu-img rebase -u -b volume-b4b025a5-7d12-4811-bcca-470b46e0c960 -F qcow2 /opt/stack/data/cinder/mnt/fdaa8870163f5c3c96273dbd8992d27c/volume-b4b025a5-7d12-4811-bcca-470b46e0c960.f02cf5d7-b853-40f5-9a9a-11f93ca088cd" returned: 0 in 0.876s {{(pid=86566) execute /opt/stack/data/venv/lib/python3.12/site-packages/oslo_concurrency/processutils.py:468}}
Jun 01 16:56:21 devstack cinder-volume[86566]: WARNING cinder.volume.drivers.remotefs [None req-add49e5e-e67f-45a7-806e-ccca0e808e93 tempest-SnapshotsActionsTest-1512539326 None] /opt/stack/data/cinder/mnt/fdaa8870163f5c3c96273dbd8992d27c/volume-b4b025a5-7d12-4811-bcca-470b46e0c960.f02cf5d7-b853-40f5-9a9a-11f93ca088cd is being set with open permissions: ugo+rw
Jun 01 16:56:21 devstack cinder-volume[86566]: DEBUG oslo_concurrency.processutils [None req-add49e5e-e67f-45a7-806e-ccca0e808e93 tempest-SnapshotsActionsTest-1512539326 None] Running cmd (subprocess): sudo cinder-rootwrap /etc/cinder/rootwrap.conf chmod ugo+rw /opt/stack/data/cinder/mnt/fdaa8870163f5c3c96273dbd8992d27c/volume-b4b025a5-7d12-4811-bcca-470b46e0c960.f02cf5d7-b853-40f5-9a9a-11f93ca088cd {{(pid=86566) execute /opt/stack/data/venv/lib/python3.12/site-packages/oslo_concurrency/processutils.py:440}}
Jun 01 16:56:21 devstack sudo[94180]: quobyte : PWD=/ ; USER=root ; COMMAND=/opt/stack/data/venv/bin/cinder-rootwrap /etc/cinder/rootwrap.conf chmod ugo+rw /opt/stack/data/cinder/mnt/fdaa8870163f5c3c96273dbd8992d27c/volume-b4b025a5-7d12-4811-bcca-470b46e0c960.f02cf5d7-b853-40f5-9a9a-11f93ca088cd
Jun 01 16:56:21 devstack sudo[94180]: pam_unix(sudo:session): session opened for user root(uid=0) by (uid=1000)
Jun 01 16:56:22 devstack sudo[94180]: pam_unix(sudo:session): session closed for user root
Jun 01 16:56:22 devstack cinder-volume[86566]: DEBUG oslo_concurrency.processutils [None req-add49e5e-e67f-45a7-806e-ccca0e808e93 tempest-SnapshotsActionsTest-1512539326 None] CMD "sudo cinder-rootwrap /etc/cinder/rootwrap.conf chmod ugo+rw /opt/stack/data/cinder/mnt/fdaa8870163f5c3c96273dbd8992d27c/volume-b4b025a5-7d12-4811-bcca-470b46e0c960.f02cf5d7-b853-40f5-9a9a-11f93ca088cd" returned: 0 in 0.608s {{(pid=86566) execute /opt/stack/data/venv/lib/python3.12/site-packages/oslo_concurrency/processutils.py:468}}
Jun 01 16:56:22 devstack cinder-volume[86566]: DEBUG oslo_concurrency.processutils [None req-add49e5e-e67f-45a7-806e-ccca0e808e93 tempest-SnapshotsActionsTest-1512539326 None] Running cmd (subprocess): sudo cinder-rootwrap /etc/cinder/rootwrap.conf truncate -s0 /opt/stack/data/cinder/mnt/fdaa8870163f5c3c96273dbd8992d27c/volume-b4b025a5-7d12-4811-bcca-470b46e0c960.info {{(pid=86566) execute /opt/stack/data/venv/lib/python3.12/site-packages/oslo_concurrency/processutils.py:440}}
Jun 01 16:56:22 devstack sudo[94184]: quobyte : PWD=/ ; USER=root ; COMMAND=/opt/stack/data/venv/bin/cinder-rootwrap /etc/cinder/rootwrap.conf truncate -s0 /opt/stack/data/cinder/mnt/fdaa8870163f5c3c96273dbd8992d27c/volume-b4b025a5-7d12-4811-bcca-470b46e0c960.info
Jun 01 16:56:22 devstack sudo[94184]: pam_unix(sudo:session): session opened for user root(uid=0) by (uid=1000)
Jun 01 16:56:22 devstack sudo[94184]: pam_unix(sudo:session): session closed for user root
Jun 01 16:56:22 devstack cinder-volume[86566]: DEBUG oslo_concurrency.processutils [None req-add49e5e-e67f-45a7-806e-ccca0e808e93 tempest-SnapshotsActionsTest-1512539326 None] CMD "sudo cinder-rootwrap /etc/cinder/rootwrap.conf truncate -s0 /opt/stack/data/cinder/mnt/fdaa8870163f5c3c96273dbd8992d27c/volume-b4b025a5-7d12-4811-bcca-470b46e0c960.info" returned: 0 in 0.828s {{(pid=86566) execute /opt/stack/data/venv/lib/python3.12/site-packages/oslo_concurrency/processutils.py:468}}
Jun 01 16:56:22 devstack cinder-volume[86566]: WARNING cinder.volume.drivers.remotefs [None req-add49e5e-e67f-45a7-806e-ccca0e808e93 tempest-SnapshotsActionsTest-1512539326 None] /opt/stack/data/cinder/mnt/fdaa8870163f5c3c96273dbd8992d27c/volume-b4b025a5-7d12-4811-bcca-470b46e0c960.info is being set with open permissions: ugo+rw
Jun 01 16:56:22 devstack cinder-volume[86566]: DEBUG oslo_concurrency.processutils [None req-add49e5e-e67f-45a7-806e-ccca0e808e93 tempest-SnapshotsActionsTest-1512539326 None] Running cmd (subprocess): sudo cinder-rootwrap /etc/cinder/rootwrap.conf chmod ugo+rw /opt/stack/data/cinder/mnt/fdaa8870163f5c3c96273dbd8992d27c/volume-b4b025a5-7d12-4811-bcca-470b46e0c960.info {{(pid=86566) execute /opt/stack/data/venv/lib/python3.12/site-packages/oslo_concurrency/processutils.py:440}}
Jun 01 16:56:23 devstack sudo[94193]: quobyte : PWD=/ ; USER=root ; COMMAND=/opt/stack/data/venv/bin/cinder-rootwrap /etc/cinder/rootwrap.conf chmod ugo+rw /opt/stack/data/cinder/mnt/fdaa8870163f5c3c96273dbd8992d27c/volume-b4b025a5-7d12-4811-bcca-470b46e0c960.info
Jun 01 16:56:23 devstack sudo[94193]: pam_unix(sudo:session): session opened for user root(uid=0) by (uid=1000)
Jun 01 16:56:23 devstack sudo[94193]: pam_unix(sudo:session): session closed for user root
Jun 01 16:56:23 devstack cinder-volume[86566]: DEBUG oslo_concurrency.processutils [None req-add49e5e-e67f-45a7-806e-ccca0e808e93 tempest-SnapshotsActionsTest-1512539326 None] CMD "sudo cinder-rootwrap /etc/cinder/rootwrap.conf chmod ugo+rw /opt/stack/data/cinder/mnt/fdaa8870163f5c3c96273dbd8992d27c/volume-b4b025a5-7d12-4811-bcca-470b46e0c960.info" returned: 0 in 0.690s {{(pid=86566) execute /opt/stack/data/venv/lib/python3.12/site-packages/oslo_concurrency/processutils.py:468}}
Jun 01 16:56:23 devstack cinder-volume[86566]: DEBUG oslo_concurrency.lockutils [None req-add49e5e-e67f-45a7-806e-ccca0e808e93 tempest-SnapshotsActionsTest-1512539326 None] Lock "quobyte" "released" by "cinder.volume.drivers.quobyte.QuobyteDriver.create_snapshot" :: held 4.757s {{(pid=86566) inner /opt/stack/data/venv/lib/python3.12/site-packages/oslo_concurrency/lockutils.py:538}}
Jun 01 16:56:23 devstack cinder-volume[86566]: INFO cinder.volume.manager [None req-add49e5e-e67f-45a7-806e-ccca0e808e93 tempest-SnapshotsActionsTest-1512539326 None] Create snapshot completed successfully
Jun 01 16:56:24 devstack cinder-volume[86566]: DEBUG oslo_concurrency.lockutils [None req-fe0bbe89-4ef4-4c64-b62f-9feb450d32c0 tempest-SnapshotsActionsTest-1512539326 None] Acquiring lock "quobyte" by "cinder.volume.drivers.quobyte.QuobyteDriver.create_snapshot" {{(pid=86566) inner /opt/stack/data/venv/lib/python3.12/site-packages/oslo_concurrency/lockutils.py:506}}
Jun 01 16:56:24 devstack cinder-volume[86566]: DEBUG oslo_concurrency.lockutils [None req-fe0bbe89-4ef4-4c64-b62f-9feb450d32c0 tempest-SnapshotsActionsTest-1512539326 None] Lock "quobyte" acquired by "cinder.volume.drivers.quobyte.QuobyteDriver.create_snapshot" :: waited 0.001s {{(pid=86566) inner /opt/stack/data/venv/lib/python3.12/site-packages/oslo_concurrency/lockutils.py:519}}
Jun 01 16:56:24 devstack cinder-volume[86566]: DEBUG cinder.volume.drivers.remotefs [None req-fe0bbe89-4ef4-4c64-b62f-9feb450d32c0 tempest-SnapshotsActionsTest-1512539326 None] Creating offline snapshot 0045d792-3d0e-469a-a048-5cfd15730e58 of volume b4b025a5-7d12-4811-bcca-470b46e0c960 {{(pid=86566) _create_snapshot /opt/stack/cinder/cinder/volume/drivers/remotefs.py:1816}}
Jun 01 16:56:24 devstack cinder-volume[86566]: DEBUG oslo.privsep.daemon [-] privsep: reply[fa4876dd-6811-40d6-8cfa-596a86f25186]: (4, 'qcow2') {{(pid=87089) _call_back /opt/stack/data/venv/lib/python3.12/site-packages/oslo_privsep/daemon.py:573}}
Jun 01 16:56:24 devstack cinder-volume[86566]: DEBUG oslo_concurrency.processutils [None req-fe0bbe89-4ef4-4c64-b62f-9feb450d32c0 tempest-SnapshotsActionsTest-1512539326 None] Running cmd (subprocess): /opt/stack/data/venv/bin/python3.12 -m oslo_concurrency.prlimit --as=1073741824 --cpu=60 -- sudo cinder-rootwrap /etc/cinder/rootwrap.conf env LC_ALL=C qemu-img info -f qcow2 --output=json --force-share /opt/stack/data/cinder/mnt/fdaa8870163f5c3c96273dbd8992d27c/volume-b4b025a5-7d12-4811-bcca-470b46e0c960.f02cf5d7-b853-40f5-9a9a-11f93ca088cd {{(pid=86566) execute /opt/stack/data/venv/lib/python3.12/site-packages/oslo_concurrency/processutils.py:440}}
Jun 01 16:56:25 devstack sudo[94197]: quobyte : PWD=/ ; USER=root ; COMMAND=/opt/stack/data/venv/bin/cinder-rootwrap /etc/cinder/rootwrap.conf env LC_ALL=C qemu-img info -f qcow2 --output=json --force-share /opt/stack/data/cinder/mnt/fdaa8870163f5c3c96273dbd8992d27c/volume-b4b025a5-7d12-4811-bcca-470b46e0c960.f02cf5d7-b853-40f5-9a9a-11f93ca088cd
Jun 01 16:56:25 devstack sudo[94197]: pam_unix(sudo:session): session opened for user root(uid=0) by (uid=1000)
Jun 01 16:56:25 devstack sudo[94197]: pam_unix(sudo:session): session closed for user root
Jun 01 16:56:25 devstack cinder-volume[86566]: DEBUG oslo_concurrency.processutils [None req-fe0bbe89-4ef4-4c64-b62f-9feb450d32c0 tempest-SnapshotsActionsTest-1512539326 None] CMD "/opt/stack/data/venv/bin/python3.12 -m oslo_concurrency.prlimit --as=1073741824 --cpu=60 -- sudo cinder-rootwrap /etc/cinder/rootwrap.conf env LC_ALL=C qemu-img info -f qcow2 --output=json --force-share /opt/stack/data/cinder/mnt/fdaa8870163f5c3c96273dbd8992d27c/volume-b4b025a5-7d12-4811-bcca-470b46e0c960.f02cf5d7-b853-40f5-9a9a-11f93ca088cd" returned: 0 in 0.949s {{(pid=86566) execute /opt/stack/data/venv/lib/python3.12/site-packages/oslo_concurrency/processutils.py:468}}
Jun 01 16:56:25 devstack cinder-volume[86566]: DEBUG cinder.volume.drivers.remotefs [None req-fe0bbe89-4ef4-4c64-b62f-9feb450d32c0 tempest-SnapshotsActionsTest-1512539326 None] Fetching qemu-img info with special backing_file_template: (/opt/stack/data/cinder/mnt/[0-9a-f]+/)?(volume-b4b025a5-7d12-4811-bcca-470b46e0c960(.(tmp-snap-)?[0-9a-f-]+)?|volume_from_snapshot_cache/(tmp-snap-)?[0-9a-f-]+(.(child-|parent-)[0-9a-f-]+)?)$ {{(pid=86566) _qemu_img_info_base /opt/stack/cinder/cinder/volume/drivers/remotefs.py:896}}
Jun 01 16:56:25 devstack cinder-volume[86566]: DEBUG oslo_concurrency.processutils [None req-fe0bbe89-4ef4-4c64-b62f-9feb450d32c0 tempest-SnapshotsActionsTest-1512539326 None] Running cmd (subprocess): sudo cinder-rootwrap /etc/cinder/rootwrap.conf qemu-img create -f qcow2 -o backing_file=/opt/stack/data/cinder/mnt/fdaa8870163f5c3c96273dbd8992d27c/volume-b4b025a5-7d12-4811-bcca-470b46e0c960.f02cf5d7-b853-40f5-9a9a-11f93ca088cd,backing_fmt=qcow2 /opt/stack/data/cinder/mnt/fdaa8870163f5c3c96273dbd8992d27c/volume-b4b025a5-7d12-4811-bcca-470b46e0c960.0045d792-3d0e-469a-a048-5cfd15730e58 1G {{(pid=86566) execute /opt/stack/data/venv/lib/python3.12/site-packages/oslo_concurrency/processutils.py:440}}
Jun 01 16:56:25 devstack sudo[94206]: quobyte : PWD=/ ; USER=root ; COMMAND=/opt/stack/data/venv/bin/cinder-rootwrap /etc/cinder/rootwrap.conf qemu-img create -f qcow2 -o backing_file=/opt/stack/data/cinder/mnt/fdaa8870163f5c3c96273dbd8992d27c/volume-b4b025a5-7d12-4811-bcca-470b46e0c960.f02cf5d7-b853-40f5-9a9a-11f93ca088cd,backing_fmt=qcow2 /opt/stack/data/cinder/mnt/fdaa8870163f5c3c96273dbd8992d27c/volume-b4b025a5-7d12-4811-bcca-470b46e0c960.0045d792-3d0e-469a-a048-5cfd15730e58 1G
Jun 01 16:56:25 devstack sudo[94206]: pam_unix(sudo:session): session opened for user root(uid=0) by (uid=1000)
Jun 01 16:56:26 devstack sudo[94206]: pam_unix(sudo:session): session closed for user root
Jun 01 16:56:26 devstack cinder-volume[86566]: DEBUG oslo_concurrency.processutils [None req-fe0bbe89-4ef4-4c64-b62f-9feb450d32c0 tempest-SnapshotsActionsTest-1512539326 None] CMD "sudo cinder-rootwrap /etc/cinder/rootwrap.conf qemu-img create -f qcow2 -o backing_file=/opt/stack/data/cinder/mnt/fdaa8870163f5c3c96273dbd8992d27c/volume-b4b025a5-7d12-4811-bcca-470b46e0c960.f02cf5d7-b853-40f5-9a9a-11f93ca088cd,backing_fmt=qcow2 /opt/stack/data/cinder/mnt/fdaa8870163f5c3c96273dbd8992d27c/volume-b4b025a5-7d12-4811-bcca-470b46e0c960.0045d792-3d0e-469a-a048-5cfd15730e58 1G" returned: 0 in 0.961s {{(pid=86566) execute /opt/stack/data/venv/lib/python3.12/site-packages/oslo_concurrency/processutils.py:468}}
Jun 01 16:56:26 devstack cinder-volume[86566]: DEBUG oslo_concurrency.processutils [None req-fe0bbe89-4ef4-4c64-b62f-9feb450d32c0 tempest-SnapshotsActionsTest-1512539326 None] Running cmd (subprocess): sudo cinder-rootwrap /etc/cinder/rootwrap.conf qemu-img rebase -u -b volume-b4b025a5-7d12-4811-bcca-470b46e0c960.f02cf5d7-b853-40f5-9a9a-11f93ca088cd -F qcow2 /opt/stack/data/cinder/mnt/fdaa8870163f5c3c96273dbd8992d27c/volume-b4b025a5-7d12-4811-bcca-470b46e0c960.0045d792-3d0e-469a-a048-5cfd15730e58 {{(pid=86566) execute /opt/stack/data/venv/lib/python3.12/site-packages/oslo_concurrency/processutils.py:440}}
Jun 01 16:56:26 devstack sudo[94212]: quobyte : PWD=/ ; USER=root ; COMMAND=/opt/stack/data/venv/bin/cinder-rootwrap /etc/cinder/rootwrap.conf qemu-img rebase -u -b volume-b4b025a5-7d12-4811-bcca-470b46e0c960.f02cf5d7-b853-40f5-9a9a-11f93ca088cd -F qcow2 /opt/stack/data/cinder/mnt/fdaa8870163f5c3c96273dbd8992d27c/volume-b4b025a5-7d12-4811-bcca-470b46e0c960.0045d792-3d0e-469a-a048-5cfd15730e58
Jun 01 16:56:26 devstack sudo[94212]: pam_unix(sudo:session): session opened for user root(uid=0) by (uid=1000)
Jun 01 16:56:27 devstack sudo[94212]: pam_unix(sudo:session): session closed for user root
Jun 01 16:56:27 devstack cinder-volume[86566]: DEBUG oslo_concurrency.processutils [None req-fe0bbe89-4ef4-4c64-b62f-9feb450d32c0 tempest-SnapshotsActionsTest-1512539326 None] CMD "sudo cinder-rootwrap /etc/cinder/rootwrap.conf qemu-img rebase -u -b volume-b4b025a5-7d12-4811-bcca-470b46e0c960.f02cf5d7-b853-40f5-9a9a-11f93ca088cd -F qcow2 /opt/stack/data/cinder/mnt/fdaa8870163f5c3c96273dbd8992d27c/volume-b4b025a5-7d12-4811-bcca-470b46e0c960.0045d792-3d0e-469a-a048-5cfd15730e58" returned: 0 in 0.690s {{(pid=86566) execute /opt/stack/data/venv/lib/python3.12/site-packages/oslo_concurrency/processutils.py:468}}
Jun 01 16:56:27 devstack cinder-volume[86566]: WARNING cinder.volume.drivers.remotefs [None req-fe0bbe89-4ef4-4c64-b62f-9feb450d32c0 tempest-SnapshotsActionsTest-1512539326 None] /opt/stack/data/cinder/mnt/fdaa8870163f5c3c96273dbd8992d27c/volume-b4b025a5-7d12-4811-bcca-470b46e0c960.0045d792-3d0e-469a-a048-5cfd15730e58 is being set with open permissions: ugo+rw
Jun 01 16:56:27 devstack cinder-volume[86566]: DEBUG oslo_concurrency.processutils [None req-fe0bbe89-4ef4-4c64-b62f-9feb450d32c0 tempest-SnapshotsActionsTest-1512539326 None] Running cmd (subprocess): sudo cinder-rootwrap /etc/cinder/rootwrap.conf chmod ugo+rw /opt/stack/data/cinder/mnt/fdaa8870163f5c3c96273dbd8992d27c/volume-b4b025a5-7d12-4811-bcca-470b46e0c960.0045d792-3d0e-469a-a048-5cfd15730e58 {{(pid=86566) execute /opt/stack/data/venv/lib/python3.12/site-packages/oslo_concurrency/processutils.py:440}}
Jun 01 16:56:27 devstack sudo[94217]: quobyte : PWD=/ ; USER=root ; COMMAND=/opt/stack/data/venv/bin/cinder-rootwrap /etc/cinder/rootwrap.conf chmod ugo+rw /opt/stack/data/cinder/mnt/fdaa8870163f5c3c96273dbd8992d27c/volume-b4b025a5-7d12-4811-bcca-470b46e0c960.0045d792-3d0e-469a-a048-5cfd15730e58
Jun 01 16:56:27 devstack sudo[94217]: pam_unix(sudo:session): session opened for user root(uid=0) by (uid=1000)
Jun 01 16:56:28 devstack sudo[94217]: pam_unix(sudo:session): session closed for user root
Jun 01 16:56:28 devstack cinder-volume[86566]: DEBUG oslo_concurrency.processutils [None req-fe0bbe89-4ef4-4c64-b62f-9feb450d32c0 tempest-SnapshotsActionsTest-1512539326 None] CMD "sudo cinder-rootwrap /etc/cinder/rootwrap.conf chmod ugo+rw /opt/stack/data/cinder/mnt/fdaa8870163f5c3c96273dbd8992d27c/volume-b4b025a5-7d12-4811-bcca-470b46e0c960.0045d792-3d0e-469a-a048-5cfd15730e58" returned: 0 in 0.693s {{(pid=86566) execute /opt/stack/data/venv/lib/python3.12/site-packages/oslo_concurrency/processutils.py:468}}
Jun 01 16:56:28 devstack cinder-volume[86566]: DEBUG oslo_concurrency.lockutils [None req-fe0bbe89-4ef4-4c64-b62f-9feb450d32c0 tempest-SnapshotsActionsTest-1512539326 None] Lock "quobyte" "released" by "cinder.volume.drivers.quobyte.QuobyteDriver.create_snapshot" :: held 3.417s {{(pid=86566) inner /opt/stack/data/venv/lib/python3.12/site-packages/oslo_concurrency/lockutils.py:538}}
Jun 01 16:56:28 devstack cinder-volume[86566]: INFO cinder.volume.manager [None req-fe0bbe89-4ef4-4c64-b62f-9feb450d32c0 tempest-SnapshotsActionsTest-1512539326 None] Create snapshot completed successfully
Jun 01 16:56:29 devstack cinder-volume[86566]: DEBUG cinder.coordination [None req-2d748180-1c55-4f35-8ef3-64dd34418a7f tempest-SnapshotsActionsTest-888745477 None] Acquiring lock "cinder-0045d792-3d0e-469a-a048-5cfd15730e58-delete_snapshot" by "delete_snapshot" {{(pid=86566) __acquire /opt/stack/cinder/cinder/coordination.py:138}}
Jun 01 16:56:29 devstack cinder-volume[86566]: DEBUG cinder.coordination [None req-2d748180-1c55-4f35-8ef3-64dd34418a7f tempest-SnapshotsActionsTest-888745477 None] Lock "cinder-0045d792-3d0e-469a-a048-5cfd15730e58-delete_snapshot" acquired by "delete_snapshot" :: waited 0.028s {{(pid=86566) __acquire /opt/stack/cinder/cinder/coordination.py:141}}
Jun 01 16:56:29 devstack cinder-volume[86566]: DEBUG cinder.coordination [None req-2d748180-1c55-4f35-8ef3-64dd34418a7f tempest-SnapshotsActionsTest-888745477 None] Acquiring lock "cinder-quobyte-b4b025a5-7d12-4811-bcca-470b46e0c960" by "delete_snapshot" {{(pid=86566) __acquire /opt/stack/cinder/cinder/coordination.py:138}}
Jun 01 16:56:29 devstack cinder-volume[86566]: DEBUG cinder.coordination [None req-2d748180-1c55-4f35-8ef3-64dd34418a7f tempest-SnapshotsActionsTest-888745477 None] Lock "cinder-quobyte-b4b025a5-7d12-4811-bcca-470b46e0c960" acquired by "delete_snapshot" :: waited 0.024s {{(pid=86566) __acquire /opt/stack/cinder/cinder/coordination.py:141}}
Jun 01 16:56:29 devstack cinder-volume[86566]: DEBUG cinder.coordination [None req-2d748180-1c55-4f35-8ef3-64dd34418a7f tempest-SnapshotsActionsTest-888745477 None] Acquiring lock "cinder-quobyte-0045d792-3d0e-469a-a048-5cfd15730e58" by "_delete_snapshot" {{(pid=86566) __acquire /opt/stack/cinder/cinder/coordination.py:138}}
Jun 01 16:56:29 devstack cinder-volume[86566]: DEBUG cinder.coordination [None req-2d748180-1c55-4f35-8ef3-64dd34418a7f tempest-SnapshotsActionsTest-888745477 None] Lock "cinder-quobyte-0045d792-3d0e-469a-a048-5cfd15730e58" acquired by "_delete_snapshot" :: waited 0.023s {{(pid=86566) __acquire /opt/stack/cinder/cinder/coordination.py:141}}
Jun 01 16:56:29 devstack cinder-volume[86566]: DEBUG cinder.volume.drivers.remotefs [None req-2d748180-1c55-4f35-8ef3-64dd34418a7f tempest-SnapshotsActionsTest-888745477 None] Deleting offline snapshot 0045d792-3d0e-469a-a048-5cfd15730e58 of volume b4b025a5-7d12-4811-bcca-470b46e0c960 {{(pid=86566) _delete_snapshot /opt/stack/cinder/cinder/volume/drivers/remotefs.py:1288}}
Jun 01 16:56:29 devstack cinder-volume[86566]: DEBUG cinder.volume.drivers.remotefs [None req-2d748180-1c55-4f35-8ef3-64dd34418a7f tempest-SnapshotsActionsTest-888745477 None] snapshot_file for this snap is: volume-b4b025a5-7d12-4811-bcca-470b46e0c960.0045d792-3d0e-469a-a048-5cfd15730e58 {{(pid=86566) _delete_snapshot /opt/stack/cinder/cinder/volume/drivers/remotefs.py:1317}}
Jun 01 16:56:29 devstack cinder-volume[86566]: DEBUG oslo.privsep.daemon [-] privsep: reply[cc88de9e-200c-459d-b74b-5da0e767652f]: (4, 'qcow2') {{(pid=87089) _call_back /opt/stack/data/venv/lib/python3.12/site-packages/oslo_privsep/daemon.py:573}}
Jun 01 16:56:29 devstack cinder-volume[86566]: DEBUG oslo_concurrency.processutils [None req-2d748180-1c55-4f35-8ef3-64dd34418a7f tempest-SnapshotsActionsTest-888745477 None] Running cmd (subprocess): /opt/stack/data/venv/bin/python3.12 -m oslo_concurrency.prlimit --as=1073741824 --cpu=60 -- sudo cinder-rootwrap /etc/cinder/rootwrap.conf env LC_ALL=C qemu-img info -f qcow2 --output=json --force-share /opt/stack/data/cinder/mnt/fdaa8870163f5c3c96273dbd8992d27c/volume-b4b025a5-7d12-4811-bcca-470b46e0c960.0045d792-3d0e-469a-a048-5cfd15730e58 {{(pid=86566) execute /opt/stack/data/venv/lib/python3.12/site-packages/oslo_concurrency/processutils.py:440}}
Jun 01 16:56:29 devstack sudo[94220]: quobyte : PWD=/ ; USER=root ; COMMAND=/opt/stack/data/venv/bin/cinder-rootwrap /etc/cinder/rootwrap.conf env LC_ALL=C qemu-img info -f qcow2 --output=json --force-share /opt/stack/data/cinder/mnt/fdaa8870163f5c3c96273dbd8992d27c/volume-b4b025a5-7d12-4811-bcca-470b46e0c960.0045d792-3d0e-469a-a048-5cfd15730e58
Jun 01 16:56:29 devstack sudo[94220]: pam_unix(sudo:session): session opened for user root(uid=0) by (uid=1000)
Jun 01 16:56:29 devstack cinder-volume[86566]: DEBUG cinder.coordination [None req-804df5dd-09a8-4707-8ddd-f71242fc376d tempest-VolumesNegativeTest-850708315 None] Acquiring lock "cinder-b8e8d1a3-6ea1-472d-8cbf-bd912e11325f-delete_volume" by "delete_volume" {{(pid=86566) __acquire /opt/stack/cinder/cinder/coordination.py:138}}
Jun 01 16:56:29 devstack cinder-volume[86566]: DEBUG cinder.coordination [None req-804df5dd-09a8-4707-8ddd-f71242fc376d tempest-VolumesNegativeTest-850708315 None] Lock "cinder-b8e8d1a3-6ea1-472d-8cbf-bd912e11325f-delete_volume" acquired by "delete_volume" :: waited 0.031s {{(pid=86566) __acquire /opt/stack/cinder/cinder/coordination.py:141}}
Jun 01 16:56:29 devstack cinder-volume[86566]: DEBUG cinder.coordination [None req-804df5dd-09a8-4707-8ddd-f71242fc376d tempest-VolumesNegativeTest-850708315 None] Acquiring lock "cinder-quobyte-b8e8d1a3-6ea1-472d-8cbf-bd912e11325f" by "delete_volume" {{(pid=86566) __acquire /opt/stack/cinder/cinder/coordination.py:138}}
Jun 01 16:56:29 devstack cinder-volume[86566]: DEBUG cinder.coordination [None req-804df5dd-09a8-4707-8ddd-f71242fc376d tempest-VolumesNegativeTest-850708315 None] Lock "cinder-quobyte-b8e8d1a3-6ea1-472d-8cbf-bd912e11325f" acquired by "delete_volume" :: waited 0.030s {{(pid=86566) __acquire /opt/stack/cinder/cinder/coordination.py:141}}
Jun 01 16:56:29 devstack cinder-volume[86566]: DEBUG oslo.privsep.daemon [-] privsep: reply[5aca1a60-1a64-4c04-8d8f-14f9021ff15a]: (4, 'qcow2') {{(pid=87089) _call_back /opt/stack/data/venv/lib/python3.12/site-packages/oslo_privsep/daemon.py:573}}
Jun 01 16:56:29 devstack cinder-volume[86566]: DEBUG oslo_concurrency.processutils [None req-804df5dd-09a8-4707-8ddd-f71242fc376d tempest-VolumesNegativeTest-850708315 None] Running cmd (subprocess): /opt/stack/data/venv/bin/python3.12 -m oslo_concurrency.prlimit --as=1073741824 --cpu=60 -- sudo cinder-rootwrap /etc/cinder/rootwrap.conf env LC_ALL=C qemu-img info -f qcow2 --output=json --force-share /opt/stack/data/cinder/mnt/fdaa8870163f5c3c96273dbd8992d27c/volume-b8e8d1a3-6ea1-472d-8cbf-bd912e11325f {{(pid=86566) execute /opt/stack/data/venv/lib/python3.12/site-packages/oslo_concurrency/processutils.py:440}}
Jun 01 16:56:29 devstack sudo[94222]: quobyte : PWD=/ ; USER=root ; COMMAND=/opt/stack/data/venv/bin/cinder-rootwrap /etc/cinder/rootwrap.conf env LC_ALL=C qemu-img info -f qcow2 --output=json --force-share /opt/stack/data/cinder/mnt/fdaa8870163f5c3c96273dbd8992d27c/volume-b8e8d1a3-6ea1-472d-8cbf-bd912e11325f
Jun 01 16:56:29 devstack sudo[94222]: pam_unix(sudo:session): session opened for user root(uid=0) by (uid=1000)
Jun 01 16:56:30 devstack sudo[94220]: pam_unix(sudo:session): session closed for user root
Jun 01 16:56:30 devstack cinder-volume[86566]: DEBUG oslo_concurrency.processutils [None req-2d748180-1c55-4f35-8ef3-64dd34418a7f tempest-SnapshotsActionsTest-888745477 None] CMD "/opt/stack/data/venv/bin/python3.12 -m oslo_concurrency.prlimit --as=1073741824 --cpu=60 -- sudo cinder-rootwrap /etc/cinder/rootwrap.conf env LC_ALL=C qemu-img info -f qcow2 --output=json --force-share /opt/stack/data/cinder/mnt/fdaa8870163f5c3c96273dbd8992d27c/volume-b4b025a5-7d12-4811-bcca-470b46e0c960.0045d792-3d0e-469a-a048-5cfd15730e58" returned: 0 in 0.827s {{(pid=86566) execute /opt/stack/data/venv/lib/python3.12/site-packages/oslo_concurrency/processutils.py:468}}
Jun 01 16:56:30 devstack cinder-volume[86566]: DEBUG cinder.volume.drivers.remotefs [None req-2d748180-1c55-4f35-8ef3-64dd34418a7f tempest-SnapshotsActionsTest-888745477 None] Fetching qemu-img info with special backing_file_template: (/opt/stack/data/cinder/mnt/[0-9a-f]+/)?(volume-b4b025a5-7d12-4811-bcca-470b46e0c960(.(tmp-snap-)?[0-9a-f-]+)?|volume_from_snapshot_cache/(tmp-snap-)?[0-9a-f-]+(.(child-|parent-)[0-9a-f-]+)?)$ {{(pid=86566) _qemu_img_info_base /opt/stack/cinder/cinder/volume/drivers/remotefs.py:896}}
Jun 01 16:56:30 devstack cinder-volume[86566]: DEBUG oslo.privsep.daemon [-] privsep: reply[9f0dcae6-f577-41fe-9112-84e9ae5ea6a8]: (4, 'qcow2') {{(pid=87089) _call_back /opt/stack/data/venv/lib/python3.12/site-packages/oslo_privsep/daemon.py:573}}
Jun 01 16:56:30 devstack cinder-volume[86566]: DEBUG oslo_concurrency.processutils [None req-2d748180-1c55-4f35-8ef3-64dd34418a7f tempest-SnapshotsActionsTest-888745477 None] Running cmd (subprocess): /opt/stack/data/venv/bin/python3.12 -m oslo_concurrency.prlimit --as=1073741824 --cpu=60 -- sudo cinder-rootwrap /etc/cinder/rootwrap.conf env LC_ALL=C qemu-img info -f qcow2 --output=json --force-share /opt/stack/data/cinder/mnt/fdaa8870163f5c3c96273dbd8992d27c/volume-b4b025a5-7d12-4811-bcca-470b46e0c960.f02cf5d7-b853-40f5-9a9a-11f93ca088cd {{(pid=86566) execute /opt/stack/data/venv/lib/python3.12/site-packages/oslo_concurrency/processutils.py:440}}
Jun 01 16:56:30 devstack sudo[94227]: quobyte : PWD=/ ; USER=root ; COMMAND=/opt/stack/data/venv/bin/cinder-rootwrap /etc/cinder/rootwrap.conf env LC_ALL=C qemu-img info -f qcow2 --output=json --force-share /opt/stack/data/cinder/mnt/fdaa8870163f5c3c96273dbd8992d27c/volume-b4b025a5-7d12-4811-bcca-470b46e0c960.f02cf5d7-b853-40f5-9a9a-11f93ca088cd
Jun 01 16:56:30 devstack sudo[94227]: pam_unix(sudo:session): session opened for user root(uid=0) by (uid=1000)
Jun 01 16:56:30 devstack sudo[94222]: pam_unix(sudo:session): session closed for user root
Jun 01 16:56:30 devstack cinder-volume[86566]: DEBUG oslo_concurrency.processutils [None req-804df5dd-09a8-4707-8ddd-f71242fc376d tempest-VolumesNegativeTest-850708315 None] CMD "/opt/stack/data/venv/bin/python3.12 -m oslo_concurrency.prlimit --as=1073741824 --cpu=60 -- sudo cinder-rootwrap /etc/cinder/rootwrap.conf env LC_ALL=C qemu-img info -f qcow2 --output=json --force-share /opt/stack/data/cinder/mnt/fdaa8870163f5c3c96273dbd8992d27c/volume-b8e8d1a3-6ea1-472d-8cbf-bd912e11325f" returned: 0 in 0.786s {{(pid=86566) execute /opt/stack/data/venv/lib/python3.12/site-packages/oslo_concurrency/processutils.py:468}}
Jun 01 16:56:30 devstack cinder-volume[86566]: DEBUG oslo_concurrency.processutils [None req-804df5dd-09a8-4707-8ddd-f71242fc376d tempest-VolumesNegativeTest-850708315 None] Running cmd (subprocess): sudo cinder-rootwrap /etc/cinder/rootwrap.conf rm -f /opt/stack/data/cinder/mnt/fdaa8870163f5c3c96273dbd8992d27c/volume-b8e8d1a3-6ea1-472d-8cbf-bd912e11325f {{(pid=86566) execute /opt/stack/data/venv/lib/python3.12/site-packages/oslo_concurrency/processutils.py:440}}
Jun 01 16:56:30 devstack sudo[94232]: quobyte : PWD=/ ; USER=root ; COMMAND=/opt/stack/data/venv/bin/cinder-rootwrap /etc/cinder/rootwrap.conf rm -f /opt/stack/data/cinder/mnt/fdaa8870163f5c3c96273dbd8992d27c/volume-b8e8d1a3-6ea1-472d-8cbf-bd912e11325f
Jun 01 16:56:30 devstack sudo[94232]: pam_unix(sudo:session): session opened for user root(uid=0) by (uid=1000)
Jun 01 16:56:30 devstack sudo[94227]: pam_unix(sudo:session): session closed for user root
Jun 01 16:56:30 devstack cinder-volume[86566]: DEBUG oslo_concurrency.processutils [None req-2d748180-1c55-4f35-8ef3-64dd34418a7f tempest-SnapshotsActionsTest-888745477 None] CMD "/opt/stack/data/venv/bin/python3.12 -m oslo_concurrency.prlimit --as=1073741824 --cpu=60 -- sudo cinder-rootwrap /etc/cinder/rootwrap.conf env LC_ALL=C qemu-img info -f qcow2 --output=json --force-share /opt/stack/data/cinder/mnt/fdaa8870163f5c3c96273dbd8992d27c/volume-b4b025a5-7d12-4811-bcca-470b46e0c960.f02cf5d7-b853-40f5-9a9a-11f93ca088cd" returned: 0 in 0.767s {{(pid=86566) execute /opt/stack/data/venv/lib/python3.12/site-packages/oslo_concurrency/processutils.py:468}}
Jun 01 16:56:30 devstack cinder-volume[86566]: DEBUG cinder.volume.drivers.remotefs [None req-2d748180-1c55-4f35-8ef3-64dd34418a7f tempest-SnapshotsActionsTest-888745477 None] Fetching qemu-img info with special backing_file_template: (/opt/stack/data/cinder/mnt/[0-9a-f]+/)?(volume-b4b025a5-7d12-4811-bcca-470b46e0c960(.(tmp-snap-)?[0-9a-f-]+)?|volume_from_snapshot_cache/(tmp-snap-)?[0-9a-f-]+(.(child-|parent-)[0-9a-f-]+)?)$ {{(pid=86566) _qemu_img_info_base /opt/stack/cinder/cinder/volume/drivers/remotefs.py:896}}
Jun 01 16:56:30 devstack cinder-volume[86566]: DEBUG oslo_concurrency.processutils [None req-2d748180-1c55-4f35-8ef3-64dd34418a7f tempest-SnapshotsActionsTest-888745477 None] Running cmd (subprocess): sudo cinder-rootwrap /etc/cinder/rootwrap.conf qemu-img commit -d /opt/stack/data/cinder/mnt/fdaa8870163f5c3c96273dbd8992d27c/volume-b4b025a5-7d12-4811-bcca-470b46e0c960.0045d792-3d0e-469a-a048-5cfd15730e58 {{(pid=86566) execute /opt/stack/data/venv/lib/python3.12/site-packages/oslo_concurrency/processutils.py:440}}
Jun 01 16:56:31 devstack sudo[94237]: quobyte : PWD=/ ; USER=root ; COMMAND=/opt/stack/data/venv/bin/cinder-rootwrap /etc/cinder/rootwrap.conf qemu-img commit -d /opt/stack/data/cinder/mnt/fdaa8870163f5c3c96273dbd8992d27c/volume-b4b025a5-7d12-4811-bcca-470b46e0c960.0045d792-3d0e-469a-a048-5cfd15730e58
Jun 01 16:56:31 devstack sudo[94237]: pam_unix(sudo:session): session opened for user root(uid=0) by (uid=1000)
Jun 01 16:56:31 devstack sudo[94232]: pam_unix(sudo:session): session closed for user root
Jun 01 16:56:31 devstack cinder-volume[86566]: DEBUG oslo_concurrency.processutils [None req-804df5dd-09a8-4707-8ddd-f71242fc376d tempest-VolumesNegativeTest-850708315 None] CMD "sudo cinder-rootwrap /etc/cinder/rootwrap.conf rm -f /opt/stack/data/cinder/mnt/fdaa8870163f5c3c96273dbd8992d27c/volume-b8e8d1a3-6ea1-472d-8cbf-bd912e11325f" returned: 0 in 0.634s {{(pid=86566) execute /opt/stack/data/venv/lib/python3.12/site-packages/oslo_concurrency/processutils.py:468}}
Jun 01 16:56:31 devstack cinder-volume[86566]: DEBUG cinder.coordination [None req-804df5dd-09a8-4707-8ddd-f71242fc376d tempest-VolumesNegativeTest-850708315 None] Lock "cinder-quobyte-b8e8d1a3-6ea1-472d-8cbf-bd912e11325f" released by "delete_volume" :: held 1.473s {{(pid=86566) __release /opt/stack/cinder/cinder/coordination.py:152}}
Jun 01 16:56:31 devstack cinder-volume[86566]: DEBUG cinder.quota [None req-804df5dd-09a8-4707-8ddd-f71242fc376d tempest-VolumesNegativeTest-850708315 None] Created reservations ['4cc4cbdd-d2a5-4354-8268-6e0c1a5c60e9', '57ab0e0c-0e5f-420b-a06e-a7138b684aef', '87fa9b72-c766-40b8-b0d8-e186381339a6', 'a9484990-970d-4360-88d8-adc72e5cc28d'] {{(pid=86566) reserve /opt/stack/cinder/cinder/quota.py:752}}
Jun 01 16:56:31 devstack cinder-volume[86566]: DEBUG oslo_concurrency.lockutils [None req-804df5dd-09a8-4707-8ddd-f71242fc376d tempest-VolumesNegativeTest-850708315 None] Acquiring lock "quobyte_ensure" by "cinder.volume.drivers.quobyte.QuobyteDriver._ensure_shares_mounted" {{(pid=86566) inner /opt/stack/data/venv/lib/python3.12/site-packages/oslo_concurrency/lockutils.py:506}}
Jun 01 16:56:31 devstack cinder-volume[86566]: DEBUG oslo_concurrency.lockutils [None req-804df5dd-09a8-4707-8ddd-f71242fc376d tempest-VolumesNegativeTest-850708315 None] Lock "quobyte_ensure" acquired by "cinder.volume.drivers.quobyte.QuobyteDriver._ensure_shares_mounted" :: waited 0.001s {{(pid=86566) inner /opt/stack/data/venv/lib/python3.12/site-packages/oslo_concurrency/lockutils.py:519}}
Jun 01 16:56:31 devstack cinder-volume[86566]: DEBUG cinder.volume.drivers.quobyte [None req-804df5dd-09a8-4707-8ddd-f71242fc376d tempest-VolumesNegativeTest-850708315 None] Quobyte Volume URL set to: {'osci02.corp.quobyte.com/cinder-vol-efc053ce-4901-43db-aaaf-7db8497ee95e': None} {{(pid=86566) _load_shares_config /opt/stack/cinder/cinder/volume/drivers/quobyte.py:617}}
Jun 01 16:56:31 devstack cinder-volume[86566]: DEBUG cinder.volume.drivers.quobyte [None req-804df5dd-09a8-4707-8ddd-f71242fc376d tempest-VolumesNegativeTest-850708315 None] Available shares ['osci02.corp.quobyte.com/cinder-vol-efc053ce-4901-43db-aaaf-7db8497ee95e'] {{(pid=86566) _ensure_shares_mounted /opt/stack/cinder/cinder/volume/drivers/quobyte.py:647}}
Jun 01 16:56:31 devstack cinder-volume[86566]: DEBUG oslo_concurrency.lockutils [None req-804df5dd-09a8-4707-8ddd-f71242fc376d tempest-VolumesNegativeTest-850708315 None] Lock "quobyte_ensure" "released" by "cinder.volume.drivers.quobyte.QuobyteDriver._ensure_shares_mounted" :: held 0.006s {{(pid=86566) inner /opt/stack/data/venv/lib/python3.12/site-packages/oslo_concurrency/lockutils.py:538}}
Jun 01 16:56:31 devstack cinder-volume[86566]: DEBUG oslo_concurrency.processutils [None req-804df5dd-09a8-4707-8ddd-f71242fc376d tempest-VolumesNegativeTest-850708315 None] Running cmd (subprocess): sudo cinder-rootwrap /etc/cinder/rootwrap.conf df --portability --block-size 1 /opt/stack/data/cinder/mnt/fdaa8870163f5c3c96273dbd8992d27c {{(pid=86566) execute /opt/stack/data/venv/lib/python3.12/site-packages/oslo_concurrency/processutils.py:440}}
Jun 01 16:56:31 devstack sudo[94240]: quobyte : PWD=/ ; USER=root ; COMMAND=/opt/stack/data/venv/bin/cinder-rootwrap /etc/cinder/rootwrap.conf df --portability --block-size 1 /opt/stack/data/cinder/mnt/fdaa8870163f5c3c96273dbd8992d27c
Jun 01 16:56:31 devstack sudo[94240]: pam_unix(sudo:session): session opened for user root(uid=0) by (uid=1000)
Jun 01 16:56:31 devstack sudo[94237]: pam_unix(sudo:session): session closed for user root
Jun 01 16:56:31 devstack cinder-volume[86566]: DEBUG oslo_concurrency.processutils [None req-2d748180-1c55-4f35-8ef3-64dd34418a7f tempest-SnapshotsActionsTest-888745477 None] CMD "sudo cinder-rootwrap /etc/cinder/rootwrap.conf qemu-img commit -d /opt/stack/data/cinder/mnt/fdaa8870163f5c3c96273dbd8992d27c/volume-b4b025a5-7d12-4811-bcca-470b46e0c960.0045d792-3d0e-469a-a048-5cfd15730e58" returned: 0 in 0.821s {{(pid=86566) execute /opt/stack/data/venv/lib/python3.12/site-packages/oslo_concurrency/processutils.py:468}}
Jun 01 16:56:31 devstack cinder-volume[86566]: DEBUG oslo_concurrency.processutils [None req-2d748180-1c55-4f35-8ef3-64dd34418a7f tempest-SnapshotsActionsTest-888745477 None] Running cmd (subprocess): sudo cinder-rootwrap /etc/cinder/rootwrap.conf rm -f /opt/stack/data/cinder/mnt/fdaa8870163f5c3c96273dbd8992d27c/volume-b4b025a5-7d12-4811-bcca-470b46e0c960.0045d792-3d0e-469a-a048-5cfd15730e58 {{(pid=86566) execute /opt/stack/data/venv/lib/python3.12/site-packages/oslo_concurrency/processutils.py:440}}
Jun 01 16:56:31 devstack sudo[94245]: quobyte : PWD=/ ; USER=root ; COMMAND=/opt/stack/data/venv/bin/cinder-rootwrap /etc/cinder/rootwrap.conf rm -f /opt/stack/data/cinder/mnt/fdaa8870163f5c3c96273dbd8992d27c/volume-b4b025a5-7d12-4811-bcca-470b46e0c960.0045d792-3d0e-469a-a048-5cfd15730e58
Jun 01 16:56:31 devstack sudo[94245]: pam_unix(sudo:session): session opened for user root(uid=0) by (uid=1000)
Jun 01 16:56:32 devstack sudo[94240]: pam_unix(sudo:session): session closed for user root
Jun 01 16:56:32 devstack cinder-volume[86566]: DEBUG oslo_concurrency.processutils [None req-804df5dd-09a8-4707-8ddd-f71242fc376d tempest-VolumesNegativeTest-850708315 None] CMD "sudo cinder-rootwrap /etc/cinder/rootwrap.conf df --portability --block-size 1 /opt/stack/data/cinder/mnt/fdaa8870163f5c3c96273dbd8992d27c" returned: 0 in 0.677s {{(pid=86566) execute /opt/stack/data/venv/lib/python3.12/site-packages/oslo_concurrency/processutils.py:468}}
Jun 01 16:56:32 devstack cinder-volume[86566]: DEBUG cinder.manager [None req-804df5dd-09a8-4707-8ddd-f71242fc376d tempest-VolumesNegativeTest-850708315 None] Notifying Schedulers of capabilities ... {{(pid=86566) _publish_service_capabilities /opt/stack/cinder/cinder/manager.py:219}}
Jun 01 16:56:32 devstack cinder-volume[86566]: INFO cinder.volume.manager [None req-804df5dd-09a8-4707-8ddd-f71242fc376d tempest-VolumesNegativeTest-850708315 None] Deleted volume successfully.
Jun 01 16:56:32 devstack cinder-volume[86566]: DEBUG cinder.coordination [None req-804df5dd-09a8-4707-8ddd-f71242fc376d tempest-VolumesNegativeTest-850708315 None] Lock "cinder-b8e8d1a3-6ea1-472d-8cbf-bd912e11325f-delete_volume" released by "delete_volume" :: held 2.436s {{(pid=86566) __release /opt/stack/cinder/cinder/coordination.py:152}}
Jun 01 16:56:32 devstack sudo[94245]: pam_unix(sudo:session): session closed for user root
Jun 01 16:56:32 devstack cinder-volume[86566]: DEBUG oslo_concurrency.processutils [None req-2d748180-1c55-4f35-8ef3-64dd34418a7f tempest-SnapshotsActionsTest-888745477 None] CMD "sudo cinder-rootwrap /etc/cinder/rootwrap.conf rm -f /opt/stack/data/cinder/mnt/fdaa8870163f5c3c96273dbd8992d27c/volume-b4b025a5-7d12-4811-bcca-470b46e0c960.0045d792-3d0e-469a-a048-5cfd15730e58" returned: 0 in 0.737s {{(pid=86566) execute /opt/stack/data/venv/lib/python3.12/site-packages/oslo_concurrency/processutils.py:468}}
Jun 01 16:56:32 devstack cinder-volume[86566]: DEBUG cinder.coordination [None req-2d748180-1c55-4f35-8ef3-64dd34418a7f tempest-SnapshotsActionsTest-888745477 None] Lock "cinder-quobyte-0045d792-3d0e-469a-a048-5cfd15730e58" released by "_delete_snapshot" :: held 3.275s {{(pid=86566) __release /opt/stack/cinder/cinder/coordination.py:152}}
Jun 01 16:56:32 devstack cinder-volume[86566]: DEBUG cinder.coordination [None req-2d748180-1c55-4f35-8ef3-64dd34418a7f tempest-SnapshotsActionsTest-888745477 None] Lock "cinder-quobyte-b4b025a5-7d12-4811-bcca-470b46e0c960" released by "delete_snapshot" :: held 3.308s {{(pid=86566) __release /opt/stack/cinder/cinder/coordination.py:152}}
Jun 01 16:56:32 devstack cinder-volume[86566]: DEBUG cinder.quota [None req-2d748180-1c55-4f35-8ef3-64dd34418a7f tempest-SnapshotsActionsTest-888745477 None] Created reservations ['cd1326b9-1da7-41fc-8b52-f4502931d5d4', 'bfb0e58c-cf8a-4030-804e-15e88ad3aabf', '53d75a7f-f95e-4cab-b74f-6c58a730ed8a', '0ec1169a-277e-452d-98ed-bea2cdf53da8'] {{(pid=86566) reserve /opt/stack/cinder/cinder/quota.py:752}}
Jun 01 16:56:32 devstack cinder-volume[86566]: INFO cinder.volume.manager [None req-2d748180-1c55-4f35-8ef3-64dd34418a7f tempest-SnapshotsActionsTest-888745477 None] Delete snapshot completed successfully.
Jun 01 16:56:32 devstack cinder-volume[86566]: DEBUG cinder.coordination [None req-2d748180-1c55-4f35-8ef3-64dd34418a7f tempest-SnapshotsActionsTest-888745477 None] Lock "cinder-0045d792-3d0e-469a-a048-5cfd15730e58-delete_snapshot" released by "delete_snapshot" :: held 3.468s {{(pid=86566) __release /opt/stack/cinder/cinder/coordination.py:152}}
Jun 01 16:56:33 devstack cinder-volume[86566]: DEBUG oslo_concurrency.lockutils [None req-9dd669c0-73b7-4690-bbc0-bfe666ba302d tempest-SnapshotsActionsTest-1512539326 None] Acquiring lock "quobyte" by "cinder.volume.drivers.quobyte.QuobyteDriver.create_snapshot" {{(pid=86566) inner /opt/stack/data/venv/lib/python3.12/site-packages/oslo_concurrency/lockutils.py:506}}
Jun 01 16:56:33 devstack cinder-volume[86566]: DEBUG oslo_concurrency.lockutils [None req-9dd669c0-73b7-4690-bbc0-bfe666ba302d tempest-SnapshotsActionsTest-1512539326 None] Lock "quobyte" acquired by "cinder.volume.drivers.quobyte.QuobyteDriver.create_snapshot" :: waited 0.004s {{(pid=86566) inner /opt/stack/data/venv/lib/python3.12/site-packages/oslo_concurrency/lockutils.py:519}}
Jun 01 16:56:33 devstack cinder-volume[86566]: DEBUG cinder.volume.drivers.remotefs [None req-9dd669c0-73b7-4690-bbc0-bfe666ba302d tempest-SnapshotsActionsTest-1512539326 None] Creating offline snapshot a6d239e0-6f7d-49c6-9ea6-e9537f5d9d67 of volume b4b025a5-7d12-4811-bcca-470b46e0c960 {{(pid=86566) _create_snapshot /opt/stack/cinder/cinder/volume/drivers/remotefs.py:1816}}
Jun 01 16:56:33 devstack cinder-volume[86566]: DEBUG oslo.privsep.daemon [-] privsep: reply[fc949bd5-2524-4597-99f7-ac110b97561a]: (4, 'qcow2') {{(pid=87089) _call_back /opt/stack/data/venv/lib/python3.12/site-packages/oslo_privsep/daemon.py:573}}
Jun 01 16:56:33 devstack cinder-volume[86566]: DEBUG oslo_concurrency.processutils [None req-9dd669c0-73b7-4690-bbc0-bfe666ba302d tempest-SnapshotsActionsTest-1512539326 None] Running cmd (subprocess): /opt/stack/data/venv/bin/python3.12 -m oslo_concurrency.prlimit --as=1073741824 --cpu=60 -- sudo cinder-rootwrap /etc/cinder/rootwrap.conf env LC_ALL=C qemu-img info -f qcow2 --output=json --force-share /opt/stack/data/cinder/mnt/fdaa8870163f5c3c96273dbd8992d27c/volume-b4b025a5-7d12-4811-bcca-470b46e0c960.f02cf5d7-b853-40f5-9a9a-11f93ca088cd {{(pid=86566) execute /opt/stack/data/venv/lib/python3.12/site-packages/oslo_concurrency/processutils.py:440}}
Jun 01 16:56:34 devstack sudo[94250]: quobyte : PWD=/ ; USER=root ; COMMAND=/opt/stack/data/venv/bin/cinder-rootwrap /etc/cinder/rootwrap.conf env LC_ALL=C qemu-img info -f qcow2 --output=json --force-share /opt/stack/data/cinder/mnt/fdaa8870163f5c3c96273dbd8992d27c/volume-b4b025a5-7d12-4811-bcca-470b46e0c960.f02cf5d7-b853-40f5-9a9a-11f93ca088cd
Jun 01 16:56:34 devstack sudo[94250]: pam_unix(sudo:session): session opened for user root(uid=0) by (uid=1000)
Jun 01 16:56:34 devstack sudo[94250]: pam_unix(sudo:session): session closed for user root
Jun 01 16:56:34 devstack cinder-volume[86566]: DEBUG oslo_concurrency.processutils [None req-9dd669c0-73b7-4690-bbc0-bfe666ba302d tempest-SnapshotsActionsTest-1512539326 None] CMD "/opt/stack/data/venv/bin/python3.12 -m oslo_concurrency.prlimit --as=1073741824 --cpu=60 -- sudo cinder-rootwrap /etc/cinder/rootwrap.conf env LC_ALL=C qemu-img info -f qcow2 --output=json --force-share /opt/stack/data/cinder/mnt/fdaa8870163f5c3c96273dbd8992d27c/volume-b4b025a5-7d12-4811-bcca-470b46e0c960.f02cf5d7-b853-40f5-9a9a-11f93ca088cd" returned: 0 in 0.834s {{(pid=86566) execute /opt/stack/data/venv/lib/python3.12/site-packages/oslo_concurrency/processutils.py:468}}
Jun 01 16:56:34 devstack cinder-volume[86566]: DEBUG cinder.volume.drivers.remotefs [None req-9dd669c0-73b7-4690-bbc0-bfe666ba302d tempest-SnapshotsActionsTest-1512539326 None] Fetching qemu-img info with special backing_file_template: (/opt/stack/data/cinder/mnt/[0-9a-f]+/)?(volume-b4b025a5-7d12-4811-bcca-470b46e0c960(.(tmp-snap-)?[0-9a-f-]+)?|volume_from_snapshot_cache/(tmp-snap-)?[0-9a-f-]+(.(child-|parent-)[0-9a-f-]+)?)$ {{(pid=86566) _qemu_img_info_base /opt/stack/cinder/cinder/volume/drivers/remotefs.py:896}}
Jun 01 16:56:34 devstack cinder-volume[86566]: DEBUG oslo_concurrency.processutils [None req-9dd669c0-73b7-4690-bbc0-bfe666ba302d tempest-SnapshotsActionsTest-1512539326 None] Running cmd (subprocess): sudo cinder-rootwrap /etc/cinder/rootwrap.conf qemu-img create -f qcow2 -o backing_file=/opt/stack/data/cinder/mnt/fdaa8870163f5c3c96273dbd8992d27c/volume-b4b025a5-7d12-4811-bcca-470b46e0c960.f02cf5d7-b853-40f5-9a9a-11f93ca088cd,backing_fmt=qcow2 /opt/stack/data/cinder/mnt/fdaa8870163f5c3c96273dbd8992d27c/volume-b4b025a5-7d12-4811-bcca-470b46e0c960.a6d239e0-6f7d-49c6-9ea6-e9537f5d9d67 1G {{(pid=86566) execute /opt/stack/data/venv/lib/python3.12/site-packages/oslo_concurrency/processutils.py:440}}
Jun 01 16:56:34 devstack sudo[94276]: quobyte : PWD=/ ; USER=root ; COMMAND=/opt/stack/data/venv/bin/cinder-rootwrap /etc/cinder/rootwrap.conf qemu-img create -f qcow2 -o backing_file=/opt/stack/data/cinder/mnt/fdaa8870163f5c3c96273dbd8992d27c/volume-b4b025a5-7d12-4811-bcca-470b46e0c960.f02cf5d7-b853-40f5-9a9a-11f93ca088cd,backing_fmt=qcow2 /opt/stack/data/cinder/mnt/fdaa8870163f5c3c96273dbd8992d27c/volume-b4b025a5-7d12-4811-bcca-470b46e0c960.a6d239e0-6f7d-49c6-9ea6-e9537f5d9d67 1G
Jun 01 16:56:34 devstack sudo[94276]: pam_unix(sudo:session): session opened for user root(uid=0) by (uid=1000)
Jun 01 16:56:35 devstack sudo[94276]: pam_unix(sudo:session): session closed for user root
Jun 01 16:56:35 devstack cinder-volume[86566]: DEBUG oslo_concurrency.processutils [None req-9dd669c0-73b7-4690-bbc0-bfe666ba302d tempest-SnapshotsActionsTest-1512539326 None] CMD "sudo cinder-rootwrap /etc/cinder/rootwrap.conf qemu-img create -f qcow2 -o backing_file=/opt/stack/data/cinder/mnt/fdaa8870163f5c3c96273dbd8992d27c/volume-b4b025a5-7d12-4811-bcca-470b46e0c960.f02cf5d7-b853-40f5-9a9a-11f93ca088cd,backing_fmt=qcow2 /opt/stack/data/cinder/mnt/fdaa8870163f5c3c96273dbd8992d27c/volume-b4b025a5-7d12-4811-bcca-470b46e0c960.a6d239e0-6f7d-49c6-9ea6-e9537f5d9d67 1G" returned: 0 in 0.893s {{(pid=86566) execute /opt/stack/data/venv/lib/python3.12/site-packages/oslo_concurrency/processutils.py:468}}
Jun 01 16:56:35 devstack cinder-volume[86566]: DEBUG oslo_concurrency.processutils [None req-9dd669c0-73b7-4690-bbc0-bfe666ba302d tempest-SnapshotsActionsTest-1512539326 None] Running cmd (subprocess): sudo cinder-rootwrap /etc/cinder/rootwrap.conf qemu-img rebase -u -b volume-b4b025a5-7d12-4811-bcca-470b46e0c960.f02cf5d7-b853-40f5-9a9a-11f93ca088cd -F qcow2 /opt/stack/data/cinder/mnt/fdaa8870163f5c3c96273dbd8992d27c/volume-b4b025a5-7d12-4811-bcca-470b46e0c960.a6d239e0-6f7d-49c6-9ea6-e9537f5d9d67 {{(pid=86566) execute /opt/stack/data/venv/lib/python3.12/site-packages/oslo_concurrency/processutils.py:440}}
Jun 01 16:56:35 devstack sudo[94283]: quobyte : PWD=/ ; USER=root ; COMMAND=/opt/stack/data/venv/bin/cinder-rootwrap /etc/cinder/rootwrap.conf qemu-img rebase -u -b volume-b4b025a5-7d12-4811-bcca-470b46e0c960.f02cf5d7-b853-40f5-9a9a-11f93ca088cd -F qcow2 /opt/stack/data/cinder/mnt/fdaa8870163f5c3c96273dbd8992d27c/volume-b4b025a5-7d12-4811-bcca-470b46e0c960.a6d239e0-6f7d-49c6-9ea6-e9537f5d9d67
Jun 01 16:56:35 devstack sudo[94283]: pam_unix(sudo:session): session opened for user root(uid=0) by (uid=1000)
Jun 01 16:56:36 devstack sudo[94283]: pam_unix(sudo:session): session closed for user root
Jun 01 16:56:36 devstack cinder-volume[86566]: DEBUG oslo_concurrency.processutils [None req-9dd669c0-73b7-4690-bbc0-bfe666ba302d tempest-SnapshotsActionsTest-1512539326 None] CMD "sudo cinder-rootwrap /etc/cinder/rootwrap.conf qemu-img rebase -u -b volume-b4b025a5-7d12-4811-bcca-470b46e0c960.f02cf5d7-b853-40f5-9a9a-11f93ca088cd -F qcow2 /opt/stack/data/cinder/mnt/fdaa8870163f5c3c96273dbd8992d27c/volume-b4b025a5-7d12-4811-bcca-470b46e0c960.a6d239e0-6f7d-49c6-9ea6-e9537f5d9d67" returned: 0 in 0.691s {{(pid=86566) execute /opt/stack/data/venv/lib/python3.12/site-packages/oslo_concurrency/processutils.py:468}}
Jun 01 16:56:36 devstack cinder-volume[86566]: WARNING cinder.volume.drivers.remotefs [None req-9dd669c0-73b7-4690-bbc0-bfe666ba302d tempest-SnapshotsActionsTest-1512539326 None] /opt/stack/data/cinder/mnt/fdaa8870163f5c3c96273dbd8992d27c/volume-b4b025a5-7d12-4811-bcca-470b46e0c960.a6d239e0-6f7d-49c6-9ea6-e9537f5d9d67 is being set with open permissions: ugo+rw
Jun 01 16:56:36 devstack cinder-volume[86566]: DEBUG oslo_concurrency.processutils [None req-9dd669c0-73b7-4690-bbc0-bfe666ba302d tempest-SnapshotsActionsTest-1512539326 None] Running cmd (subprocess): sudo cinder-rootwrap /etc/cinder/rootwrap.conf chmod ugo+rw /opt/stack/data/cinder/mnt/fdaa8870163f5c3c96273dbd8992d27c/volume-b4b025a5-7d12-4811-bcca-470b46e0c960.a6d239e0-6f7d-49c6-9ea6-e9537f5d9d67 {{(pid=86566) execute /opt/stack/data/venv/lib/python3.12/site-packages/oslo_concurrency/processutils.py:440}}
Jun 01 16:56:36 devstack sudo[94288]: quobyte : PWD=/ ; USER=root ; COMMAND=/opt/stack/data/venv/bin/cinder-rootwrap /etc/cinder/rootwrap.conf chmod ugo+rw /opt/stack/data/cinder/mnt/fdaa8870163f5c3c96273dbd8992d27c/volume-b4b025a5-7d12-4811-bcca-470b46e0c960.a6d239e0-6f7d-49c6-9ea6-e9537f5d9d67
Jun 01 16:56:36 devstack sudo[94288]: pam_unix(sudo:session): session opened for user root(uid=0) by (uid=1000)
Jun 01 16:56:36 devstack sudo[94288]: pam_unix(sudo:session): session closed for user root
