Feb 27 02:06:01 devstack cinder-volume[83211]: DEBUG oslo_concurrency.processutils [None req-a03ddd81-300e-4d30-be11-635147cb958d tempest-GroupSnapshotsTest-2064436582 None] Running cmd (subprocess): sudo cinder-rootwrap /etc/cinder/rootwrap.conf qemu-img rebase -u -b volume-d2eabdfc-a29c-47e0-b35a-a78c0f8eedca -F qcow2 /opt/stack/data/cinder/mnt/b1e4345a51d7092f7db605f6c83f2e51/volume-d2eabdfc-a29c-47e0-b35a-a78c0f8eedca.7df40ac9-19f6-414a-ba3c-958944f9c6ef {{(pid=83211) execute /opt/stack/data/venv/lib/python3.10/site-packages/oslo_concurrency/processutils.py:440}}
Feb 27 02:06:01 devstack sudo[85817]: quobyte : PWD=/ ; USER=root ; COMMAND=/opt/stack/data/venv/bin/cinder-rootwrap /etc/cinder/rootwrap.conf qemu-img rebase -u -b volume-d2eabdfc-a29c-47e0-b35a-a78c0f8eedca -F qcow2 /opt/stack/data/cinder/mnt/b1e4345a51d7092f7db605f6c83f2e51/volume-d2eabdfc-a29c-47e0-b35a-a78c0f8eedca.7df40ac9-19f6-414a-ba3c-958944f9c6ef
Feb 27 02:06:01 devstack sudo[85817]: pam_unix(sudo:session): session opened for user root(uid=0) by (uid=1000)
Feb 27 02:06:02 devstack sudo[85817]: pam_unix(sudo:session): session closed for user root
Feb 27 02:06:02 devstack cinder-volume[83211]: DEBUG oslo_concurrency.processutils [None req-a03ddd81-300e-4d30-be11-635147cb958d tempest-GroupSnapshotsTest-2064436582 None] CMD "sudo cinder-rootwrap /etc/cinder/rootwrap.conf qemu-img rebase -u -b volume-d2eabdfc-a29c-47e0-b35a-a78c0f8eedca -F qcow2 /opt/stack/data/cinder/mnt/b1e4345a51d7092f7db605f6c83f2e51/volume-d2eabdfc-a29c-47e0-b35a-a78c0f8eedca.7df40ac9-19f6-414a-ba3c-958944f9c6ef" returned: 0 in 0.731s {{(pid=83211) execute /opt/stack/data/venv/lib/python3.10/site-packages/oslo_concurrency/processutils.py:468}}
Feb 27 02:06:02 devstack cinder-volume[83211]: WARNING cinder.volume.drivers.remotefs [None req-a03ddd81-300e-4d30-be11-635147cb958d tempest-GroupSnapshotsTest-2064436582 None] /opt/stack/data/cinder/mnt/b1e4345a51d7092f7db605f6c83f2e51/volume-d2eabdfc-a29c-47e0-b35a-a78c0f8eedca.7df40ac9-19f6-414a-ba3c-958944f9c6ef is being set with open permissions: ugo+rw: NotImplementedError
Feb 27 02:06:02 devstack cinder-volume[83211]: DEBUG oslo_concurrency.processutils [None req-a03ddd81-300e-4d30-be11-635147cb958d tempest-GroupSnapshotsTest-2064436582 None] Running cmd (subprocess): sudo cinder-rootwrap /etc/cinder/rootwrap.conf chmod ugo+rw /opt/stack/data/cinder/mnt/b1e4345a51d7092f7db605f6c83f2e51/volume-d2eabdfc-a29c-47e0-b35a-a78c0f8eedca.7df40ac9-19f6-414a-ba3c-958944f9c6ef {{(pid=83211) execute /opt/stack/data/venv/lib/python3.10/site-packages/oslo_concurrency/processutils.py:440}}
Feb 27 02:06:02 devstack sudo[85822]: quobyte : PWD=/ ; USER=root ; COMMAND=/opt/stack/data/venv/bin/cinder-rootwrap /etc/cinder/rootwrap.conf chmod ugo+rw /opt/stack/data/cinder/mnt/b1e4345a51d7092f7db605f6c83f2e51/volume-d2eabdfc-a29c-47e0-b35a-a78c0f8eedca.7df40ac9-19f6-414a-ba3c-958944f9c6ef
Feb 27 02:06:02 devstack sudo[85822]: pam_unix(sudo:session): session opened for user root(uid=0) by (uid=1000)
Feb 27 02:06:03 devstack sudo[85822]: pam_unix(sudo:session): session closed for user root
Feb 27 02:06:03 devstack cinder-volume[83211]: DEBUG oslo_concurrency.processutils [None req-a03ddd81-300e-4d30-be11-635147cb958d tempest-GroupSnapshotsTest-2064436582 None] CMD "sudo cinder-rootwrap /etc/cinder/rootwrap.conf chmod ugo+rw /opt/stack/data/cinder/mnt/b1e4345a51d7092f7db605f6c83f2e51/volume-d2eabdfc-a29c-47e0-b35a-a78c0f8eedca.7df40ac9-19f6-414a-ba3c-958944f9c6ef" returned: 0 in 0.895s {{(pid=83211) execute /opt/stack/data/venv/lib/python3.10/site-packages/oslo_concurrency/processutils.py:468}}
Feb 27 02:06:03 devstack cinder-volume[83211]: DEBUG oslo_concurrency.processutils [None req-a03ddd81-300e-4d30-be11-635147cb958d tempest-GroupSnapshotsTest-2064436582 None] Running cmd (subprocess): sudo cinder-rootwrap /etc/cinder/rootwrap.conf truncate -s0 /opt/stack/data/cinder/mnt/b1e4345a51d7092f7db605f6c83f2e51/volume-d2eabdfc-a29c-47e0-b35a-a78c0f8eedca.info {{(pid=83211) execute /opt/stack/data/venv/lib/python3.10/site-packages/oslo_concurrency/processutils.py:440}}
Feb 27 02:06:03 devstack sudo[85825]: quobyte : PWD=/ ; USER=root ; COMMAND=/opt/stack/data/venv/bin/cinder-rootwrap /etc/cinder/rootwrap.conf truncate -s0 /opt/stack/data/cinder/mnt/b1e4345a51d7092f7db605f6c83f2e51/volume-d2eabdfc-a29c-47e0-b35a-a78c0f8eedca.info
Feb 27 02:06:03 devstack sudo[85825]: pam_unix(sudo:session): session opened for user root(uid=0) by (uid=1000)
Feb 27 02:06:04 devstack sudo[85825]: pam_unix(sudo:session): session closed for user root
Feb 27 02:06:04 devstack cinder-volume[83211]: DEBUG oslo_concurrency.processutils [None req-a03ddd81-300e-4d30-be11-635147cb958d tempest-GroupSnapshotsTest-2064436582 None] CMD "sudo cinder-rootwrap /etc/cinder/rootwrap.conf truncate -s0 /opt/stack/data/cinder/mnt/b1e4345a51d7092f7db605f6c83f2e51/volume-d2eabdfc-a29c-47e0-b35a-a78c0f8eedca.info" returned: 0 in 0.843s {{(pid=83211) execute /opt/stack/data/venv/lib/python3.10/site-packages/oslo_concurrency/processutils.py:468}}
Feb 27 02:06:04 devstack cinder-volume[83211]: WARNING cinder.volume.drivers.remotefs [None req-a03ddd81-300e-4d30-be11-635147cb958d tempest-GroupSnapshotsTest-2064436582 None] /opt/stack/data/cinder/mnt/b1e4345a51d7092f7db605f6c83f2e51/volume-d2eabdfc-a29c-47e0-b35a-a78c0f8eedca.info is being set with open permissions: ugo+rw: NotImplementedError
Feb 27 02:06:04 devstack cinder-volume[83211]: DEBUG oslo_concurrency.processutils [None req-a03ddd81-300e-4d30-be11-635147cb958d tempest-GroupSnapshotsTest-2064436582 None] Running cmd (subprocess): sudo cinder-rootwrap /etc/cinder/rootwrap.conf chmod ugo+rw /opt/stack/data/cinder/mnt/b1e4345a51d7092f7db605f6c83f2e51/volume-d2eabdfc-a29c-47e0-b35a-a78c0f8eedca.info {{(pid=83211) execute /opt/stack/data/venv/lib/python3.10/site-packages/oslo_concurrency/processutils.py:440}}
Feb 27 02:06:04 devstack sudo[85828]: quobyte : PWD=/ ; USER=root ; COMMAND=/opt/stack/data/venv/bin/cinder-rootwrap /etc/cinder/rootwrap.conf chmod ugo+rw /opt/stack/data/cinder/mnt/b1e4345a51d7092f7db605f6c83f2e51/volume-d2eabdfc-a29c-47e0-b35a-a78c0f8eedca.info
Feb 27 02:06:04 devstack sudo[85828]: pam_unix(sudo:session): session opened for user root(uid=0) by (uid=1000)
Feb 27 02:06:05 devstack sudo[85828]: pam_unix(sudo:session): session closed for user root
Feb 27 02:06:05 devstack cinder-volume[83211]: DEBUG oslo_concurrency.processutils [None req-a03ddd81-300e-4d30-be11-635147cb958d tempest-GroupSnapshotsTest-2064436582 None] CMD "sudo cinder-rootwrap /etc/cinder/rootwrap.conf chmod ugo+rw /opt/stack/data/cinder/mnt/b1e4345a51d7092f7db605f6c83f2e51/volume-d2eabdfc-a29c-47e0-b35a-a78c0f8eedca.info" returned: 0 in 0.771s {{(pid=83211) execute /opt/stack/data/venv/lib/python3.10/site-packages/oslo_concurrency/processutils.py:468}}
Feb 27 02:06:05 devstack cinder-volume[83211]: DEBUG oslo_concurrency.lockutils [None req-a03ddd81-300e-4d30-be11-635147cb958d tempest-GroupSnapshotsTest-2064436582 None] Lock "quobyte" "released" by "cinder.volume.drivers.quobyte.QuobyteDriver.create_snapshot" :: held 5.437s {{(pid=83211) inner /opt/stack/data/venv/lib/python3.10/site-packages/oslo_concurrency/lockutils.py:538}}
Feb 27 02:06:05 devstack cinder-volume[83211]: DEBUG oslo_concurrency.lockutils [None req-a03ddd81-300e-4d30-be11-635147cb958d tempest-GroupSnapshotsTest-2064436582 None] Acquiring lock "quobyte" by "cinder.volume.drivers.quobyte.QuobyteDriver.create_snapshot" {{(pid=83211) inner /opt/stack/data/venv/lib/python3.10/site-packages/oslo_concurrency/lockutils.py:506}}
Feb 27 02:06:05 devstack cinder-volume[83211]: DEBUG oslo_concurrency.lockutils [None req-a03ddd81-300e-4d30-be11-635147cb958d tempest-GroupSnapshotsTest-2064436582 None] Lock "quobyte" acquired by "cinder.volume.drivers.quobyte.QuobyteDriver.create_snapshot" :: waited 0.000s {{(pid=83211) inner /opt/stack/data/venv/lib/python3.10/site-packages/oslo_concurrency/lockutils.py:519}}
Feb 27 02:06:05 devstack cinder-volume[83211]: DEBUG cinder.volume.drivers.remotefs [None req-a03ddd81-300e-4d30-be11-635147cb958d tempest-GroupSnapshotsTest-2064436582 None] Creating offline snapshot 8f547465-2c76-4865-8427-726e982b2661 of volume f350336b-0b77-47c9-9510-fa6179b0e2a7 {{(pid=83211) _create_snapshot /opt/stack/cinder/cinder/volume/drivers/remotefs.py:1815}}
Feb 27 02:06:05 devstack cinder-volume[83211]: DEBUG oslo.privsep.daemon [-] privsep: reply[81ab229a-8c1c-45d7-8166-304202c30333]: (4, 'qcow2') {{(pid=84104) _call_back /opt/stack/data/venv/lib/python3.10/site-packages/oslo_privsep/daemon.py:573}}
Feb 27 02:06:05 devstack cinder-volume[83211]: DEBUG oslo_concurrency.processutils [None req-a03ddd81-300e-4d30-be11-635147cb958d tempest-GroupSnapshotsTest-2064436582 None] Running cmd (subprocess): /opt/stack/data/venv/bin/python3.10 -m oslo_concurrency.prlimit --as=1073741824 --cpu=60 -- sudo cinder-rootwrap /etc/cinder/rootwrap.conf env LC_ALL=C qemu-img info -f qcow2 --output=json --force-share /opt/stack/data/cinder/mnt/b1e4345a51d7092f7db605f6c83f2e51/volume-f350336b-0b77-47c9-9510-fa6179b0e2a7 {{(pid=83211) execute /opt/stack/data/venv/lib/python3.10/site-packages/oslo_concurrency/processutils.py:440}}
Feb 27 02:06:05 devstack sudo[85832]: quobyte : PWD=/ ; USER=root ; COMMAND=/opt/stack/data/venv/bin/cinder-rootwrap /etc/cinder/rootwrap.conf env LC_ALL=C qemu-img info -f qcow2 --output=json --force-share /opt/stack/data/cinder/mnt/b1e4345a51d7092f7db605f6c83f2e51/volume-f350336b-0b77-47c9-9510-fa6179b0e2a7
Feb 27 02:06:05 devstack sudo[85832]: pam_unix(sudo:session): session opened for user root(uid=0) by (uid=1000)
Feb 27 02:06:05 devstack sudo[85832]: pam_unix(sudo:session): session closed for user root
Feb 27 02:06:05 devstack cinder-volume[83211]: DEBUG oslo_concurrency.processutils [None req-a03ddd81-300e-4d30-be11-635147cb958d tempest-GroupSnapshotsTest-2064436582 None] CMD "/opt/stack/data/venv/bin/python3.10 -m oslo_concurrency.prlimit --as=1073741824 --cpu=60 -- sudo cinder-rootwrap /etc/cinder/rootwrap.conf env LC_ALL=C qemu-img info -f qcow2 --output=json --force-share /opt/stack/data/cinder/mnt/b1e4345a51d7092f7db605f6c83f2e51/volume-f350336b-0b77-47c9-9510-fa6179b0e2a7" returned: 0 in 0.668s {{(pid=83211) execute /opt/stack/data/venv/lib/python3.10/site-packages/oslo_concurrency/processutils.py:468}}
Feb 27 02:06:05 devstack cinder-volume[83211]: DEBUG oslo_concurrency.processutils [None req-a03ddd81-300e-4d30-be11-635147cb958d tempest-GroupSnapshotsTest-2064436582 None] Running cmd (subprocess): sudo cinder-rootwrap /etc/cinder/rootwrap.conf qemu-img create -f qcow2 -o backing_file=/opt/stack/data/cinder/mnt/b1e4345a51d7092f7db605f6c83f2e51/volume-f350336b-0b77-47c9-9510-fa6179b0e2a7,backing_fmt=qcow2 /opt/stack/data/cinder/mnt/b1e4345a51d7092f7db605f6c83f2e51/volume-f350336b-0b77-47c9-9510-fa6179b0e2a7.8f547465-2c76-4865-8427-726e982b2661 1G {{(pid=83211) execute /opt/stack/data/venv/lib/python3.10/site-packages/oslo_concurrency/processutils.py:440}}
Feb 27 02:06:05 devstack sudo[85837]: quobyte : PWD=/ ; USER=root ; COMMAND=/opt/stack/data/venv/bin/cinder-rootwrap /etc/cinder/rootwrap.conf qemu-img create -f qcow2 -o backing_file=/opt/stack/data/cinder/mnt/b1e4345a51d7092f7db605f6c83f2e51/volume-f350336b-0b77-47c9-9510-fa6179b0e2a7,backing_fmt=qcow2 /opt/stack/data/cinder/mnt/b1e4345a51d7092f7db605f6c83f2e51/volume-f350336b-0b77-47c9-9510-fa6179b0e2a7.8f547465-2c76-4865-8427-726e982b2661 1G
Feb 27 02:06:05 devstack sudo[85837]: pam_unix(sudo:session): session opened for user root(uid=0) by (uid=1000)
Feb 27 02:06:06 devstack sudo[85837]: pam_unix(sudo:session): session closed for user root
Feb 27 02:06:06 devstack cinder-volume[83211]: DEBUG oslo_concurrency.processutils [None req-a03ddd81-300e-4d30-be11-635147cb958d tempest-GroupSnapshotsTest-2064436582 None] CMD "sudo cinder-rootwrap /etc/cinder/rootwrap.conf qemu-img create -f qcow2 -o backing_file=/opt/stack/data/cinder/mnt/b1e4345a51d7092f7db605f6c83f2e51/volume-f350336b-0b77-47c9-9510-fa6179b0e2a7,backing_fmt=qcow2 /opt/stack/data/cinder/mnt/b1e4345a51d7092f7db605f6c83f2e51/volume-f350336b-0b77-47c9-9510-fa6179b0e2a7.8f547465-2c76-4865-8427-726e982b2661 1G" returned: 0 in 0.786s {{(pid=83211) execute /opt/stack/data/venv/lib/python3.10/site-packages/oslo_concurrency/processutils.py:468}}
Feb 27 02:06:06 devstack cinder-volume[83211]: DEBUG oslo_concurrency.processutils [None req-a03ddd81-300e-4d30-be11-635147cb958d tempest-GroupSnapshotsTest-2064436582 None] Running cmd (subprocess): sudo cinder-rootwrap /etc/cinder/rootwrap.conf qemu-img rebase -u -b volume-f350336b-0b77-47c9-9510-fa6179b0e2a7 -F qcow2 /opt/stack/data/cinder/mnt/b1e4345a51d7092f7db605f6c83f2e51/volume-f350336b-0b77-47c9-9510-fa6179b0e2a7.8f547465-2c76-4865-8427-726e982b2661 {{(pid=83211) execute /opt/stack/data/venv/lib/python3.10/site-packages/oslo_concurrency/processutils.py:440}}
Feb 27 02:06:06 devstack sudo[85844]: quobyte : PWD=/ ; USER=root ; COMMAND=/opt/stack/data/venv/bin/cinder-rootwrap /etc/cinder/rootwrap.conf qemu-img rebase -u -b volume-f350336b-0b77-47c9-9510-fa6179b0e2a7 -F qcow2 /opt/stack/data/cinder/mnt/b1e4345a51d7092f7db605f6c83f2e51/volume-f350336b-0b77-47c9-9510-fa6179b0e2a7.8f547465-2c76-4865-8427-726e982b2661
Feb 27 02:06:06 devstack sudo[85844]: pam_unix(sudo:session): session opened for user root(uid=0) by (uid=1000)
Feb 27 02:06:06 devstack cinder-volume[83211]: DEBUG cinder.volume.flows.manager.create_volume [None req-d1aee8f3-41f2-4775-a0bb-8a433cb63ca6 tempest-VolumesServicesTestJSON-235490037 None] Volume reschedule parameters: True retry: {'num_attempts': 1, 'backends': ['devstack@QuobyteHD#QuobyteHD'], 'hosts': ['devstack@QuobyteHD#QuobyteHD']} {{(pid=83211) get_flow /opt/stack/cinder/cinder/volume/flows/manager/create_volume.py:1388}}
Feb 27 02:06:06 devstack cinder-volume[83211]: DEBUG cinder.volume.manager [None req-d1aee8f3-41f2-4775-a0bb-8a433cb63ca6 tempest-VolumesServicesTestJSON-235490037 None] Flow 'volume_create_manager' (eea36a54-88e3-475b-949f-f080ac8cb53e) transitioned into state 'RUNNING' from state 'PENDING' {{(pid=83211) _flow_receiver /opt/stack/data/venv/lib/python3.10/site-packages/taskflow/listeners/logging.py:145}}
Feb 27 02:06:06 devstack cinder-volume[83211]: DEBUG cinder.volume.manager [None req-d1aee8f3-41f2-4775-a0bb-8a433cb63ca6 tempest-VolumesServicesTestJSON-235490037 None] Task 'cinder.volume.flows.manager.create_volume.ExtractVolumeRefTask;volume:create' (e13879fc-0d0f-4ef5-ab0b-2f867632b392) transitioned into state 'RUNNING' from state 'PENDING' {{(pid=83211) _task_receiver /opt/stack/data/venv/lib/python3.10/site-packages/taskflow/listeners/logging.py:194}}
Feb 27 02:06:06 devstack cinder-volume[83211]: DEBUG cinder.volume.manager [None req-d1aee8f3-41f2-4775-a0bb-8a433cb63ca6 tempest-VolumesServicesTestJSON-235490037 None] Task 'cinder.volume.flows.manager.create_volume.ExtractVolumeRefTask;volume:create' (e13879fc-0d0f-4ef5-ab0b-2f867632b392) transitioned into state 'SUCCESS' from state 'RUNNING' with result 'Volume(_name_id=None,admin_metadata=,attach_status='detached',availability_zone='nova',bootable=False,cluster=,cluster_name=None,consistencygroup=,consistencygroup_id=None,created_at=2026-02-27T01:06:07Z,deleted=False,deleted_at=None,display_description=None,display_name='tempest-VolumesServicesTestJSON-Volume-887997602',ec2_id=None,encryption_key_id=None,glance_metadata=,group=,group_id=None,host='devstack@QuobyteHD#QuobyteHD',id=f86d27d8-fc4a-4268-8dc2-4d1b676ee527,launched_at=None,metadata={},migration_status=None,multiattach=False,previous_status=None,project_id='cf022451f96a4e4695ae3ee9efaf1ae7',provider_auth=None,provider_geometry=None,provider_id=None,provider_location=None,replication_driver_data=None,replication_extended_status=None,replication_status=None,scheduled_at=2026-02-27T01:06:07Z,service_uuid=None,shared_targets=True,size=1,snapshot_id=None,snapshots=,source_volid=None,status='creating',terminated_at=None,updated_at=2026-02-27T01:06:07Z,use_quota=True,user_id='e290cb9d1d044ccb81de7b27e41713a8',volume_attachment=VolumeAttachmentList,volume_type=VolumeType(90266f13-d0a0-45f0-897a-3a3300d6e9bf),volume_type_id=90266f13-d0a0-45f0-897a-3a3300d6e9bf)' {{(pid=83211) _task_receiver /opt/stack/data/venv/lib/python3.10/site-packages/taskflow/listeners/logging.py:182}}
Feb 27 02:06:06 devstack cinder-volume[83211]: DEBUG cinder.volume.manager [None req-d1aee8f3-41f2-4775-a0bb-8a433cb63ca6 tempest-VolumesServicesTestJSON-235490037 None] Task 'cinder.volume.flows.manager.create_volume.OnFailureRescheduleTask;volume:create' (bc245a76-de15-4776-babe-29dbc6f3a7e6) transitioned into state 'RUNNING' from state 'PENDING' {{(pid=83211) _task_receiver /opt/stack/data/venv/lib/python3.10/site-packages/taskflow/listeners/logging.py:194}}
Feb 27 02:06:06 devstack cinder-volume[83211]: DEBUG cinder.volume.manager [None req-d1aee8f3-41f2-4775-a0bb-8a433cb63ca6 tempest-VolumesServicesTestJSON-235490037 None] Task 'cinder.volume.flows.manager.create_volume.OnFailureRescheduleTask;volume:create' (bc245a76-de15-4776-babe-29dbc6f3a7e6) transitioned into state 'SUCCESS' from state 'RUNNING' with result 'None' {{(pid=83211) _task_receiver /opt/stack/data/venv/lib/python3.10/site-packages/taskflow/listeners/logging.py:182}}
Feb 27 02:06:06 devstack cinder-volume[83211]: DEBUG cinder.volume.manager [None req-d1aee8f3-41f2-4775-a0bb-8a433cb63ca6 tempest-VolumesServicesTestJSON-235490037 None] Task 'cinder.volume.flows.manager.create_volume.ExtractVolumeSpecTask;volume:create' (61ad5eaa-5ed7-49fd-945d-83b35474389c) transitioned into state 'RUNNING' from state 'PENDING' {{(pid=83211) _task_receiver /opt/stack/data/venv/lib/python3.10/site-packages/taskflow/listeners/logging.py:194}}
Feb 27 02:06:06 devstack cinder-volume[83211]: DEBUG cinder.volume.manager [None req-d1aee8f3-41f2-4775-a0bb-8a433cb63ca6 tempest-VolumesServicesTestJSON-235490037 None] Task 'cinder.volume.flows.manager.create_volume.ExtractVolumeSpecTask;volume:create' (61ad5eaa-5ed7-49fd-945d-83b35474389c) transitioned into state 'SUCCESS' from state 'RUNNING' with result '{'status': 'creating', 'type': 'raw', 'volume_id': 'f86d27d8-fc4a-4268-8dc2-4d1b676ee527', 'volume_name': 'volume-f86d27d8-fc4a-4268-8dc2-4d1b676ee527', 'volume_size': 1}' {{(pid=83211) _task_receiver /opt/stack/data/venv/lib/python3.10/site-packages/taskflow/listeners/logging.py:182}}
Feb 27 02:06:06 devstack cinder-volume[83211]: DEBUG cinder.volume.manager [None req-d1aee8f3-41f2-4775-a0bb-8a433cb63ca6 tempest-VolumesServicesTestJSON-235490037 None] Task 'cinder.volume.flows.manager.create_volume.NotifyVolumeActionTask;volume:create, create.start' (fdc3d79a-8d81-4443-b953-d1def89629b7) transitioned into state 'RUNNING' from state 'PENDING' {{(pid=83211) _task_receiver /opt/stack/data/venv/lib/python3.10/site-packages/taskflow/listeners/logging.py:194}}
Feb 27 02:06:06 devstack cinder-volume[83211]: DEBUG cinder.volume.manager [None req-d1aee8f3-41f2-4775-a0bb-8a433cb63ca6 tempest-VolumesServicesTestJSON-235490037 None] Task 'cinder.volume.flows.manager.create_volume.NotifyVolumeActionTask;volume:create, create.start' (fdc3d79a-8d81-4443-b953-d1def89629b7) transitioned into state 'SUCCESS' from state 'RUNNING' with result 'None' {{(pid=83211) _task_receiver /opt/stack/data/venv/lib/python3.10/site-packages/taskflow/listeners/logging.py:182}}
Feb 27 02:06:06 devstack cinder-volume[83211]: DEBUG cinder.volume.manager [None req-d1aee8f3-41f2-4775-a0bb-8a433cb63ca6 tempest-VolumesServicesTestJSON-235490037 None] Task 'cinder.volume.flows.manager.create_volume.CreateVolumeFromSpecTask;volume:create' (fc063078-a0e7-4e98-b71f-4347b8639ef7) transitioned into state 'RUNNING' from state 'PENDING' {{(pid=83211) _task_receiver /opt/stack/data/venv/lib/python3.10/site-packages/taskflow/listeners/logging.py:194}}
Feb 27 02:06:06 devstack cinder-volume[83211]: INFO cinder.volume.flows.manager.create_volume [None req-d1aee8f3-41f2-4775-a0bb-8a433cb63ca6 tempest-VolumesServicesTestJSON-235490037 None] Volume f86d27d8-fc4a-4268-8dc2-4d1b676ee527: being created as raw with specification: {'status': 'creating', 'volume_name': 'volume-f86d27d8-fc4a-4268-8dc2-4d1b676ee527', 'volume_size': 1}
Feb 27 02:06:06 devstack cinder-volume[83211]: DEBUG oslo_concurrency.lockutils [None req-d1aee8f3-41f2-4775-a0bb-8a433cb63ca6 tempest-VolumesServicesTestJSON-235490037 None] Acquiring lock "quobyte" by "cinder.volume.drivers.quobyte.QuobyteDriver.create_volume" {{(pid=83211) inner /opt/stack/data/venv/lib/python3.10/site-packages/oslo_concurrency/lockutils.py:506}}
Feb 27 02:06:07 devstack sudo[85844]: pam_unix(sudo:session): session closed for user root
Feb 27 02:06:07 devstack cinder-volume[83211]: DEBUG oslo_concurrency.processutils [None req-a03ddd81-300e-4d30-be11-635147cb958d tempest-GroupSnapshotsTest-2064436582 None] CMD "sudo cinder-rootwrap /etc/cinder/rootwrap.conf qemu-img rebase -u -b volume-f350336b-0b77-47c9-9510-fa6179b0e2a7 -F qcow2 /opt/stack/data/cinder/mnt/b1e4345a51d7092f7db605f6c83f2e51/volume-f350336b-0b77-47c9-9510-fa6179b0e2a7.8f547465-2c76-4865-8427-726e982b2661" returned: 0 in 0.527s {{(pid=83211) execute /opt/stack/data/venv/lib/python3.10/site-packages/oslo_concurrency/processutils.py:468}}
Feb 27 02:06:07 devstack cinder-volume[83211]: WARNING cinder.volume.drivers.remotefs [None req-a03ddd81-300e-4d30-be11-635147cb958d tempest-GroupSnapshotsTest-2064436582 None] /opt/stack/data/cinder/mnt/b1e4345a51d7092f7db605f6c83f2e51/volume-f350336b-0b77-47c9-9510-fa6179b0e2a7.8f547465-2c76-4865-8427-726e982b2661 is being set with open permissions: ugo+rw: NotImplementedError
Feb 27 02:06:07 devstack cinder-volume[83211]: DEBUG oslo_concurrency.processutils [None req-a03ddd81-300e-4d30-be11-635147cb958d tempest-GroupSnapshotsTest-2064436582 None] Running cmd (subprocess): sudo cinder-rootwrap /etc/cinder/rootwrap.conf chmod ugo+rw /opt/stack/data/cinder/mnt/b1e4345a51d7092f7db605f6c83f2e51/volume-f350336b-0b77-47c9-9510-fa6179b0e2a7.8f547465-2c76-4865-8427-726e982b2661 {{(pid=83211) execute /opt/stack/data/venv/lib/python3.10/site-packages/oslo_concurrency/processutils.py:440}}
Feb 27 02:06:07 devstack sudo[85849]: quobyte : PWD=/ ; USER=root ; COMMAND=/opt/stack/data/venv/bin/cinder-rootwrap /etc/cinder/rootwrap.conf chmod ugo+rw /opt/stack/data/cinder/mnt/b1e4345a51d7092f7db605f6c83f2e51/volume-f350336b-0b77-47c9-9510-fa6179b0e2a7.8f547465-2c76-4865-8427-726e982b2661
Feb 27 02:06:07 devstack sudo[85849]: pam_unix(sudo:session): session opened for user root(uid=0) by (uid=1000)
Feb 27 02:06:07 devstack sudo[85849]: pam_unix(sudo:session): session closed for user root
Feb 27 02:06:07 devstack cinder-volume[83211]: DEBUG oslo_concurrency.processutils [None req-a03ddd81-300e-4d30-be11-635147cb958d tempest-GroupSnapshotsTest-2064436582 None] CMD "sudo cinder-rootwrap /etc/cinder/rootwrap.conf chmod ugo+rw /opt/stack/data/cinder/mnt/b1e4345a51d7092f7db605f6c83f2e51/volume-f350336b-0b77-47c9-9510-fa6179b0e2a7.8f547465-2c76-4865-8427-726e982b2661" returned: 0 in 0.501s {{(pid=83211) execute /opt/stack/data/venv/lib/python3.10/site-packages/oslo_concurrency/processutils.py:468}}
Feb 27 02:06:07 devstack cinder-volume[83211]: DEBUG oslo_concurrency.processutils [None req-a03ddd81-300e-4d30-be11-635147cb958d tempest-GroupSnapshotsTest-2064436582 None] Running cmd (subprocess): sudo cinder-rootwrap /etc/cinder/rootwrap.conf truncate -s0 /opt/stack/data/cinder/mnt/b1e4345a51d7092f7db605f6c83f2e51/volume-f350336b-0b77-47c9-9510-fa6179b0e2a7.info {{(pid=83211) execute /opt/stack/data/venv/lib/python3.10/site-packages/oslo_concurrency/processutils.py:440}}
Feb 27 02:06:07 devstack sudo[85852]: quobyte : PWD=/ ; USER=root ; COMMAND=/opt/stack/data/venv/bin/cinder-rootwrap /etc/cinder/rootwrap.conf truncate -s0 /opt/stack/data/cinder/mnt/b1e4345a51d7092f7db605f6c83f2e51/volume-f350336b-0b77-47c9-9510-fa6179b0e2a7.info
Feb 27 02:06:07 devstack sudo[85852]: pam_unix(sudo:session): session opened for user root(uid=0) by (uid=1000)
Feb 27 02:06:08 devstack sudo[85852]: pam_unix(sudo:session): session closed for user root
Feb 27 02:06:08 devstack cinder-volume[83211]: DEBUG oslo_concurrency.processutils [None req-a03ddd81-300e-4d30-be11-635147cb958d tempest-GroupSnapshotsTest-2064436582 None] CMD "sudo cinder-rootwrap /etc/cinder/rootwrap.conf truncate -s0 /opt/stack/data/cinder/mnt/b1e4345a51d7092f7db605f6c83f2e51/volume-f350336b-0b77-47c9-9510-fa6179b0e2a7.info" returned: 0 in 0.470s {{(pid=83211) execute /opt/stack/data/venv/lib/python3.10/site-packages/oslo_concurrency/processutils.py:468}}
Feb 27 02:06:08 devstack cinder-volume[83211]: WARNING cinder.volume.drivers.remotefs [None req-a03ddd81-300e-4d30-be11-635147cb958d tempest-GroupSnapshotsTest-2064436582 None] /opt/stack/data/cinder/mnt/b1e4345a51d7092f7db605f6c83f2e51/volume-f350336b-0b77-47c9-9510-fa6179b0e2a7.info is being set with open permissions: ugo+rw: NotImplementedError
Feb 27 02:06:08 devstack cinder-volume[83211]: DEBUG oslo_concurrency.processutils [None req-a03ddd81-300e-4d30-be11-635147cb958d tempest-GroupSnapshotsTest-2064436582 None] Running cmd (subprocess): sudo cinder-rootwrap /etc/cinder/rootwrap.conf chmod ugo+rw /opt/stack/data/cinder/mnt/b1e4345a51d7092f7db605f6c83f2e51/volume-f350336b-0b77-47c9-9510-fa6179b0e2a7.info {{(pid=83211) execute /opt/stack/data/venv/lib/python3.10/site-packages/oslo_concurrency/processutils.py:440}}
Feb 27 02:06:08 devstack sudo[85862]: quobyte : PWD=/ ; USER=root ; COMMAND=/opt/stack/data/venv/bin/cinder-rootwrap /etc/cinder/rootwrap.conf chmod ugo+rw /opt/stack/data/cinder/mnt/b1e4345a51d7092f7db605f6c83f2e51/volume-f350336b-0b77-47c9-9510-fa6179b0e2a7.info
Feb 27 02:06:08 devstack sudo[85862]: pam_unix(sudo:session): session opened for user root(uid=0) by (uid=1000)
Feb 27 02:06:08 devstack sudo[85862]: pam_unix(sudo:session): session closed for user root
Feb 27 02:06:08 devstack cinder-volume[83211]: DEBUG oslo_concurrency.processutils [None req-a03ddd81-300e-4d30-be11-635147cb958d tempest-GroupSnapshotsTest-2064436582 None] CMD "sudo cinder-rootwrap /etc/cinder/rootwrap.conf chmod ugo+rw /opt/stack/data/cinder/mnt/b1e4345a51d7092f7db605f6c83f2e51/volume-f350336b-0b77-47c9-9510-fa6179b0e2a7.info" returned: 0 in 0.567s {{(pid=83211) execute /opt/stack/data/venv/lib/python3.10/site-packages/oslo_concurrency/processutils.py:468}}
Feb 27 02:06:08 devstack cinder-volume[83211]: DEBUG oslo_concurrency.lockutils [None req-a03ddd81-300e-4d30-be11-635147cb958d tempest-GroupSnapshotsTest-2064436582 None] Lock "quobyte" "released" by "cinder.volume.drivers.quobyte.QuobyteDriver.create_snapshot" :: held 3.601s {{(pid=83211) inner /opt/stack/data/venv/lib/python3.10/site-packages/oslo_concurrency/lockutils.py:538}}
Feb 27 02:06:08 devstack cinder-volume[83211]: DEBUG oslo_concurrency.lockutils [None req-4c6a07c1-3260-472e-ba77-a3134220e46a tempest-GroupsTest-1439379381 None] Lock "quobyte" acquired by "cinder.volume.drivers.quobyte.QuobyteDriver.create_volume" :: waited 7.047s {{(pid=83211) inner /opt/stack/data/venv/lib/python3.10/site-packages/oslo_concurrency/lockutils.py:519}}
Feb 27 02:06:08 devstack cinder-volume[83211]: DEBUG cinder.volume.drivers.quobyte [None req-4c6a07c1-3260-472e-ba77-a3134220e46a tempest-GroupsTest-1439379381 None] ==> create_volume: call "{'self': , 'volume': Volume(_name_id=None,admin_metadata=,attach_status='detached',availability_zone='nova',bootable=False,cluster=,cluster_name=None,consistencygroup=,consistencygroup_id=9546d7d4-a3b4-4a09-8662-fcf8d8b80d60,created_at=2026-02-27T01:06:01Z,deleted=False,deleted_at=None,display_description=None,display_name='tempest-volume-1260577039',ec2_id=None,encryption_key_id=None,glance_metadata=,group=,group_id=9546d7d4-a3b4-4a09-8662-fcf8d8b80d60,host='devstack@QuobyteHD#QuobyteHD',id=8eb56129-f8d9-4b1c-ad8e-c36d4013db9c,launched_at=None,metadata={},migration_status=None,multiattach=False,previous_status=None,project_id='4282cd9c03224afa83b8d9b158307722',provider_auth=None,provider_geometry=None,provider_id=None,provider_location=None,replication_driver_data=None,replication_extended_status=None,replication_status=None,scheduled_at=2026-02-27T01:06:02Z,service_uuid=None,shared_targets=True,size=1,snapshot_id=None,snapshots=,source_volid=None,status='creating',terminated_at=None,updated_at=2026-02-27T01:06:02Z,use_quota=True,user_id='7e737fbb66f8457198ef917c2e0109fc',volume_attachment=VolumeAttachmentList,volume_type=VolumeType(3a8638dd-e3ce-44b4-b2bc-3194b60c1998),volume_type_id=3a8638dd-e3ce-44b4-b2bc-3194b60c1998)}" {{(pid=83211) trace_logging_wrapper /opt/stack/cinder/cinder/volume/volume_utils.py:1498}}
Feb 27 02:06:08 devstack cinder-volume[83211]: DEBUG cinder.volume.drivers.remotefs [None req-4c6a07c1-3260-472e-ba77-a3134220e46a tempest-GroupsTest-1439379381 None] Creating volume 8eb56129-f8d9-4b1c-ad8e-c36d4013db9c {{(pid=83211) create_volume /opt/stack/cinder/cinder/volume/drivers/remotefs.py:292}}
Feb 27 02:06:08 devstack cinder-volume[83211]: DEBUG oslo_concurrency.lockutils [None req-4c6a07c1-3260-472e-ba77-a3134220e46a tempest-GroupsTest-1439379381 None] Acquiring lock "quobyte_ensure" by "cinder.volume.drivers.quobyte.QuobyteDriver._ensure_shares_mounted" {{(pid=83211) inner /opt/stack/data/venv/lib/python3.10/site-packages/oslo_concurrency/lockutils.py:506}}
Feb 27 02:06:08 devstack cinder-volume[83211]: DEBUG oslo_concurrency.lockutils [None req-4c6a07c1-3260-472e-ba77-a3134220e46a tempest-GroupsTest-1439379381 None] Lock "quobyte_ensure" acquired by "cinder.volume.drivers.quobyte.QuobyteDriver._ensure_shares_mounted" :: waited 0.001s {{(pid=83211) inner /opt/stack/data/venv/lib/python3.10/site-packages/oslo_concurrency/lockutils.py:519}}
Feb 27 02:06:08 devstack cinder-volume[83211]: DEBUG cinder.volume.drivers.quobyte [None req-4c6a07c1-3260-472e-ba77-a3134220e46a tempest-GroupsTest-1439379381 None] Quobyte Volume URL set to: {'osci02.corp.quobyte.com/cinder-vol-d484e9c6-31a1-4d4d-9307-c69fbaba92d9': None} {{(pid=83211) _load_shares_config /opt/stack/cinder/cinder/volume/drivers/quobyte.py:617}}
Feb 27 02:06:08 devstack cinder-volume[83211]: DEBUG cinder.volume.drivers.quobyte [None req-4c6a07c1-3260-472e-ba77-a3134220e46a tempest-GroupsTest-1439379381 None] Available shares ['osci02.corp.quobyte.com/cinder-vol-d484e9c6-31a1-4d4d-9307-c69fbaba92d9'] {{(pid=83211) _ensure_shares_mounted /opt/stack/cinder/cinder/volume/drivers/quobyte.py:647}}
Feb 27 02:06:08 devstack cinder-volume[83211]: DEBUG oslo_concurrency.lockutils [None req-4c6a07c1-3260-472e-ba77-a3134220e46a tempest-GroupsTest-1439379381 None] Lock "quobyte_ensure" "released" by "cinder.volume.drivers.quobyte.QuobyteDriver._ensure_shares_mounted" :: held 0.006s {{(pid=83211) inner /opt/stack/data/venv/lib/python3.10/site-packages/oslo_concurrency/lockutils.py:538}}
Feb 27 02:06:08 devstack cinder-volume[83211]: DEBUG cinder.volume.drivers.quobyte [None req-4c6a07c1-3260-472e-ba77-a3134220e46a tempest-GroupsTest-1439379381 None] Selected osci02.corp.quobyte.com/cinder-vol-d484e9c6-31a1-4d4d-9307-c69fbaba92d9 as target Quobyte volume. {{(pid=83211) _find_share /opt/stack/cinder/cinder/volume/drivers/quobyte.py:668}}
Feb 27 02:06:08 devstack cinder-volume[83211]: INFO cinder.volume.drivers.remotefs [None req-4c6a07c1-3260-472e-ba77-a3134220e46a tempest-GroupsTest-1439379381 None] casted to osci02.corp.quobyte.com/cinder-vol-d484e9c6-31a1-4d4d-9307-c69fbaba92d9
Feb 27 02:06:08 devstack cinder-volume[83211]: DEBUG oslo_concurrency.processutils [None req-4c6a07c1-3260-472e-ba77-a3134220e46a tempest-GroupsTest-1439379381 None] Running cmd (subprocess): sudo cinder-rootwrap /etc/cinder/rootwrap.conf qemu-img create -f qcow2 -o preallocation=metadata /opt/stack/data/cinder/mnt/b1e4345a51d7092f7db605f6c83f2e51/volume-8eb56129-f8d9-4b1c-ad8e-c36d4013db9c 1073741824 {{(pid=83211) execute /opt/stack/data/venv/lib/python3.10/site-packages/oslo_concurrency/processutils.py:440}}
Feb 27 02:06:08 devstack sudo[85893]: quobyte : PWD=/ ; USER=root ; COMMAND=/opt/stack/data/venv/bin/cinder-rootwrap /etc/cinder/rootwrap.conf qemu-img create -f qcow2 -o preallocation=metadata /opt/stack/data/cinder/mnt/b1e4345a51d7092f7db605f6c83f2e51/volume-8eb56129-f8d9-4b1c-ad8e-c36d4013db9c 1073741824
Feb 27 02:06:08 devstack sudo[85893]: pam_unix(sudo:session): session opened for user root(uid=0) by (uid=1000)
Feb 27 02:06:09 devstack cinder-volume[83211]: INFO cinder.volume.manager [None req-a03ddd81-300e-4d30-be11-635147cb958d tempest-GroupSnapshotsTest-2064436582 None] group_snapshot 2cb98b4e-0a22-45d1-9641-9be9936c17e4: created successfully
Feb 27 02:06:09 devstack sudo[85893]: pam_unix(sudo:session): session closed for user root
Feb 27 02:06:09 devstack cinder-volume[83211]: DEBUG oslo_concurrency.processutils [None req-4c6a07c1-3260-472e-ba77-a3134220e46a tempest-GroupsTest-1439379381 None] CMD "sudo cinder-rootwrap /etc/cinder/rootwrap.conf qemu-img create -f qcow2 -o preallocation=metadata /opt/stack/data/cinder/mnt/b1e4345a51d7092f7db605f6c83f2e51/volume-8eb56129-f8d9-4b1c-ad8e-c36d4013db9c 1073741824" returned: 0 in 0.656s {{(pid=83211) execute /opt/stack/data/venv/lib/python3.10/site-packages/oslo_concurrency/processutils.py:468}}
Feb 27 02:06:09 devstack cinder-volume[83211]: DEBUG oslo_concurrency.processutils [None req-4c6a07c1-3260-472e-ba77-a3134220e46a tempest-GroupsTest-1439379381 None] Running cmd (subprocess): sudo cinder-rootwrap /etc/cinder/rootwrap.conf chmod ugo+rw /opt/stack/data/cinder/mnt/b1e4345a51d7092f7db605f6c83f2e51/volume-8eb56129-f8d9-4b1c-ad8e-c36d4013db9c {{(pid=83211) execute /opt/stack/data/venv/lib/python3.10/site-packages/oslo_concurrency/processutils.py:440}}
Feb 27 02:06:09 devstack sudo[85902]: quobyte : PWD=/ ; USER=root ; COMMAND=/opt/stack/data/venv/bin/cinder-rootwrap /etc/cinder/rootwrap.conf chmod ugo+rw /opt/stack/data/cinder/mnt/b1e4345a51d7092f7db605f6c83f2e51/volume-8eb56129-f8d9-4b1c-ad8e-c36d4013db9c
Feb 27 02:06:09 devstack sudo[85902]: pam_unix(sudo:session): session opened for user root(uid=0) by (uid=1000)
Feb 27 02:06:09 devstack cinder-volume[83211]: INFO cinder.volume.manager [None req-3dc7b570-b6c4-4249-8d46-ca866b8abf79 tempest-GroupSnapshotsTest-2064436582 None] group_snapshot 2cb98b4e-0a22-45d1-9641-9be9936c17e4: deleting
Feb 27 02:06:09 devstack cinder-volume[83211]: DEBUG cinder.volume.manager [None req-3dc7b570-b6c4-4249-8d46-ca866b8abf79 tempest-GroupSnapshotsTest-2064436582 None] group_snapshot 2cb98b4e-0a22-45d1-9641-9be9936c17e4: deleting {{(pid=83211) delete_group_snapshot /opt/stack/cinder/cinder/volume/manager.py:4350}}
Feb 27 02:06:09 devstack cinder-volume[83211]: DEBUG cinder.coordination [None req-3dc7b570-b6c4-4249-8d46-ca866b8abf79 tempest-GroupSnapshotsTest-2064436582 None] Acquiring lock "cinder-quobyte-d2eabdfc-a29c-47e0-b35a-a78c0f8eedca" by "delete_snapshot" {{(pid=83211) __acquire /opt/stack/cinder/cinder/coordination.py:138}}
Feb 27 02:06:10 devstack cinder-volume[83211]: DEBUG cinder.coordination [None req-3dc7b570-b6c4-4249-8d46-ca866b8abf79 tempest-GroupSnapshotsTest-2064436582 None] Lock "cinder-quobyte-d2eabdfc-a29c-47e0-b35a-a78c0f8eedca" acquired by "delete_snapshot" :: waited 0.017s {{(pid=83211) __acquire /opt/stack/cinder/cinder/coordination.py:141}}
Feb 27 02:06:10 devstack cinder-volume[83211]: DEBUG cinder.coordination [None req-3dc7b570-b6c4-4249-8d46-ca866b8abf79 tempest-GroupSnapshotsTest-2064436582 None] Acquiring lock "cinder-quobyte-7df40ac9-19f6-414a-ba3c-958944f9c6ef" by "_delete_snapshot" {{(pid=83211) __acquire /opt/stack/cinder/cinder/coordination.py:138}}
Feb 27 02:06:10 devstack cinder-volume[83211]: DEBUG cinder.coordination [None req-3dc7b570-b6c4-4249-8d46-ca866b8abf79 tempest-GroupSnapshotsTest-2064436582 None] Lock "cinder-quobyte-7df40ac9-19f6-414a-ba3c-958944f9c6ef" acquired by "_delete_snapshot" :: waited 0.017s {{(pid=83211) __acquire /opt/stack/cinder/cinder/coordination.py:141}}
Feb 27 02:06:10 devstack cinder-volume[83211]: DEBUG cinder.volume.drivers.remotefs [None req-3dc7b570-b6c4-4249-8d46-ca866b8abf79 tempest-GroupSnapshotsTest-2064436582 None] Deleting offline snapshot 7df40ac9-19f6-414a-ba3c-958944f9c6ef of volume d2eabdfc-a29c-47e0-b35a-a78c0f8eedca {{(pid=83211) _delete_snapshot /opt/stack/cinder/cinder/volume/drivers/remotefs.py:1288}}
Feb 27 02:06:10 devstack cinder-volume[83211]: DEBUG cinder.volume.drivers.remotefs [None req-3dc7b570-b6c4-4249-8d46-ca866b8abf79 tempest-GroupSnapshotsTest-2064436582 None] snapshot_file for this snap is: volume-d2eabdfc-a29c-47e0-b35a-a78c0f8eedca.7df40ac9-19f6-414a-ba3c-958944f9c6ef {{(pid=83211) _delete_snapshot /opt/stack/cinder/cinder/volume/drivers/remotefs.py:1317}}
Feb 27 02:06:10 devstack cinder-volume[83211]: DEBUG oslo.privsep.daemon [-] privsep: reply[451206da-2e98-40ee-a7b5-0be44ece5d70]: (4, 'qcow2') {{(pid=84104) _call_back /opt/stack/data/venv/lib/python3.10/site-packages/oslo_privsep/daemon.py:573}}
Feb 27 02:06:10 devstack cinder-volume[83211]: DEBUG oslo_concurrency.processutils [None req-3dc7b570-b6c4-4249-8d46-ca866b8abf79 tempest-GroupSnapshotsTest-2064436582 None] Running cmd (subprocess): /opt/stack/data/venv/bin/python3.10 -m oslo_concurrency.prlimit --as=1073741824 --cpu=60 -- sudo cinder-rootwrap /etc/cinder/rootwrap.conf env LC_ALL=C qemu-img info -f qcow2 --output=json --force-share /opt/stack/data/cinder/mnt/b1e4345a51d7092f7db605f6c83f2e51/volume-d2eabdfc-a29c-47e0-b35a-a78c0f8eedca.7df40ac9-19f6-414a-ba3c-958944f9c6ef {{(pid=83211) execute /opt/stack/data/venv/lib/python3.10/site-packages/oslo_concurrency/processutils.py:440}}
Feb 27 02:06:10 devstack sudo[85902]: pam_unix(sudo:session): session closed for user root
Feb 27 02:06:10 devstack cinder-volume[83211]: DEBUG oslo_concurrency.processutils [None req-4c6a07c1-3260-472e-ba77-a3134220e46a tempest-GroupsTest-1439379381 None] CMD "sudo cinder-rootwrap /etc/cinder/rootwrap.conf chmod ugo+rw /opt/stack/data/cinder/mnt/b1e4345a51d7092f7db605f6c83f2e51/volume-8eb56129-f8d9-4b1c-ad8e-c36d4013db9c" returned: 0 in 0.570s {{(pid=83211) execute /opt/stack/data/venv/lib/python3.10/site-packages/oslo_concurrency/processutils.py:468}}
Feb 27 02:06:10 devstack cinder-volume[83211]: DEBUG cinder.volume.drivers.quobyte [None req-4c6a07c1-3260-472e-ba77-a3134220e46a tempest-GroupsTest-1439379381 None] <== create_volume: return (1256ms) {'provider_location': 'osci02.corp.quobyte.com/cinder-vol-d484e9c6-31a1-4d4d-9307-c69fbaba92d9'} {{(pid=83211) trace_logging_wrapper /opt/stack/cinder/cinder/volume/volume_utils.py:1523}}
Feb 27 02:06:10 devstack cinder-volume[83211]: DEBUG oslo_concurrency.lockutils [None req-4c6a07c1-3260-472e-ba77-a3134220e46a tempest-GroupsTest-1439379381 None] Lock "quobyte" "released" by "cinder.volume.drivers.quobyte.QuobyteDriver.create_volume" :: held 1.261s {{(pid=83211) inner /opt/stack/data/venv/lib/python3.10/site-packages/oslo_concurrency/lockutils.py:538}}
Feb 27 02:06:10 devstack cinder-volume[83211]: DEBUG oslo_concurrency.lockutils [None req-d1aee8f3-41f2-4775-a0bb-8a433cb63ca6 tempest-VolumesServicesTestJSON-235490037 None] Lock "quobyte" acquired by "cinder.volume.drivers.quobyte.QuobyteDriver.create_volume" :: waited 3.236s {{(pid=83211) inner /opt/stack/data/venv/lib/python3.10/site-packages/oslo_concurrency/lockutils.py:519}}
Feb 27 02:06:10 devstack cinder-volume[83211]: DEBUG cinder.volume.drivers.quobyte [None req-d1aee8f3-41f2-4775-a0bb-8a433cb63ca6 tempest-VolumesServicesTestJSON-235490037 None] ==> create_volume: call "{'self': , 'volume': Volume(_name_id=None,admin_metadata=,attach_status='detached',availability_zone='nova',bootable=False,cluster=,cluster_name=None,consistencygroup=,consistencygroup_id=None,created_at=2026-02-27T01:06:07Z,deleted=False,deleted_at=None,display_description=None,display_name='tempest-VolumesServicesTestJSON-Volume-887997602',ec2_id=None,encryption_key_id=None,glance_metadata=,group=,group_id=None,host='devstack@QuobyteHD#QuobyteHD',id=f86d27d8-fc4a-4268-8dc2-4d1b676ee527,launched_at=None,metadata={},migration_status=None,multiattach=False,previous_status=None,project_id='cf022451f96a4e4695ae3ee9efaf1ae7',provider_auth=None,provider_geometry=None,provider_id=None,provider_location=None,replication_driver_data=None,replication_extended_status=None,replication_status=None,scheduled_at=2026-02-27T01:06:07Z,service_uuid=None,shared_targets=True,size=1,snapshot_id=None,snapshots=,source_volid=None,status='creating',terminated_at=None,updated_at=2026-02-27T01:06:07Z,use_quota=True,user_id='e290cb9d1d044ccb81de7b27e41713a8',volume_attachment=VolumeAttachmentList,volume_type=VolumeType(90266f13-d0a0-45f0-897a-3a3300d6e9bf),volume_type_id=90266f13-d0a0-45f0-897a-3a3300d6e9bf)}" {{(pid=83211) trace_logging_wrapper /opt/stack/cinder/cinder/volume/volume_utils.py:1498}}
Feb 27 02:06:10 devstack cinder-volume[83211]: DEBUG cinder.volume.drivers.remotefs [None req-d1aee8f3-41f2-4775-a0bb-8a433cb63ca6 tempest-VolumesServicesTestJSON-235490037 None] Creating volume f86d27d8-fc4a-4268-8dc2-4d1b676ee527 {{(pid=83211) create_volume /opt/stack/cinder/cinder/volume/drivers/remotefs.py:292}}
Feb 27 02:06:10 devstack cinder-volume[83211]: DEBUG oslo_concurrency.lockutils [None req-d1aee8f3-41f2-4775-a0bb-8a433cb63ca6 tempest-VolumesServicesTestJSON-235490037 None] Acquiring lock "quobyte_ensure" by "cinder.volume.drivers.quobyte.QuobyteDriver._ensure_shares_mounted" {{(pid=83211) inner /opt/stack/data/venv/lib/python3.10/site-packages/oslo_concurrency/lockutils.py:506}}
Feb 27 02:06:10 devstack cinder-volume[83211]: DEBUG oslo_concurrency.lockutils [None req-d1aee8f3-41f2-4775-a0bb-8a433cb63ca6 tempest-VolumesServicesTestJSON-235490037 None] Lock "quobyte_ensure" acquired by "cinder.volume.drivers.quobyte.QuobyteDriver._ensure_shares_mounted" :: waited 0.000s {{(pid=83211) inner /opt/stack/data/venv/lib/python3.10/site-packages/oslo_concurrency/lockutils.py:519}}
Feb 27 02:06:10 devstack cinder-volume[83211]: DEBUG cinder.volume.drivers.quobyte [None req-d1aee8f3-41f2-4775-a0bb-8a433cb63ca6 tempest-VolumesServicesTestJSON-235490037 None] Quobyte Volume URL set to: {'osci02.corp.quobyte.com/cinder-vol-d484e9c6-31a1-4d4d-9307-c69fbaba92d9': None} {{(pid=83211) _load_shares_config /opt/stack/cinder/cinder/volume/drivers/quobyte.py:617}}
Feb 27 02:06:10 devstack cinder-volume[83211]: DEBUG cinder.volume.drivers.quobyte [None req-d1aee8f3-41f2-4775-a0bb-8a433cb63ca6 tempest-VolumesServicesTestJSON-235490037 None] Available shares ['osci02.corp.quobyte.com/cinder-vol-d484e9c6-31a1-4d4d-9307-c69fbaba92d9'] {{(pid=83211) _ensure_shares_mounted /opt/stack/cinder/cinder/volume/drivers/quobyte.py:647}}
Feb 27 02:06:10 devstack cinder-volume[83211]: DEBUG oslo_concurrency.lockutils [None req-d1aee8f3-41f2-4775-a0bb-8a433cb63ca6 tempest-VolumesServicesTestJSON-235490037 None] Lock "quobyte_ensure" "released" by "cinder.volume.drivers.quobyte.QuobyteDriver._ensure_shares_mounted" :: held 0.005s {{(pid=83211) inner /opt/stack/data/venv/lib/python3.10/site-packages/oslo_concurrency/lockutils.py:538}}
Feb 27 02:06:10 devstack cinder-volume[83211]: DEBUG cinder.volume.drivers.quobyte [None req-d1aee8f3-41f2-4775-a0bb-8a433cb63ca6 tempest-VolumesServicesTestJSON-235490037 None] Selected osci02.corp.quobyte.com/cinder-vol-d484e9c6-31a1-4d4d-9307-c69fbaba92d9 as target Quobyte volume. {{(pid=83211) _find_share /opt/stack/cinder/cinder/volume/drivers/quobyte.py:668}}
Feb 27 02:06:10 devstack cinder-volume[83211]: INFO cinder.volume.drivers.remotefs [None req-d1aee8f3-41f2-4775-a0bb-8a433cb63ca6 tempest-VolumesServicesTestJSON-235490037 None] casted to osci02.corp.quobyte.com/cinder-vol-d484e9c6-31a1-4d4d-9307-c69fbaba92d9
Feb 27 02:06:10 devstack cinder-volume[83211]: DEBUG oslo_concurrency.processutils [None req-d1aee8f3-41f2-4775-a0bb-8a433cb63ca6 tempest-VolumesServicesTestJSON-235490037 None] Running cmd (subprocess): sudo cinder-rootwrap /etc/cinder/rootwrap.conf qemu-img create -f qcow2 -o preallocation=metadata /opt/stack/data/cinder/mnt/b1e4345a51d7092f7db605f6c83f2e51/volume-f86d27d8-fc4a-4268-8dc2-4d1b676ee527 1073741824 {{(pid=83211) execute /opt/stack/data/venv/lib/python3.10/site-packages/oslo_concurrency/processutils.py:440}}
Feb 27 02:06:10 devstack cinder-volume[83211]: DEBUG cinder.volume.manager [None req-4c6a07c1-3260-472e-ba77-a3134220e46a tempest-GroupsTest-1439379381 None] Task 'cinder.volume.flows.manager.create_volume.CreateVolumeFromSpecTask;volume:create' (4e3c6cd9-8b5e-43be-92c0-3d97b9654df5) transitioned into state 'SUCCESS' from state 'RUNNING' with result '{'status': 'creating', 'volume_name': 'volume-8eb56129-f8d9-4b1c-ad8e-c36d4013db9c', 'volume_size': 1}' {{(pid=83211) _task_receiver /opt/stack/data/venv/lib/python3.10/site-packages/taskflow/listeners/logging.py:182}}
Feb 27 02:06:10 devstack cinder-volume[83211]: DEBUG cinder.volume.manager [None req-4c6a07c1-3260-472e-ba77-a3134220e46a tempest-GroupsTest-1439379381 None] Task 'cinder.volume.flows.manager.create_volume.CreateVolumeOnFinishTask;volume:create, create.end' (a28502c4-d2d5-49b2-82bb-32abb9d0a9a1) transitioned into state 'RUNNING' from state 'PENDING' {{(pid=83211) _task_receiver /opt/stack/data/venv/lib/python3.10/site-packages/taskflow/listeners/logging.py:194}}
Feb 27 02:06:10 devstack sudo[85906]: quobyte : PWD=/ ; USER=root ; COMMAND=/opt/stack/data/venv/bin/cinder-rootwrap /etc/cinder/rootwrap.conf qemu-img create -f qcow2 -o preallocation=metadata /opt/stack/data/cinder/mnt/b1e4345a51d7092f7db605f6c83f2e51/volume-f86d27d8-fc4a-4268-8dc2-4d1b676ee527 1073741824
Feb 27 02:06:10 devstack sudo[85906]: pam_unix(sudo:session): session opened for user root(uid=0) by (uid=1000)
Feb 27 02:06:10 devstack cinder-volume[83211]: INFO cinder.volume.flows.manager.create_volume [None req-4c6a07c1-3260-472e-ba77-a3134220e46a tempest-GroupsTest-1439379381 None] Volume volume-8eb56129-f8d9-4b1c-ad8e-c36d4013db9c (8eb56129-f8d9-4b1c-ad8e-c36d4013db9c): created successfully
Feb 27 02:06:10 devstack cinder-volume[83211]: DEBUG cinder.volume.manager [None req-4c6a07c1-3260-472e-ba77-a3134220e46a tempest-GroupsTest-1439379381 None] Task 'cinder.volume.flows.manager.create_volume.CreateVolumeOnFinishTask;volume:create, create.end' (a28502c4-d2d5-49b2-82bb-32abb9d0a9a1) transitioned into state 'SUCCESS' from state 'RUNNING' with result 'None' {{(pid=83211) _task_receiver /opt/stack/data/venv/lib/python3.10/site-packages/taskflow/listeners/logging.py:182}}
Feb 27 02:06:10 devstack cinder-volume[83211]: DEBUG cinder.volume.manager [None req-4c6a07c1-3260-472e-ba77-a3134220e46a tempest-GroupsTest-1439379381 None] Flow 'volume_create_manager' (9de44613-eb2f-4b75-920c-17733c767adb) transitioned into state 'SUCCESS' from state 'RUNNING' {{(pid=83211) _flow_receiver /opt/stack/data/venv/lib/python3.10/site-packages/taskflow/listeners/logging.py:145}}
Feb 27 02:06:10 devstack sudo[85905]: quobyte : PWD=/ ; USER=root ; COMMAND=/opt/stack/data/venv/bin/cinder-rootwrap /etc/cinder/rootwrap.conf env LC_ALL=C qemu-img info -f qcow2 --output=json --force-share /opt/stack/data/cinder/mnt/b1e4345a51d7092f7db605f6c83f2e51/volume-d2eabdfc-a29c-47e0-b35a-a78c0f8eedca.7df40ac9-19f6-414a-ba3c-958944f9c6ef
Feb 27 02:06:10 devstack cinder-volume[83211]: INFO cinder.volume.manager [None req-4c6a07c1-3260-472e-ba77-a3134220e46a tempest-GroupsTest-1439379381 None] Created volume successfully.
Feb 27 02:06:10 devstack sudo[85905]: pam_unix(sudo:session): session opened for user root(uid=0) by (uid=1000)
Feb 27 02:06:10 devstack cinder-volume[83211]: INFO cinder.volume.manager [None req-fb95d76e-2729-47ea-bb57-6d806d065c76 tempest-GroupsTest-1439379381 None] Update group completed successfully.
Feb 27 02:06:10 devstack sudo[85905]: pam_unix(sudo:session): session closed for user root
Feb 27 02:06:10 devstack cinder-volume[83211]: DEBUG oslo_concurrency.processutils [None req-3dc7b570-b6c4-4249-8d46-ca866b8abf79 tempest-GroupSnapshotsTest-2064436582 None] CMD "/opt/stack/data/venv/bin/python3.10 -m oslo_concurrency.prlimit --as=1073741824 --cpu=60 -- sudo cinder-rootwrap /etc/cinder/rootwrap.conf env LC_ALL=C qemu-img info -f qcow2 --output=json --force-share /opt/stack/data/cinder/mnt/b1e4345a51d7092f7db605f6c83f2e51/volume-d2eabdfc-a29c-47e0-b35a-a78c0f8eedca.7df40ac9-19f6-414a-ba3c-958944f9c6ef" returned: 0 in 0.645s {{(pid=83211) execute /opt/stack/data/venv/lib/python3.10/site-packages/oslo_concurrency/processutils.py:468}}
Feb 27 02:06:10 devstack cinder-volume[83211]: DEBUG cinder.volume.drivers.remotefs [None req-3dc7b570-b6c4-4249-8d46-ca866b8abf79 tempest-GroupSnapshotsTest-2064436582 None] Fetching qemu-img info with special backing_file_template: (/opt/stack/data/cinder/mnt/[0-9a-f]+/)?(volume-d2eabdfc-a29c-47e0-b35a-a78c0f8eedca(.(tmp-snap-)?[0-9a-f-]+)?|volume_from_snapshot_cache/(tmp-snap-)?[0-9a-f-]+(.(child-|parent-)[0-9a-f-]+)?)$ {{(pid=83211) _qemu_img_info_base /opt/stack/cinder/cinder/volume/drivers/remotefs.py:896}}
Feb 27 02:06:10 devstack cinder-volume[83211]: DEBUG oslo.privsep.daemon [-] privsep: reply[f12c188c-6da1-4c68-af70-22e936f5204d]: (4, 'qcow2') {{(pid=84104) _call_back /opt/stack/data/venv/lib/python3.10/site-packages/oslo_privsep/daemon.py:573}}
Feb 27 02:06:10 devstack cinder-volume[83211]: DEBUG oslo_concurrency.processutils [None req-3dc7b570-b6c4-4249-8d46-ca866b8abf79 tempest-GroupSnapshotsTest-2064436582 None] Running cmd (subprocess): /opt/stack/data/venv/bin/python3.10 -m oslo_concurrency.prlimit --as=1073741824 --cpu=60 -- sudo cinder-rootwrap /etc/cinder/rootwrap.conf env LC_ALL=C qemu-img info -f qcow2 --output=json --force-share /opt/stack/data/cinder/mnt/b1e4345a51d7092f7db605f6c83f2e51/volume-d2eabdfc-a29c-47e0-b35a-a78c0f8eedca {{(pid=83211) execute /opt/stack/data/venv/lib/python3.10/site-packages/oslo_concurrency/processutils.py:440}}
Feb 27 02:06:10 devstack sudo[85906]: pam_unix(sudo:session): session closed for user root
