Feb 27 01:52:51 devstack devstack@keystone.service[41206]: DEBUG keystone.server.flask.request_processing.req_logging [None req-a330b2c0-90d5-4f23-a214-6a46afdf2623 None None] SCRIPT_NAME: `/identity` {{(pid=41206) log_request_info /opt/stack/keystone/keystone/server/flask/request_processing/req_logging.py:27}}
Feb 27 01:52:51 devstack devstack@keystone.service[41206]: DEBUG keystone.server.flask.request_processing.req_logging [None req-a330b2c0-90d5-4f23-a214-6a46afdf2623 None None] PATH_INFO: `/v3` {{(pid=41206) log_request_info /opt/stack/keystone/keystone/server/flask/request_processing/req_logging.py:28}}
Feb 27 01:52:51 devstack devstack@keystone.service[41207]: WSGI app 0 (mountpoint='') ready in 4 seconds on interpreter 0x56320ebf51c0 pid: 41207 (default app)
Feb 27 01:52:51 devstack devstack@keystone.service[41206]: [pid: 41206|app: 0|req: 1/1] 192.168.122.141 () {50 vars in 803 bytes} [Fri Feb 27 01:52:51 2026] GET /identity/v3/ => generated 259 bytes in 5 msecs (HTTP/1.1 200) 5 headers in 177 bytes (1 switches on core 0)
Feb 27 01:52:58 devstack devstack@keystone.service[41207]: DEBUG keystone.server.flask.request_processing.req_logging [None req-69068f70-2608-4f9c-8d70-971cd8061beb None None] REQUEST_METHOD: `GET` {{(pid=41207) log_request_info /opt/stack/keystone/keystone/server/flask/request_processing/req_logging.py:26}}
Feb 27 01:52:58 devstack devstack@keystone.service[41207]: DEBUG keystone.server.flask.request_processing.req_logging [None req-69068f70-2608-4f9c-8d70-971cd8061beb None None] SCRIPT_NAME: `/identity` {{(pid=41207) log_request_info /opt/stack/keystone/keystone/server/flask/request_processing/req_logging.py:27}}
Feb 27 01:52:58 devstack devstack@keystone.service[41207]: DEBUG keystone.server.flask.request_processing.req_logging [None req-69068f70-2608-4f9c-8d70-971cd8061beb None None] PATH_INFO: `/` {{(pid=41207) log_request_info /opt/stack/keystone/keystone/server/flask/request_processing/req_logging.py:28}}
Feb 27 01:52:58 devstack devstack@keystone.service[41207]: [pid: 41207|app: 0|req: 1/2] 192.168.122.141 () {54 vars in 940 bytes} [Fri Feb 27 01:52:58 2026] GET /identity => generated 274 bytes in 6 msecs (HTTP/1.1 300) 6 headers in 238 bytes (1 switches on core 0)
Feb 27 01:52:58 devstack devstack@keystone.service[41206]: DEBUG keystone.server.flask.request_processing.req_logging [None req-fba5c4ee-650b-4284-aead-2d67badd80e7 None None] REQUEST_METHOD: `POST` {{(pid=41206) log_request_info /opt/stack/keystone/keystone/server/flask/request_processing/req_logging.py:26}}
Feb 27 01:52:58 devstack devstack@keystone.service[41206]: DEBUG keystone.server.flask.request_processing.req_logging [None req-fba5c4ee-650b-4284-aead-2d67badd80e7 None None] SCRIPT_NAME: `/identity` {{(pid=41206) log_request_info /opt/stack/keystone/keystone/server/flask/request_processing/req_logging.py:27}}
Feb 27 01:52:58 devstack devstack@keystone.service[41206]: DEBUG keystone.server.flask.request_processing.req_logging [None req-fba5c4ee-650b-4284-aead-2d67badd80e7 None None] PATH_INFO: `/v3/auth/tokens` {{(pid=41206) log_request_info /opt/stack/keystone/keystone/server/flask/request_processing/req_logging.py:28}}
Feb 27 01:52:58 devstack devstack@keystone.service[41206]: INFO dbcounter [None req-fba5c4ee-650b-4284-aead-2d67badd80e7 None None] Registered counter for database keystone
Feb 27 01:52:59 devstack devstack@keystone.service[41206]: DEBUG oslo_db.sqlalchemy.engines [None req-fba5c4ee-650b-4284-aead-2d67badd80e7 None None] MySQL server mode set to STRICT_TRANS_TABLES,STRICT_ALL_TABLES,NO_ZERO_IN_DATE,NO_ZERO_DATE,ERROR_FOR_DIVISION_BY_ZERO,TRADITIONAL,NO_ENGINE_SUBSTITUTION {{(pid=41206) _check_effective_sql_mode /opt/stack/data/venv/lib/python3.10/site-packages/oslo_db/sqlalchemy/engines.py:325}}
Feb 27 01:52:59 devstack devstack@keystone.service[41206]: DEBUG dbcounter [-] [41206] Writer thread running {{(pid=41206) stat_writer /opt/stack/data/venv/lib/python3.10/site-packages/dbcounter.py:102}}
Feb 27 01:52:59 devstack devstack@keystone.service[41206]: WARNING keystone.common.password_hashing [None req-fba5c4ee-650b-4284-aead-2d67badd80e7 None None] Truncating password to algorithm specific maximum length 72 characters.
Feb 27 01:52:59 devstack devstack@keystone.service[41206]: DEBUG keystone.auth.core [None req-fba5c4ee-650b-4284-aead-2d67badd80e7 None None] MFA Rules not processed for user `2cd33d0182ef4f8fb192bbf2bfca6cb3`. Rule list: `[]` (Enabled: `True`). {{(pid=41206) check_auth_methods_against_rules /opt/stack/keystone/keystone/auth/core.py:476}}
Feb 27 01:52:59 devstack devstack@keystone.service[41206]: DEBUG keystone.common.fernet_utils [None req-fba5c4ee-650b-4284-aead-2d67badd80e7 None None] Loaded 2 Fernet keys from /etc/keystone/fernet-keys/, but `[fernet_tokens] max_active_keys = 3`; perhaps there have not been enough key rotations to reach `max_active_keys` yet? {{(pid=41206) load_keys /opt/stack/keystone/keystone/common/fernet_utils.py:297}}
Feb 27 01:52:59 devstack devstack@keystone.service[41206]: [pid: 41206|app: 0|req: 2/3] 192.168.122.141 () {58 vars in 1037 bytes} [Fri Feb 27 01:52:58 2026] POST /identity/v3/auth/tokens => generated 981 bytes in 430 msecs (HTTP/1.1 201) 6 headers in 384 bytes (1 switches on core 0)
Feb 27 01:52:59 devstack devstack@keystone.service[41207]: DEBUG keystone.server.flask.request_processing.middleware.auth_context [None req-69068f70-2608-4f9c-8d70-971cd8061beb None None] Authenticating user token {{(pid=41207) process_request /opt/stack/data/venv/lib/python3.10/site-packages/keystonemiddleware/auth_token/__init__.py:407}}
Feb 27 01:52:59 devstack devstack@keystone.service[41207]: INFO dbcounter [None req-69068f70-2608-4f9c-8d70-971cd8061beb None None] Registered counter for database keystone
Feb 27 01:52:59 devstack devstack@keystone.service[41207]: DEBUG oslo_db.sqlalchemy.engines [None req-69068f70-2608-4f9c-8d70-971cd8061beb None None] MySQL server mode set to STRICT_TRANS_TABLES,STRICT_ALL_TABLES,NO_ZERO_IN_DATE,NO_ZERO_DATE,ERROR_FOR_DIVISION_BY_ZERO,TRADITIONAL,NO_ENGINE_SUBSTITUTION {{(pid=41207) _check_effective_sql_mode /opt/stack/data/venv/lib/python3.10/site-packages/oslo_db/sqlalchemy/engines.py:325}}
Feb 27 01:52:59 devstack devstack@keystone.service[41207]: DEBUG dbcounter [-] [41207] Writer thread running {{(pid=41207) stat_writer /opt/stack/data/venv/lib/python3.10/site-packages/dbcounter.py:102}}
Feb 27 01:52:59 devstack devstack@keystone.service[41207]: DEBUG keystone.server.flask.request_processing.middleware.auth_context [None req-69068f70-2608-4f9c-8d70-971cd8061beb None None] Validating token access rules against request {{(pid=41207) validate_allowed_request /opt/stack/data/venv/lib/python3.10/site-packages/keystonemiddleware/auth_token/__init__.py:545}}
Feb 27 01:52:59 devstack devstack@keystone.service[41207]: DEBUG keystone.server.flask.request_processing.middleware.auth_context [None req-c5ab2d7d-276e-454b-99fb-b2afdedc86f5 admin admin] RBAC: auth_context: {'token': , 'domain_id': None, 'trust_id': None, 'trustor_id': None, 'trustee_id': None, 'domain_name': None, 'group_ids': [], 'user_id': '2cd33d0182ef4f8fb192bbf2bfca6cb3', 'user_domain_id': 'default', 'system_scope': None, 'project_id': '903ff061dd9b42b888c1f2da3124769d', 'project_domain_id': 'default', 'roles': ['manager', 'member', 'reader', 'admin'], 'is_admin_project': True, 'service_user_id': None, 'service_user_domain_id': None, 'service_project_id': None, 'service_project_domain_id': None, 'service_roles': []} {{(pid=41207) fill_context /opt/stack/keystone/keystone/server/flask/request_processing/middleware/auth_context.py:509}}
Feb 27 01:52:59 devstack devstack@keystone.service[41207]: DEBUG keystone.server.flask.request_processing.req_logging [None req-c5ab2d7d-276e-454b-99fb-b2afdedc86f5 admin admin] REQUEST_METHOD: `GET` {{(pid=41207) log_request_info /opt/stack/keystone/keystone/server/flask/request_processing/req_logging.py:26}}
Feb 27 01:52:59 devstack devstack@keystone.service[41207]: DEBUG keystone.server.flask.request_processing.req_logging [None req-c5ab2d7d-276e-454b-99fb-b2afdedc86f5 admin admin] SCRIPT_NAME: `/identity` {{(pid=41207) log_request_info /opt/stack/keystone/keystone/server/flask/request_processing/req_logging.py:27}}
Feb 27 01:52:59 devstack devstack@keystone.service[41207]: DEBUG keystone.server.flask.request_processing.req_logging [None req-c5ab2d7d-276e-454b-99fb-b2afdedc86f5 admin admin] PATH_INFO: `/v3/projects/admin` {{(pid=41207) log_request_info /opt/stack/keystone/keystone/server/flask/request_processing/req_logging.py:28}}
Feb 27 01:52:59 devstack devstack@keystone.service[41207]: DEBUG keystone.common.rbac_enforcer.enforcer [None req-c5ab2d7d-276e-454b-99fb-b2afdedc86f5 admin admin] RBAC: Authorizing `identity:get_project(project_id=admin)` {{(pid=41207) enforce_call /opt/stack/keystone/keystone/common/rbac_enforcer/enforcer.py:494}}
Feb 27 01:52:59 devstack devstack@keystone.service[41207]: WARNING keystone.common.rbac_enforcer.enforcer [None req-c5ab2d7d-276e-454b-99fb-b2afdedc86f5 admin admin] Deprecated policy rules found. Use oslopolicy-policy-generator and oslopolicy-policy-upgrade to detect and resolve deprecated policies in your configuration.
Feb 27 01:52:59 devstack devstack@keystone.service[41207]: DEBUG keystone.common.rbac_enforcer.enforcer [None req-c5ab2d7d-276e-454b-99fb-b2afdedc86f5 admin admin] RBAC: Authorization granted {{(pid=41207) enforce_call /opt/stack/keystone/keystone/common/rbac_enforcer/enforcer.py:505}}
Feb 27 01:52:59 devstack devstack@keystone.service[41207]: DEBUG keystone.server.flask.application [None req-c5ab2d7d-276e-454b-99fb-b2afdedc86f5 admin admin] Could not find project: admin. {{(pid=41207) _handle_keystone_exception /opt/stack/keystone/keystone/server/flask/application.py:146}}
Feb 27 01:52:59 devstack devstack@keystone.service[41207]: [pid: 41207|app: 0|req: 2/4] 192.168.122.141 () {56 vars in 1183 bytes} [Fri Feb 27 01:52:59 2026] GET /identity/v3/projects/admin => generated 86 bytes in 318 msecs (HTTP/1.1 404) 5 headers in 183 bytes (1 switches on core 0)
Feb 27 01:52:59 devstack devstack@keystone.service[41206]: DEBUG keystone.server.flask.request_processing.middleware.auth_context [None req-fba5c4ee-650b-4284-aead-2d67badd80e7 None None] Authenticating user token {{(pid=41206) process_request /opt/stack/data/venv/lib/python3.10/site-packages/keystonemiddleware/auth_token/__init__.py:407}}
Feb 27 01:52:59 devstack devstack@keystone.service[41206]: DEBUG keystone.server.flask.request_processing.middleware.auth_context [None req-fba5c4ee-650b-4284-aead-2d67badd80e7 None None] Validating token access rules against request {{(pid=41206) validate_allowed_request /opt/stack/data/venv/lib/python3.10/site-packages/keystonemiddleware/auth_token/__init__.py:545}}
Feb 27 01:52:59 devstack devstack@keystone.service[41206]: DEBUG keystone.server.flask.request_processing.middleware.auth_context [None req-e39bfebd-c26a-4100-bb8e-bcbdaf149931 admin admin] RBAC: auth_context: {'token': , 'domain_id': None, 'trust_id': None, 'trustor_id': None, 'trustee_id': None, 'domain_name': None, 'group_ids': [], 'user_id': '2cd33d0182ef4f8fb192bbf2bfca6cb3', 'user_domain_id': 'default', 'system_scope': None, 'project_id': '903ff061dd9b42b888c1f2da3124769d', 'project_domain_id': 'default', 'roles': ['manager', 'member', 'reader', 'admin'], 'is_admin_project': True, 'service_user_id': None, 'service_user_domain_id': None, 'service_project_id': None, 'service_project_domain_id': None, 'service_roles': []} {{(pid=41206) fill_context /opt/stack/keystone/keystone/server/flask/request_processing/middleware/auth_context.py:509}}
Feb 27 01:52:59 devstack devstack@keystone.service[41206]: DEBUG keystone.server.flask.request_processing.req_logging [None req-e39bfebd-c26a-4100-bb8e-bcbdaf149931 admin admin] REQUEST_METHOD: `GET` {{(pid=41206) log_request_info /opt/stack/keystone/keystone/server/flask/request_processing/req_logging.py:26}}
Feb 27 01:52:59 devstack devstack@keystone.service[41206]: DEBUG keystone.server.flask.request_processing.req_logging [None req-e39bfebd-c26a-4100-bb8e-bcbdaf149931 admin admin] SCRIPT_NAME: `/identity` {{(pid=41206) log_request_info /opt/stack/keystone/keystone/server/flask/request_processing/req_logging.py:27}}
Feb 27 01:52:59 devstack devstack@keystone.service[41206]: DEBUG keystone.server.flask.request_processing.req_logging [None req-e39bfebd-c26a-4100-bb8e-bcbdaf149931 admin admin] PATH_INFO: `/v3/projects` {{(pid=41206) log_request_info /opt/stack/keystone/keystone/server/flask/request_processing/req_logging.py:28}}
Feb 27 01:52:59 devstack devstack@keystone.service[41206]: DEBUG keystone.common.rbac_enforcer.enforcer [None req-e39bfebd-c26a-4100-bb8e-bcbdaf149931 admin admin] RBAC: Adding query filter params (name=admin) {{(pid=41206) _extract_filter_values /opt/stack/keystone/keystone/common/rbac_enforcer/enforcer.py:176}}
Feb 27 01:52:59 devstack devstack@keystone.service[41206]: DEBUG keystone.common.rbac_enforcer.enforcer [None req-e39bfebd-c26a-4100-bb8e-bcbdaf149931 admin admin] RBAC: Authorizing `identity:list_projects()` {{(pid=41206) enforce_call /opt/stack/keystone/keystone/common/rbac_enforcer/enforcer.py:494}}
Feb 27 01:52:59 devstack devstack@keystone.service[41206]: WARNING keystone.common.rbac_enforcer.enforcer [None req-e39bfebd-c26a-4100-bb8e-bcbdaf149931 admin admin] Deprecated policy rules found. Use oslopolicy-policy-generator and oslopolicy-policy-upgrade to detect and resolve deprecated policies in your configuration.
Feb 27 01:52:59 devstack devstack@keystone.service[41206]: DEBUG keystone.common.rbac_enforcer.enforcer [None req-e39bfebd-c26a-4100-bb8e-bcbdaf149931 admin admin] RBAC: Authorization granted {{(pid=41206) enforce_call /opt/stack/keystone/keystone/common/rbac_enforcer/enforcer.py:505}}
Feb 27 01:52:59 devstack devstack@keystone.service[41206]: [pid: 41206|app: 0|req: 3/5] 192.168.122.141 () {56 vars in 1199 bytes} [Fri Feb 27 01:52:59 2026] GET /identity/v3/projects?name=admin => generated 460 bytes in 79 msecs (HTTP/1.1 200) 5 headers in 177 bytes (1 switches on core 0)
Feb 27 01:52:59 devstack devstack@keystone.service[41207]: DEBUG keystone.server.flask.request_processing.middleware.auth_context [None req-c5ab2d7d-276e-454b-99fb-b2afdedc86f5 admin admin] Authenticating user token {{(pid=41207) process_request /opt/stack/data/venv/lib/python3.10/site-packages/keystonemiddleware/auth_token/__init__.py:407}}
Feb 27 01:52:59 devstack devstack@keystone.service[41207]: DEBUG keystone.server.flask.request_processing.middleware.auth_context [None req-c5ab2d7d-276e-454b-99fb-b2afdedc86f5 admin admin] Validating token access rules against request {{(pid=41207) validate_allowed_request /opt/stack/data/venv/lib/python3.10/site-packages/keystonemiddleware/auth_token/__init__.py:545}}
Feb 27 01:52:59 devstack devstack@keystone.service[41207]: DEBUG keystone.server.flask.request_processing.middleware.auth_context [None req-960d7482-cde7-435f-8fea-1b6306308b86 admin admin] RBAC: auth_context: {'token': , 'domain_id': None, 'trust_id': None, 'trustor_id': None, 'trustee_id': None, 'domain_name': None, 'group_ids': [], 'user_id': '2cd33d0182ef4f8fb192bbf2bfca6cb3', 'user_domain_id': 'default', 'system_scope': None, 'project_id': '903ff061dd9b42b888c1f2da3124769d', 'project_domain_id': 'default', 'roles': ['manager', 'member', 'reader', 'admin'], 'is_admin_project': True, 'service_user_id': None, 'service_user_domain_id': None, 'service_project_id': None, 'service_project_domain_id': None, 'service_roles': []} {{(pid=41207) fill_context /opt/stack/keystone/keystone/server/flask/request_processing/middleware/auth_context.py:509}}
Feb 27 01:52:59 devstack devstack@keystone.service[41207]: DEBUG keystone.server.flask.request_processing.req_logging [None req-960d7482-cde7-435f-8fea-1b6306308b86 admin admin] REQUEST_METHOD: `GET` {{(pid=41207) log_request_info /opt/stack/keystone/keystone/server/flask/request_processing/req_logging.py:26}}
Feb 27 01:52:59 devstack devstack@keystone.service[41207]: DEBUG keystone.server.flask.request_processing.req_logging [None req-960d7482-cde7-435f-8fea-1b6306308b86 admin admin] SCRIPT_NAME: `/identity` {{(pid=41207) log_request_info /opt/stack/keystone/keystone/server/flask/request_processing/req_logging.py:27}}
Feb 27 01:52:59 devstack devstack@keystone.service[41207]: DEBUG keystone.server.flask.request_processing.req_logging [None req-960d7482-cde7-435f-8fea-1b6306308b86 admin admin] PATH_INFO: `/v3/projects/903ff061dd9b42b888c1f2da3124769d` {{(pid=41207) log_request_info /opt/stack/keystone/keystone/server/flask/request_processing/req_logging.py:28}}
Feb 27 01:52:59 devstack devstack@keystone.service[41207]: DEBUG keystone.common.rbac_enforcer.enforcer [None req-960d7482-cde7-435f-8fea-1b6306308b86 admin admin] RBAC: Authorizing `identity:get_project(project_id=903ff061dd9b42b888c1f2da3124769d)` {{(pid=41207) enforce_call /opt/stack/keystone/keystone/common/rbac_enforcer/enforcer.py:494}}
Feb 27 01:52:59 devstack devstack@keystone.service[41207]: DEBUG keystone.common.rbac_enforcer.enforcer [None req-960d7482-cde7-435f-8fea-1b6306308b86 admin admin] RBAC: Authorization granted {{(pid=41207) enforce_call /opt/stack/keystone/keystone/common/rbac_enforcer/enforcer.py:505}}
Feb 27 01:52:59 devstack devstack@keystone.service[41207]: [pid: 41207|app: 0|req: 3/6] 192.168.122.141 () {56 vars in 1264 bytes} [Fri Feb 27 01:52:59 2026] GET /identity/v3/projects/903ff061dd9b42b888c1f2da3124769d => generated 348 bytes in 22 msecs (HTTP/1.1 200) 5 headers in 177 bytes (1 switches on core 0)
Feb 27 01:53:01 devstack devstack@keystone.service[41206]: DEBUG keystone.server.flask.request_processing.req_logging [None req-6a12f723-592d-4dd6-aae3-a4842c5f6959 None None] REQUEST_METHOD: `GET` {{(pid=41206) log_request_info /opt/stack/keystone/keystone/server/flask/request_processing/req_logging.py:26}}
Feb 27 01:53:01 devstack devstack@keystone.service[41206]: DEBUG keystone.server.flask.request_processing.req_logging [None req-6a12f723-592d-4dd6-aae3-a4842c5f6959 None None] SCRIPT_NAME: `/identity` {{(pid=41206) log_request_info /opt/stack/keystone/keystone/server/flask/request_processing/req_logging.py:27}}
Feb 27 01:53:01 devstack devstack@keystone.service[41206]: DEBUG keystone.server.flask.request_processing.req_logging [None req-6a12f723-592d-4dd6-aae3-a4842c5f6959 None None] PATH_INFO: `/` {{(pid=41206) log_request_info /opt/stack/keystone/keystone/server/flask/request_processing/req_logging.py:28}}
Feb 27 01:53:01 devstack devstack@keystone.service[41206]: [pid: 41206|app: 0|req: 4/7] 192.168.122.141 () {54 vars in 940 bytes} [Fri Feb 27 01:53:01 2026] GET /identity => generated 274 bytes in 3 msecs (HTTP/1.1 300) 6 headers in 238 bytes (1 switches on core 0)
Feb 27 01:53:01 devstack devstack@keystone.service[41207]: DEBUG keystone.server.flask.request_processing.req_logging [None req-ab45dfbd-f16c-40a9-88f1-e46ef57a3a99 None None] REQUEST_METHOD: `POST` {{(pid=41207) log_request_info /opt/stack/keystone/keystone/server/flask/request_processing/req_logging.py:26}}
Feb 27 01:53:01 devstack devstack@keystone.service[41207]: DEBUG keystone.server.flask.request_processing.req_logging [None req-ab45dfbd-f16c-40a9-88f1-e46ef57a3a99 None None] SCRIPT_NAME: `/identity` {{(pid=41207) log_request_info /opt/stack/keystone/keystone/server/flask/request_processing/req_logging.py:27}}
Feb 27 01:53:01 devstack devstack@keystone.service[41207]: DEBUG keystone.server.flask.request_processing.req_logging [None req-ab45dfbd-f16c-40a9-88f1-e46ef57a3a99 None None] PATH_INFO: `/v3/auth/tokens` {{(pid=41207) log_request_info /opt/stack/keystone/keystone/server/flask/request_processing/req_logging.py:28}}
Feb 27 01:53:01 devstack devstack@keystone.service[41207]: WARNING keystone.common.password_hashing [None req-ab45dfbd-f16c-40a9-88f1-e46ef57a3a99 None None] Truncating password to algorithm specific maximum length 72 characters.
Feb 27 01:53:01 devstack devstack@keystone.service[41207]: DEBUG keystone.auth.core [None req-ab45dfbd-f16c-40a9-88f1-e46ef57a3a99 None None] MFA Rules not processed for user `2cd33d0182ef4f8fb192bbf2bfca6cb3`. Rule list: `[]` (Enabled: `True`). {{(pid=41207) check_auth_methods_against_rules /opt/stack/keystone/keystone/auth/core.py:476}}
Feb 27 01:53:01 devstack devstack@keystone.service[41207]: DEBUG keystone.common.fernet_utils [None req-ab45dfbd-f16c-40a9-88f1-e46ef57a3a99 None None] Loaded 2 Fernet keys from /etc/keystone/fernet-keys/, but `[fernet_tokens] max_active_keys = 3`; perhaps there have not been enough key rotations to reach `max_active_keys` yet? {{(pid=41207) load_keys /opt/stack/keystone/keystone/common/fernet_utils.py:297}}
Feb 27 01:53:01 devstack devstack@keystone.service[41207]: [pid: 41207|app: 0|req: 4/8] 192.168.122.141 () {58 vars in 1037 bytes} [Fri Feb 27 01:53:01 2026] POST /identity/v3/auth/tokens => generated 981 bytes in 62 msecs (HTTP/1.1 201) 6 headers in 384 bytes (1 switches on core 0)
Feb 27 01:53:01 devstack devstack@keystone.service[41206]: DEBUG keystone.server.flask.request_processing.middleware.auth_context [None req-6a12f723-592d-4dd6-aae3-a4842c5f6959 None None] Authenticating user token {{(pid=41206) process_request /opt/stack/data/venv/lib/python3.10/site-packages/keystonemiddleware/auth_token/__init__.py:407}}
Feb 27 01:53:01 devstack devstack@keystone.service[41206]: DEBUG keystone.server.flask.request_processing.middleware.auth_context [None req-6a12f723-592d-4dd6-aae3-a4842c5f6959 None None] Validating token access rules against request {{(pid=41206) validate_allowed_request /opt/stack/data/venv/lib/python3.10/site-packages/keystonemiddleware/auth_token/__init__.py:545}}
Feb 27 01:53:01 devstack devstack@keystone.service[41206]: DEBUG keystone.server.flask.request_processing.middleware.auth_context [None req-7a08fbc8-7a9f-4b53-ac5b-3c8a8a91e39a admin admin] RBAC: auth_context: {'token': , 'domain_id': None, 'trust_id': None, 'trustor_id': None, 'trustee_id': None, 'domain_name': None, 'group_ids': [], 'user_id': '2cd33d0182ef4f8fb192bbf2bfca6cb3', 'user_domain_id': 'default', 'system_scope': None, 'project_id': '903ff061dd9b42b888c1f2da3124769d', 'project_domain_id': 'default', 'roles': ['manager', 'member', 'reader', 'admin'], 'is_admin_project': True, 'service_user_id': None, 'service_user_domain_id': None, 'service_project_id': None, 'service_project_domain_id': None, 'service_roles': []} {{(pid=41206) fill_context /opt/stack/keystone/keystone/server/flask/request_processing/middleware/auth_context.py:509}}
Feb 27 01:53:01 devstack devstack@keystone.service[41206]: DEBUG keystone.server.flask.request_processing.req_logging [None req-7a08fbc8-7a9f-4b53-ac5b-3c8a8a91e39a admin admin] REQUEST_METHOD: `GET` {{(pid=41206) log_request_info /opt/stack/keystone/keystone/server/flask/request_processing/req_logging.py:26}}
Feb 27 01:53:01 devstack devstack@keystone.service[41206]: DEBUG keystone.server.flask.request_processing.req_logging [None req-7a08fbc8-7a9f-4b53-ac5b-3c8a8a91e39a admin admin] SCRIPT_NAME: `/identity` {{(pid=41206) log_request_info /opt/stack/keystone/keystone/server/flask/request_processing/req_logging.py:27}}
Feb 27 01:53:01 devstack devstack@keystone.service[41206]: DEBUG keystone.server.flask.request_processing.req_logging [None req-7a08fbc8-7a9f-4b53-ac5b-3c8a8a91e39a admin admin] PATH_INFO: `/v3/users/admin` {{(pid=41206) log_request_info /opt/stack/keystone/keystone/server/flask/request_processing/req_logging.py:28}}
Feb 27 01:53:01 devstack devstack@keystone.service[41206]: DEBUG keystone.common.rbac_enforcer.enforcer [None req-7a08fbc8-7a9f-4b53-ac5b-3c8a8a91e39a admin admin] RBAC: Authorizing `identity:get_user(user_id=admin)` {{(pid=41206) enforce_call /opt/stack/keystone/keystone/common/rbac_enforcer/enforcer.py:494}}
Feb 27 01:53:01 devstack devstack@keystone.service[41206]: DEBUG keystone.common.rbac_enforcer.enforcer [None req-7a08fbc8-7a9f-4b53-ac5b-3c8a8a91e39a admin admin] RBAC: Authorization granted {{(pid=41206) enforce_call /opt/stack/keystone/keystone/common/rbac_enforcer/enforcer.py:505}}
Feb 27 01:53:01 devstack devstack@keystone.service[41206]: DEBUG keystone.server.flask.application [None req-7a08fbc8-7a9f-4b53-ac5b-3c8a8a91e39a admin admin] Could not find user: admin. {{(pid=41206) _handle_keystone_exception /opt/stack/keystone/keystone/server/flask/application.py:146}}
Feb 27 01:53:01 devstack devstack@keystone.service[41206]: [pid: 41206|app: 0|req: 5/9] 192.168.122.141 () {56 vars in 1174 bytes} [Fri Feb 27 01:53:01 2026] GET /identity/v3/users/admin => generated 83 bytes in 51 msecs (HTTP/1.1 404) 5 headers in 183 bytes (1 switches on core 0)
Feb 27 01:53:01 devstack devstack@keystone.service[41207]: DEBUG keystone.server.flask.request_processing.middleware.auth_context [None req-ab45dfbd-f16c-40a9-88f1-e46ef57a3a99 None None] Authenticating user token {{(pid=41207) process_request /opt/stack/data/venv/lib/python3.10/site-packages/keystonemiddleware/auth_token/__init__.py:407}}
Feb 27 01:53:01 devstack devstack@keystone.service[41207]: DEBUG keystone.server.flask.request_processing.middleware.auth_context [None req-ab45dfbd-f16c-40a9-88f1-e46ef57a3a99 None None] Validating token access rules against request {{(pid=41207) validate_allowed_request /opt/stack/data/venv/lib/python3.10/site-packages/keystonemiddleware/auth_token/__init__.py:545}}
Feb 27 01:53:01 devstack devstack@keystone.service[41207]: DEBUG keystone.server.flask.request_processing.middleware.auth_context [None req-2fa62458-a9e6-473d-ad27-b572fa66d960 admin admin] RBAC: auth_context: {'token': , 'domain_id': None, 'trust_id': None, 'trustor_id': None, 'trustee_id': None, 'domain_name': None, 'group_ids': [], 'user_id': '2cd33d0182ef4f8fb192bbf2bfca6cb3', 'user_domain_id': 'default', 'system_scope': None, 'project_id': '903ff061dd9b42b888c1f2da3124769d', 'project_domain_id': 'default', 'roles': ['manager', 'member', 'reader', 'admin'], 'is_admin_project': True, 'service_user_id': None, 'service_user_domain_id': None, 'service_project_id': None, 'service_project_domain_id': None, 'service_roles': []} {{(pid=41207) fill_context /opt/stack/keystone/keystone/server/flask/request_processing/middleware/auth_context.py:509}}
Feb 27 01:53:01 devstack devstack@keystone.service[41207]: DEBUG keystone.server.flask.request_processing.req_logging [None req-2fa62458-a9e6-473d-ad27-b572fa66d960 admin admin] REQUEST_METHOD: `GET` {{(pid=41207) log_request_info /opt/stack/keystone/keystone/server/flask/request_processing/req_logging.py:26}}
Feb 27 01:53:01 devstack devstack@keystone.service[41207]: DEBUG keystone.server.flask.request_processing.req_logging [None req-2fa62458-a9e6-473d-ad27-b572fa66d960 admin admin] SCRIPT_NAME: `/identity` {{(pid=41207) log_request_info /opt/stack/keystone/keystone/server/flask/request_processing/req_logging.py:27}}
Feb 27 01:53:01 devstack devstack@keystone.service[41207]: DEBUG keystone.server.flask.request_processing.req_logging [None req-2fa62458-a9e6-473d-ad27-b572fa66d960 admin admin] PATH_INFO: `/v3/users` {{(pid=41207) log_request_info /opt/stack/keystone/keystone/server/flask/request_processing/req_logging.py:28}}
Feb 27 01:53:01 devstack devstack@keystone.service[41207]: DEBUG keystone.common.rbac_enforcer.enforcer [None req-2fa62458-a9e6-473d-ad27-b572fa66d960 admin admin] RBAC: Adding query filter params (name=admin) {{(pid=41207) _extract_filter_values /opt/stack/keystone/keystone/common/rbac_enforcer/enforcer.py:176}}
Feb 27 01:53:01 devstack devstack@keystone.service[41207]: DEBUG keystone.common.rbac_enforcer.enforcer [None req-2fa62458-a9e6-473d-ad27-b572fa66d960 admin admin] RBAC: Authorizing `identity:list_users()` {{(pid=41207) enforce_call /opt/stack/keystone/keystone/common/rbac_enforcer/enforcer.py:494}}
Feb 27 01:53:01 devstack devstack@keystone.service[41207]: DEBUG keystone.common.rbac_enforcer.enforcer [None req-2fa62458-a9e6-473d-ad27-b572fa66d960 admin admin] RBAC: Authorization granted {{(pid=41207) enforce_call /opt/stack/keystone/keystone/common/rbac_enforcer/enforcer.py:505}}
Feb 27 01:53:01 devstack devstack@keystone.service[41207]: [pid: 41207|app: 0|req: 5/10] 192.168.122.141 () {56 vars in 1190 bytes} [Fri Feb 27 01:53:01 2026] GET /identity/v3/users?name=admin => generated 360 bytes in 66 msecs (HTTP/1.1 200) 5 headers in 177 bytes (1 switches on core 0)
Feb 27 01:53:03 devstack devstack@keystone.service[41206]: DEBUG keystone.server.flask.request_processing.req_logging [None req-1c6224a4-b0aa-4a79-a778-a92db85c8324 None None] REQUEST_METHOD: `GET` {{(pid=41206) log_request_info /opt/stack/keystone/keystone/server/flask/request_processing/req_logging.py:26}}
Feb 27 01:53:03 devstack devstack@keystone.service[41206]: DEBUG keystone.server.flask.request_processing.req_logging [None req-1c6224a4-b0aa-4a79-a778-a92db85c8324 None None] SCRIPT_NAME: `/identity` {{(pid=41206) log_request_info /opt/stack/keystone/keystone/server/flask/request_processing/req_logging.py:27}}
Feb 27 01:53:03 devstack devstack@keystone.service[41206]: DEBUG keystone.server.flask.request_processing.req_logging [None req-1c6224a4-b0aa-4a79-a778-a92db85c8324 None None] PATH_INFO: `/` {{(pid=41206) log_request_info /opt/stack/keystone/keystone/server/flask/request_processing/req_logging.py:28}}
Feb 27 01:53:03 devstack devstack@keystone.service[41206]: [pid: 41206|app: 0|req: 6/11] 192.168.122.141 () {54 vars in 940 bytes} [Fri Feb 27 01:53:03 2026] GET /identity => generated 274 bytes in 3 msecs (HTTP/1.1 300) 6 headers in 238 bytes (1 switches on core 0)
Feb 27 01:53:03 devstack devstack@keystone.service[41207]: DEBUG keystone.server.flask.request_processing.req_logging [None req-d8b9cbf1-9c4c-4d65-aca3-0541d4fa256d None None] REQUEST_METHOD: `POST` {{(pid=41207) log_request_info /opt/stack/keystone/keystone/server/flask/request_processing/req_logging.py:26}}
Feb 27 01:53:03 devstack devstack@keystone.service[41207]: DEBUG keystone.server.flask.request_processing.req_logging [None req-d8b9cbf1-9c4c-4d65-aca3-0541d4fa256d None None] SCRIPT_NAME: `/identity` {{(pid=41207) log_request_info /opt/stack/keystone/keystone/server/flask/request_processing/req_logging.py:27}}
Feb 27 01:53:03 devstack devstack@keystone.service[41207]: DEBUG keystone.server.flask.request_processing.req_logging [None req-d8b9cbf1-9c4c-4d65-aca3-0541d4fa256d None None] PATH_INFO: `/v3/auth/tokens` {{(pid=41207) log_request_info /opt/stack/keystone/keystone/server/flask/request_processing/req_logging.py:28}}
Feb 27 01:53:03 devstack devstack@keystone.service[41207]: WARNING keystone.common.password_hashing [None req-d8b9cbf1-9c4c-4d65-aca3-0541d4fa256d None None] Truncating password to algorithm specific maximum length 72 characters.
Feb 27 01:53:03 devstack devstack@keystone.service[41207]: DEBUG keystone.auth.core [None req-d8b9cbf1-9c4c-4d65-aca3-0541d4fa256d None None] MFA Rules not processed for user `2cd33d0182ef4f8fb192bbf2bfca6cb3`. Rule list: `[]` (Enabled: `True`). {{(pid=41207) check_auth_methods_against_rules /opt/stack/keystone/keystone/auth/core.py:476}}
Feb 27 01:53:03 devstack devstack@keystone.service[41207]: DEBUG keystone.common.fernet_utils [None req-d8b9cbf1-9c4c-4d65-aca3-0541d4fa256d None None] Loaded 2 Fernet keys from /etc/keystone/fernet-keys/, but `[fernet_tokens] max_active_keys = 3`; perhaps there have not been enough key rotations to reach `max_active_keys` yet? {{(pid=41207) load_keys /opt/stack/keystone/keystone/common/fernet_utils.py:297}}
Feb 27 01:53:03 devstack devstack@keystone.service[41206]: DEBUG keystone.server.flask.request_processing.req_logging [None req-9e6f8168-37d4-4d43-9e01-d9149975da88 None None] REQUEST_METHOD: `GET` {{(pid=41206) log_request_info /opt/stack/keystone/keystone/server/flask/request_processing/req_logging.py:26}}
Feb 27 01:53:03 devstack devstack@keystone.service[41206]: DEBUG keystone.server.flask.request_processing.req_logging [None req-9e6f8168-37d4-4d43-9e01-d9149975da88 None None] SCRIPT_NAME: `/identity` {{(pid=41206) log_request_info /opt/stack/keystone/keystone/server/flask/request_processing/req_logging.py:27}}
Feb 27 01:53:03 devstack devstack@keystone.service[41206]: DEBUG keystone.server.flask.request_processing.req_logging [None req-9e6f8168-37d4-4d43-9e01-d9149975da88 None None] PATH_INFO: `/` {{(pid=41206) log_request_info /opt/stack/keystone/keystone/server/flask/request_processing/req_logging.py:28}}
Feb 27 01:53:03 devstack devstack@keystone.service[41206]: [pid: 41206|app: 0|req: 7/12] 192.168.122.141 () {54 vars in 940 bytes} [Fri Feb 27 01:53:03 2026] GET /identity => generated 274 bytes in 3 msecs (HTTP/1.1 300) 6 headers in 238 bytes (1 switches on core 0)
Feb 27 01:53:03 devstack devstack@keystone.service[41206]: DEBUG keystone.server.flask.request_processing.req_logging [None req-eac4a165-ebda-48ec-bd29-d5a4e8a7abb6 None None] REQUEST_METHOD: `POST` {{(pid=41206) log_request_info /opt/stack/keystone/keystone/server/flask/request_processing/req_logging.py:26}}
Feb 27 01:53:03 devstack devstack@keystone.service[41206]: DEBUG keystone.server.flask.request_processing.req_logging [None req-eac4a165-ebda-48ec-bd29-d5a4e8a7abb6 None None] SCRIPT_NAME: `/identity` {{(pid=41206) log_request_info /opt/stack/keystone/keystone/server/flask/request_processing/req_logging.py:27}}
Feb 27 01:53:03 devstack devstack@keystone.service[41206]: DEBUG keystone.server.flask.request_processing.req_logging [None req-eac4a165-ebda-48ec-bd29-d5a4e8a7abb6 None None] PATH_INFO: `/v3/auth/tokens` {{(pid=41206) log_request_info /opt/stack/keystone/keystone/server/flask/request_processing/req_logging.py:28}}
Feb 27 01:53:03 devstack devstack@keystone.service[41206]: WARNING keystone.common.password_hashing [None req-eac4a165-ebda-48ec-bd29-d5a4e8a7abb6 None None] Truncating password to algorithm specific maximum length 72 characters.
Feb 27 01:53:03 devstack devstack@keystone.service[41206]: DEBUG keystone.auth.core [None req-eac4a165-ebda-48ec-bd29-d5a4e8a7abb6 None None] MFA Rules not processed for user `2cd33d0182ef4f8fb192bbf2bfca6cb3`. Rule list: `[]` (Enabled: `True`). {{(pid=41206) check_auth_methods_against_rules /opt/stack/keystone/keystone/auth/core.py:476}}
Feb 27 01:53:03 devstack devstack@keystone.service[41206]: DEBUG keystone.common.fernet_utils [None req-eac4a165-ebda-48ec-bd29-d5a4e8a7abb6 None None] Loaded 2 Fernet keys from /etc/keystone/fernet-keys/, but `[fernet_tokens] max_active_keys = 3`; perhaps there have not been enough key rotations to reach `max_active_keys` yet? {{(pid=41206) load_keys /opt/stack/keystone/keystone/common/fernet_utils.py:297}}
Feb 27 01:53:03 devstack devstack@keystone.service[41207]: [pid: 41207|app: 0|req: 6/13] 192.168.122.141 () {58 vars in 1037 bytes} [Fri Feb 27 01:53:03 2026] POST /identity/v3/auth/tokens => generated 866 bytes in 123 msecs (HTTP/1.1 201) 6 headers in 363 bytes (1 switches on core 0)
Feb 27 01:53:03 devstack devstack@keystone.service[41206]: [pid: 41206|app: 0|req: 8/14] 192.168.122.141 () {58 vars in 1037 bytes} [Fri Feb 27 01:53:03 2026] POST /identity/v3/auth/tokens => generated 866 bytes in 107 msecs (HTTP/1.1 201) 6 headers in 363 bytes (1 switches on core 0)
Feb 27 01:53:04 devstack devstack@keystone.service[41207]: DEBUG keystone.server.flask.request_processing.middleware.auth_context [None req-d8b9cbf1-9c4c-4d65-aca3-0541d4fa256d None None] Authenticating user token {{(pid=41207) process_request /opt/stack/data/venv/lib/python3.10/site-packages/keystonemiddleware/auth_token/__init__.py:407}}
Feb 27 01:53:04 devstack devstack@keystone.service[41206]: DEBUG keystone.server.flask.request_processing.middleware.auth_context [None req-eac4a165-ebda-48ec-bd29-d5a4e8a7abb6 None None] Authenticating user token {{(pid=41206) process_request /opt/stack/data/venv/lib/python3.10/site-packages/keystonemiddleware/auth_token/__init__.py:407}}
Feb 27 01:53:04 devstack devstack@keystone.service[41207]: DEBUG keystone.server.flask.request_processing.middleware.auth_context [None req-d8b9cbf1-9c4c-4d65-aca3-0541d4fa256d None None] Validating token access rules against request {{(pid=41207) validate_allowed_request /opt/stack/data/venv/lib/python3.10/site-packages/keystonemiddleware/auth_token/__init__.py:545}}
Feb 27 01:53:04 devstack devstack@keystone.service[41206]: DEBUG keystone.server.flask.request_processing.middleware.auth_context [None req-eac4a165-ebda-48ec-bd29-d5a4e8a7abb6 None None] Validating token access rules against request {{(pid=41206) validate_allowed_request /opt/stack/data/venv/lib/python3.10/site-packages/keystonemiddleware/auth_token/__init__.py:545}}
Feb 27 01:53:04 devstack devstack@keystone.service[41207]: DEBUG keystone.server.flask.request_processing.middleware.auth_context [None req-48a388f0-a2ca-4d0d-936b-b1759df98760 None admin] RBAC: auth_context: {'token': , 'domain_id': None, 'trust_id': None, 'trustor_id': None, 'trustee_id': None, 'domain_name': None, 'group_ids': [], 'user_id': '2cd33d0182ef4f8fb192bbf2bfca6cb3', 'user_domain_id': 'default', 'system_scope': 'all', 'project_id': None, 'project_domain_id': None, 'roles': ['admin', 'manager', 'member', 'reader'], 'is_admin_project': True, 'service_user_id': None, 'service_user_domain_id': None, 'service_project_id': None, 'service_project_domain_id': None, 'service_roles': []} {{(pid=41207) fill_context /opt/stack/keystone/keystone/server/flask/request_processing/middleware/auth_context.py:509}}
Feb 27 01:53:04 devstack devstack@keystone.service[41207]: DEBUG keystone.server.flask.request_processing.req_logging [None req-48a388f0-a2ca-4d0d-936b-b1759df98760 None admin] REQUEST_METHOD: `GET` {{(pid=41207) log_request_info /opt/stack/keystone/keystone/server/flask/request_processing/req_logging.py:26}}
Feb 27 01:53:04 devstack devstack@keystone.service[41207]: DEBUG keystone.server.flask.request_processing.req_logging [None req-48a388f0-a2ca-4d0d-936b-b1759df98760 None admin] SCRIPT_NAME: `/identity` {{(pid=41207) log_request_info /opt/stack/keystone/keystone/server/flask/request_processing/req_logging.py:27}}
Feb 27 01:53:04 devstack devstack@keystone.service[41207]: DEBUG keystone.server.flask.request_processing.req_logging [None req-48a388f0-a2ca-4d0d-936b-b1759df98760 None admin] PATH_INFO: `/v3/roles/admin` {{(pid=41207) log_request_info /opt/stack/keystone/keystone/server/flask/request_processing/req_logging.py:28}}
Feb 27 01:53:04 devstack devstack@keystone.service[41207]: DEBUG keystone.common.rbac_enforcer.enforcer [None req-48a388f0-a2ca-4d0d-936b-b1759df98760 None admin] Extracting inferred target data resulted in "NOT FOUND (404)". {{(pid=41207) enforce_call /opt/stack/keystone/keystone/common/rbac_enforcer/enforcer.py:445}}
Feb 27 01:53:04 devstack devstack@keystone.service[41207]: DEBUG keystone.server.flask.application [None req-48a388f0-a2ca-4d0d-936b-b1759df98760 None admin] Could not find role: admin. {{(pid=41207) _handle_keystone_exception /opt/stack/keystone/keystone/server/flask/application.py:146}}
Feb 27 01:53:04 devstack devstack@keystone.service[41206]: DEBUG keystone.server.flask.request_processing.middleware.auth_context [None req-974887fc-9b98-491b-9837-1447fd70b25c None admin] RBAC: auth_context: {'token': , 'domain_id': None, 'trust_id': None, 'trustor_id': None, 'trustee_id': None, 'domain_name': None, 'group_ids': [], 'user_id': '2cd33d0182ef4f8fb192bbf2bfca6cb3', 'user_domain_id': 'default', 'system_scope': 'all', 'project_id': None, 'project_domain_id': None, 'roles': ['admin', 'manager', 'member', 'reader'], 'is_admin_project': True, 'service_user_id': None, 'service_user_domain_id': None, 'service_project_id': None, 'service_project_domain_id': None, 'service_roles': []} {{(pid=41206) fill_context /opt/stack/keystone/keystone/server/flask/request_processing/middleware/auth_context.py:509}}
Feb 27 01:53:04 devstack devstack@keystone.service[41207]: [pid: 41207|app: 0|req: 7/15] 192.168.122.141 () {56 vars in 1153 bytes} [Fri Feb 27 01:53:04 2026] GET /identity/v3/roles/admin => generated 83 bytes in 142 msecs (HTTP/1.1 404) 5 headers in 183 bytes (1 switches on core 0)
Feb 27 01:53:04 devstack devstack@keystone.service[41206]: DEBUG keystone.server.flask.request_processing.req_logging [None req-974887fc-9b98-491b-9837-1447fd70b25c None admin] REQUEST_METHOD: `POST` {{(pid=41206) log_request_info /opt/stack/keystone/keystone/server/flask/request_processing/req_logging.py:26}}
Feb 27 01:53:04 devstack devstack@keystone.service[41206]: DEBUG keystone.server.flask.request_processing.req_logging [None req-974887fc-9b98-491b-9837-1447fd70b25c None admin] SCRIPT_NAME: `/identity` {{(pid=41206) log_request_info /opt/stack/keystone/keystone/server/flask/request_processing/req_logging.py:27}}
Feb 27 01:53:04 devstack devstack@keystone.service[41206]: DEBUG keystone.server.flask.request_processing.req_logging [None req-974887fc-9b98-491b-9837-1447fd70b25c None admin] PATH_INFO: `/v3/domains` {{(pid=41206) log_request_info /opt/stack/keystone/keystone/server/flask/request_processing/req_logging.py:28}}
Feb 27 01:53:04 devstack devstack@keystone.service[41206]: DEBUG keystone.common.rbac_enforcer.enforcer [None req-974887fc-9b98-491b-9837-1447fd70b25c None admin] RBAC: Authorizing `identity:create_domain()` {{(pid=41206) enforce_call /opt/stack/keystone/keystone/common/rbac_enforcer/enforcer.py:494}}
Feb 27 01:53:04 devstack devstack@keystone.service[41207]: DEBUG keystone.server.flask.request_processing.middleware.auth_context [None req-48a388f0-a2ca-4d0d-936b-b1759df98760 None admin] Authenticating user token {{(pid=41207) process_request /opt/stack/data/venv/lib/python3.10/site-packages/keystonemiddleware/auth_token/__init__.py:407}}
Feb 27 01:53:04 devstack devstack@keystone.service[41206]: DEBUG keystone.common.rbac_enforcer.enforcer [None req-974887fc-9b98-491b-9837-1447fd70b25c None admin] RBAC: Authorization granted {{(pid=41206) enforce_call /opt/stack/keystone/keystone/common/rbac_enforcer/enforcer.py:505}}
Feb 27 01:53:04 devstack devstack@keystone.service[41206]: DEBUG keystone.common.sql.core [None req-974887fc-9b98-491b-9837-1447fd70b25c None admin] Conflict project: (pymysql.err.IntegrityError) (1062, "Duplicate entry '<>-Default' for key 'project.ixu_project_name_domain_id'")
Feb 27 01:53:04 devstack devstack@keystone.service[41206]: [SQL: INSERT INTO project (id, name, domain_id, description, enabled, extra, parent_id, is_domain) VALUES (%(id)s, %(name)s, %(domain_id)s, %(description)s, %(enabled)s, %(extra)s, %(parent_id)s, %(is_domain)s)]
Feb 27 01:53:04 devstack devstack@keystone.service[41206]: [parameters: {'id': '893be5c6e12b46adba12a416e7bb0edf', 'name': 'Default', 'domain_id': '<>', 'description': '', 'enabled': 1, 'extra': '{}', 'parent_id': None, 'is_domain': 1}]
Feb 27 01:53:04 devstack devstack@keystone.service[41206]: (Background on this error at: https://sqlalche.me/e/20/gkpj) {{(pid=41206) wrapper /opt/stack/keystone/keystone/common/sql/core.py:580}}
Feb 27 01:53:04 devstack devstack@keystone.service[41207]: DEBUG keystone.server.flask.request_processing.middleware.auth_context [None req-48a388f0-a2ca-4d0d-936b-b1759df98760 None admin] Validating token access rules against request {{(pid=41207) validate_allowed_request /opt/stack/data/venv/lib/python3.10/site-packages/keystonemiddleware/auth_token/__init__.py:545}}
Feb 27 01:53:04 devstack devstack@keystone.service[41206]: ERROR keystone.server.flask.application [None req-974887fc-9b98-491b-9837-1447fd70b25c None admin] Conflict occurred attempting to store project - it is not permitted to have two projects acting as domains with the same name: Default.: keystone.exception.Conflict: Conflict occurred attempting to store project - it is not permitted to have two projects acting as domains with the same name: Default.
Feb 27 01:53:04 devstack devstack@keystone.service[41206]: ERROR keystone.server.flask.application
Traceback (most recent call last):
Feb 27 01:53:04 devstack devstack@keystone.service[41206]: ERROR keystone.server.flask.application
File "/opt/stack/data/venv/lib/python3.10/site-packages/sqlalchemy/engine/base.py", line 1967, in _exec_single_context
Feb 27 01:53:04 devstack devstack@keystone.service[41206]: ERROR keystone.server.flask.application self.dialect.do_execute(
Feb 27 01:53:04 devstack devstack@keystone.service[41206]: ERROR keystone.server.flask.application
File "/opt/stack/data/venv/lib/python3.10/site-packages/sqlalchemy/engine/default.py", line 952, in do_execute
Feb 27 01:53:04 devstack devstack@keystone.service[41206]: ERROR keystone.server.flask.application cursor.execute(statement, parameters)
Feb 27 01:53:04 devstack devstack@keystone.service[41206]: ERROR keystone.server.flask.application
File "/opt/stack/data/venv/lib/python3.10/site-packages/pymysql/cursors.py", line 153, in execute
Feb 27 01:53:04 devstack devstack@keystone.service[41206]: ERROR keystone.server.flask.application result = self._query(query)
Feb 27 01:53:04 devstack devstack@keystone.service[41206]: ERROR keystone.server.flask.application
File "/opt/stack/data/venv/lib/python3.10/site-packages/pymysql/cursors.py", line 322, in _query
Feb 27 01:53:04 devstack devstack@keystone.service[41206]: ERROR keystone.server.flask.application conn.query(q)
Feb 27 01:53:04 devstack devstack@keystone.service[41206]: ERROR keystone.server.flask.application
File "/opt/stack/data/venv/lib/python3.10/site-packages/pymysql/connections.py", line 575, in query
Feb 27 01:53:04 devstack devstack@keystone.service[41206]: ERROR keystone.server.flask.application self._affected_rows = self._read_query_result(unbuffered=unbuffered)
Feb 27 01:53:04 devstack devstack@keystone.service[41206]: ERROR keystone.server.flask.application
File "/opt/stack/data/venv/lib/python3.10/site-packages/pymysql/connections.py", line 826, in _read_query_result
Feb 27 01:53:04 devstack devstack@keystone.service[41206]: ERROR keystone.server.flask.application result.read()
Feb 27 01:53:04 devstack devstack@keystone.service[41206]: ERROR keystone.server.flask.application
File "/opt/stack/data/venv/lib/python3.10/site-packages/pymysql/connections.py", line 1203, in read
Feb 27 01:53:04 devstack devstack@keystone.service[41206]: ERROR keystone.server.flask.application first_packet = self.connection._read_packet()
Feb 27 01:53:04 devstack devstack@keystone.service[41206]: ERROR keystone.server.flask.application
File "/opt/stack/data/venv/lib/python3.10/site-packages/pymysql/connections.py", line 782, in _read_packet
Feb 27 01:53:04 devstack devstack@keystone.service[41206]: ERROR keystone.server.flask.application packet.raise_for_error()
Feb 27 01:53:04 devstack devstack@keystone.service[41206]: ERROR keystone.server.flask.application
File "/opt/stack/data/venv/lib/python3.10/site-packages/pymysql/protocol.py", line 219, in raise_for_error
Feb 27 01:53:04 devstack devstack@keystone.service[41206]: ERROR keystone.server.flask.application err.raise_mysql_exception(self._data)
Feb 27 01:53:04 devstack devstack@keystone.service[41206]: ERROR keystone.server.flask.application
File "/opt/stack/data/venv/lib/python3.10/site-packages/pymysql/err.py", line 150, in raise_mysql_exception
Feb 27 01:53:04 devstack devstack@keystone.service[41206]: ERROR keystone.server.flask.application raise errorclass(errno, errval)
Feb 27 01:53:04 devstack devstack@keystone.service[41206]: ERROR keystone.server.flask.application pymysql.err.IntegrityError: (1062, "Duplicate entry '<>-Default' for key 'project.ixu_project_name_domain_id'")
Feb 27 01:53:04 devstack devstack@keystone.service[41206]: ERROR keystone.server.flask.application
Feb 27 01:53:04 devstack devstack@keystone.service[41206]: ERROR keystone.server.flask.application The above exception was the direct cause of the following exception:
Feb 27 01:53:04 devstack devstack@keystone.service[41206]: ERROR keystone.server.flask.application
Feb 27 01:53:04 devstack devstack@keystone.service[41206]: ERROR keystone.server.flask.application
Traceback (most recent call last):
Feb 27 01:53:04 devstack devstack@keystone.service[41206]: ERROR keystone.server.flask.application
File "/opt/stack/keystone/keystone/common/sql/core.py", line 575, in wrapper
Feb 27 01:53:04 devstack devstack@keystone.service[41206]: ERROR keystone.server.flask.application return method(*args, **kwargs)
Feb 27 01:53:04 devstack devstack@keystone.service[41206]: ERROR keystone.server.flask.application
File "/opt/stack/keystone/keystone/resource/backends/sql.py", line 278, in create_project
Feb 27 01:53:04 devstack devstack@keystone.service[41206]: ERROR keystone.server.flask.application with sql.session_for_write() as session:
Feb 27 01:53:04 devstack devstack@keystone.service[41206]: ERROR keystone.server.flask.application
File "/usr/lib/python3.10/contextlib.py", line 142, in __exit__
Feb 27 01:53:04 devstack devstack@keystone.service[41206]: ERROR keystone.server.flask.application next(self.gen)
Feb 27 01:53:04 devstack devstack@keystone.service[41206]: ERROR keystone.server.flask.application
File "/opt/stack/data/venv/lib/python3.10/site-packages/oslo_db/sqlalchemy/enginefacade.py", line 1175, in _transaction_scope
Feb 27 01:53:04 devstack devstack@keystone.service[41206]: ERROR keystone.server.flask.application with current._produce_block(
Feb 27 01:53:04 devstack devstack@keystone.service[41206]: ERROR keystone.server.flask.application
File "/usr/lib/python3.10/contextlib.py", line 142, in __exit__
Feb 27 01:53:04 devstack devstack@keystone.service[41206]: ERROR keystone.server.flask.application next(self.gen)
Feb 27 01:53:04 devstack devstack@keystone.service[41206]: ERROR keystone.server.flask.application
File "/opt/stack/data/venv/lib/python3.10/site-packages/oslo_db/sqlalchemy/enginefacade.py", line 837, in _session
Feb 27 01:53:04 devstack devstack@keystone.service[41206]: ERROR keystone.server.flask.application with excutils.save_and_reraise_exception():
