Jun 30 15:33:07 devstack cinder-volume[93777]: DEBUG cinder.coordination [None req-fb40f32a-6b08-4743-b676-333ab68ef577 tempest-ServersNegativeTestJSON-600553631 None] Acquiring lock "cinder-ab87fb1c-d73e-48f6-81f5-420fcd00af01-delete_volume" by "delete_volume" {{(pid=93777) __acquire /opt/stack/cinder/cinder/coordination.py:138}}
Jun 30 15:33:07 devstack cinder-volume[93777]: DEBUG cinder.coordination [None req-fb40f32a-6b08-4743-b676-333ab68ef577 tempest-ServersNegativeTestJSON-600553631 None] Lock "cinder-ab87fb1c-d73e-48f6-81f5-420fcd00af01-delete_volume" acquired by "delete_volume" :: waited 0.024s {{(pid=93777) __acquire /opt/stack/cinder/cinder/coordination.py:141}}
Jun 30 15:33:07 devstack cinder-volume[93777]: DEBUG cinder.coordination [None req-fb40f32a-6b08-4743-b676-333ab68ef577 tempest-ServersNegativeTestJSON-600553631 None] Acquiring lock "cinder-quobyte-ab87fb1c-d73e-48f6-81f5-420fcd00af01" by "delete_volume" {{(pid=93777) __acquire /opt/stack/cinder/cinder/coordination.py:138}}
Jun 30 15:33:07 devstack cinder-volume[93777]: DEBUG cinder.coordination [None req-fb40f32a-6b08-4743-b676-333ab68ef577 tempest-ServersNegativeTestJSON-600553631 None] Lock "cinder-quobyte-ab87fb1c-d73e-48f6-81f5-420fcd00af01" acquired by "delete_volume" :: waited 0.017s {{(pid=93777) __acquire /opt/stack/cinder/cinder/coordination.py:141}}
Jun 30 15:33:07 devstack cinder-volume[93777]: DEBUG oslo.privsep.daemon [-] privsep: reply[5d8674bd-3831-4886-8b2e-e9f09b209da7]: (4, 'qcow2') {{(pid=94692) _call_back /opt/stack/data/venv/lib/python3.12/site-packages/oslo_privsep/daemon.py:580}}
Jun 30 15:33:07 devstack cinder-volume[93777]: DEBUG oslo_concurrency.processutils [None req-fb40f32a-6b08-4743-b676-333ab68ef577 tempest-ServersNegativeTestJSON-600553631 None] Running cmd (subprocess): /opt/stack/data/venv/bin/python3.12 -m oslo_concurrency.prlimit --as=1073741824 --cpu=60 -- sudo cinder-rootwrap /etc/cinder/rootwrap.conf env LC_ALL=C qemu-img info -f qcow2 --output=json --force-share /opt/stack/data/cinder/mnt/80de6f7c453cd523bde94b24b6c61fc0/volume-ab87fb1c-d73e-48f6-81f5-420fcd00af01 {{(pid=93777) execute /opt/stack/data/venv/lib/python3.12/site-packages/oslo_concurrency/processutils.py:440}}
Jun 30 15:33:07 devstack sudo[95576]: quobyte : PWD=/ ; USER=root ; COMMAND=/opt/stack/data/venv/bin/cinder-rootwrap /etc/cinder/rootwrap.conf env LC_ALL=C qemu-img info -f qcow2 --output=json --force-share /opt/stack/data/cinder/mnt/80de6f7c453cd523bde94b24b6c61fc0/volume-ab87fb1c-d73e-48f6-81f5-420fcd00af01
Jun 30 15:33:07 devstack sudo[95576]: pam_unix(sudo:session): session opened for user root(uid=0) by (uid=1000)
Jun 30 15:33:08 devstack sudo[95568]: pam_unix(sudo:session): session closed for user root
Jun 30 15:33:08 devstack cinder-volume[93777]: DEBUG oslo_concurrency.processutils [None req-e0053687-b825-479e-96d1-a4edafb03536 tempest-GroupSnapshotsTest-1633869821 None] CMD "sudo cinder-rootwrap /etc/cinder/rootwrap.conf qemu-img create -f qcow2 -o preallocation=metadata /opt/stack/data/cinder/mnt/80de6f7c453cd523bde94b24b6c61fc0/volume-dcfbe616-8ec6-43cf-b6d3-0d3bb9691988 1073741824" returned: 0 in 1.074s {{(pid=93777) execute /opt/stack/data/venv/lib/python3.12/site-packages/oslo_concurrency/processutils.py:468}}
Jun 30 15:33:08 devstack cinder-volume[93777]: DEBUG oslo_concurrency.processutils [None req-e0053687-b825-479e-96d1-a4edafb03536 tempest-GroupSnapshotsTest-1633869821 None] Running cmd (subprocess): sudo cinder-rootwrap /etc/cinder/rootwrap.conf chmod ugo+rw /opt/stack/data/cinder/mnt/80de6f7c453cd523bde94b24b6c61fc0/volume-dcfbe616-8ec6-43cf-b6d3-0d3bb9691988 {{(pid=93777) execute /opt/stack/data/venv/lib/python3.12/site-packages/oslo_concurrency/processutils.py:440}}
Jun 30 15:33:08 devstack sudo[95579]: quobyte : PWD=/ ; USER=root ; COMMAND=/opt/stack/data/venv/bin/cinder-rootwrap /etc/cinder/rootwrap.conf chmod ugo+rw /opt/stack/data/cinder/mnt/80de6f7c453cd523bde94b24b6c61fc0/volume-dcfbe616-8ec6-43cf-b6d3-0d3bb9691988
Jun 30 15:33:08 devstack sudo[95579]: pam_unix(sudo:session): session opened for user root(uid=0) by (uid=1000)
Jun 30 15:33:08 devstack sudo[95571]: pam_unix(sudo:session): session closed for user root
Jun 30 15:33:08 devstack cinder-volume[93777]: DEBUG oslo_concurrency.processutils [None req-cd060d33-07b3-408b-9507-b44fe3e8109a tempest-ServersNegativeTestJSON-600553631 None] CMD "sudo cinder-rootwrap /etc/cinder/rootwrap.conf df --portability --block-size 1 /opt/stack/data/cinder/mnt/80de6f7c453cd523bde94b24b6c61fc0" returned: 0 in 0.811s {{(pid=93777) execute /opt/stack/data/venv/lib/python3.12/site-packages/oslo_concurrency/processutils.py:468}}
Jun 30 15:33:08 devstack cinder-volume[93777]: DEBUG cinder.manager [None req-cd060d33-07b3-408b-9507-b44fe3e8109a tempest-ServersNegativeTestJSON-600553631 None] Notifying Schedulers of capabilities ... {{(pid=93777) _publish_service_capabilities /opt/stack/cinder/cinder/manager.py:219}}
Jun 30 15:33:08 devstack cinder-volume[93777]: INFO cinder.volume.manager [None req-cd060d33-07b3-408b-9507-b44fe3e8109a tempest-ServersNegativeTestJSON-600553631 None] Deleted volume successfully.
Jun 30 15:33:08 devstack cinder-volume[93777]: DEBUG cinder.coordination [None req-cd060d33-07b3-408b-9507-b44fe3e8109a tempest-ServersNegativeTestJSON-600553631 None] Lock "cinder-579f0556-8a71-4cf9-9d7c-a8ea72da3642-delete_volume" released by "delete_volume" :: held 2.861s {{(pid=93777) __release /opt/stack/cinder/cinder/coordination.py:152}}
Jun 30 15:33:08 devstack sudo[95576]: pam_unix(sudo:session): session closed for user root
Jun 30 15:33:08 devstack sudo[95579]: pam_unix(sudo:session): session closed for user root
Jun 30 15:33:08 devstack cinder-volume[93777]: DEBUG oslo_concurrency.processutils [None req-fb40f32a-6b08-4743-b676-333ab68ef577 tempest-ServersNegativeTestJSON-600553631 None] CMD "/opt/stack/data/venv/bin/python3.12 -m oslo_concurrency.prlimit --as=1073741824 --cpu=60 -- sudo cinder-rootwrap /etc/cinder/rootwrap.conf env LC_ALL=C qemu-img info -f qcow2 --output=json --force-share /opt/stack/data/cinder/mnt/80de6f7c453cd523bde94b24b6c61fc0/volume-ab87fb1c-d73e-48f6-81f5-420fcd00af01" returned: 0 in 0.957s {{(pid=93777) execute /opt/stack/data/venv/lib/python3.12/site-packages/oslo_concurrency/processutils.py:468}}
Jun 30 15:33:08 devstack cinder-volume[93777]: DEBUG oslo_concurrency.processutils [None req-fb40f32a-6b08-4743-b676-333ab68ef577 tempest-ServersNegativeTestJSON-600553631 None] Running cmd (subprocess): sudo cinder-rootwrap /etc/cinder/rootwrap.conf rm -f /opt/stack/data/cinder/mnt/80de6f7c453cd523bde94b24b6c61fc0/volume-ab87fb1c-d73e-48f6-81f5-420fcd00af01 {{(pid=93777) execute /opt/stack/data/venv/lib/python3.12/site-packages/oslo_concurrency/processutils.py:440}}
Jun 30 15:33:08 devstack cinder-volume[93777]: DEBUG oslo_concurrency.processutils [None req-e0053687-b825-479e-96d1-a4edafb03536 tempest-GroupSnapshotsTest-1633869821 None] CMD "sudo cinder-rootwrap /etc/cinder/rootwrap.conf chmod ugo+rw /opt/stack/data/cinder/mnt/80de6f7c453cd523bde94b24b6c61fc0/volume-dcfbe616-8ec6-43cf-b6d3-0d3bb9691988" returned: 0 in 0.717s {{(pid=93777) execute /opt/stack/data/venv/lib/python3.12/site-packages/oslo_concurrency/processutils.py:468}}
Jun 30 15:33:08 devstack cinder-volume[93777]: DEBUG cinder.volume.drivers.quobyte [None req-e0053687-b825-479e-96d1-a4edafb03536 tempest-GroupSnapshotsTest-1633869821 None] <== create_volume: return (1857ms) {'provider_location': 'osci02.corp.quobyte.com/cinder-vol-4eeb9577-c5a0-41ca-8add-1c5ee2b0c244'} {{(pid=93777) trace_logging_wrapper /opt/stack/cinder/cinder/volume/volume_utils.py:1522}}
Jun 30 15:33:08 devstack cinder-volume[93777]: DEBUG oslo_concurrency.lockutils [None req-e0053687-b825-479e-96d1-a4edafb03536 tempest-GroupSnapshotsTest-1633869821 None] Lock "quobyte" "released" by "cinder.volume.drivers.quobyte.QuobyteDriver.create_volume" :: held 1.860s {{(pid=93777) inner /opt/stack/data/venv/lib/python3.12/site-packages/oslo_concurrency/lockutils.py:543}}
Jun 30 15:33:08 devstack sudo[95585]: quobyte : PWD=/ ; USER=root ; COMMAND=/opt/stack/data/venv/bin/cinder-rootwrap /etc/cinder/rootwrap.conf rm -f /opt/stack/data/cinder/mnt/80de6f7c453cd523bde94b24b6c61fc0/volume-ab87fb1c-d73e-48f6-81f5-420fcd00af01
Jun 30 15:33:08 devstack sudo[95585]: pam_unix(sudo:session): session opened for user root(uid=0) by (uid=1000)
Jun 30 15:33:08 devstack cinder-volume[93777]: DEBUG cinder.volume.manager [None req-e0053687-b825-479e-96d1-a4edafb03536 tempest-GroupSnapshotsTest-1633869821 None] Task 'cinder.volume.flows.manager.create_volume.CreateVolumeFromSpecTask;volume:create' (3f2c4ab8-49ef-4759-8a83-bf6daae13d3b) transitioned into state 'SUCCESS' from state 'RUNNING' with result '{'status': 'creating', 'volume_name': 'volume-dcfbe616-8ec6-43cf-b6d3-0d3bb9691988', 'volume_size': 1}' {{(pid=93777) _task_receiver /opt/stack/data/venv/lib/python3.12/site-packages/taskflow/listeners/logging.py:218}}
Jun 30 15:33:08 devstack cinder-volume[93777]: DEBUG cinder.volume.manager [None req-e0053687-b825-479e-96d1-a4edafb03536 tempest-GroupSnapshotsTest-1633869821 None] Task 'cinder.volume.flows.manager.create_volume.CreateVolumeOnFinishTask;volume:create, create.end' (0b586688-5708-4661-95c3-9de70e9b1a69) transitioned into state 'RUNNING' from state 'PENDING' {{(pid=93777) _task_receiver /opt/stack/data/venv/lib/python3.12/site-packages/taskflow/listeners/logging.py:242}}
Jun 30 15:33:08 devstack cinder-volume[93777]: INFO cinder.volume.flows.manager.create_volume [None req-e0053687-b825-479e-96d1-a4edafb03536 tempest-GroupSnapshotsTest-1633869821 None] Volume volume-dcfbe616-8ec6-43cf-b6d3-0d3bb9691988 (dcfbe616-8ec6-43cf-b6d3-0d3bb9691988): created successfully
Jun 30 15:33:08 devstack cinder-volume[93777]: DEBUG cinder.volume.manager [None req-e0053687-b825-479e-96d1-a4edafb03536 tempest-GroupSnapshotsTest-1633869821 None] Task 'cinder.volume.flows.manager.create_volume.CreateVolumeOnFinishTask;volume:create, create.end' (0b586688-5708-4661-95c3-9de70e9b1a69) transitioned into state 'SUCCESS' from state 'RUNNING' with result 'None' {{(pid=93777) _task_receiver /opt/stack/data/venv/lib/python3.12/site-packages/taskflow/listeners/logging.py:218}}
Jun 30 15:33:08 devstack cinder-volume[93777]: DEBUG cinder.volume.manager [None req-e0053687-b825-479e-96d1-a4edafb03536 tempest-GroupSnapshotsTest-1633869821 None] Flow 'volume_create_manager' (a5c9cc03-6f17-4b7c-9d0c-1f62282817f6) transitioned into state 'SUCCESS' from state 'RUNNING' {{(pid=93777) _flow_receiver /opt/stack/data/venv/lib/python3.12/site-packages/taskflow/listeners/logging.py:160}}
Jun 30 15:33:08 devstack cinder-volume[93777]: INFO cinder.volume.manager [None req-e0053687-b825-479e-96d1-a4edafb03536 tempest-GroupSnapshotsTest-1633869821 None] Created volume successfully.
Jun 30 15:33:09 devstack sudo[95585]: pam_unix(sudo:session): session closed for user root
Jun 30 15:33:09 devstack cinder-volume[93777]: DEBUG oslo_concurrency.processutils [None req-fb40f32a-6b08-4743-b676-333ab68ef577 tempest-ServersNegativeTestJSON-600553631 None] CMD "sudo cinder-rootwrap /etc/cinder/rootwrap.conf rm -f /opt/stack/data/cinder/mnt/80de6f7c453cd523bde94b24b6c61fc0/volume-ab87fb1c-d73e-48f6-81f5-420fcd00af01" returned: 0 in 0.705s {{(pid=93777) execute /opt/stack/data/venv/lib/python3.12/site-packages/oslo_concurrency/processutils.py:468}}
Jun 30 15:33:09 devstack cinder-volume[93777]: DEBUG cinder.coordination [None req-fb40f32a-6b08-4743-b676-333ab68ef577 tempest-ServersNegativeTestJSON-600553631 None] Lock "cinder-quobyte-ab87fb1c-d73e-48f6-81f5-420fcd00af01" released by "delete_volume" :: held 1.709s {{(pid=93777) __release /opt/stack/cinder/cinder/coordination.py:152}}
Jun 30 15:33:09 devstack cinder-volume[93777]: INFO cinder.volume.manager [None req-2fc2e7d9-df82-4086-b2b8-499d73af77da tempest-GroupSnapshotsTest-1633869821 None] Update group completed successfully.
Jun 30 15:33:09 devstack cinder-volume[93777]: DEBUG cinder.quota [None req-fb40f32a-6b08-4743-b676-333ab68ef577 tempest-ServersNegativeTestJSON-600553631 None] Created reservations ['b14095ae-f26f-4270-ab8d-6dbd6cc2a223', 'b2b37975-b9c1-452d-a4d1-c87aede3f2fb', '14ab17bb-9611-4656-8797-2d566b1d8866', '5925a694-ed99-46c9-9dd8-af1184e72447'] {{(pid=93777) reserve /opt/stack/cinder/cinder/quota.py:752}}
Jun 30 15:33:09 devstack cinder-volume[93777]: DEBUG oslo_concurrency.lockutils [None req-fb40f32a-6b08-4743-b676-333ab68ef577 tempest-ServersNegativeTestJSON-600553631 None] Acquiring lock "quobyte_ensure" by "cinder.volume.drivers.quobyte.QuobyteDriver._ensure_shares_mounted" {{(pid=93777) inner /opt/stack/data/venv/lib/python3.12/site-packages/oslo_concurrency/lockutils.py:511}}
Jun 30 15:33:09 devstack cinder-volume[93777]: DEBUG oslo_concurrency.lockutils [None req-fb40f32a-6b08-4743-b676-333ab68ef577 tempest-ServersNegativeTestJSON-600553631 None] Lock "quobyte_ensure" acquired by "cinder.volume.drivers.quobyte.QuobyteDriver._ensure_shares_mounted" :: waited 0.001s {{(pid=93777) inner /opt/stack/data/venv/lib/python3.12/site-packages/oslo_concurrency/lockutils.py:524}}
Jun 30 15:33:09 devstack cinder-volume[93777]: DEBUG cinder.volume.drivers.quobyte [None req-fb40f32a-6b08-4743-b676-333ab68ef577 tempest-ServersNegativeTestJSON-600553631 None] Quobyte Volume URL set to: {'osci02.corp.quobyte.com/cinder-vol-4eeb9577-c5a0-41ca-8add-1c5ee2b0c244': None} {{(pid=93777) _load_shares_config /opt/stack/cinder/cinder/volume/drivers/quobyte.py:617}}
Jun 30 15:33:09 devstack cinder-volume[93777]: DEBUG cinder.volume.drivers.quobyte [None req-fb40f32a-6b08-4743-b676-333ab68ef577 tempest-ServersNegativeTestJSON-600553631 None] Available shares ['osci02.corp.quobyte.com/cinder-vol-4eeb9577-c5a0-41ca-8add-1c5ee2b0c244'] {{(pid=93777) _ensure_shares_mounted /opt/stack/cinder/cinder/volume/drivers/quobyte.py:647}}
Jun 30 15:33:09 devstack cinder-volume[93777]: DEBUG oslo_concurrency.lockutils [None req-fb40f32a-6b08-4743-b676-333ab68ef577 tempest-ServersNegativeTestJSON-600553631 None] Lock "quobyte_ensure" "released" by "cinder.volume.drivers.quobyte.QuobyteDriver._ensure_shares_mounted" :: held 0.007s {{(pid=93777) inner /opt/stack/data/venv/lib/python3.12/site-packages/oslo_concurrency/lockutils.py:543}}
Jun 30 15:33:09 devstack cinder-volume[93777]: DEBUG oslo_concurrency.processutils [None req-fb40f32a-6b08-4743-b676-333ab68ef577 tempest-ServersNegativeTestJSON-600553631 None] Running cmd (subprocess): sudo cinder-rootwrap /etc/cinder/rootwrap.conf df --portability --block-size 1 /opt/stack/data/cinder/mnt/80de6f7c453cd523bde94b24b6c61fc0 {{(pid=93777) execute /opt/stack/data/venv/lib/python3.12/site-packages/oslo_concurrency/processutils.py:440}}
Jun 30 15:33:09 devstack sudo[95588]: quobyte : PWD=/ ; USER=root ; COMMAND=/opt/stack/data/venv/bin/cinder-rootwrap /etc/cinder/rootwrap.conf df --portability --block-size 1 /opt/stack/data/cinder/mnt/80de6f7c453cd523bde94b24b6c61fc0
Jun 30 15:33:09 devstack sudo[95588]: pam_unix(sudo:session): session opened for user root(uid=0) by (uid=1000)
Jun 30 15:33:10 devstack sudo[95588]: pam_unix(sudo:session): session closed for user root
Jun 30 15:33:10 devstack cinder-volume[93777]: DEBUG oslo_concurrency.processutils [None req-fb40f32a-6b08-4743-b676-333ab68ef577 tempest-ServersNegativeTestJSON-600553631 None] CMD "sudo cinder-rootwrap /etc/cinder/rootwrap.conf df --portability --block-size 1 /opt/stack/data/cinder/mnt/80de6f7c453cd523bde94b24b6c61fc0" returned: 0 in 0.684s {{(pid=93777) execute /opt/stack/data/venv/lib/python3.12/site-packages/oslo_concurrency/processutils.py:468}}
Jun 30 15:33:10 devstack cinder-volume[93777]: DEBUG cinder.manager [None req-fb40f32a-6b08-4743-b676-333ab68ef577 tempest-ServersNegativeTestJSON-600553631 None] Notifying Schedulers of capabilities ... {{(pid=93777) _publish_service_capabilities /opt/stack/cinder/cinder/manager.py:219}}
Jun 30 15:33:10 devstack cinder-volume[93777]: INFO cinder.volume.manager [None req-fb40f32a-6b08-4743-b676-333ab68ef577 tempest-ServersNegativeTestJSON-600553631 None] Deleted volume successfully.
Jun 30 15:33:10 devstack cinder-volume[93777]: DEBUG cinder.coordination [None req-fb40f32a-6b08-4743-b676-333ab68ef577 tempest-ServersNegativeTestJSON-600553631 None] Lock "cinder-ab87fb1c-d73e-48f6-81f5-420fcd00af01-delete_volume" released by "delete_volume" :: held 2.669s {{(pid=93777) __release /opt/stack/cinder/cinder/coordination.py:152}}
Jun 30 15:33:10 devstack cinder-volume[93777]: INFO cinder.volume.manager [None req-e11243da-1335-4494-860d-edbb4163dcf8 tempest-GroupSnapshotsTest-1633869821 None] Update group completed successfully.
Jun 30 15:33:12 devstack cinder-volume[93777]: INFO cinder.volume.manager [None req-8321819a-ad0b-45f4-90f9-657bf3fe392b tempest-GroupSnapshotsTest-1633869821 None] Update group completed successfully.
Jun 30 15:33:13 devstack cinder-volume[93777]: INFO cinder.volume.manager [None req-59f2be49-5044-428d-a99c-4687751da55c tempest-GroupSnapshotsTest-1633869821 None] Update group completed successfully.
Jun 30 15:33:14 devstack cinder-volume[93777]: INFO cinder.volume.manager [None req-308c0d63-b26d-41be-9420-c0fa4c5a03db tempest-GroupSnapshotsTest-1633869821 None] GroupSnapshot 6fcb0f39-1a57-4487-8bb3-5e2a631e43df: creating.
Jun 30 15:33:15 devstack cinder-volume[93777]: DEBUG cinder.volume.manager [None req-308c0d63-b26d-41be-9420-c0fa4c5a03db tempest-GroupSnapshotsTest-1633869821 None] Group snapshot 6fcb0f39-1a57-4487-8bb3-5e2a631e43df: creating. {{(pid=93777) create_group_snapshot /opt/stack/cinder/cinder/volume/manager.py:4175}}
Jun 30 15:33:15 devstack cinder-volume[93777]: DEBUG oslo_concurrency.lockutils [None req-308c0d63-b26d-41be-9420-c0fa4c5a03db tempest-GroupSnapshotsTest-1633869821 None] Acquiring lock "quobyte" by "cinder.volume.drivers.quobyte.QuobyteDriver.create_snapshot" {{(pid=93777) inner /opt/stack/data/venv/lib/python3.12/site-packages/oslo_concurrency/lockutils.py:511}}
Jun 30 15:33:15 devstack cinder-volume[93777]: DEBUG oslo_concurrency.lockutils [None req-308c0d63-b26d-41be-9420-c0fa4c5a03db tempest-GroupSnapshotsTest-1633869821 None] Lock "quobyte" acquired by "cinder.volume.drivers.quobyte.QuobyteDriver.create_snapshot" :: waited 0.001s {{(pid=93777) inner /opt/stack/data/venv/lib/python3.12/site-packages/oslo_concurrency/lockutils.py:524}}
Jun 30 15:33:15 devstack cinder-volume[93777]: DEBUG cinder.volume.drivers.remotefs [None req-308c0d63-b26d-41be-9420-c0fa4c5a03db tempest-GroupSnapshotsTest-1633869821 None] Creating offline snapshot a7085a68-1110-4031-8c7a-cb81dc9d4282 of volume ff7406d3-96d4-4e15-a6ef-2cb1352f8e86 {{(pid=93777) _create_snapshot /opt/stack/cinder/cinder/volume/drivers/remotefs.py:1816}}
Jun 30 15:33:15 devstack cinder-volume[93777]: DEBUG oslo.privsep.daemon [-] privsep: reply[4679c4ee-16b2-43c7-bd48-9b608ae9f5d0]: (4, 'qcow2') {{(pid=94692) _call_back /opt/stack/data/venv/lib/python3.12/site-packages/oslo_privsep/daemon.py:580}}
Jun 30 15:33:15 devstack cinder-volume[93777]: DEBUG oslo_concurrency.processutils [None req-308c0d63-b26d-41be-9420-c0fa4c5a03db tempest-GroupSnapshotsTest-1633869821 None] Running cmd (subprocess): /opt/stack/data/venv/bin/python3.12 -m oslo_concurrency.prlimit --as=1073741824 --cpu=60 -- sudo cinder-rootwrap /etc/cinder/rootwrap.conf env LC_ALL=C qemu-img info -f qcow2 --output=json --force-share /opt/stack/data/cinder/mnt/80de6f7c453cd523bde94b24b6c61fc0/volume-ff7406d3-96d4-4e15-a6ef-2cb1352f8e86 {{(pid=93777) execute /opt/stack/data/venv/lib/python3.12/site-packages/oslo_concurrency/processutils.py:440}}
Jun 30 15:33:15 devstack sudo[95635]: quobyte : PWD=/ ; USER=root ; COMMAND=/opt/stack/data/venv/bin/cinder-rootwrap /etc/cinder/rootwrap.conf env LC_ALL=C qemu-img info -f qcow2 --output=json --force-share /opt/stack/data/cinder/mnt/80de6f7c453cd523bde94b24b6c61fc0/volume-ff7406d3-96d4-4e15-a6ef-2cb1352f8e86
Jun 30 15:33:15 devstack sudo[95635]: pam_unix(sudo:session): session opened for user root(uid=0) by (uid=1000)
Jun 30 15:33:15 devstack sudo[95635]: pam_unix(sudo:session): session closed for user root
Jun 30 15:33:15 devstack cinder-volume[93777]: DEBUG oslo_concurrency.processutils [None req-308c0d63-b26d-41be-9420-c0fa4c5a03db tempest-GroupSnapshotsTest-1633869821 None] CMD "/opt/stack/data/venv/bin/python3.12 -m oslo_concurrency.prlimit --as=1073741824 --cpu=60 -- sudo cinder-rootwrap /etc/cinder/rootwrap.conf env LC_ALL=C qemu-img info -f qcow2 --output=json --force-share /opt/stack/data/cinder/mnt/80de6f7c453cd523bde94b24b6c61fc0/volume-ff7406d3-96d4-4e15-a6ef-2cb1352f8e86" returned: 0 in 0.905s {{(pid=93777) execute /opt/stack/data/venv/lib/python3.12/site-packages/oslo_concurrency/processutils.py:468}}
Jun 30 15:33:15 devstack cinder-volume[93777]: DEBUG oslo_concurrency.processutils [None req-308c0d63-b26d-41be-9420-c0fa4c5a03db tempest-GroupSnapshotsTest-1633869821 None] Running cmd (subprocess): sudo cinder-rootwrap /etc/cinder/rootwrap.conf qemu-img create -f qcow2 -o backing_file=/opt/stack/data/cinder/mnt/80de6f7c453cd523bde94b24b6c61fc0/volume-ff7406d3-96d4-4e15-a6ef-2cb1352f8e86,backing_fmt=qcow2 /opt/stack/data/cinder/mnt/80de6f7c453cd523bde94b24b6c61fc0/volume-ff7406d3-96d4-4e15-a6ef-2cb1352f8e86.a7085a68-1110-4031-8c7a-cb81dc9d4282 1G {{(pid=93777) execute /opt/stack/data/venv/lib/python3.12/site-packages/oslo_concurrency/processutils.py:440}}
Jun 30 15:33:15 devstack sudo[95647]: quobyte : PWD=/ ; USER=root ; COMMAND=/opt/stack/data/venv/bin/cinder-rootwrap /etc/cinder/rootwrap.conf qemu-img create -f qcow2 -o backing_file=/opt/stack/data/cinder/mnt/80de6f7c453cd523bde94b24b6c61fc0/volume-ff7406d3-96d4-4e15-a6ef-2cb1352f8e86,backing_fmt=qcow2 /opt/stack/data/cinder/mnt/80de6f7c453cd523bde94b24b6c61fc0/volume-ff7406d3-96d4-4e15-a6ef-2cb1352f8e86.a7085a68-1110-4031-8c7a-cb81dc9d4282 1G
Jun 30 15:33:15 devstack sudo[95647]: pam_unix(sudo:session): session opened for user root(uid=0) by (uid=1000)
Jun 30 15:33:16 devstack sudo[95647]: pam_unix(sudo:session): session closed for user root
Jun 30 15:33:16 devstack cinder-volume[93777]: DEBUG oslo_concurrency.processutils [None req-308c0d63-b26d-41be-9420-c0fa4c5a03db tempest-GroupSnapshotsTest-1633869821 None] CMD "sudo cinder-rootwrap /etc/cinder/rootwrap.conf qemu-img create -f qcow2 -o backing_file=/opt/stack/data/cinder/mnt/80de6f7c453cd523bde94b24b6c61fc0/volume-ff7406d3-96d4-4e15-a6ef-2cb1352f8e86,backing_fmt=qcow2 /opt/stack/data/cinder/mnt/80de6f7c453cd523bde94b24b6c61fc0/volume-ff7406d3-96d4-4e15-a6ef-2cb1352f8e86.a7085a68-1110-4031-8c7a-cb81dc9d4282 1G" returned: 0 in 0.986s {{(pid=93777) execute /opt/stack/data/venv/lib/python3.12/site-packages/oslo_concurrency/processutils.py:468}}
Jun 30 15:33:16 devstack cinder-volume[93777]: DEBUG oslo_concurrency.processutils [None req-308c0d63-b26d-41be-9420-c0fa4c5a03db tempest-GroupSnapshotsTest-1633869821 None] Running cmd (subprocess): sudo cinder-rootwrap /etc/cinder/rootwrap.conf qemu-img rebase -u -b volume-ff7406d3-96d4-4e15-a6ef-2cb1352f8e86 -F qcow2 /opt/stack/data/cinder/mnt/80de6f7c453cd523bde94b24b6c61fc0/volume-ff7406d3-96d4-4e15-a6ef-2cb1352f8e86.a7085a68-1110-4031-8c7a-cb81dc9d4282 {{(pid=93777) execute /opt/stack/data/venv/lib/python3.12/site-packages/oslo_concurrency/processutils.py:440}}
Jun 30 15:33:16 devstack sudo[95653]: quobyte : PWD=/ ; USER=root ; COMMAND=/opt/stack/data/venv/bin/cinder-rootwrap /etc/cinder/rootwrap.conf qemu-img rebase -u -b volume-ff7406d3-96d4-4e15-a6ef-2cb1352f8e86 -F qcow2 /opt/stack/data/cinder/mnt/80de6f7c453cd523bde94b24b6c61fc0/volume-ff7406d3-96d4-4e15-a6ef-2cb1352f8e86.a7085a68-1110-4031-8c7a-cb81dc9d4282
Jun 30 15:33:16 devstack sudo[95653]: pam_unix(sudo:session): session opened for user root(uid=0) by (uid=1000)
Jun 30 15:33:17 devstack sudo[95653]: pam_unix(sudo:session): session closed for user root
Jun 30 15:33:17 devstack cinder-volume[93777]: DEBUG oslo_concurrency.processutils [None req-308c0d63-b26d-41be-9420-c0fa4c5a03db tempest-GroupSnapshotsTest-1633869821 None] CMD "sudo cinder-rootwrap /etc/cinder/rootwrap.conf qemu-img rebase -u -b volume-ff7406d3-96d4-4e15-a6ef-2cb1352f8e86 -F qcow2 /opt/stack/data/cinder/mnt/80de6f7c453cd523bde94b24b6c61fc0/volume-ff7406d3-96d4-4e15-a6ef-2cb1352f8e86.a7085a68-1110-4031-8c7a-cb81dc9d4282" returned: 0 in 0.777s {{(pid=93777) execute /opt/stack/data/venv/lib/python3.12/site-packages/oslo_concurrency/processutils.py:468}}
Jun 30 15:33:17 devstack cinder-volume[93777]: WARNING cinder.volume.drivers.remotefs [None req-308c0d63-b26d-41be-9420-c0fa4c5a03db tempest-GroupSnapshotsTest-1633869821 None] /opt/stack/data/cinder/mnt/80de6f7c453cd523bde94b24b6c61fc0/volume-ff7406d3-96d4-4e15-a6ef-2cb1352f8e86.a7085a68-1110-4031-8c7a-cb81dc9d4282 is being set with open permissions: ugo+rw: NotImplementedError
Jun 30 15:33:17 devstack cinder-volume[93777]: DEBUG oslo_concurrency.processutils [None req-308c0d63-b26d-41be-9420-c0fa4c5a03db tempest-GroupSnapshotsTest-1633869821 None] Running cmd (subprocess): sudo cinder-rootwrap /etc/cinder/rootwrap.conf chmod ugo+rw /opt/stack/data/cinder/mnt/80de6f7c453cd523bde94b24b6c61fc0/volume-ff7406d3-96d4-4e15-a6ef-2cb1352f8e86.a7085a68-1110-4031-8c7a-cb81dc9d4282 {{(pid=93777) execute /opt/stack/data/venv/lib/python3.12/site-packages/oslo_concurrency/processutils.py:440}}
Jun 30 15:33:17 devstack sudo[95658]: quobyte : PWD=/ ; USER=root ; COMMAND=/opt/stack/data/venv/bin/cinder-rootwrap /etc/cinder/rootwrap.conf chmod ugo+rw /opt/stack/data/cinder/mnt/80de6f7c453cd523bde94b24b6c61fc0/volume-ff7406d3-96d4-4e15-a6ef-2cb1352f8e86.a7085a68-1110-4031-8c7a-cb81dc9d4282
Jun 30 15:33:17 devstack sudo[95658]: pam_unix(sudo:session): session opened for user root(uid=0) by (uid=1000)
Jun 30 15:33:18 devstack sudo[95658]: pam_unix(sudo:session): session closed for user root
Jun 30 15:33:18 devstack cinder-volume[93777]: DEBUG oslo_concurrency.processutils [None req-308c0d63-b26d-41be-9420-c0fa4c5a03db tempest-GroupSnapshotsTest-1633869821 None] CMD "sudo cinder-rootwrap /etc/cinder/rootwrap.conf chmod ugo+rw /opt/stack/data/cinder/mnt/80de6f7c453cd523bde94b24b6c61fc0/volume-ff7406d3-96d4-4e15-a6ef-2cb1352f8e86.a7085a68-1110-4031-8c7a-cb81dc9d4282" returned: 0 in 0.752s {{(pid=93777) execute /opt/stack/data/venv/lib/python3.12/site-packages/oslo_concurrency/processutils.py:468}}
Jun 30 15:33:18 devstack cinder-volume[93777]: DEBUG oslo_concurrency.processutils [None req-308c0d63-b26d-41be-9420-c0fa4c5a03db tempest-GroupSnapshotsTest-1633869821 None] Running cmd (subprocess): sudo cinder-rootwrap /etc/cinder/rootwrap.conf truncate -s0 /opt/stack/data/cinder/mnt/80de6f7c453cd523bde94b24b6c61fc0/volume-ff7406d3-96d4-4e15-a6ef-2cb1352f8e86.info {{(pid=93777) execute /opt/stack/data/venv/lib/python3.12/site-packages/oslo_concurrency/processutils.py:440}}
Jun 30 15:33:18 devstack sudo[95661]: quobyte : PWD=/ ; USER=root ; COMMAND=/opt/stack/data/venv/bin/cinder-rootwrap /etc/cinder/rootwrap.conf truncate -s0 /opt/stack/data/cinder/mnt/80de6f7c453cd523bde94b24b6c61fc0/volume-ff7406d3-96d4-4e15-a6ef-2cb1352f8e86.info
Jun 30 15:33:18 devstack sudo[95661]: pam_unix(sudo:session): session opened for user root(uid=0) by (uid=1000)
Jun 30 15:33:19 devstack sudo[95661]: pam_unix(sudo:session): session closed for user root
Jun 30 15:33:19 devstack cinder-volume[93777]: DEBUG oslo_concurrency.processutils [None req-308c0d63-b26d-41be-9420-c0fa4c5a03db tempest-GroupSnapshotsTest-1633869821 None] CMD "sudo cinder-rootwrap /etc/cinder/rootwrap.conf truncate -s0 /opt/stack/data/cinder/mnt/80de6f7c453cd523bde94b24b6c61fc0/volume-ff7406d3-96d4-4e15-a6ef-2cb1352f8e86.info" returned: 0 in 0.847s {{(pid=93777) execute /opt/stack/data/venv/lib/python3.12/site-packages/oslo_concurrency/processutils.py:468}}
Jun 30 15:33:19 devstack cinder-volume[93777]: WARNING cinder.volume.drivers.remotefs [None req-308c0d63-b26d-41be-9420-c0fa4c5a03db tempest-GroupSnapshotsTest-1633869821 None] /opt/stack/data/cinder/mnt/80de6f7c453cd523bde94b24b6c61fc0/volume-ff7406d3-96d4-4e15-a6ef-2cb1352f8e86.info is being set with open permissions: ugo+rw: NotImplementedError
Jun 30 15:33:19 devstack cinder-volume[93777]: DEBUG oslo_concurrency.processutils [None req-308c0d63-b26d-41be-9420-c0fa4c5a03db tempest-GroupSnapshotsTest-1633869821 None] Running cmd (subprocess): sudo cinder-rootwrap /etc/cinder/rootwrap.conf chmod ugo+rw /opt/stack/data/cinder/mnt/80de6f7c453cd523bde94b24b6c61fc0/volume-ff7406d3-96d4-4e15-a6ef-2cb1352f8e86.info {{(pid=93777) execute /opt/stack/data/venv/lib/python3.12/site-packages/oslo_concurrency/processutils.py:440}}
Jun 30 15:33:19 devstack sudo[95667]: quobyte : PWD=/ ; USER=root ; COMMAND=/opt/stack/data/venv/bin/cinder-rootwrap /etc/cinder/rootwrap.conf chmod ugo+rw /opt/stack/data/cinder/mnt/80de6f7c453cd523bde94b24b6c61fc0/volume-ff7406d3-96d4-4e15-a6ef-2cb1352f8e86.info
Jun 30 15:33:19 devstack sudo[95667]: pam_unix(sudo:session): session opened for user root(uid=0) by (uid=1000)
Jun 30 15:33:20 devstack sudo[95667]: pam_unix(sudo:session): session closed for user root
Jun 30 15:33:20 devstack cinder-volume[93777]: DEBUG oslo_concurrency.processutils [None req-308c0d63-b26d-41be-9420-c0fa4c5a03db tempest-GroupSnapshotsTest-1633869821 None] CMD "sudo cinder-rootwrap /etc/cinder/rootwrap.conf chmod ugo+rw /opt/stack/data/cinder/mnt/80de6f7c453cd523bde94b24b6c61fc0/volume-ff7406d3-96d4-4e15-a6ef-2cb1352f8e86.info" returned: 0 in 0.832s {{(pid=93777) execute /opt/stack/data/venv/lib/python3.12/site-packages/oslo_concurrency/processutils.py:468}}
Jun 30 15:33:20 devstack cinder-volume[93777]: DEBUG oslo_concurrency.lockutils [None req-308c0d63-b26d-41be-9420-c0fa4c5a03db tempest-GroupSnapshotsTest-1633869821 None] Lock "quobyte" "released" by "cinder.volume.drivers.quobyte.QuobyteDriver.create_snapshot" :: held 5.209s {{(pid=93777) inner /opt/stack/data/venv/lib/python3.12/site-packages/oslo_concurrency/lockutils.py:543}}
Jun 30 15:33:20 devstack cinder-volume[93777]: DEBUG oslo_concurrency.lockutils [None req-308c0d63-b26d-41be-9420-c0fa4c5a03db tempest-GroupSnapshotsTest-1633869821 None] Acquiring lock "quobyte" by "cinder.volume.drivers.quobyte.QuobyteDriver.create_snapshot" {{(pid=93777) inner /opt/stack/data/venv/lib/python3.12/site-packages/oslo_concurrency/lockutils.py:511}}
Jun 30 15:33:20 devstack cinder-volume[93777]: DEBUG oslo_concurrency.lockutils [None req-308c0d63-b26d-41be-9420-c0fa4c5a03db tempest-GroupSnapshotsTest-1633869821 None] Lock "quobyte" acquired by "cinder.volume.drivers.quobyte.QuobyteDriver.create_snapshot" :: waited 0.000s {{(pid=93777) inner /opt/stack/data/venv/lib/python3.12/site-packages/oslo_concurrency/lockutils.py:524}}
Jun 30 15:33:20 devstack cinder-volume[93777]: DEBUG cinder.volume.drivers.remotefs [None req-308c0d63-b26d-41be-9420-c0fa4c5a03db tempest-GroupSnapshotsTest-1633869821 None] Creating offline snapshot aa491d42-a95b-4358-afdc-a1046d45cafe of volume dcfbe616-8ec6-43cf-b6d3-0d3bb9691988 {{(pid=93777) _create_snapshot /opt/stack/cinder/cinder/volume/drivers/remotefs.py:1816}}
Jun 30 15:33:20 devstack cinder-volume[93777]: DEBUG oslo.privsep.daemon [-] privsep: reply[3b780937-4d37-4fdd-be05-dc680e2cb795]: (4, 'qcow2') {{(pid=94692) _call_back /opt/stack/data/venv/lib/python3.12/site-packages/oslo_privsep/daemon.py:580}}
Jun 30 15:33:20 devstack cinder-volume[93777]: DEBUG oslo_concurrency.processutils [None req-308c0d63-b26d-41be-9420-c0fa4c5a03db tempest-GroupSnapshotsTest-1633869821 None] Running cmd (subprocess): /opt/stack/data/venv/bin/python3.12 -m oslo_concurrency.prlimit --as=1073741824 --cpu=60 -- sudo cinder-rootwrap /etc/cinder/rootwrap.conf env LC_ALL=C qemu-img info -f qcow2 --output=json --force-share /opt/stack/data/cinder/mnt/80de6f7c453cd523bde94b24b6c61fc0/volume-dcfbe616-8ec6-43cf-b6d3-0d3bb9691988 {{(pid=93777) execute /opt/stack/data/venv/lib/python3.12/site-packages/oslo_concurrency/processutils.py:440}}
Jun 30 15:33:20 devstack sudo[95670]: quobyte : PWD=/ ; USER=root ; COMMAND=/opt/stack/data/venv/bin/cinder-rootwrap /etc/cinder/rootwrap.conf env LC_ALL=C qemu-img info -f qcow2 --output=json --force-share /opt/stack/data/cinder/mnt/80de6f7c453cd523bde94b24b6c61fc0/volume-dcfbe616-8ec6-43cf-b6d3-0d3bb9691988
Jun 30 15:33:20 devstack sudo[95670]: pam_unix(sudo:session): session opened for user root(uid=0) by (uid=1000)
Jun 30 15:33:20 devstack cinder-volume[93777]: DEBUG cinder.volume.flows.manager.create_volume [None req-61b48352-62b0-4b85-a586-23387ac8a433 tempest-ServerActionsTestOtherA-757621098 None] Volume reschedule parameters: True retry: {'num_attempts': 1, 'backends': ['devstack@QuobyteHD#QuobyteHD'], 'hosts': ['devstack@QuobyteHD#QuobyteHD']} {{(pid=93777) get_flow /opt/stack/cinder/cinder/volume/flows/manager/create_volume.py:1397}}
Jun 30 15:33:20 devstack cinder-volume[93777]: DEBUG cinder.volume.manager [None req-61b48352-62b0-4b85-a586-23387ac8a433 tempest-ServerActionsTestOtherA-757621098 None] Flow 'volume_create_manager' (d401ca09-7406-48ca-a12d-1ea735f8dfeb) transitioned into state 'RUNNING' from state 'PENDING' {{(pid=93777) _flow_receiver /opt/stack/data/venv/lib/python3.12/site-packages/taskflow/listeners/logging.py:160}}
Jun 30 15:33:20 devstack cinder-volume[93777]: DEBUG cinder.volume.manager [None req-61b48352-62b0-4b85-a586-23387ac8a433 tempest-ServerActionsTestOtherA-757621098 None] Task 'cinder.volume.flows.manager.create_volume.ExtractVolumeRefTask;volume:create' (7c73a812-3a92-41ab-abf7-4420f45069db) transitioned into state 'RUNNING' from state 'PENDING' {{(pid=93777) _task_receiver /opt/stack/data/venv/lib/python3.12/site-packages/taskflow/listeners/logging.py:242}}
Jun 30 15:33:20 devstack cinder-volume[93777]: DEBUG cinder.volume.manager [None req-61b48352-62b0-4b85-a586-23387ac8a433 tempest-ServerActionsTestOtherA-757621098 None] Task 'cinder.volume.flows.manager.create_volume.ExtractVolumeRefTask;volume:create' (7c73a812-3a92-41ab-abf7-4420f45069db) transitioned into state 'SUCCESS' from state 'RUNNING' with result 'Volume(_name_id=None,admin_metadata=,attach_status='detached',availability_zone='nova',bootable=False,cluster=,cluster_name=None,consistencygroup=,consistencygroup_id=None,created_at=2026-06-30T13:33:20Z,deleted=False,deleted_at=None,display_description=None,display_name='tempest-ServerActionsTestOtherA-volume-12947765',ec2_id=None,encryption_key_id=None,glance_metadata=,group=,group_id=None,host='devstack@QuobyteHD#QuobyteHD',id=715f2b4d-d3c4-4db6-ba00-fb5c9f2bb461,launched_at=None,metadata={},migration_status=None,multiattach=False,previous_status=None,project_id='0da737cb57d84b5097e2bc5ef453c7ff',provider_auth=None,provider_geometry=None,provider_id=None,provider_location=None,replication_driver_data=None,replication_extended_status=None,replication_status=None,scheduled_at=2026-06-30T13:33:21Z,service_uuid=None,shared_targets=True,size=1,snapshot_id=None,snapshots=,source_volid=None,status='creating',terminated_at=None,updated_at=2026-06-30T13:33:21Z,use_quota=True,user_id='24518209737742f4b0a2150a5eb55160',volume_attachment=VolumeAttachmentList,volume_type=VolumeType(9f7c2ea8-5d92-4ee5-94d6-4e0f268b7217),volume_type_id=9f7c2ea8-5d92-4ee5-94d6-4e0f268b7217)' {{(pid=93777) _task_receiver /opt/stack/data/venv/lib/python3.12/site-packages/taskflow/listeners/logging.py:218}}
Jun 30 15:33:20 devstack cinder-volume[93777]: DEBUG cinder.volume.manager [None req-61b48352-62b0-4b85-a586-23387ac8a433 tempest-ServerActionsTestOtherA-757621098 None] Task 'cinder.volume.flows.manager.create_volume.OnFailureRescheduleTask;volume:create' (7b7f25cd-dc9f-45fc-b2d1-480b88b6824b) transitioned into state 'RUNNING' from state 'PENDING' {{(pid=93777) _task_receiver /opt/stack/data/venv/lib/python3.12/site-packages/taskflow/listeners/logging.py:242}}
Jun 30 15:33:20 devstack cinder-volume[93777]: DEBUG cinder.volume.manager [None req-61b48352-62b0-4b85-a586-23387ac8a433 tempest-ServerActionsTestOtherA-757621098 None] Task 'cinder.volume.flows.manager.create_volume.OnFailureRescheduleTask;volume:create' (7b7f25cd-dc9f-45fc-b2d1-480b88b6824b) transitioned into state 'SUCCESS' from state 'RUNNING' with result 'None' {{(pid=93777) _task_receiver /opt/stack/data/venv/lib/python3.12/site-packages/taskflow/listeners/logging.py:218}}
Jun 30 15:33:20 devstack cinder-volume[93777]: DEBUG cinder.volume.manager [None req-61b48352-62b0-4b85-a586-23387ac8a433 tempest-ServerActionsTestOtherA-757621098 None] Task 'cinder.volume.flows.manager.create_volume.ExtractVolumeSpecTask;volume:create' (befae87e-9f1b-479a-94fb-c77fc64d770b) transitioned into state 'RUNNING' from state 'PENDING' {{(pid=93777) _task_receiver /opt/stack/data/venv/lib/python3.12/site-packages/taskflow/listeners/logging.py:242}}
Jun 30 15:33:20 devstack cinder-volume[93777]: DEBUG cinder.volume.manager [None req-61b48352-62b0-4b85-a586-23387ac8a433 tempest-ServerActionsTestOtherA-757621098 None] Task 'cinder.volume.flows.manager.create_volume.ExtractVolumeSpecTask;volume:create' (befae87e-9f1b-479a-94fb-c77fc64d770b) transitioned into state 'SUCCESS' from state 'RUNNING' with result '{'status': 'creating', 'type': 'raw', 'volume_id': '715f2b4d-d3c4-4db6-ba00-fb5c9f2bb461', 'volume_name': 'volume-715f2b4d-d3c4-4db6-ba00-fb5c9f2bb461', 'volume_size': 1}' {{(pid=93777) _task_receiver /opt/stack/data/venv/lib/python3.12/site-packages/taskflow/listeners/logging.py:218}}
Jun 30 15:33:20 devstack cinder-volume[93777]: DEBUG cinder.volume.manager [None req-61b48352-62b0-4b85-a586-23387ac8a433 tempest-ServerActionsTestOtherA-757621098 None] Task 'cinder.volume.flows.manager.create_volume.NotifyVolumeActionTask;volume:create, create.start' (8d65e196-f8d8-4845-a5dd-27077904d9b0) transitioned into state 'RUNNING' from state 'PENDING' {{(pid=93777) _task_receiver /opt/stack/data/venv/lib/python3.12/site-packages/taskflow/listeners/logging.py:242}}
Jun 30 15:33:20 devstack cinder-volume[93777]: DEBUG cinder.volume.manager [None req-61b48352-62b0-4b85-a586-23387ac8a433 tempest-ServerActionsTestOtherA-757621098 None] Task 'cinder.volume.flows.manager.create_volume.NotifyVolumeActionTask;volume:create, create.start' (8d65e196-f8d8-4845-a5dd-27077904d9b0) transitioned into state 'SUCCESS' from state 'RUNNING' with result 'None' {{(pid=93777) _task_receiver /opt/stack/data/venv/lib/python3.12/site-packages/taskflow/listeners/logging.py:218}}
Jun 30 15:33:20 devstack cinder-volume[93777]: DEBUG cinder.volume.manager [None req-61b48352-62b0-4b85-a586-23387ac8a433 tempest-ServerActionsTestOtherA-757621098 None] Task 'cinder.volume.flows.manager.create_volume.CreateVolumeFromSpecTask;volume:create' (9091ae63-fd3a-424b-83c9-eba77ada5e9e) transitioned into state 'RUNNING' from state 'PENDING' {{(pid=93777) _task_receiver /opt/stack/data/venv/lib/python3.12/site-packages/taskflow/listeners/logging.py:242}}
Jun 30 15:33:20 devstack cinder-volume[93777]: INFO cinder.volume.flows.manager.create_volume [None req-61b48352-62b0-4b85-a586-23387ac8a433 tempest-ServerActionsTestOtherA-757621098 None] Volume 715f2b4d-d3c4-4db6-ba00-fb5c9f2bb461: being created as raw with specification: {'status': 'creating', 'volume_name': 'volume-715f2b4d-d3c4-4db6-ba00-fb5c9f2bb461', 'volume_size': 1}
Jun 30 15:33:20 devstack cinder-volume[93777]: DEBUG oslo_concurrency.lockutils [None req-61b48352-62b0-4b85-a586-23387ac8a433 tempest-ServerActionsTestOtherA-757621098 None] Acquiring lock "quobyte" by "cinder.volume.drivers.quobyte.QuobyteDriver.create_volume" {{(pid=93777) inner /opt/stack/data/venv/lib/python3.12/site-packages/oslo_concurrency/lockutils.py:511}}
Jun 30 15:33:21 devstack sudo[95670]: pam_unix(sudo:session): session closed for user root
Jun 30 15:33:21 devstack cinder-volume[93777]: DEBUG oslo_concurrency.processutils [None req-308c0d63-b26d-41be-9420-c0fa4c5a03db tempest-GroupSnapshotsTest-1633869821 None] CMD "/opt/stack/data/venv/bin/python3.12 -m oslo_concurrency.prlimit --as=1073741824 --cpu=60 -- sudo cinder-rootwrap /etc/cinder/rootwrap.conf env LC_ALL=C qemu-img info -f qcow2 --output=json --force-share /opt/stack/data/cinder/mnt/80de6f7c453cd523bde94b24b6c61fc0/volume-dcfbe616-8ec6-43cf-b6d3-0d3bb9691988" returned: 0 in 0.954s {{(pid=93777) execute /opt/stack/data/venv/lib/python3.12/site-packages/oslo_concurrency/processutils.py:468}}
Jun 30 15:33:21 devstack cinder-volume[93777]: DEBUG oslo_concurrency.processutils [None req-308c0d63-b26d-41be-9420-c0fa4c5a03db tempest-GroupSnapshotsTest-1633869821 None] Running cmd (subprocess): sudo cinder-rootwrap /etc/cinder/rootwrap.conf qemu-img create -f qcow2 -o backing_file=/opt/stack/data/cinder/mnt/80de6f7c453cd523bde94b24b6c61fc0/volume-dcfbe616-8ec6-43cf-b6d3-0d3bb9691988,backing_fmt=qcow2 /opt/stack/data/cinder/mnt/80de6f7c453cd523bde94b24b6c61fc0/volume-dcfbe616-8ec6-43cf-b6d3-0d3bb9691988.aa491d42-a95b-4358-afdc-a1046d45cafe 1G {{(pid=93777) execute /opt/stack/data/venv/lib/python3.12/site-packages/oslo_concurrency/processutils.py:440}}
Jun 30 15:33:21 devstack sudo[95682]: quobyte : PWD=/ ; USER=root ; COMMAND=/opt/stack/data/venv/bin/cinder-rootwrap /etc/cinder/rootwrap.conf qemu-img create -f qcow2 -o backing_file=/opt/stack/data/cinder/mnt/80de6f7c453cd523bde94b24b6c61fc0/volume-dcfbe616-8ec6-43cf-b6d3-0d3bb9691988,backing_fmt=qcow2 /opt/stack/data/cinder/mnt/80de6f7c453cd523bde94b24b6c61fc0/volume-dcfbe616-8ec6-43cf-b6d3-0d3bb9691988.aa491d42-a95b-4358-afdc-a1046d45cafe 1G
Jun 30 15:33:21 devstack sudo[95682]: pam_unix(sudo:session): session opened for user root(uid=0) by (uid=1000)
Jun 30 15:33:22 devstack sudo[95682]: pam_unix(sudo:session): session closed for user root
Jun 30 15:33:22 devstack cinder-volume[93777]: DEBUG oslo_concurrency.processutils [None req-308c0d63-b26d-41be-9420-c0fa4c5a03db tempest-GroupSnapshotsTest-1633869821 None] CMD "sudo cinder-rootwrap /etc/cinder/rootwrap.conf qemu-img create -f qcow2 -o backing_file=/opt/stack/data/cinder/mnt/80de6f7c453cd523bde94b24b6c61fc0/volume-dcfbe616-8ec6-43cf-b6d3-0d3bb9691988,backing_fmt=qcow2 /opt/stack/data/cinder/mnt/80de6f7c453cd523bde94b24b6c61fc0/volume-dcfbe616-8ec6-43cf-b6d3-0d3bb9691988.aa491d42-a95b-4358-afdc-a1046d45cafe 1G" returned: 0 in 1.201s {{(pid=93777) execute /opt/stack/data/venv/lib/python3.12/site-packages/oslo_concurrency/processutils.py:468}}
Jun 30 15:33:22 devstack cinder-volume[93777]: DEBUG oslo_concurrency.processutils [None req-308c0d63-b26d-41be-9420-c0fa4c5a03db tempest-GroupSnapshotsTest-1633869821 None] Running cmd (subprocess): sudo cinder-rootwrap /etc/cinder/rootwrap.conf qemu-img rebase -u -b volume-dcfbe616-8ec6-43cf-b6d3-0d3bb9691988 -F qcow2 /opt/stack/data/cinder/mnt/80de6f7c453cd523bde94b24b6c61fc0/volume-dcfbe616-8ec6-43cf-b6d3-0d3bb9691988.aa491d42-a95b-4358-afdc-a1046d45cafe {{(pid=93777) execute /opt/stack/data/venv/lib/python3.12/site-packages/oslo_concurrency/processutils.py:440}}
Jun 30 15:33:22 devstack sudo[95690]: quobyte : PWD=/ ; USER=root ; COMMAND=/opt/stack/data/venv/bin/cinder-rootwrap /etc/cinder/rootwrap.conf qemu-img rebase -u -b volume-dcfbe616-8ec6-43cf-b6d3-0d3bb9691988 -F qcow2 /opt/stack/data/cinder/mnt/80de6f7c453cd523bde94b24b6c61fc0/volume-dcfbe616-8ec6-43cf-b6d3-0d3bb9691988.aa491d42-a95b-4358-afdc-a1046d45cafe
Jun 30 15:33:22 devstack sudo[95690]: pam_unix(sudo:session): session opened for user root(uid=0) by (uid=1000)
Jun 30 15:33:23 devstack sudo[95690]: pam_unix(sudo:session): session closed for user root
Jun 30 15:33:23 devstack cinder-volume[93777]: DEBUG oslo_concurrency.processutils [None req-308c0d63-b26d-41be-9420-c0fa4c5a03db tempest-GroupSnapshotsTest-1633869821 None] CMD "sudo cinder-rootwrap /etc/cinder/rootwrap.conf qemu-img rebase -u -b volume-dcfbe616-8ec6-43cf-b6d3-0d3bb9691988 -F qcow2 /opt/stack/data/cinder/mnt/80de6f7c453cd523bde94b24b6c61fc0/volume-dcfbe616-8ec6-43cf-b6d3-0d3bb9691988.aa491d42-a95b-4358-afdc-a1046d45cafe" returned: 0 in 0.834s {{(pid=93777) execute /opt/stack/data/venv/lib/python3.12/site-packages/oslo_concurrency/processutils.py:468}}
Jun 30 15:33:23 devstack cinder-volume[93777]: WARNING cinder.volume.drivers.remotefs [None req-308c0d63-b26d-41be-9420-c0fa4c5a03db tempest-GroupSnapshotsTest-1633869821 None] /opt/stack/data/cinder/mnt/80de6f7c453cd523bde94b24b6c61fc0/volume-dcfbe616-8ec6-43cf-b6d3-0d3bb9691988.aa491d42-a95b-4358-afdc-a1046d45cafe is being set with open permissions: ugo+rw: NotImplementedError
Jun 30 15:33:23 devstack cinder-volume[93777]: DEBUG oslo_concurrency.processutils [None req-308c0d63-b26d-41be-9420-c0fa4c5a03db tempest-GroupSnapshotsTest-1633869821 None] Running cmd (subprocess): sudo cinder-rootwrap /etc/cinder/rootwrap.conf chmod ugo+rw /opt/stack/data/cinder/mnt/80de6f7c453cd523bde94b24b6c61fc0/volume-dcfbe616-8ec6-43cf-b6d3-0d3bb9691988.aa491d42-a95b-4358-afdc-a1046d45cafe {{(pid=93777) execute /opt/stack/data/venv/lib/python3.12/site-packages/oslo_concurrency/processutils.py:440}}
Jun 30 15:33:23 devstack sudo[95697]: quobyte : PWD=/ ; USER=root ; COMMAND=/opt/stack/data/venv/bin/cinder-rootwrap /etc/cinder/rootwrap.conf chmod ugo+rw /opt/stack/data/cinder/mnt/80de6f7c453cd523bde94b24b6c61fc0/volume-dcfbe616-8ec6-43cf-b6d3-0d3bb9691988.aa491d42-a95b-4358-afdc-a1046d45cafe
Jun 30 15:33:23 devstack sudo[95697]: pam_unix(sudo:session): session opened for user root(uid=0) by (uid=1000)
Jun 30 15:33:24 devstack sudo[95697]: pam_unix(sudo:session): session closed for user root
Jun 30 15:33:24 devstack cinder-volume[93777]: DEBUG oslo_concurrency.processutils [None req-308c0d63-b26d-41be-9420-c0fa4c5a03db tempest-GroupSnapshotsTest-1633869821 None] CMD "sudo cinder-rootwrap /etc/cinder/rootwrap.conf chmod ugo+rw /opt/stack/data/cinder/mnt/80de6f7c453cd523bde94b24b6c61fc0/volume-dcfbe616-8ec6-43cf-b6d3-0d3bb9691988.aa491d42-a95b-4358-afdc-a1046d45cafe" returned: 0 in 0.784s {{(pid=93777) execute /opt/stack/data/venv/lib/python3.12/site-packages/oslo_concurrency/processutils.py:468}}
Jun 30 15:33:24 devstack cinder-volume[93777]: DEBUG oslo_concurrency.processutils [None req-308c0d63-b26d-41be-9420-c0fa4c5a03db tempest-GroupSnapshotsTest-1633869821 None] Running cmd (subprocess): sudo cinder-rootwrap /etc/cinder/rootwrap.conf truncate -s0 /opt/stack/data/cinder/mnt/80de6f7c453cd523bde94b24b6c61fc0/volume-dcfbe616-8ec6-43cf-b6d3-0d3bb9691988.info {{(pid=93777) execute /opt/stack/data/venv/lib/python3.12/site-packages/oslo_concurrency/processutils.py:440}}
Jun 30 15:33:24 devstack sudo[95701]: quobyte : PWD=/ ; USER=root ; COMMAND=/opt/stack/data/venv/bin/cinder-rootwrap /etc/cinder/rootwrap.conf truncate -s0 /opt/stack/data/cinder/mnt/80de6f7c453cd523bde94b24b6c61fc0/volume-dcfbe616-8ec6-43cf-b6d3-0d3bb9691988.info
Jun 30 15:33:24 devstack sudo[95701]: pam_unix(sudo:session): session opened for user root(uid=0) by (uid=1000)
Jun 30 15:33:24 devstack sudo[95701]: pam_unix(sudo:session): session closed for user root
Jun 30 15:33:24 devstack cinder-volume[93777]: DEBUG oslo_concurrency.processutils [None req-308c0d63-b26d-41be-9420-c0fa4c5a03db tempest-GroupSnapshotsTest-1633869821 None] CMD "sudo cinder-rootwrap /etc/cinder/rootwrap.conf truncate -s0 /opt/stack/data/cinder/mnt/80de6f7c453cd523bde94b24b6c61fc0/volume-dcfbe616-8ec6-43cf-b6d3-0d3bb9691988.info" returned: 0 in 0.869s {{(pid=93777) execute /opt/stack/data/venv/lib/python3.12/site-packages/oslo_concurrency/processutils.py:468}}
Jun 30 15:33:24 devstack cinder-volume[93777]: WARNING cinder.volume.drivers.remotefs [None req-308c0d63-b26d-41be-9420-c0fa4c5a03db tempest-GroupSnapshotsTest-1633869821 None] /opt/stack/data/cinder/mnt/80de6f7c453cd523bde94b24b6c61fc0/volume-dcfbe616-8ec6-43cf-b6d3-0d3bb9691988.info is being set with open permissions: ugo+rw: NotImplementedError
Jun 30 15:33:24 devstack cinder-volume[93777]: DEBUG oslo_concurrency.processutils [None req-308c0d63-b26d-41be-9420-c0fa4c5a03db tempest-GroupSnapshotsTest-1633869821 None] Running cmd (subprocess): sudo cinder-rootwrap /etc/cinder/rootwrap.conf chmod ugo+rw /opt/stack/data/cinder/mnt/80de6f7c453cd523bde94b24b6c61fc0/volume-dcfbe616-8ec6-43cf-b6d3-0d3bb9691988.info {{(pid=93777) execute /opt/stack/data/venv/lib/python3.12/site-packages/oslo_concurrency/processutils.py:440}}
Jun 30 15:33:25 devstack sudo[95709]: quobyte : PWD=/ ; USER=root ; COMMAND=/opt/stack/data/venv/bin/cinder-rootwrap /etc/cinder/rootwrap.conf chmod ugo+rw /opt/stack/data/cinder/mnt/80de6f7c453cd523bde94b24b6c61fc0/volume-dcfbe616-8ec6-43cf-b6d3-0d3bb9691988.info
Jun 30 15:33:25 devstack sudo[95709]: pam_unix(sudo:session): session opened for user root(uid=0) by (uid=1000)
Jun 30 15:33:25 devstack sudo[95709]: pam_unix(sudo:session): session closed for user root
Jun 30 15:33:25 devstack cinder-volume[93777]: DEBUG oslo_concurrency.processutils [None req-308c0d63-b26d-41be-9420-c0fa4c5a03db tempest-GroupSnapshotsTest-1633869821 None] CMD "sudo cinder-rootwrap /etc/cinder/rootwrap.conf chmod ugo+rw /opt/stack/data/cinder/mnt/80de6f7c453cd523bde94b24b6c61fc0/volume-dcfbe616-8ec6-43cf-b6d3-0d3bb9691988.info" returned: 0 in 0.785s {{(pid=93777) execute /opt/stack/data/venv/lib/python3.12/site-packages/oslo_concurrency/processutils.py:468}}
Jun 30 15:33:25 devstack cinder-volume[93777]: DEBUG oslo_concurrency.lockutils [None req-308c0d63-b26d-41be-9420-c0fa4c5a03db tempest-GroupSnapshotsTest-1633869821 None] Lock "quobyte" "released" by "cinder.volume.drivers.quobyte.QuobyteDriver.create_snapshot" :: held 5.577s {{(pid=93777) inner /opt/stack/data/venv/lib/python3.12/site-packages/oslo_concurrency/lockutils.py:543}}
Jun 30 15:33:25 devstack cinder-volume[93777]: DEBUG oslo_concurrency.lockutils [None req-61b48352-62b0-4b85-a586-23387ac8a433 tempest-ServerActionsTestOtherA-757621098 None] Lock "quobyte" acquired by "cinder.volume.drivers.quobyte.QuobyteDriver.create_volume" :: waited 5.084s {{(pid=93777) inner /opt/stack/data/venv/lib/python3.12/site-packages/oslo_concurrency/lockutils.py:524}}
