Jun 25 17:58:04 devstack devstack@n-api.service[68288]: DEBUG nova.api.openstack.wsgi_app [None req-675812cb-8176-4ad7-969c-d7d92e611bf2 None None] privsep_osbrick.thread_pool_size = 4 {{(pid=68288) log_opt_values /opt/stack/data/venv/lib/python3.12/site-packages/oslo_config/cfg.py:3253}}
Jun 25 17:58:04 devstack devstack@n-api.service[68289]: DEBUG nova.api.openstack.wsgi_app [None req-e7d11aab-90fb-441f-b611-d95d73ddc253 None None] keystone_authtoken.www_authenticate_uri = http://192.168.122.51/identity {{(pid=68289) log_opt_values /opt/stack/data/venv/lib/python3.12/site-packages/oslo_config/cfg.py:3253}}
Jun 25 17:58:04 devstack devstack@n-api.service[68288]: DEBUG nova.api.openstack.wsgi_app [None req-675812cb-8176-4ad7-969c-d7d92e611bf2 None None] privsep_osbrick.user = None {{(pid=68288) log_opt_values /opt/stack/data/venv/lib/python3.12/site-packages/oslo_config/cfg.py:3253}}
Jun 25 17:58:04 devstack devstack@n-api.service[68289]: DEBUG nova.api.openstack.wsgi_app [None req-e7d11aab-90fb-441f-b611-d95d73ddc253 None None] ******************************************************************************** {{(pid=68289) log_opt_values /opt/stack/data/venv/lib/python3.12/site-packages/oslo_config/cfg.py:3260}}
Jun 25 17:58:04 devstack devstack@n-api.service[68288]: DEBUG nova.api.openstack.wsgi_app [None req-675812cb-8176-4ad7-969c-d7d92e611bf2 None None] keystone_authtoken.auth_section = None {{(pid=68288) log_opt_values /opt/stack/data/venv/lib/python3.12/site-packages/oslo_config/cfg.py:3253}}
Jun 25 17:58:04 devstack devstack@n-api.service[68289]: WSGI app 0 (mountpoint='') ready in 7 seconds on interpreter 0x79e8410a3668 pid: 68289 (default app)
Jun 25 17:58:04 devstack devstack@n-api.service[68288]: DEBUG nova.api.openstack.wsgi_app [None req-675812cb-8176-4ad7-969c-d7d92e611bf2 None None] keystone_authtoken.auth_type = password {{(pid=68288) log_opt_values /opt/stack/data/venv/lib/python3.12/site-packages/oslo_config/cfg.py:3253}}
Jun 25 17:58:04 devstack devstack@n-api.service[68288]: DEBUG nova.api.openstack.wsgi_app [None req-675812cb-8176-4ad7-969c-d7d92e611bf2 None None] keystone_authtoken.auth_url = http://192.168.122.51/identity {{(pid=68288) log_opt_values /opt/stack/data/venv/lib/python3.12/site-packages/oslo_config/cfg.py:3253}}
Jun 25 17:58:04 devstack devstack@n-api.service[68288]: DEBUG nova.api.openstack.wsgi_app [None req-675812cb-8176-4ad7-969c-d7d92e611bf2 None None] keystone_authtoken.auth_version = None {{(pid=68288) log_opt_values /opt/stack/data/venv/lib/python3.12/site-packages/oslo_config/cfg.py:3253}}
Jun 25 17:58:04 devstack devstack@n-api.service[68289]: DEBUG nova.api.openstack.wsgi [None req-e7d11aab-90fb-441f-b611-d95d73ddc253 None None] Calling method '>' {{(pid=68289) _process_stack /opt/stack/nova/nova/api/openstack/wsgi.py:551}}
Jun 25 17:58:04 devstack devstack@n-api.service[68288]: DEBUG nova.api.openstack.wsgi_app [None req-675812cb-8176-4ad7-969c-d7d92e611bf2 None None] keystone_authtoken.cache = None {{(pid=68288) log_opt_values /opt/stack/data/venv/lib/python3.12/site-packages/oslo_config/cfg.py:3253}}
Jun 25 17:58:04 devstack devstack@n-api.service[68288]: DEBUG nova.api.openstack.wsgi_app [None req-675812cb-8176-4ad7-969c-d7d92e611bf2 None None] keystone_authtoken.cafile = /opt/stack/data/ca-bundle.pem {{(pid=68288) log_opt_values /opt/stack/data/venv/lib/python3.12/site-packages/oslo_config/cfg.py:3253}}
Jun 25 17:58:04 devstack devstack@n-api.service[68288]: DEBUG nova.api.openstack.wsgi_app [None req-675812cb-8176-4ad7-969c-d7d92e611bf2 None None] keystone_authtoken.certfile = None {{(pid=68288) log_opt_values /opt/stack/data/venv/lib/python3.12/site-packages/oslo_config/cfg.py:3253}}
Jun 25 17:58:04 devstack devstack@n-api.service[68288]: DEBUG nova.api.openstack.wsgi_app [None req-675812cb-8176-4ad7-969c-d7d92e611bf2 None None] keystone_authtoken.default_domain_id = None {{(pid=68288) log_opt_values /opt/stack/data/venv/lib/python3.12/site-packages/oslo_config/cfg.py:3253}}
Jun 25 17:58:04 devstack devstack@n-api.service[68288]: DEBUG nova.api.openstack.wsgi_app [None req-675812cb-8176-4ad7-969c-d7d92e611bf2 None None] keystone_authtoken.default_domain_name = None {{(pid=68288) log_opt_values /opt/stack/data/venv/lib/python3.12/site-packages/oslo_config/cfg.py:3253}}
Jun 25 17:58:04 devstack devstack@n-api.service[68288]: DEBUG nova.api.openstack.wsgi_app [None req-675812cb-8176-4ad7-969c-d7d92e611bf2 None None] keystone_authtoken.delay_auth_decision = False {{(pid=68288) log_opt_values /opt/stack/data/venv/lib/python3.12/site-packages/oslo_config/cfg.py:3253}}
Jun 25 17:58:04 devstack devstack@n-api.service[68288]: DEBUG nova.api.openstack.wsgi_app [None req-675812cb-8176-4ad7-969c-d7d92e611bf2 None None] keystone_authtoken.domain_id = None {{(pid=68288) log_opt_values /opt/stack/data/venv/lib/python3.12/site-packages/oslo_config/cfg.py:3253}}
Jun 25 17:58:04 devstack devstack@n-api.service[68288]: DEBUG nova.api.openstack.wsgi_app [None req-675812cb-8176-4ad7-969c-d7d92e611bf2 None None] keystone_authtoken.domain_name = None {{(pid=68288) log_opt_values /opt/stack/data/venv/lib/python3.12/site-packages/oslo_config/cfg.py:3253}}
Jun 25 17:58:04 devstack devstack@n-api.service[68288]: DEBUG nova.api.openstack.wsgi_app [None req-675812cb-8176-4ad7-969c-d7d92e611bf2 None None] keystone_authtoken.enforce_token_bind = permissive {{(pid=68288) log_opt_values /opt/stack/data/venv/lib/python3.12/site-packages/oslo_config/cfg.py:3253}}
Jun 25 17:58:04 devstack devstack@n-api.service[68288]: DEBUG nova.api.openstack.wsgi_app [None req-675812cb-8176-4ad7-969c-d7d92e611bf2 None None] keystone_authtoken.http_connect_timeout = None {{(pid=68288) log_opt_values /opt/stack/data/venv/lib/python3.12/site-packages/oslo_config/cfg.py:3253}}
Jun 25 17:58:04 devstack devstack@n-api.service[68288]: DEBUG nova.api.openstack.wsgi_app [None req-675812cb-8176-4ad7-969c-d7d92e611bf2 None None] keystone_authtoken.http_request_max_retries = 3 {{(pid=68288) log_opt_values /opt/stack/data/venv/lib/python3.12/site-packages/oslo_config/cfg.py:3253}}
Jun 25 17:58:04 devstack devstack@n-api.service[68288]: DEBUG nova.api.openstack.wsgi_app [None req-675812cb-8176-4ad7-969c-d7d92e611bf2 None None] keystone_authtoken.include_service_catalog = True {{(pid=68288) log_opt_values /opt/stack/data/venv/lib/python3.12/site-packages/oslo_config/cfg.py:3253}}
Jun 25 17:58:04 devstack devstack@n-api.service[68288]: DEBUG nova.api.openstack.wsgi_app [None req-675812cb-8176-4ad7-969c-d7d92e611bf2 None None] keystone_authtoken.insecure = False {{(pid=68288) log_opt_values /opt/stack/data/venv/lib/python3.12/site-packages/oslo_config/cfg.py:3253}}
Jun 25 17:58:04 devstack devstack@n-api.service[68288]: DEBUG nova.api.openstack.wsgi_app [None req-675812cb-8176-4ad7-969c-d7d92e611bf2 None None] keystone_authtoken.interface = public {{(pid=68288) log_opt_values /opt/stack/data/venv/lib/python3.12/site-packages/oslo_config/cfg.py:3253}}
Jun 25 17:58:04 devstack devstack@n-api.service[68289]: INFO nova.api.openstack.requestlog [None req-e7d11aab-90fb-441f-b611-d95d73ddc253 None None] 192.168.122.51 "GET /compute/v2.1/" status: 200 len: 392 microversion: 2.1 time: 0.005654
Jun 25 17:58:04 devstack devstack@n-api.service[68288]: DEBUG nova.api.openstack.wsgi_app [None req-675812cb-8176-4ad7-969c-d7d92e611bf2 None None] keystone_authtoken.keyfile = None {{(pid=68288) log_opt_values /opt/stack/data/venv/lib/python3.12/site-packages/oslo_config/cfg.py:3253}}
Jun 25 17:58:04 devstack devstack@n-api.service[68289]: [pid: 68289|app: 0|req: 1/1] 192.168.122.51 () {50 vars in 786 bytes} [Thu Jun 25 17:58:04 2026] GET /compute/v2.1/ => generated 392 bytes in 7 msecs (HTTP/1.1 200) 9 headers in 357 bytes (1 switches on core 0)
Jun 25 17:58:04 devstack devstack@n-api.service[68288]: DEBUG nova.api.openstack.wsgi_app [None req-675812cb-8176-4ad7-969c-d7d92e611bf2 None None] keystone_authtoken.memcache_password = {{(pid=68288) log_opt_values /opt/stack/data/venv/lib/python3.12/site-packages/oslo_config/cfg.py:3253}}
Jun 25 17:58:04 devstack devstack@n-api.service[68288]: DEBUG nova.api.openstack.wsgi_app [None req-675812cb-8176-4ad7-969c-d7d92e611bf2 None None] keystone_authtoken.memcache_pool_conn_get_timeout = 10 {{(pid=68288) log_opt_values /opt/stack/data/venv/lib/python3.12/site-packages/oslo_config/cfg.py:3253}}
Jun 25 17:58:04 devstack devstack@n-api.service[68288]: DEBUG nova.api.openstack.wsgi_app [None req-675812cb-8176-4ad7-969c-d7d92e611bf2 None None] keystone_authtoken.memcache_pool_dead_retry = 300 {{(pid=68288) log_opt_values /opt/stack/data/venv/lib/python3.12/site-packages/oslo_config/cfg.py:3253}}
Jun 25 17:58:04 devstack devstack@n-api.service[68288]: DEBUG nova.api.openstack.wsgi_app [None req-675812cb-8176-4ad7-969c-d7d92e611bf2 None None] keystone_authtoken.memcache_pool_maxsize = 10 {{(pid=68288) log_opt_values /opt/stack/data/venv/lib/python3.12/site-packages/oslo_config/cfg.py:3253}}
Jun 25 17:58:04 devstack devstack@n-api.service[68288]: DEBUG nova.api.openstack.wsgi_app [None req-675812cb-8176-4ad7-969c-d7d92e611bf2 None None] keystone_authtoken.memcache_pool_socket_timeout = 3 {{(pid=68288) log_opt_values /opt/stack/data/venv/lib/python3.12/site-packages/oslo_config/cfg.py:3253}}
Jun 25 17:58:04 devstack devstack@n-api.service[68288]: DEBUG nova.api.openstack.wsgi_app [None req-675812cb-8176-4ad7-969c-d7d92e611bf2 None None] keystone_authtoken.memcache_pool_unused_timeout = 60 {{(pid=68288) log_opt_values /opt/stack/data/venv/lib/python3.12/site-packages/oslo_config/cfg.py:3253}}
Jun 25 17:58:04 devstack devstack@n-api.service[68288]: DEBUG nova.api.openstack.wsgi_app [None req-675812cb-8176-4ad7-969c-d7d92e611bf2 None None] keystone_authtoken.memcache_sasl_enabled = False {{(pid=68288) log_opt_values /opt/stack/data/venv/lib/python3.12/site-packages/oslo_config/cfg.py:3253}}
Jun 25 17:58:04 devstack devstack@n-api.service[68288]: DEBUG nova.api.openstack.wsgi_app [None req-675812cb-8176-4ad7-969c-d7d92e611bf2 None None] keystone_authtoken.memcache_secret_key = **** {{(pid=68288) log_opt_values /opt/stack/data/venv/lib/python3.12/site-packages/oslo_config/cfg.py:3253}}
Jun 25 17:58:04 devstack devstack@n-api.service[68288]: DEBUG nova.api.openstack.wsgi_app [None req-675812cb-8176-4ad7-969c-d7d92e611bf2 None None] keystone_authtoken.memcache_security_strategy = None {{(pid=68288) log_opt_values /opt/stack/data/venv/lib/python3.12/site-packages/oslo_config/cfg.py:3253}}
Jun 25 17:58:04 devstack devstack@n-api.service[68288]: DEBUG nova.api.openstack.wsgi_app [None req-675812cb-8176-4ad7-969c-d7d92e611bf2 None None] keystone_authtoken.memcache_tls_allowed_ciphers = None {{(pid=68288) log_opt_values /opt/stack/data/venv/lib/python3.12/site-packages/oslo_config/cfg.py:3253}}
Jun 25 17:58:04 devstack devstack@n-api.service[68288]: DEBUG nova.api.openstack.wsgi_app [None req-675812cb-8176-4ad7-969c-d7d92e611bf2 None None] keystone_authtoken.memcache_tls_cafile = None {{(pid=68288) log_opt_values /opt/stack/data/venv/lib/python3.12/site-packages/oslo_config/cfg.py:3253}}
Jun 25 17:58:04 devstack devstack@n-api.service[68288]: DEBUG nova.api.openstack.wsgi_app [None req-675812cb-8176-4ad7-969c-d7d92e611bf2 None None] keystone_authtoken.memcache_tls_certfile = None {{(pid=68288) log_opt_values /opt/stack/data/venv/lib/python3.12/site-packages/oslo_config/cfg.py:3253}}
Jun 25 17:58:04 devstack devstack@n-api.service[68288]: DEBUG nova.api.openstack.wsgi_app [None req-675812cb-8176-4ad7-969c-d7d92e611bf2 None None] keystone_authtoken.memcache_tls_enabled = False {{(pid=68288) log_opt_values /opt/stack/data/venv/lib/python3.12/site-packages/oslo_config/cfg.py:3253}}
Jun 25 17:58:04 devstack devstack@n-api.service[68288]: DEBUG nova.api.openstack.wsgi_app [None req-675812cb-8176-4ad7-969c-d7d92e611bf2 None None] keystone_authtoken.memcache_tls_keyfile = None {{(pid=68288) log_opt_values /opt/stack/data/venv/lib/python3.12/site-packages/oslo_config/cfg.py:3253}}
Jun 25 17:58:04 devstack devstack@n-api.service[68288]: DEBUG nova.api.openstack.wsgi_app [None req-675812cb-8176-4ad7-969c-d7d92e611bf2 None None] keystone_authtoken.memcache_use_advanced_pool = True {{(pid=68288) log_opt_values /opt/stack/data/venv/lib/python3.12/site-packages/oslo_config/cfg.py:3253}}
Jun 25 17:58:04 devstack devstack@n-api.service[68288]: DEBUG nova.api.openstack.wsgi_app [None req-675812cb-8176-4ad7-969c-d7d92e611bf2 None None] keystone_authtoken.memcache_username = {{(pid=68288) log_opt_values /opt/stack/data/venv/lib/python3.12/site-packages/oslo_config/cfg.py:3253}}
Jun 25 17:58:04 devstack devstack@n-api.service[68288]: DEBUG nova.api.openstack.wsgi_app [None req-675812cb-8176-4ad7-969c-d7d92e611bf2 None None] keystone_authtoken.memcached_servers = ['localhost:11211'] {{(pid=68288) log_opt_values /opt/stack/data/venv/lib/python3.12/site-packages/oslo_config/cfg.py:3253}}
Jun 25 17:58:04 devstack devstack@n-api.service[68288]: DEBUG nova.api.openstack.wsgi_app [None req-675812cb-8176-4ad7-969c-d7d92e611bf2 None None] keystone_authtoken.password = **** {{(pid=68288) log_opt_values /opt/stack/data/venv/lib/python3.12/site-packages/oslo_config/cfg.py:3253}}
Jun 25 17:58:04 devstack devstack@n-api.service[68288]: DEBUG nova.api.openstack.wsgi_app [None req-675812cb-8176-4ad7-969c-d7d92e611bf2 None None] keystone_authtoken.project_domain_id = None {{(pid=68288) log_opt_values /opt/stack/data/venv/lib/python3.12/site-packages/oslo_config/cfg.py:3253}}
Jun 25 17:58:04 devstack devstack@n-api.service[68288]: DEBUG nova.api.openstack.wsgi_app [None req-675812cb-8176-4ad7-969c-d7d92e611bf2 None None] keystone_authtoken.project_domain_name = Default {{(pid=68288) log_opt_values /opt/stack/data/venv/lib/python3.12/site-packages/oslo_config/cfg.py:3253}}
Jun 25 17:58:04 devstack devstack@n-api.service[68288]: DEBUG nova.api.openstack.wsgi_app [None req-675812cb-8176-4ad7-969c-d7d92e611bf2 None None] keystone_authtoken.project_id = None {{(pid=68288) log_opt_values /opt/stack/data/venv/lib/python3.12/site-packages/oslo_config/cfg.py:3253}}
Jun 25 17:58:04 devstack devstack@n-api.service[68288]: DEBUG nova.api.openstack.wsgi_app [None req-675812cb-8176-4ad7-969c-d7d92e611bf2 None None] keystone_authtoken.project_name = service {{(pid=68288) log_opt_values /opt/stack/data/venv/lib/python3.12/site-packages/oslo_config/cfg.py:3253}}
Jun 25 17:58:04 devstack devstack@n-api.service[68288]: DEBUG nova.api.openstack.wsgi_app [None req-675812cb-8176-4ad7-969c-d7d92e611bf2 None None] keystone_authtoken.region_name = None {{(pid=68288) log_opt_values /opt/stack/data/venv/lib/python3.12/site-packages/oslo_config/cfg.py:3253}}
Jun 25 17:58:04 devstack devstack@n-api.service[68288]: DEBUG nova.api.openstack.wsgi_app [None req-675812cb-8176-4ad7-969c-d7d92e611bf2 None None] keystone_authtoken.service_token_roles = ['service'] {{(pid=68288) log_opt_values /opt/stack/data/venv/lib/python3.12/site-packages/oslo_config/cfg.py:3253}}
Jun 25 17:58:04 devstack devstack@n-api.service[68288]: DEBUG nova.api.openstack.wsgi_app [None req-675812cb-8176-4ad7-969c-d7d92e611bf2 None None] keystone_authtoken.service_token_roles_required = True {{(pid=68288) log_opt_values /opt/stack/data/venv/lib/python3.12/site-packages/oslo_config/cfg.py:3253}}
Jun 25 17:58:04 devstack devstack@n-api.service[68288]: DEBUG nova.api.openstack.wsgi_app [None req-675812cb-8176-4ad7-969c-d7d92e611bf2 None None] keystone_authtoken.service_type = None {{(pid=68288) log_opt_values /opt/stack/data/venv/lib/python3.12/site-packages/oslo_config/cfg.py:3253}}
Jun 25 17:58:04 devstack devstack@n-api.service[68288]: DEBUG nova.api.openstack.wsgi_app [None req-675812cb-8176-4ad7-969c-d7d92e611bf2 None None] keystone_authtoken.system_scope = None {{(pid=68288) log_opt_values /opt/stack/data/venv/lib/python3.12/site-packages/oslo_config/cfg.py:3253}}
Jun 25 17:58:04 devstack devstack@n-api.service[68288]: DEBUG nova.api.openstack.wsgi_app [None req-675812cb-8176-4ad7-969c-d7d92e611bf2 None None] keystone_authtoken.token_cache_time = 300 {{(pid=68288) log_opt_values /opt/stack/data/venv/lib/python3.12/site-packages/oslo_config/cfg.py:3253}}
Jun 25 17:58:04 devstack devstack@n-api.service[68288]: DEBUG nova.api.openstack.wsgi_app [None req-675812cb-8176-4ad7-969c-d7d92e611bf2 None None] keystone_authtoken.trust_id = None {{(pid=68288) log_opt_values /opt/stack/data/venv/lib/python3.12/site-packages/oslo_config/cfg.py:3253}}
Jun 25 17:58:04 devstack devstack@n-api.service[68288]: DEBUG nova.api.openstack.wsgi_app [None req-675812cb-8176-4ad7-969c-d7d92e611bf2 None None] keystone_authtoken.user_domain_id = None {{(pid=68288) log_opt_values /opt/stack/data/venv/lib/python3.12/site-packages/oslo_config/cfg.py:3253}}
Jun 25 17:58:04 devstack devstack@n-api.service[68288]: DEBUG nova.api.openstack.wsgi_app [None req-675812cb-8176-4ad7-969c-d7d92e611bf2 None None] keystone_authtoken.user_domain_name = Default {{(pid=68288) log_opt_values /opt/stack/data/venv/lib/python3.12/site-packages/oslo_config/cfg.py:3253}}
Jun 25 17:58:04 devstack devstack@n-api.service[68288]: DEBUG nova.api.openstack.wsgi_app [None req-675812cb-8176-4ad7-969c-d7d92e611bf2 None None] keystone_authtoken.user_id = None {{(pid=68288) log_opt_values /opt/stack/data/venv/lib/python3.12/site-packages/oslo_config/cfg.py:3253}}
Jun 25 17:58:04 devstack devstack@n-api.service[68288]: DEBUG nova.api.openstack.wsgi_app [None req-675812cb-8176-4ad7-969c-d7d92e611bf2 None None] keystone_authtoken.username = nova {{(pid=68288) log_opt_values /opt/stack/data/venv/lib/python3.12/site-packages/oslo_config/cfg.py:3253}}
Jun 25 17:58:04 devstack devstack@n-api.service[68288]: DEBUG nova.api.openstack.wsgi_app [None req-675812cb-8176-4ad7-969c-d7d92e611bf2 None None] keystone_authtoken.www_authenticate_uri = http://192.168.122.51/identity {{(pid=68288) log_opt_values /opt/stack/data/venv/lib/python3.12/site-packages/oslo_config/cfg.py:3253}}
Jun 25 17:58:04 devstack devstack@n-api.service[68288]: DEBUG nova.api.openstack.wsgi_app [None req-675812cb-8176-4ad7-969c-d7d92e611bf2 None None] ******************************************************************************** {{(pid=68288) log_opt_values /opt/stack/data/venv/lib/python3.12/site-packages/oslo_config/cfg.py:3260}}
Jun 25 17:58:04 devstack devstack@n-api.service[68288]: WSGI app 0 (mountpoint='') ready in 7 seconds on interpreter 0x79e8410a3668 pid: 68288 (default app)
Jun 25 17:58:11 devstack devstack@n-api.service[68288]: DEBUG dbcounter [-] [68288] Writing DB stats nova_api:SELECT=1 {{(pid=68288) stat_writer /opt/stack/data/venv/lib/python3.12/site-packages/dbcounter.py:115}}
Jun 25 17:58:11 devstack devstack@n-api.service[68289]: DEBUG dbcounter [-] [68289] Writing DB stats nova_api:SELECT=1 {{(pid=68289) stat_writer /opt/stack/data/venv/lib/python3.12/site-packages/dbcounter.py:115}}
Jun 25 17:58:12 devstack devstack@n-api.service[68288]: DEBUG dbcounter [-] [68288] Writing DB stats nova_cell1:SELECT=1 {{(pid=68288) stat_writer /opt/stack/data/venv/lib/python3.12/site-packages/dbcounter.py:115}}
Jun 25 17:58:12 devstack devstack@n-api.service[68288]: DEBUG dbcounter [-] [68288] Writing DB stats nova_cell0:SELECT=1 {{(pid=68288) stat_writer /opt/stack/data/venv/lib/python3.12/site-packages/dbcounter.py:115}}
Jun 25 17:58:12 devstack devstack@n-api.service[68288]: DEBUG dbcounter [-] [68288] Writing DB stats nova_cell0:SELECT=2,nova_cell0:INSERT=1 {{(pid=68288) stat_writer /opt/stack/data/venv/lib/python3.12/site-packages/dbcounter.py:115}}
Jun 25 17:58:12 devstack devstack@n-api.service[68289]: DEBUG dbcounter [-] [68289] Writing DB stats nova_cell1:SELECT=1 {{(pid=68289) stat_writer /opt/stack/data/venv/lib/python3.12/site-packages/dbcounter.py:115}}
Jun 25 17:58:12 devstack devstack@n-api.service[68289]: DEBUG dbcounter [-] [68289] Writing DB stats nova_cell0:SELECT=1 {{(pid=68289) stat_writer /opt/stack/data/venv/lib/python3.12/site-packages/dbcounter.py:115}}
Jun 25 17:58:12 devstack devstack@n-api.service[68289]: DEBUG dbcounter [-] [68289] Writing DB stats nova_cell0:SELECT=1 {{(pid=68289) stat_writer /opt/stack/data/venv/lib/python3.12/site-packages/dbcounter.py:115}}
Jun 25 18:00:37 devstack devstack@n-api.service[68289]: DEBUG nova.api.openstack.wsgi [None req-e7d11aab-90fb-441f-b611-d95d73ddc253 None None] Calling method '>' {{(pid=68289) _process_stack /opt/stack/nova/nova/api/openstack/wsgi.py:551}}
Jun 25 18:00:37 devstack devstack@n-api.service[68289]: INFO nova.api.openstack.requestlog [None req-e7d11aab-90fb-441f-b611-d95d73ddc253 None None] 192.168.122.51 "GET /compute/v2.1" status: 200 len: 392 microversion: 2.1 time: 0.005491
Jun 25 18:00:37 devstack devstack@n-api.service[68289]: [pid: 68289|app: 0|req: 2/2] 192.168.122.51 () {54 vars in 930 bytes} [Thu Jun 25 18:00:37 2026] GET /compute/v2.1 => generated 392 bytes in 6 msecs (HTTP/1.1 200) 9 headers in 357 bytes (1 switches on core 0)
Jun 25 18:00:37 devstack devstack@n-api.service[68288]: DEBUG nova.api.openstack.wsgi [None req-86426ace-4f2d-40f5-a2a6-c4bea4cc9759 admin admin] Calling method '>' {{(pid=68288) _process_stack /opt/stack/nova/nova/api/openstack/wsgi.py:551}}
Jun 25 18:00:37 devstack devstack@n-api.service[68288]: INFO nova.api.openstack.requestlog [None req-86426ace-4f2d-40f5-a2a6-c4bea4cc9759 admin admin] 192.168.122.51 "GET /compute/v2.1/flavors/detail?is_public=True" status: 200 len: 15 microversion: 2.61 time: 0.542831
Jun 25 18:00:37 devstack devstack@n-api.service[68288]: [pid: 68288|app: 0|req: 1/3] 192.168.122.51 () {60 vars in 1291 bytes} [Thu Jun 25 18:00:37 2026] GET /compute/v2.1/flavors/detail?is_public=True => generated 15 bytes in 545 msecs (HTTP/1.1 200) 9 headers in 358 bytes (1 switches on core 0)
Jun 25 18:00:41 devstack devstack@n-api.service[68289]: DEBUG nova.api.openstack.wsgi [None req-e7d11aab-90fb-441f-b611-d95d73ddc253 None None] Calling method '>' {{(pid=68289) _process_stack /opt/stack/nova/nova/api/openstack/wsgi.py:551}}
Jun 25 18:00:41 devstack devstack@n-api.service[68289]: INFO nova.api.openstack.requestlog [None req-e7d11aab-90fb-441f-b611-d95d73ddc253 None None] 192.168.122.51 "GET /compute/v2.1" status: 200 len: 392 microversion: 2.1 time: 0.006861
Jun 25 18:00:41 devstack devstack@n-api.service[68289]: [pid: 68289|app: 0|req: 3/4] 192.168.122.51 () {54 vars in 930 bytes} [Thu Jun 25 18:00:41 2026] GET /compute/v2.1 => generated 392 bytes in 8 msecs (HTTP/1.1 200) 9 headers in 357 bytes (1 switches on core 0)
Jun 25 18:00:41 devstack devstack@n-api.service[68288]: DEBUG nova.api.openstack.wsgi [None req-cb5004a9-9b48-49c0-adb1-47c4b8dd3a64 admin admin] Action: 'create', calling method: >, body: {"flavor": {"id": "c1", "ram": 256, "disk": 1, "os-flavor-access:is_public": true, "name": "cirros256", "vcpus": 1, "OS-FLV-EXT-DATA:ephemeral": 0, "swap": 0}} {{(pid=68288) _process_stack /opt/stack/nova/nova/api/openstack/wsgi.py:549}}
Jun 25 18:00:41 devstack devstack@n-api.service[68288]: INFO nova.api.openstack.requestlog [None req-cb5004a9-9b48-49c0-adb1-47c4b8dd3a64 admin admin] 192.168.122.51 "POST /compute/v2.1/flavors" status: 200 len: 413 microversion: 2.61 time: 0.130117
Jun 25 18:00:41 devstack devstack@n-api.service[68288]: [pid: 68288|app: 0|req: 2/5] 192.168.122.51 () {64 vars in 1282 bytes} [Thu Jun 25 18:00:41 2026] POST /compute/v2.1/flavors => generated 413 bytes in 131 msecs (HTTP/1.1 200) 9 headers in 359 bytes (1 switches on core 0)
Jun 25 18:00:41 devstack devstack@n-api.service[68289]: DEBUG nova.api.openstack.wsgi [None req-926e1176-52a5-44d3-9c03-79b137b0a735 admin admin] Action: 'create', calling method: >, body: {"extra_specs": {"hw_rng:allowed": "True"}} {{(pid=68289) _process_stack /opt/stack/nova/nova/api/openstack/wsgi.py:549}}
Jun 25 18:00:41 devstack devstack@n-api.service[68289]: INFO nova.api.openstack.requestlog [None req-926e1176-52a5-44d3-9c03-79b137b0a735 admin admin] 192.168.122.51 "POST /compute/v2.1/flavors/c1/os-extra_specs" status: 200 len: 43 microversion: 2.61 time: 0.443566
Jun 25 18:00:41 devstack devstack@n-api.service[68289]: [pid: 68289|app: 0|req: 4/6] 192.168.122.51 () {64 vars in 1335 bytes} [Thu Jun 25 18:00:41 2026] POST /compute/v2.1/flavors/c1/os-extra_specs => generated 43 bytes in 445 msecs (HTTP/1.1 200) 9 headers in 358 bytes (1 switches on core 0)
Jun 25 18:00:45 devstack devstack@n-api.service[68288]: DEBUG nova.api.openstack.wsgi [None req-cb5004a9-9b48-49c0-adb1-47c4b8dd3a64 admin admin] Calling method '>' {{(pid=68288) _process_stack /opt/stack/nova/nova/api/openstack/wsgi.py:551}}
Jun 25 18:00:45 devstack devstack@n-api.service[68288]: INFO nova.api.openstack.requestlog [None req-cb5004a9-9b48-49c0-adb1-47c4b8dd3a64 admin admin] 192.168.122.51 "GET /compute/v2.1" status: 200 len: 392 microversion: 2.1 time: 0.010471
Jun 25 18:00:45 devstack devstack@n-api.service[68288]: [pid: 68288|app: 0|req: 3/7] 192.168.122.51 () {54 vars in 930 bytes} [Thu Jun 25 18:00:45 2026] GET /compute/v2.1 => generated 392 bytes in 13 msecs (HTTP/1.1 200) 9 headers in 357 bytes (2 switches on core 0)
Jun 25 18:00:45 devstack devstack@n-api.service[68289]: DEBUG nova.api.openstack.wsgi [None req-130d4cfb-ca02-4cf9-bc99-175d46bfb78d admin admin] Action: 'create', calling method: >, body: {"flavor": {"ram": 512, "os-flavor-access:is_public": true, "name": "ds512M", "id": "d1", "disk": 5, "swap": 0, "vcpus": 1, "OS-FLV-EXT-DATA:ephemeral": 0}} {{(pid=68289) _process_stack /opt/stack/nova/nova/api/openstack/wsgi.py:549}}
Jun 25 18:00:45 devstack devstack@n-api.service[68289]: INFO nova.api.openstack.requestlog [None req-130d4cfb-ca02-4cf9-bc99-175d46bfb78d admin admin] 192.168.122.51 "POST /compute/v2.1/flavors" status: 200 len: 410 microversion: 2.61 time: 0.224722
Jun 25 18:00:45 devstack devstack@n-api.service[68289]: [pid: 68289|app: 0|req: 5/8] 192.168.122.51 () {64 vars in 1282 bytes} [Thu Jun 25 18:00:45 2026] POST /compute/v2.1/flavors => generated 410 bytes in 226 msecs (HTTP/1.1 200) 9 headers in 359 bytes (1 switches on core 0)
Jun 25 18:00:45 devstack devstack@n-api.service[68288]: DEBUG nova.api.openstack.wsgi [None req-ab8ae7ca-c09f-43f1-9bdc-fcc3a0ecaa6a admin admin] Action: 'create', calling method: >, body: {"extra_specs": {"hw_rng:allowed": "True"}} {{(pid=68288) _process_stack /opt/stack/nova/nova/api/openstack/wsgi.py:549}}
Jun 25 18:00:45 devstack devstack@n-api.service[68288]: INFO nova.api.openstack.requestlog [None req-ab8ae7ca-c09f-43f1-9bdc-fcc3a0ecaa6a admin admin] 192.168.122.51 "POST /compute/v2.1/flavors/d1/os-extra_specs" status: 200 len: 43 microversion: 2.61 time: 0.068049
Jun 25 18:00:45 devstack devstack@n-api.service[68288]: [pid: 68288|app: 0|req: 4/9] 192.168.122.51 () {64 vars in 1335 bytes} [Thu Jun 25 18:00:45 2026] POST /compute/v2.1/flavors/d1/os-extra_specs => generated 43 bytes in 70 msecs (HTTP/1.1 200) 9 headers in 358 bytes (1 switches on core 0)
Jun 25 18:00:49 devstack devstack@n-api.service[68289]: DEBUG nova.api.openstack.wsgi [None req-130d4cfb-ca02-4cf9-bc99-175d46bfb78d admin admin] Calling method '>' {{(pid=68289) _process_stack /opt/stack/nova/nova/api/openstack/wsgi.py:551}}
Jun 25 18:00:49 devstack devstack@n-api.service[68289]: INFO nova.api.openstack.requestlog [None req-130d4cfb-ca02-4cf9-bc99-175d46bfb78d admin admin] 192.168.122.51 "GET /compute/v2.1" status: 200 len: 392 microversion: 2.1 time: 0.017380
Jun 25 18:00:49 devstack devstack@n-api.service[68289]: [pid: 68289|app: 0|req: 6/10] 192.168.122.51 () {54 vars in 930 bytes} [Thu Jun 25 18:00:49 2026] GET /compute/v2.1 => generated 392 bytes in 19 msecs (HTTP/1.1 200) 9 headers in 357 bytes (1 switches on core 0)
Jun 25 18:00:49 devstack devstack@n-api.service[68288]: DEBUG nova.api.openstack.wsgi [None req-03f4225b-51a2-4b9e-9c93-c1dbd77f3c9c admin admin] Action: 'create', calling method: >, body: {"flavor": {"OS-FLV-EXT-DATA:ephemeral": 0, "disk": 10, "vcpus": 1, "swap": 0, "name": "ds1G", "ram": 1024, "os-flavor-access:is_public": true, "id": "d2"}} {{(pid=68288) _process_stack /opt/stack/nova/nova/api/openstack/wsgi.py:549}}
Jun 25 18:00:49 devstack devstack@n-api.service[68288]: INFO nova.api.openstack.requestlog [None req-03f4225b-51a2-4b9e-9c93-c1dbd77f3c9c admin admin] 192.168.122.51 "POST /compute/v2.1/flavors" status: 200 len: 410 microversion: 2.61 time: 0.101412
Jun 25 18:00:49 devstack devstack@n-api.service[68288]: [pid: 68288|app: 0|req: 5/11] 192.168.122.51 () {64 vars in 1282 bytes} [Thu Jun 25 18:00:49 2026] POST /compute/v2.1/flavors => generated 410 bytes in 103 msecs (HTTP/1.1 200) 9 headers in 359 bytes (1 switches on core 0)
Jun 25 18:00:49 devstack devstack@n-api.service[68289]: DEBUG nova.api.openstack.wsgi [None req-20a28df8-96ee-49b3-bf39-6923d19f12ba admin admin] Action: 'create', calling method: >, body: {"extra_specs": {"hw_rng:allowed": "True"}} {{(pid=68289) _process_stack /opt/stack/nova/nova/api/openstack/wsgi.py:549}}
Jun 25 18:00:49 devstack devstack@n-api.service[68289]: INFO nova.api.openstack.requestlog [None req-20a28df8-96ee-49b3-bf39-6923d19f12ba admin admin] 192.168.122.51 "POST /compute/v2.1/flavors/d2/os-extra_specs" status: 200 len: 43 microversion: 2.61 time: 0.046705
Jun 25 18:00:49 devstack devstack@n-api.service[68289]: [pid: 68289|app: 0|req: 7/12] 192.168.122.51 () {64 vars in 1335 bytes} [Thu Jun 25 18:00:49 2026] POST /compute/v2.1/flavors/d2/os-extra_specs => generated 43 bytes in 48 msecs (HTTP/1.1 200) 9 headers in 358 bytes (2 switches on core 0)
Jun 25 18:00:53 devstack devstack@n-api.service[68288]: DEBUG nova.api.openstack.wsgi [None req-03f4225b-51a2-4b9e-9c93-c1dbd77f3c9c admin admin] Calling method '>' {{(pid=68288) _process_stack /opt/stack/nova/nova/api/openstack/wsgi.py:551}}
Jun 25 18:00:53 devstack devstack@n-api.service[68288]: INFO nova.api.openstack.requestlog [None req-03f4225b-51a2-4b9e-9c93-c1dbd77f3c9c admin admin] 192.168.122.51 "GET /compute/v2.1" status: 200 len: 392 microversion: 2.1 time: 0.005885
Jun 25 18:00:53 devstack devstack@n-api.service[68288]: [pid: 68288|app: 0|req: 6/13] 192.168.122.51 () {54 vars in 930 bytes} [Thu Jun 25 18:00:53 2026] GET /compute/v2.1 => generated 392 bytes in 7 msecs (HTTP/1.1 200) 9 headers in 357 bytes (1 switches on core 0)
Jun 25 18:00:53 devstack devstack@n-api.service[68289]: DEBUG nova.api.openstack.wsgi [None req-324a1dac-0bdc-4339-9fba-1b01a25d4996 admin admin] Action: 'create', calling method: >, body: {"flavor": {"OS-FLV-EXT-DATA:ephemeral": 0, "name": "ds2G", "vcpus": 2, "os-flavor-access:is_public": true, "swap": 0, "ram": 2048, "disk": 10, "id": "d3"}} {{(pid=68289) _process_stack /opt/stack/nova/nova/api/openstack/wsgi.py:549}}
Jun 25 18:00:53 devstack devstack@n-api.service[68289]: INFO nova.api.openstack.requestlog [None req-324a1dac-0bdc-4339-9fba-1b01a25d4996 admin admin] 192.168.122.51 "POST /compute/v2.1/flavors" status: 200 len: 410 microversion: 2.61 time: 0.106356
Jun 25 18:00:53 devstack devstack@n-api.service[68289]: [pid: 68289|app: 0|req: 8/14] 192.168.122.51 () {64 vars in 1282 bytes} [Thu Jun 25 18:00:53 2026] POST /compute/v2.1/flavors => generated 410 bytes in 108 msecs (HTTP/1.1 200) 9 headers in 359 bytes (1 switches on core 0)
Jun 25 18:00:53 devstack devstack@n-api.service[68288]: DEBUG nova.api.openstack.wsgi [None req-ecab2cdd-81a2-4a52-9a60-46e9771e1bfb admin admin] Action: 'create', calling method: >, body: {"extra_specs": {"hw_rng:allowed": "True"}} {{(pid=68288) _process_stack /opt/stack/nova/nova/api/openstack/wsgi.py:549}}
Jun 25 18:00:53 devstack devstack@n-api.service[68288]: INFO nova.api.openstack.requestlog [None req-ecab2cdd-81a2-4a52-9a60-46e9771e1bfb admin admin] 192.168.122.51 "POST /compute/v2.1/flavors/d3/os-extra_specs" status: 200 len: 43 microversion: 2.61 time: 0.056682
Jun 25 18:00:53 devstack devstack@n-api.service[68288]: [pid: 68288|app: 0|req: 7/15] 192.168.122.51 () {64 vars in 1335 bytes} [Thu Jun 25 18:00:53 2026] POST /compute/v2.1/flavors/d3/os-extra_specs => generated 43 bytes in 58 msecs (HTTP/1.1 200) 9 headers in 358 bytes (1 switches on core 0)
Jun 25 18:00:56 devstack devstack@n-api.service[68289]: DEBUG nova.api.openstack.wsgi [None req-324a1dac-0bdc-4339-9fba-1b01a25d4996 admin admin] Calling method '>' {{(pid=68289) _process_stack /opt/stack/nova/nova/api/openstack/wsgi.py:551}}
Jun 25 18:00:56 devstack devstack@n-api.service[68289]: INFO nova.api.openstack.requestlog [None req-324a1dac-0bdc-4339-9fba-1b01a25d4996 admin admin] 192.168.122.51 "GET /compute/v2.1" status: 200 len: 392 microversion: 2.1 time: 0.011135
Jun 25 18:00:56 devstack devstack@n-api.service[68289]: [pid: 68289|app: 0|req: 9/16] 192.168.122.51 () {54 vars in 930 bytes} [Thu Jun 25 18:00:56 2026] GET /compute/v2.1 => generated 392 bytes in 12 msecs (HTTP/1.1 200) 9 headers in 357 bytes (1 switches on core 0)
Jun 25 18:00:56 devstack devstack@n-api.service[68288]: DEBUG nova.api.openstack.wsgi [None req-c778838d-6423-468e-a97d-63d38df651ca admin admin] Action: 'create', calling method: >, body: {"flavor": {"id": "d4", "vcpus": 4, "name": "ds4G", "ram": 4096, "OS-FLV-EXT-DATA:ephemeral": 0, "disk": 20, "os-flavor-access:is_public": true, "swap": 0}} {{(pid=68288) _process_stack /opt/stack/nova/nova/api/openstack/wsgi.py:549}}
Jun 25 18:00:56 devstack devstack@n-api.service[68288]: INFO nova.api.openstack.requestlog [None req-c778838d-6423-468e-a97d-63d38df651ca admin admin] 192.168.122.51 "POST /compute/v2.1/flavors" status: 200 len: 410 microversion: 2.61 time: 0.112040
Jun 25 18:00:56 devstack devstack@n-api.service[68288]: [pid: 68288|app: 0|req: 8/17] 192.168.122.51 () {64 vars in 1282 bytes} [Thu Jun 25 18:00:56 2026] POST /compute/v2.1/flavors => generated 410 bytes in 113 msecs (HTTP/1.1 200) 9 headers in 359 bytes (1 switches on core 0)
Jun 25 18:00:56 devstack devstack@n-api.service[68289]: DEBUG nova.api.openstack.wsgi [None req-1ddf23b2-b11a-46e6-bfe0-35b146e9de4f admin admin] Action: 'create', calling method: >, body: {"extra_specs": {"hw_rng:allowed": "True"}} {{(pid=68289) _process_stack /opt/stack/nova/nova/api/openstack/wsgi.py:549}}
Jun 25 18:00:57 devstack devstack@n-api.service[68289]: INFO nova.api.openstack.requestlog [None req-1ddf23b2-b11a-46e6-bfe0-35b146e9de4f admin admin] 192.168.122.51 "POST /compute/v2.1/flavors/d4/os-extra_specs" status: 200 len: 43 microversion: 2.61 time: 0.082604
Jun 25 18:00:57 devstack devstack@n-api.service[68289]: [pid: 68289|app: 0|req: 10/18] 192.168.122.51 () {64 vars in 1335 bytes} [Thu Jun 25 18:00:56 2026] POST /compute/v2.1/flavors/d4/os-extra_specs => generated 43 bytes in 85 msecs (HTTP/1.1 200) 9 headers in 358 bytes (1 switches on core 0)
Jun 25 18:01:00 devstack devstack@n-api.service[68288]: DEBUG nova.api.openstack.wsgi [None req-c778838d-6423-468e-a97d-63d38df651ca admin admin] Calling method '>' {{(pid=68288) _process_stack /opt/stack/nova/nova/api/openstack/wsgi.py:551}}
Jun 25 18:01:00 devstack devstack@n-api.service[68288]: INFO nova.api.openstack.requestlog [None req-c778838d-6423-468e-a97d-63d38df651ca admin admin] 192.168.122.51 "GET /compute/v2.1" status: 200 len: 392 microversion: 2.1 time: 0.011907
Jun 25 18:01:00 devstack devstack@n-api.service[68288]: [pid: 68288|app: 0|req: 9/19] 192.168.122.51 () {54 vars in 930 bytes} [Thu Jun 25 18:01:00 2026] GET /compute/v2.1 => generated 392 bytes in 17 msecs (HTTP/1.1 200) 9 headers in 357 bytes (1 switches on core 0)
Jun 25 18:01:00 devstack devstack@n-api.service[68289]: DEBUG nova.api.openstack.wsgi [None req-829c991b-7771-4164-9032-22c6225167ab admin admin] Calling method '>' {{(pid=68289) _process_stack /opt/stack/nova/nova/api/openstack/wsgi.py:551}}
Jun 25 18:01:00 devstack devstack@n-api.service[68289]: INFO nova.api.openstack.requestlog [None req-829c991b-7771-4164-9032-22c6225167ab admin admin] 192.168.122.51 "GET /compute/v2.1/flavors/detail?is_public=True" status: 200 len: 2136 microversion: 2.61 time: 0.173141
Jun 25 18:01:00 devstack devstack@n-api.service[68289]: [pid: 68289|app: 0|req: 11/20] 192.168.122.51 () {60 vars in 1291 bytes} [Thu Jun 25 18:01:00 2026] GET /compute/v2.1/flavors/detail?is_public=True => generated 2136 bytes in 175 msecs (HTTP/1.1 200) 9 headers in 360 bytes (1 switches on core 0)
Jun 25 18:01:04 devstack devstack@n-api.service[68288]: DEBUG nova.api.openstack.wsgi [None req-c778838d-6423-468e-a97d-63d38df651ca admin admin] Calling method '>' {{(pid=68288) _process_stack /opt/stack/nova/nova/api/openstack/wsgi.py:551}}
Jun 25 18:01:04 devstack devstack@n-api.service[68288]: INFO nova.api.openstack.requestlog [None req-c778838d-6423-468e-a97d-63d38df651ca admin admin] 192.168.122.51 "GET /compute/v2.1" status: 200 len: 392 microversion: 2.1 time: 0.005203
Jun 25 18:01:04 devstack devstack@n-api.service[68288]: [pid: 68288|app: 0|req: 10/21] 192.168.122.51 () {54 vars in 930 bytes} [Thu Jun 25 18:01:04 2026] GET /compute/v2.1 => generated 392 bytes in 6 msecs (HTTP/1.1 200) 9 headers in 357 bytes (1 switches on core 0)
Jun 25 18:01:04 devstack devstack@n-api.service[68289]: DEBUG nova.api.openstack.wsgi [None req-d798e439-37ef-496b-86af-ebbcefd5b344 admin admin] Action: 'create', calling method: >, body: {"flavor": {"swap": 0, "OS-FLV-EXT-DATA:ephemeral": 0, "ram": 512, "id": "1", "disk": 1, "vcpus": 1, "name": "m1.tiny", "os-flavor-access:is_public": true}} {{(pid=68289) _process_stack /opt/stack/nova/nova/api/openstack/wsgi.py:549}}
Jun 25 18:01:04 devstack devstack@n-api.service[68289]: INFO nova.api.openstack.requestlog [None req-d798e439-37ef-496b-86af-ebbcefd5b344 admin admin] 192.168.122.51 "POST /compute/v2.1/flavors" status: 200 len: 408 microversion: 2.61 time: 0.094112
Jun 25 18:01:04 devstack devstack@n-api.service[68289]: [pid: 68289|app: 0|req: 12/22] 192.168.122.51 () {64 vars in 1282 bytes} [Thu Jun 25 18:01:04 2026] POST /compute/v2.1/flavors => generated 408 bytes in 95 msecs (HTTP/1.1 200) 9 headers in 359 bytes (1 switches on core 0)
Jun 25 18:01:04 devstack devstack@n-api.service[68288]: DEBUG nova.api.openstack.wsgi [None req-d3347873-b41e-4dca-bf1f-9c0984f6d164 admin admin] Action: 'create', calling method: >, body: {"extra_specs": {"hw_rng:allowed": "True"}} {{(pid=68288) _process_stack /opt/stack/nova/nova/api/openstack/wsgi.py:549}}
Jun 25 18:01:04 devstack devstack@n-api.service[68288]: INFO nova.api.openstack.requestlog [None req-d3347873-b41e-4dca-bf1f-9c0984f6d164 admin admin] 192.168.122.51 "POST /compute/v2.1/flavors/1/os-extra_specs" status: 200 len: 43 microversion: 2.61 time: 0.050202
Jun 25 18:01:04 devstack devstack@n-api.service[68288]: [pid: 68288|app: 0|req: 11/23] 192.168.122.51 () {64 vars in 1332 bytes} [Thu Jun 25 18:01:04 2026] POST /compute/v2.1/flavors/1/os-extra_specs => generated 43 bytes in 52 msecs (HTTP/1.1 200) 9 headers in 358 bytes (1 switches on core 0)
Jun 25 18:01:08 devstack devstack@n-api.service[68289]: DEBUG nova.api.openstack.wsgi [None req-d798e439-37ef-496b-86af-ebbcefd5b344 admin admin] Calling method '>' {{(pid=68289) _process_stack /opt/stack/nova/nova/api/openstack/wsgi.py:551}}
Jun 25 18:01:08 devstack devstack@n-api.service[68289]: INFO nova.api.openstack.requestlog [None req-d798e439-37ef-496b-86af-ebbcefd5b344 admin admin] 192.168.122.51 "GET /compute/v2.1" status: 200 len: 392 microversion: 2.1 time: 0.006326
Jun 25 18:01:08 devstack devstack@n-api.service[68289]: [pid: 68289|app: 0|req: 13/24] 192.168.122.51 () {54 vars in 930 bytes} [Thu Jun 25 18:01:08 2026] GET /compute/v2.1 => generated 392 bytes in 7 msecs (HTTP/1.1 200) 9 headers in 357 bytes (1 switches on core 0)
Jun 25 18:01:08 devstack devstack@n-api.service[68288]: DEBUG nova.api.openstack.wsgi [None req-83439b18-8575-4bb9-9b4a-71866ce74427 admin admin] Action: 'create', calling method: >, body: {"flavor": {"OS-FLV-EXT-DATA:ephemeral": 0, "swap": 0, "id": "2", "vcpus": 1, "name": "m1.small", "ram": 2048, "os-flavor-access:is_public": true, "disk": 20}} {{(pid=68288) _process_stack /opt/stack/nova/nova/api/openstack/wsgi.py:549}}
Jun 25 18:01:08 devstack devstack@n-api.service[68288]: INFO nova.api.openstack.requestlog [None req-83439b18-8575-4bb9-9b4a-71866ce74427 admin admin] 192.168.122.51 "POST /compute/v2.1/flavors" status: 200 len: 411 microversion: 2.61 time: 0.127421
Jun 25 18:01:08 devstack devstack@n-api.service[68288]: [pid: 68288|app: 0|req: 12/25] 192.168.122.51 () {64 vars in 1282 bytes} [Thu Jun 25 18:01:08 2026] POST /compute/v2.1/flavors => generated 411 bytes in 133 msecs (HTTP/1.1 200) 9 headers in 359 bytes (1 switches on core 0)
Jun 25 18:01:08 devstack devstack@n-api.service[68289]: DEBUG nova.api.openstack.wsgi [None req-9a139717-2d65-4d83-afcf-f268caf112dd admin admin] Action: 'create', calling method: >, body: {"extra_specs": {"hw_rng:allowed": "True"}} {{(pid=68289) _process_stack /opt/stack/nova/nova/api/openstack/wsgi.py:549}}
Jun 25 18:01:08 devstack devstack@n-api.service[68289]: INFO nova.api.openstack.requestlog [None req-9a139717-2d65-4d83-afcf-f268caf112dd admin admin] 192.168.122.51 "POST /compute/v2.1/flavors/2/os-extra_specs" status: 200 len: 43 microversion: 2.61 time: 0.055003
Jun 25 18:01:08 devstack devstack@n-api.service[68289]: [pid: 68289|app: 0|req: 14/26] 192.168.122.51 () {64 vars in 1332 bytes} [Thu Jun 25 18:01:08 2026] POST /compute/v2.1/flavors/2/os-extra_specs => generated 43 bytes in 60 msecs (HTTP/1.1 200) 9 headers in 358 bytes (1 switches on core 0)
Jun 25 18:01:12 devstack devstack@n-api.service[68288]: DEBUG nova.api.openstack.wsgi [None req-83439b18-8575-4bb9-9b4a-71866ce74427 admin admin] Calling method '>' {{(pid=68288) _process_stack /opt/stack/nova/nova/api/openstack/wsgi.py:551}}
Jun 25 18:01:12 devstack devstack@n-api.service[68288]: INFO nova.api.openstack.requestlog [None req-83439b18-8575-4bb9-9b4a-71866ce74427 admin admin] 192.168.122.51 "GET /compute/v2.1" status: 200 len: 392 microversion: 2.1 time: 0.011967
Jun 25 18:01:12 devstack devstack@n-api.service[68288]: [pid: 68288|app: 0|req: 13/27] 192.168.122.51 () {54 vars in 930 bytes} [Thu Jun 25 18:01:12 2026] GET /compute/v2.1 => generated 392 bytes in 14 msecs (HTTP/1.1 200) 9 headers in 357 bytes (1 switches on core 0)
Jun 25 18:01:12 devstack devstack@n-api.service[68289]: DEBUG nova.api.openstack.wsgi [None req-fbee086b-19f1-4a0a-82c6-0e4a46c1504f admin admin] Action: 'create', calling method: >, body: {"flavor": {"swap": 0, "os-flavor-access:is_public": true, "ram": 4096, "vcpus": 2, "id": "3", "OS-FLV-EXT-DATA:ephemeral": 0, "name": "m1.medium", "disk": 40}} {{(pid=68289) _process_stack /opt/stack/nova/nova/api/openstack/wsgi.py:549}}
Jun 25 18:01:12 devstack devstack@n-api.service[68289]: INFO nova.api.openstack.requestlog [None req-fbee086b-19f1-4a0a-82c6-0e4a46c1504f admin admin] 192.168.122.51 "POST /compute/v2.1/flavors" status: 200 len: 412 microversion: 2.61 time: 0.106055
Jun 25 18:01:12 devstack devstack@n-api.service[68289]: [pid: 68289|app: 0|req: 15/28] 192.168.122.51 () {64 vars in 1282 bytes} [Thu Jun 25 18:01:12 2026] POST /compute/v2.1/flavors => generated 412 bytes in 107 msecs (HTTP/1.1 200) 9 headers in 359 bytes (1 switches on core 0)
Jun 25 18:01:12 devstack devstack@n-api.service[68288]: DEBUG nova.api.openstack.wsgi [None req-9a862f5b-5288-4bda-b48d-4fd314bb438f admin admin] Action: 'create', calling method: >, body: {"extra_specs": {"hw_rng:allowed": "True"}} {{(pid=68288) _process_stack /opt/stack/nova/nova/api/openstack/wsgi.py:549}}
Jun 25 18:01:12 devstack devstack@n-api.service[68288]: INFO nova.api.openstack.requestlog [None req-9a862f5b-5288-4bda-b48d-4fd314bb438f admin admin] 192.168.122.51 "POST /compute/v2.1/flavors/3/os-extra_specs" status: 200 len: 43 microversion: 2.61 time: 0.067602
Jun 25 18:01:12 devstack devstack@n-api.service[68288]: [pid: 68288|app: 0|req: 14/29] 192.168.122.51 () {64 vars in 1332 bytes} [Thu Jun 25 18:01:12 2026] POST /compute/v2.1/flavors/3/os-extra_specs => generated 43 bytes in 70 msecs (HTTP/1.1 200) 9 headers in 358 bytes (1 switches on core 0)
Jun 25 18:01:15 devstack devstack@n-api.service[68289]: DEBUG nova.api.openstack.wsgi [None req-fbee086b-19f1-4a0a-82c6-0e4a46c1504f admin admin] Calling method '>' {{(pid=68289) _process_stack /opt/stack/nova/nova/api/openstack/wsgi.py:551}}
Jun 25 18:01:16 devstack devstack@n-api.service[68289]: INFO nova.api.openstack.requestlog [None req-fbee086b-19f1-4a0a-82c6-0e4a46c1504f admin admin] 192.168.122.51 "GET /compute/v2.1" status: 200 len: 392 microversion: 2.1 time: 0.008847
Jun 25 18:01:16 devstack devstack@n-api.service[68289]: [pid: 68289|app: 0|req: 16/30] 192.168.122.51 () {54 vars in 930 bytes} [Thu Jun 25 18:01:15 2026] GET /compute/v2.1 => generated 392 bytes in 10 msecs (HTTP/1.1 200) 9 headers in 357 bytes (1 switches on core 0)
Jun 25 18:01:16 devstack devstack@n-api.service[68288]: DEBUG nova.api.openstack.wsgi [None req-a01fba21-5b1f-478d-b026-fc082d311ac7 admin admin] Action: 'create', calling method: >, body: {"flavor": {"disk": 80, "ram": 8192, "swap": 0, "id": "4", "vcpus": 4, "OS-FLV-EXT-DATA:ephemeral": 0, "os-flavor-access:is_public": true, "name": "m1.large"}} {{(pid=68288) _process_stack /opt/stack/nova/nova/api/openstack/wsgi.py:549}}
Jun 25 18:01:16 devstack devstack@n-api.service[68288]: INFO nova.api.openstack.requestlog [None req-a01fba21-5b1f-478d-b026-fc082d311ac7 admin admin] 192.168.122.51 "POST /compute/v2.1/flavors" status: 200 len: 411 microversion: 2.61 time: 0.099179
Jun 25 18:01:16 devstack devstack@n-api.service[68288]: [pid: 68288|app: 0|req: 15/31] 192.168.122.51 () {64 vars in 1282 bytes} [Thu Jun 25 18:01:16 2026] POST /compute/v2.1/flavors => generated 411 bytes in 101 msecs (HTTP/1.1 200) 9 headers in 359 bytes (1 switches on core 0)
Jun 25 18:01:16 devstack devstack@n-api.service[68289]: DEBUG nova.api.openstack.wsgi [None req-475c0362-edf1-44a2-9b4b-c142481a0a8d admin admin] Action: 'create', calling method: >, body: {"extra_specs": {"hw_rng:allowed": "True"}} {{(pid=68289) _process_stack /opt/stack/nova/nova/api/openstack/wsgi.py:549}}
Jun 25 18:01:16 devstack devstack@n-api.service[68289]: INFO nova.api.openstack.requestlog [None req-475c0362-edf1-44a2-9b4b-c142481a0a8d admin admin] 192.168.122.51 "POST /compute/v2.1/flavors/4/os-extra_specs" status: 200 len: 43 microversion: 2.61 time: 0.050640
Jun 25 18:01:16 devstack devstack@n-api.service[68289]: [pid: 68289|app: 0|req: 17/32] 192.168.122.51 () {64 vars in 1332 bytes} [Thu Jun 25 18:01:16 2026] POST /compute/v2.1/flavors/4/os-extra_specs => generated 43 bytes in 52 msecs (HTTP/1.1 200) 9 headers in 358 bytes (1 switches on core 0)
Jun 25 18:01:19 devstack devstack@n-api.service[68288]: DEBUG nova.api.openstack.wsgi [None req-a01fba21-5b1f-478d-b026-fc082d311ac7 admin admin] Calling method '>' {{(pid=68288) _process_stack /opt/stack/nova/nova/api/openstack/wsgi.py:551}}
Jun 25 18:01:19 devstack devstack@n-api.service[68288]: INFO nova.api.openstack.requestlog [None req-a01fba21-5b1f-478d-b026-fc082d311ac7 admin admin] 192.168.122.51 "GET /compute/v2.1" status: 200 len: 392 microversion: 2.1 time: 0.009573
Jun 25 18:01:19 devstack devstack@n-api.service[68288]: [pid: 68288|app: 0|req: 16/33] 192.168.122.51 () {54 vars in 930 bytes} [Thu Jun 25 18:01:19 2026] GET /compute/v2.1 => generated 392 bytes in 11 msecs (HTTP/1.1 200) 9 headers in 357 bytes (1 switches on core 0)
Jun 25 18:01:19 devstack devstack@n-api.service[68289]: DEBUG nova.api.openstack.wsgi [None req-b72ae2bb-4618-4ec6-afa3-32ae2da521b5 admin admin] Action: 'create', calling method: >, body: {"flavor": {"os-flavor-access:is_public": true, "OS-FLV-EXT-DATA:ephemeral": 0, "vcpus": 8, "disk": 160, "ram": 16384, "id": "5", "name": "m1.xlarge", "swap": 0}} {{(pid=68289) _process_stack /opt/stack/nova/nova/api/openstack/wsgi.py:549}}
Jun 25 18:01:19 devstack devstack@n-api.service[68289]: INFO nova.api.openstack.requestlog [None req-b72ae2bb-4618-4ec6-afa3-32ae2da521b5 admin admin] 192.168.122.51 "POST /compute/v2.1/flavors" status: 200 len: 414 microversion: 2.61 time: 0.110132
Jun 25 18:01:19 devstack devstack@n-api.service[68289]: [pid: 68289|app: 0|req: 18/34] 192.168.122.51 () {64 vars in 1282 bytes} [Thu Jun 25 18:01:19 2026] POST /compute/v2.1/flavors => generated 414 bytes in 113 msecs (HTTP/1.1 200) 9 headers in 359 bytes (1 switches on core 0)
Jun 25 18:01:19 devstack devstack@n-api.service[68288]: DEBUG nova.api.openstack.wsgi [None req-4d3848b9-2ff6-4413-9fb6-6fdfbe875721 admin admin] Action: 'create', calling method: >, body: {"extra_specs": {"hw_rng:allowed": "True"}} {{(pid=68288) _process_stack /opt/stack/nova/nova/api/openstack/wsgi.py:549}}
Jun 25 18:01:19 devstack devstack@n-api.service[68288]: INFO nova.api.openstack.requestlog [None req-4d3848b9-2ff6-4413-9fb6-6fdfbe875721 admin admin] 192.168.122.51 "POST /compute/v2.1/flavors/5/os-extra_specs" status: 200 len: 43 microversion: 2.61 time: 0.062689
Jun 25 18:01:19 devstack devstack@n-api.service[68288]: [pid: 68288|app: 0|req: 17/35] 192.168.122.51 () {64 vars in 1332 bytes} [Thu Jun 25 18:01:19 2026] POST /compute/v2.1/flavors/5/os-extra_specs => generated 43 bytes in 65 msecs (HTTP/1.1 200) 9 headers in 358 bytes (1 switches on core 0)
Jun 25 18:01:28 devstack devstack@n-api.service[68289]: DEBUG nova.api.openstack.wsgi [None req-b72ae2bb-4618-4ec6-afa3-32ae2da521b5 admin admin] Calling method '>' {{(pid=68289) _process_stack /opt/stack/nova/nova/api/openstack/wsgi.py:551}}
Jun 25 18:01:28 devstack devstack@n-api.service[68289]: INFO nova.api.openstack.requestlog [None req-b72ae2bb-4618-4ec6-afa3-32ae2da521b5 admin admin] 192.168.122.51 "GET /compute/v2.1" status: 200 len: 392 microversion: 2.1 time: 0.011473
Jun 25 18:01:28 devstack devstack@n-api.service[68289]: [pid: 68289|app: 0|req: 19/36] 192.168.122.51 () {54 vars in 930 bytes} [Thu Jun 25 18:01:28 2026] GET /compute/v2.1 => generated 392 bytes in 14 msecs (HTTP/1.1 200) 9 headers in 357 bytes (1 switches on core 0)
