Feb 13 11:24:41 devstack devstack@n-api.service[58523]: DEBUG nova.api.openstack.wsgi [None req-cdbd9bd9-8ba7-4fda-b663-3962598a3e91 admin admin] Action: 'create', calling method: >, body: {"extra_specs": {"hw_rng:allowed": "True"}} {{(pid=58523) _process_stack /opt/stack/nova/nova/api/openstack/wsgi.py:549}}
Feb 13 11:24:41 devstack devstack@n-api.service[58523]: INFO nova.api.openstack.requestlog [None req-cdbd9bd9-8ba7-4fda-b663-3962598a3e91 admin admin] 192.168.122.166 "POST /compute/v2.1/flavors/2/os-extra_specs" status: 200 len: 43 microversion: 2.61 time: 0.026349
Feb 13 11:24:41 devstack devstack@n-api.service[58523]: [pid: 58523|app: 0|req: 14/26] 192.168.122.166 () {64 vars in 1348 bytes} [Fri Feb 13 11:24:41 2026] POST /compute/v2.1/flavors/2/os-extra_specs => generated 43 bytes in 28 msecs (HTTP/1.1 200) 9 headers in 358 bytes (1 switches on core 0)
Feb 13 11:24:43 devstack devstack@n-api.service[58522]: DEBUG nova.api.openstack.wsgi [None req-8cc4df55-16b6-409f-9494-a34513c35723 admin admin] Calling method '>' {{(pid=58522) _process_stack /opt/stack/nova/nova/api/openstack/wsgi.py:551}}
Feb 13 11:24:43 devstack devstack@n-api.service[58522]: INFO nova.api.openstack.requestlog [None req-8cc4df55-16b6-409f-9494-a34513c35723 admin admin] 192.168.122.166 "GET /compute/v2.1" status: 200 len: 393 microversion: 2.1 time: 0.006262
Feb 13 11:24:43 devstack devstack@n-api.service[58522]: [pid: 58522|app: 0|req: 13/27] 192.168.122.166 () {54 vars in 946 bytes} [Fri Feb 13 11:24:43 2026] GET /compute/v2.1 => generated 393 bytes in 7 msecs (HTTP/1.1 200) 9 headers in 357 bytes (1 switches on core 0)
Feb 13 11:24:43 devstack devstack@n-api.service[58523]: DEBUG nova.api.openstack.wsgi [None req-ad4ce935-6864-4930-bb74-bdd7528d8a50 admin admin] Action: 'create', calling method: >, body: {"flavor": {"disk": 40, "vcpus": 2, "ram": 4096, "swap": 0, "rxtx_factor": 1.0, "id": "3", "name": "m1.medium", "os-flavor-access:is_public": true, "OS-FLV-EXT-DATA:ephemeral": 0}} {{(pid=58523) _process_stack /opt/stack/nova/nova/api/openstack/wsgi.py:549}}
Feb 13 11:24:43 devstack devstack@n-api.service[58523]: INFO nova.api.openstack.requestlog [None req-ad4ce935-6864-4930-bb74-bdd7528d8a50 admin admin] 192.168.122.166 "POST /compute/v2.1/flavors" status: 200 len: 414 microversion: 2.61 time: 0.054474
Feb 13 11:24:43 devstack devstack@n-api.service[58523]: [pid: 58523|app: 0|req: 15/28] 192.168.122.166 () {64 vars in 1298 bytes} [Fri Feb 13 11:24:43 2026] POST /compute/v2.1/flavors => generated 414 bytes in 55 msecs (HTTP/1.1 200) 9 headers in 359 bytes (1 switches on core 0)
Feb 13 11:24:43 devstack devstack@n-api.service[58522]: DEBUG nova.api.openstack.wsgi [None req-f49cf1c7-d0db-406a-93b5-49a45e7f86d0 admin admin] Action: 'create', calling method: >, body: {"extra_specs": {"hw_rng:allowed": "True"}} {{(pid=58522) _process_stack /opt/stack/nova/nova/api/openstack/wsgi.py:549}}
Feb 13 11:24:43 devstack devstack@n-api.service[58522]: INFO nova.api.openstack.requestlog [None req-f49cf1c7-d0db-406a-93b5-49a45e7f86d0 admin admin] 192.168.122.166 "POST /compute/v2.1/flavors/3/os-extra_specs" status: 200 len: 43 microversion: 2.61 time: 0.022729
Feb 13 11:24:43 devstack devstack@n-api.service[58522]: [pid: 58522|app: 0|req: 14/29] 192.168.122.166 () {64 vars in 1348 bytes} [Fri Feb 13 11:24:43 2026] POST /compute/v2.1/flavors/3/os-extra_specs => generated 43 bytes in 24 msecs (HTTP/1.1 200) 9 headers in 358 bytes (1 switches on core 0)
Feb 13 11:24:45 devstack devstack@n-api.service[58523]: DEBUG nova.api.openstack.wsgi [None req-ad4ce935-6864-4930-bb74-bdd7528d8a50 admin admin] Calling method '>' {{(pid=58523) _process_stack /opt/stack/nova/nova/api/openstack/wsgi.py:551}}
Feb 13 11:24:45 devstack devstack@n-api.service[58523]: INFO nova.api.openstack.requestlog [None req-ad4ce935-6864-4930-bb74-bdd7528d8a50 admin admin] 192.168.122.166 "GET /compute/v2.1" status: 200 len: 393 microversion: 2.1 time: 0.005237
Feb 13 11:24:45 devstack devstack@n-api.service[58523]: [pid: 58523|app: 0|req: 16/30] 192.168.122.166 () {54 vars in 946 bytes} [Fri Feb 13 11:24:45 2026] GET /compute/v2.1 => generated 393 bytes in 6 msecs (HTTP/1.1 200) 9 headers in 357 bytes (1 switches on core 0)
Feb 13 11:24:45 devstack devstack@n-api.service[58522]: DEBUG nova.api.openstack.wsgi [None req-96956cf8-e398-4de4-a7b7-caaead519d68 admin admin] Action: 'create', calling method: >, body: {"flavor": {"rxtx_factor": 1.0, "swap": 0, "disk": 80, "OS-FLV-EXT-DATA:ephemeral": 0, "id": "4", "ram": 8192, "name": "m1.large", "os-flavor-access:is_public": true, "vcpus": 4}} {{(pid=58522) _process_stack /opt/stack/nova/nova/api/openstack/wsgi.py:549}}
Feb 13 11:24:45 devstack devstack@n-api.service[58522]: INFO nova.api.openstack.requestlog [None req-96956cf8-e398-4de4-a7b7-caaead519d68 admin admin] 192.168.122.166 "POST /compute/v2.1/flavors" status: 200 len: 413 microversion: 2.61 time: 0.060050
Feb 13 11:24:45 devstack devstack@n-api.service[58522]: [pid: 58522|app: 0|req: 15/31] 192.168.122.166 () {64 vars in 1298 bytes} [Fri Feb 13 11:24:45 2026] POST /compute/v2.1/flavors => generated 413 bytes in 61 msecs (HTTP/1.1 200) 9 headers in 359 bytes (1 switches on core 0)
Feb 13 11:24:45 devstack devstack@n-api.service[58523]: DEBUG nova.api.openstack.wsgi [None req-f49ab92c-fe90-4777-b5fd-a390c5d70772 admin admin] Action: 'create', calling method: >, body: {"extra_specs": {"hw_rng:allowed": "True"}} {{(pid=58523) _process_stack /opt/stack/nova/nova/api/openstack/wsgi.py:549}}
Feb 13 11:24:45 devstack devstack@n-api.service[58523]: INFO nova.api.openstack.requestlog [None req-f49ab92c-fe90-4777-b5fd-a390c5d70772 admin admin] 192.168.122.166 "POST /compute/v2.1/flavors/4/os-extra_specs" status: 200 len: 43 microversion: 2.61 time: 0.025046
Feb 13 11:24:45 devstack devstack@n-api.service[58523]: [pid: 58523|app: 0|req: 17/32] 192.168.122.166 () {64 vars in 1348 bytes} [Fri Feb 13 11:24:45 2026] POST /compute/v2.1/flavors/4/os-extra_specs => generated 43 bytes in 26 msecs (HTTP/1.1 200) 9 headers in 358 bytes (1 switches on core 0)
Feb 13 11:24:47 devstack devstack@n-api.service[58522]: DEBUG nova.api.openstack.wsgi [None req-96956cf8-e398-4de4-a7b7-caaead519d68 admin admin] Calling method '>' {{(pid=58522) _process_stack /opt/stack/nova/nova/api/openstack/wsgi.py:551}}
Feb 13 11:24:47 devstack devstack@n-api.service[58522]: INFO nova.api.openstack.requestlog [None req-96956cf8-e398-4de4-a7b7-caaead519d68 admin admin] 192.168.122.166 "GET /compute/v2.1" status: 200 len: 393 microversion: 2.1 time: 0.004445
Feb 13 11:24:47 devstack devstack@n-api.service[58522]: [pid: 58522|app: 0|req: 16/33] 192.168.122.166 () {54 vars in 946 bytes} [Fri Feb 13 11:24:47 2026] GET /compute/v2.1 => generated 393 bytes in 5 msecs (HTTP/1.1 200) 9 headers in 357 bytes (1 switches on core 0)
Feb 13 11:24:47 devstack devstack@n-api.service[58523]: DEBUG nova.api.openstack.wsgi [None req-32a49ae3-d77a-4f64-a031-96121d7e0596 admin admin] Action: 'create', calling method: >, body: {"flavor": {"OS-FLV-EXT-DATA:ephemeral": 0, "disk": 160, "name": "m1.xlarge", "ram": 16384, "rxtx_factor": 1.0, "vcpus": 8, "id": "5", "os-flavor-access:is_public": true, "swap": 0}} {{(pid=58523) _process_stack /opt/stack/nova/nova/api/openstack/wsgi.py:549}}
Feb 13 11:24:47 devstack devstack@n-api.service[58523]: INFO nova.api.openstack.requestlog [None req-32a49ae3-d77a-4f64-a031-96121d7e0596 admin admin] 192.168.122.166 "POST /compute/v2.1/flavors" status: 200 len: 416 microversion: 2.61 time: 0.109442
Feb 13 11:24:47 devstack devstack@n-api.service[58523]: [pid: 58523|app: 0|req: 18/34] 192.168.122.166 () {64 vars in 1298 bytes} [Fri Feb 13 11:24:47 2026] POST /compute/v2.1/flavors => generated 416 bytes in 111 msecs (HTTP/1.1 200) 9 headers in 359 bytes (1 switches on core 0)
Feb 13 11:24:47 devstack devstack@n-api.service[58522]: DEBUG nova.api.openstack.wsgi [None req-b00051da-6124-49e6-aede-b57f8c88158c admin admin] Action: 'create', calling method: >, body: {"extra_specs": {"hw_rng:allowed": "True"}} {{(pid=58522) _process_stack /opt/stack/nova/nova/api/openstack/wsgi.py:549}}
Feb 13 11:24:47 devstack devstack@n-api.service[58522]: INFO nova.api.openstack.requestlog [None req-b00051da-6124-49e6-aede-b57f8c88158c admin admin] 192.168.122.166 "POST /compute/v2.1/flavors/5/os-extra_specs" status: 200 len: 43 microversion: 2.61 time: 0.026356
Feb 13 11:24:47 devstack devstack@n-api.service[58522]: [pid: 58522|app: 0|req: 17/35] 192.168.122.166 () {64 vars in 1348 bytes} [Fri Feb 13 11:24:47 2026] POST /compute/v2.1/flavors/5/os-extra_specs => generated 43 bytes in 27 msecs (HTTP/1.1 200) 9 headers in 358 bytes (1 switches on core 0)
Feb 13 11:24:52 devstack devstack@n-api.service[58523]: DEBUG nova.api.openstack.wsgi [None req-32a49ae3-d77a-4f64-a031-96121d7e0596 admin admin] Calling method '>' {{(pid=58523) _process_stack /opt/stack/nova/nova/api/openstack/wsgi.py:551}}
Feb 13 11:24:52 devstack devstack@n-api.service[58523]: INFO nova.api.openstack.requestlog [None req-32a49ae3-d77a-4f64-a031-96121d7e0596 admin admin] 192.168.122.166 "GET /compute/v2.1" status: 200 len: 393 microversion: 2.1 time: 0.004658
Feb 13 11:24:52 devstack devstack@n-api.service[58523]: [pid: 58523|app: 0|req: 19/36] 192.168.122.166 () {54 vars in 946 bytes} [Fri Feb 13 11:24:52 2026] GET /compute/v2.1 => generated 393 bytes in 6 msecs (HTTP/1.1 200) 9 headers in 357 bytes (1 switches on core 0)
Feb 13 11:24:52 devstack devstack@n-api.service[58522]: DEBUG nova.api.openstack.wsgi [None req-74243905-f866-492b-a214-718f1bbfe37a admin admin] Calling method '>' {{(pid=58522) _process_stack /opt/stack/nova/nova/api/openstack/wsgi.py:551}}
Feb 13 11:24:52 devstack devstack@n-api.service[58522]: DEBUG oslo_concurrency.lockutils [None req-74243905-f866-492b-a214-718f1bbfe37a admin admin] Acquiring lock "00000000-0000-0000-0000-000000000000" by "nova.context.set_target_cell..get_or_set_cached_cell_and_set_connections" {{(pid=58522) inner /opt/stack/data/venv/lib/python3.10/site-packages/oslo_concurrency/lockutils.py:506}}
Feb 13 11:24:52 devstack devstack@n-api.service[58522]: DEBUG oslo_concurrency.lockutils [None req-74243905-f866-492b-a214-718f1bbfe37a admin admin] Lock "00000000-0000-0000-0000-000000000000" acquired by "nova.context.set_target_cell..get_or_set_cached_cell_and_set_connections" :: waited 0.000s {{(pid=58522) inner /opt/stack/data/venv/lib/python3.10/site-packages/oslo_concurrency/lockutils.py:519}}
Feb 13 11:24:52 devstack devstack@n-api.service[58522]: DEBUG oslo_concurrency.lockutils [None req-74243905-f866-492b-a214-718f1bbfe37a admin admin] Lock "00000000-0000-0000-0000-000000000000" "released" by "nova.context.set_target_cell..get_or_set_cached_cell_and_set_connections" :: held 0.000s {{(pid=58522) inner /opt/stack/data/venv/lib/python3.10/site-packages/oslo_concurrency/lockutils.py:538}}
Feb 13 11:24:52 devstack devstack@n-api.service[58522]: DEBUG oslo_concurrency.lockutils [None req-74243905-f866-492b-a214-718f1bbfe37a admin admin] Acquiring lock "050e6328-c54b-4e97-941e-75ac1b8652e3" by "nova.context.set_target_cell..get_or_set_cached_cell_and_set_connections" {{(pid=58522) inner /opt/stack/data/venv/lib/python3.10/site-packages/oslo_concurrency/lockutils.py:506}}
Feb 13 11:24:52 devstack devstack@n-api.service[58522]: DEBUG oslo_concurrency.lockutils [None req-74243905-f866-492b-a214-718f1bbfe37a admin admin] Lock "050e6328-c54b-4e97-941e-75ac1b8652e3" acquired by "nova.context.set_target_cell..get_or_set_cached_cell_and_set_connections" :: waited 0.000s {{(pid=58522) inner /opt/stack/data/venv/lib/python3.10/site-packages/oslo_concurrency/lockutils.py:519}}
Feb 13 11:24:52 devstack devstack@n-api.service[58522]: DEBUG oslo_concurrency.lockutils [None req-74243905-f866-492b-a214-718f1bbfe37a admin admin] Lock "050e6328-c54b-4e97-941e-75ac1b8652e3" "released" by "nova.context.set_target_cell..get_or_set_cached_cell_and_set_connections" :: held 0.000s {{(pid=58522) inner /opt/stack/data/venv/lib/python3.10/site-packages/oslo_concurrency/lockutils.py:538}}
Feb 13 11:24:52 devstack devstack@n-api.service[58522]: INFO nova.api.openstack.requestlog [None req-74243905-f866-492b-a214-718f1bbfe37a admin admin] 192.168.122.166 "GET /compute/v2.1/os-services?binary=nova-compute&host=devstack" status: 200 len: 251 microversion: 2.69 time: 0.083363
Feb 13 11:24:52 devstack devstack@n-api.service[58522]: [pid: 58522|app: 0|req: 18/37] 192.168.122.166 () {60 vars in 1336 bytes} [Fri Feb 13 11:24:52 2026] GET /compute/v2.1/os-services?binary=nova-compute&host=devstack => generated 251 bytes in 85 msecs (HTTP/1.1 200) 9 headers in 359 bytes (1 switches on core 0)
Feb 13 11:24:57 devstack devstack@n-api.service[58523]: DEBUG dbcounter [-] [58523] Writing DB stats nova_api:SELECT=21,nova_api:SAVEPOINT=5,nova_api:INSERT=10,nova_api:RELEASE=5 {{(pid=58523) stat_writer /opt/stack/data/venv/lib/python3.10/site-packages/dbcounter.py:115}}
Feb 13 11:25:02 devstack devstack@n-api.service[58522]: DEBUG dbcounter [-] [58522] Writing DB stats nova_cell0:SELECT=1 {{(pid=58522) stat_writer /opt/stack/data/venv/lib/python3.10/site-packages/dbcounter.py:115}}
Feb 13 11:25:02 devstack devstack@n-api.service[58522]: DEBUG dbcounter [-] [58522] Writing DB stats nova_cell1:SELECT=1 {{(pid=58522) stat_writer /opt/stack/data/venv/lib/python3.10/site-packages/dbcounter.py:115}}
Feb 13 11:25:02 devstack devstack@n-api.service[58522]: DEBUG dbcounter [-] [58522] Writing DB stats nova_api:SELECT=23,nova_api:INSERT=10,nova_api:SAVEPOINT=5,nova_api:RELEASE=5 {{(pid=58522) stat_writer /opt/stack/data/venv/lib/python3.10/site-packages/dbcounter.py:115}}
Feb 13 11:25:19 devstack devstack@n-api.service[58523]: DEBUG nova.api.openstack.wsgi [None req-32a49ae3-d77a-4f64-a031-96121d7e0596 admin admin] Calling method '>' {{(pid=58523) _process_stack /opt/stack/nova/nova/api/openstack/wsgi.py:551}}
Feb 13 11:25:19 devstack devstack@n-api.service[58523]: INFO nova.api.openstack.requestlog [None req-32a49ae3-d77a-4f64-a031-96121d7e0596 admin admin] 192.168.122.166 "GET /compute/v2.1" status: 200 len: 393 microversion: 2.1 time: 0.005001
Feb 13 11:25:19 devstack devstack@n-api.service[58523]: [pid: 58523|app: 0|req: 20/38] 192.168.122.166 () {54 vars in 946 bytes} [Fri Feb 13 11:25:19 2026] GET /compute/v2.1 => generated 393 bytes in 7 msecs (HTTP/1.1 200) 9 headers in 357 bytes (1 switches on core 0)
Feb 13 11:25:19 devstack devstack@n-api.service[58522]: DEBUG nova.api.openstack.wsgi [None req-8912c1dd-f97e-4f71-a12e-2117fd918a8e admin admin] Calling method '>' {{(pid=58522) _process_stack /opt/stack/nova/nova/api/openstack/wsgi.py:551}}
Feb 13 11:25:19 devstack devstack@n-api.service[58522]: INFO nova.api.openstack.requestlog [None req-8912c1dd-f97e-4f71-a12e-2117fd918a8e admin admin] 192.168.122.166 "GET /compute/v2.1/flavors/detail?is_public=True" status: 200 len: 4282 microversion: 2.61 time: 0.061465
Feb 13 11:25:19 devstack devstack@n-api.service[58522]: [pid: 58522|app: 0|req: 19/39] 192.168.122.166 () {60 vars in 1307 bytes} [Fri Feb 13 11:25:19 2026] GET /compute/v2.1/flavors/detail?is_public=True => generated 4282 bytes in 64 msecs (HTTP/1.1 200) 9 headers in 360 bytes (1 switches on core 0)
Feb 13 11:25:23 devstack devstack@n-api.service[58523]: DEBUG nova.api.openstack.wsgi [None req-32a49ae3-d77a-4f64-a031-96121d7e0596 admin admin] Calling method '>' {{(pid=58523) _process_stack /opt/stack/nova/nova/api/openstack/wsgi.py:551}}
Feb 13 11:25:23 devstack devstack@n-api.service[58523]: INFO nova.api.openstack.requestlog [None req-32a49ae3-d77a-4f64-a031-96121d7e0596 admin admin] 192.168.122.166 "GET /compute/v2.1" status: 200 len: 393 microversion: 2.1 time: 0.005283
Feb 13 11:25:23 devstack devstack@n-api.service[58523]: [pid: 58523|app: 0|req: 21/40] 192.168.122.166 () {54 vars in 946 bytes} [Fri Feb 13 11:25:23 2026] GET /compute/v2.1 => generated 393 bytes in 6 msecs (HTTP/1.1 200) 9 headers in 357 bytes (1 switches on core 0)
Feb 13 11:25:23 devstack devstack@n-api.service[58522]: DEBUG nova.api.openstack.wsgi [None req-42c4a53a-6ab6-40d2-a44d-d0f7dd236002 admin admin] Action: 'create', calling method: >, body: {"flavor": {"os-flavor-access:is_public": true, "swap": 0, "vcpus": 1, "id": "42", "name": "m1.nano", "disk": 1, "rxtx_factor": 1.0, "ram": 192, "OS-FLV-EXT-DATA:ephemeral": 0}} {{(pid=58522) _process_stack /opt/stack/nova/nova/api/openstack/wsgi.py:549}}
Feb 13 11:25:23 devstack devstack@n-api.service[58522]: INFO nova.api.openstack.requestlog [None req-42c4a53a-6ab6-40d2-a44d-d0f7dd236002 admin admin] 192.168.122.166 "POST /compute/v2.1/flavors" status: 200 len: 413 microversion: 2.61 time: 0.059853
Feb 13 11:25:23 devstack devstack@n-api.service[58522]: [pid: 58522|app: 0|req: 20/41] 192.168.122.166 () {64 vars in 1298 bytes} [Fri Feb 13 11:25:23 2026] POST /compute/v2.1/flavors => generated 413 bytes in 63 msecs (HTTP/1.1 200) 9 headers in 359 bytes (1 switches on core 0)
Feb 13 11:25:23 devstack devstack@n-api.service[58523]: DEBUG nova.api.openstack.wsgi [None req-1d82885b-a2ed-455a-a3ae-ef2111982485 admin admin] Action: 'create', calling method: >, body: {"extra_specs": {"hw_rng:allowed": "True"}} {{(pid=58523) _process_stack /opt/stack/nova/nova/api/openstack/wsgi.py:549}}
Feb 13 11:25:23 devstack devstack@n-api.service[58523]: INFO nova.api.openstack.requestlog [None req-1d82885b-a2ed-455a-a3ae-ef2111982485 admin admin] 192.168.122.166 "POST /compute/v2.1/flavors/42/os-extra_specs" status: 200 len: 43 microversion: 2.61 time: 0.024431
Feb 13 11:25:23 devstack devstack@n-api.service[58523]: [pid: 58523|app: 0|req: 22/42] 192.168.122.166 () {64 vars in 1351 bytes} [Fri Feb 13 11:25:23 2026] POST /compute/v2.1/flavors/42/os-extra_specs => generated 43 bytes in 26 msecs (HTTP/1.1 200) 9 headers in 358 bytes (1 switches on core 0)
Feb 13 11:25:27 devstack devstack@n-api.service[58522]: DEBUG nova.api.openstack.wsgi [None req-42c4a53a-6ab6-40d2-a44d-d0f7dd236002 admin admin] Calling method '>' {{(pid=58522) _process_stack /opt/stack/nova/nova/api/openstack/wsgi.py:551}}
Feb 13 11:25:27 devstack devstack@n-api.service[58522]: INFO nova.api.openstack.requestlog [None req-42c4a53a-6ab6-40d2-a44d-d0f7dd236002 admin admin] 192.168.122.166 "GET /compute/v2.1" status: 200 len: 393 microversion: 2.1 time: 0.005597
Feb 13 11:25:27 devstack devstack@n-api.service[58522]: [pid: 58522|app: 0|req: 21/43] 192.168.122.166 () {54 vars in 946 bytes} [Fri Feb 13 11:25:27 2026] GET /compute/v2.1 => generated 393 bytes in 7 msecs (HTTP/1.1 200) 9 headers in 357 bytes (1 switches on core 0)
Feb 13 11:25:27 devstack devstack@n-api.service[58523]: DEBUG nova.api.openstack.wsgi [None req-4d2d8fbc-0f4b-4eed-b7a4-5199521fb18e admin admin] Action: 'create', calling method: >, body: {"flavor": {"ram": 256, "id": "84", "os-flavor-access:is_public": true, "name": "m1.micro", "disk": 1, "OS-FLV-EXT-DATA:ephemeral": 0, "vcpus": 1, "rxtx_factor": 1.0, "swap": 0}} {{(pid=58523) _process_stack /opt/stack/nova/nova/api/openstack/wsgi.py:549}}
Feb 13 11:25:27 devstack devstack@n-api.service[58523]: INFO nova.api.openstack.requestlog [None req-4d2d8fbc-0f4b-4eed-b7a4-5199521fb18e admin admin] 192.168.122.166 "POST /compute/v2.1/flavors" status: 200 len: 414 microversion: 2.61 time: 0.055372
Feb 13 11:25:27 devstack devstack@n-api.service[58523]: [pid: 58523|app: 0|req: 23/44] 192.168.122.166 () {64 vars in 1298 bytes} [Fri Feb 13 11:25:27 2026] POST /compute/v2.1/flavors => generated 414 bytes in 56 msecs (HTTP/1.1 200) 9 headers in 359 bytes (1 switches on core 0)
Feb 13 11:25:27 devstack devstack@n-api.service[58522]: DEBUG nova.api.openstack.wsgi [None req-6ba21907-3626-4a27-b0e7-53e0fab24376 admin admin] Action: 'create', calling method: >, body: {"extra_specs": {"hw_rng:allowed": "True"}} {{(pid=58522) _process_stack /opt/stack/nova/nova/api/openstack/wsgi.py:549}}
Feb 13 11:25:27 devstack devstack@n-api.service[58522]: INFO nova.api.openstack.requestlog [None req-6ba21907-3626-4a27-b0e7-53e0fab24376 admin admin] 192.168.122.166 "POST /compute/v2.1/flavors/84/os-extra_specs" status: 200 len: 43 microversion: 2.61 time: 0.026117
Feb 13 11:25:27 devstack devstack@n-api.service[58522]: [pid: 58522|app: 0|req: 22/45] 192.168.122.166 () {64 vars in 1351 bytes} [Fri Feb 13 11:25:27 2026] POST /compute/v2.1/flavors/84/os-extra_specs => generated 43 bytes in 27 msecs (HTTP/1.1 200) 9 headers in 358 bytes (1 switches on core 0)
Feb 13 11:25:37 devstack devstack@n-api.service[58523]: DEBUG dbcounter [-] [58523] Writing DB stats nova_api:SELECT=4,nova_api:SAVEPOINT=1,nova_api:INSERT=2,nova_api:RELEASE=1 {{(pid=58523) stat_writer /opt/stack/data/venv/lib/python3.10/site-packages/dbcounter.py:115}}
Feb 13 11:25:37 devstack devstack@n-api.service[58522]: DEBUG dbcounter [-] [58522] Writing DB stats nova_api:SELECT=5,nova_api:INSERT=2,nova_api:SAVEPOINT=1,nova_api:RELEASE=1 {{(pid=58522) stat_writer /opt/stack/data/venv/lib/python3.10/site-packages/dbcounter.py:115}}
Feb 13 11:27:28 devstack devstack@n-api.service[58523]: DEBUG nova.api.openstack.wsgi [None req-8f06baa2-24ce-4e4c-a33a-d79632bb3128 tempest-ServerRescueNegativeTestJSON-874400995 tempest-ServerRescueNegativeTestJSON-874400995-project-member] Action: 'create', calling method: >, body: {"server": {"name": "tempest-ServerRescueNegativeTestJSON-server-1623703919", "imageRef": "7adf0a41-cd34-4e1d-9ad3-2d6ba0cb730a", "flavorRef": "42", "adminPass": "***", "networks": [{"uuid": "}]}} {{(pid=58523) _process_stack /opt/stack/nova/nova/api/openstack/wsgi.py:549}}
Feb 13 11:27:28 devstack devstack@n-api.service[58523]: DEBUG oslo_concurrency.lockutils [None req-8f06baa2-24ce-4e4c-a33a-d79632bb3128 tempest-ServerRescueNegativeTestJSON-874400995 tempest-ServerRescueNegativeTestJSON-874400995-project-member] Acquiring lock "00000000-0000-0000-0000-000000000000" by "nova.context.set_target_cell..get_or_set_cached_cell_and_set_connections" {{(pid=58523) inner /opt/stack/data/venv/lib/python3.10/site-packages/oslo_concurrency/lockutils.py:506}}
Feb 13 11:27:28 devstack devstack@n-api.service[58523]: DEBUG oslo_concurrency.lockutils [None req-8f06baa2-24ce-4e4c-a33a-d79632bb3128 tempest-ServerRescueNegativeTestJSON-874400995 tempest-ServerRescueNegativeTestJSON-874400995-project-member] Lock "00000000-0000-0000-0000-000000000000" acquired by "nova.context.set_target_cell..get_or_set_cached_cell_and_set_connections" :: waited 0.001s {{(pid=58523) inner /opt/stack/data/venv/lib/python3.10/site-packages/oslo_concurrency/lockutils.py:519}}
Feb 13 11:27:28 devstack devstack@n-api.service[58523]: DEBUG oslo_concurrency.lockutils [None req-8f06baa2-24ce-4e4c-a33a-d79632bb3128 tempest-ServerRescueNegativeTestJSON-874400995 tempest-ServerRescueNegativeTestJSON-874400995-project-member] Lock "00000000-0000-0000-0000-000000000000" "released" by "nova.context.set_target_cell..get_or_set_cached_cell_and_set_connections" :: held 0.000s {{(pid=58523) inner /opt/stack/data/venv/lib/python3.10/site-packages/oslo_concurrency/lockutils.py:538}}
Feb 13 11:27:28 devstack devstack@n-api.service[58523]: DEBUG oslo_concurrency.lockutils [None req-8f06baa2-24ce-4e4c-a33a-d79632bb3128 tempest-ServerRescueNegativeTestJSON-874400995 tempest-ServerRescueNegativeTestJSON-874400995-project-member] Acquiring lock "050e6328-c54b-4e97-941e-75ac1b8652e3" by "nova.context.set_target_cell..get_or_set_cached_cell_and_set_connections" {{(pid=58523) inner /opt/stack/data/venv/lib/python3.10/site-packages/oslo_concurrency/lockutils.py:506}}
Feb 13 11:27:28 devstack devstack@n-api.service[58523]: DEBUG oslo_concurrency.lockutils [None req-8f06baa2-24ce-4e4c-a33a-d79632bb3128 tempest-ServerRescueNegativeTestJSON-874400995 tempest-ServerRescueNegativeTestJSON-874400995-project-member] Lock "050e6328-c54b-4e97-941e-75ac1b8652e3" acquired by "nova.context.set_target_cell..get_or_set_cached_cell_and_set_connections" :: waited 0.002s {{(pid=58523) inner /opt/stack/data/venv/lib/python3.10/site-packages/oslo_concurrency/lockutils.py:519}}
Feb 13 11:27:28 devstack devstack@n-api.service[58523]: DEBUG oslo_concurrency.lockutils [None req-8f06baa2-24ce-4e4c-a33a-d79632bb3128 tempest-ServerRescueNegativeTestJSON-874400995 tempest-ServerRescueNegativeTestJSON-874400995-project-member] Lock "050e6328-c54b-4e97-941e-75ac1b8652e3" "released" by "nova.context.set_target_cell..get_or_set_cached_cell_and_set_connections" :: held 0.000s {{(pid=58523) inner /opt/stack/data/venv/lib/python3.10/site-packages/oslo_concurrency/lockutils.py:538}}
Feb 13 11:27:28 devstack devstack@n-api.service[58523]: DEBUG nova.network.neutron [None req-8f06baa2-24ce-4e4c-a33a-d79632bb3128 tempest-ServerRescueNegativeTestJSON-874400995 tempest-ServerRescueNegativeTestJSON-874400995-project-member] validate_networks() for [('1f2dbb27-413d-4f1b-8fc7-f57292c6d58a', None, None, None, None, None)] {{(pid=58523) validate_networks /opt/stack/nova/nova/network/neutron.py:2685}}
Feb 13 11:27:28 devstack devstack@n-api.service[58523]: WARNING neutronclient.v2_0.client [None req-8f06baa2-24ce-4e4c-a33a-d79632bb3128 tempest-ServerRescueNegativeTestJSON-874400995 tempest-ServerRescueNegativeTestJSON-874400995-project-member] The python binding code in neutronclient is deprecated in favor of OpenstackSDK, please use that as this will be removed in a future release.
Feb 13 11:27:34 devstack devstack@n-api.service[58522]: DEBUG nova.api.openstack.wsgi [None req-690aafba-c519-4f41-851b-abf3fb4ce987 tempest-DeleteServersTestJSON-287191767 tempest-DeleteServersTestJSON-287191767-project-member] Action: 'create', calling method: >, body: {"server": {"name": "tempest-DeleteServersTestJSON-server-1269693350", "imageRef": "7adf0a41-cd34-4e1d-9ad3-2d6ba0cb730a", "flavorRef": "42", "networks": [{"uuid": "1bd7fc5e-3d58-46ec-9758-dc96f6d47926"}]}} {{(pid=58522) _process_stack /opt/stack/nova/nova/api/openstack/wsgi.py:549}}
Feb 13 11:27:34 devstack devstack@n-api.service[58522]: DEBUG oslo_concurrency.lockutils [None req-690aafba-c519-4f41-851b-abf3fb4ce987 tempest-DeleteServersTestJSON-287191767 tempest-DeleteServersTestJSON-287191767-project-member] Acquiring lock "00000000-0000-0000-0000-000000000000" by "nova.context.set_target_cell..get_or_set_cached_cell_and_set_connections" {{(pid=58522) inner /opt/stack/data/venv/lib/python3.10/site-packages/oslo_concurrency/lockutils.py:506}}
Feb 13 11:27:34 devstack devstack@n-api.service[58522]: DEBUG oslo_concurrency.lockutils [None req-690aafba-c519-4f41-851b-abf3fb4ce987 tempest-DeleteServersTestJSON-287191767 tempest-DeleteServersTestJSON-287191767-project-member] Lock "00000000-0000-0000-0000-000000000000" acquired by "nova.context.set_target_cell..get_or_set_cached_cell_and_set_connections" :: waited 0.001s {{(pid=58522) inner /opt/stack/data/venv/lib/python3.10/site-packages/oslo_concurrency/lockutils.py:519}}
Feb 13 11:27:34 devstack devstack@n-api.service[58522]: DEBUG oslo_concurrency.lockutils [None req-690aafba-c519-4f41-851b-abf3fb4ce987 tempest-DeleteServersTestJSON-287191767 tempest-DeleteServersTestJSON-287191767-project-member] Lock "00000000-0000-0000-0000-000000000000" "released" by "nova.context.set_target_cell..get_or_set_cached_cell_and_set_connections" :: held 0.000s {{(pid=58522) inner /opt/stack/data/venv/lib/python3.10/site-packages/oslo_concurrency/lockutils.py:538}}
Feb 13 11:27:34 devstack devstack@n-api.service[58522]: DEBUG oslo_concurrency.lockutils [None req-690aafba-c519-4f41-851b-abf3fb4ce987 tempest-DeleteServersTestJSON-287191767 tempest-DeleteServersTestJSON-287191767-project-member] Acquiring lock "050e6328-c54b-4e97-941e-75ac1b8652e3" by "nova.context.set_target_cell..get_or_set_cached_cell_and_set_connections" {{(pid=58522) inner /opt/stack/data/venv/lib/python3.10/site-packages/oslo_concurrency/lockutils.py:506}}
Feb 13 11:27:34 devstack devstack@n-api.service[58522]: DEBUG oslo_concurrency.lockutils [None req-690aafba-c519-4f41-851b-abf3fb4ce987 tempest-DeleteServersTestJSON-287191767 tempest-DeleteServersTestJSON-287191767-project-member] Lock "050e6328-c54b-4e97-941e-75ac1b8652e3" acquired by "nova.context.set_target_cell..get_or_set_cached_cell_and_set_connections" :: waited 0.000s {{(pid=58522) inner /opt/stack/data/venv/lib/python3.10/site-packages/oslo_concurrency/lockutils.py:519}}
Feb 13 11:27:34 devstack devstack@n-api.service[58522]: DEBUG oslo_concurrency.lockutils [None req-690aafba-c519-4f41-851b-abf3fb4ce987 tempest-DeleteServersTestJSON-287191767 tempest-DeleteServersTestJSON-287191767-project-member] Lock "050e6328-c54b-4e97-941e-75ac1b8652e3" "released" by "nova.context.set_target_cell..get_or_set_cached_cell_and_set_connections" :: held 0.000s {{(pid=58522) inner /opt/stack/data/venv/lib/python3.10/site-packages/oslo_concurrency/lockutils.py:538}}
Feb 13 11:27:34 devstack devstack@n-api.service[58522]: DEBUG nova.network.neutron [None req-690aafba-c519-4f41-851b-abf3fb4ce987 tempest-DeleteServersTestJSON-287191767 tempest-DeleteServersTestJSON-287191767-project-member] validate_networks() for [('1bd7fc5e-3d58-46ec-9758-dc96f6d47926', None, None, None, None, None)] {{(pid=58522) validate_networks /opt/stack/nova/nova/network/neutron.py:2685}}
Feb 13 11:27:34 devstack devstack@n-api.service[58522]: WARNING neutronclient.v2_0.client [None req-690aafba-c519-4f41-851b-abf3fb4ce987 tempest-DeleteServersTestJSON-287191767 tempest-DeleteServersTestJSON-287191767-project-member] The python binding code in neutronclient is deprecated in favor of OpenstackSDK, please use that as this will be removed in a future release.
Feb 13 11:27:34 devstack devstack@n-api.service[58523]: WARNING neutronclient.v2_0.client [None req-8f06baa2-24ce-4e4c-a33a-d79632bb3128 tempest-ServerRescueNegativeTestJSON-874400995 tempest-ServerRescueNegativeTestJSON-874400995-project-member] The python binding code in neutronclient is deprecated in favor of OpenstackSDK, please use that as this will be removed in a future release.
Feb 13 11:27:37 devstack devstack@n-api.service[58522]: WARNING neutronclient.v2_0.client [None req-690aafba-c519-4f41-851b-abf3fb4ce987 tempest-DeleteServersTestJSON-287191767 tempest-DeleteServersTestJSON-287191767-project-member] The python binding code in neutronclient is deprecated in favor of OpenstackSDK, please use that as this will be removed in a future release.
Feb 13 11:27:37 devstack devstack@n-api.service[58523]: DEBUG nova.virt.hardware [None req-8f06baa2-24ce-4e4c-a33a-d79632bb3128 tempest-ServerRescueNegativeTestJSON-874400995 tempest-ServerRescueNegativeTestJSON-874400995-project-member] Flavor limits 0:0:0 {{(pid=58523) get_cpu_topology_constraints /opt/stack/nova/nova/virt/hardware.py:356}}
Feb 13 11:27:37 devstack devstack@n-api.service[58523]: DEBUG nova.virt.hardware [None req-8f06baa2-24ce-4e4c-a33a-d79632bb3128 tempest-ServerRescueNegativeTestJSON-874400995 tempest-ServerRescueNegativeTestJSON-874400995-project-member] Image limits 0:0:0 {{(pid=58523) get_cpu_topology_constraints /opt/stack/nova/nova/virt/hardware.py:360}}
Feb 13 11:27:37 devstack devstack@n-api.service[58523]: DEBUG nova.virt.hardware [None req-8f06baa2-24ce-4e4c-a33a-d79632bb3128 tempest-ServerRescueNegativeTestJSON-874400995 tempest-ServerRescueNegativeTestJSON-874400995-project-member] Flavor pref 0:0:0 {{(pid=58523) get_cpu_topology_constraints /opt/stack/nova/nova/virt/hardware.py:396}}
Feb 13 11:27:37 devstack devstack@n-api.service[58523]: DEBUG nova.virt.hardware [None req-8f06baa2-24ce-4e4c-a33a-d79632bb3128 tempest-ServerRescueNegativeTestJSON-874400995 tempest-ServerRescueNegativeTestJSON-874400995-project-member] Image pref 0:0:0 {{(pid=58523) get_cpu_topology_constraints /opt/stack/nova/nova/virt/hardware.py:400}}
Feb 13 11:27:37 devstack devstack@n-api.service[58523]: DEBUG nova.virt.hardware [None req-8f06baa2-24ce-4e4c-a33a-d79632bb3128 tempest-ServerRescueNegativeTestJSON-874400995 tempest-ServerRescueNegativeTestJSON-874400995-project-member] Chose sockets=0, cores=0, threads=0; limits were sockets=65536, cores=65536, threads=65536 {{(pid=58523) get_cpu_topology_constraints /opt/stack/nova/nova/virt/hardware.py:438}}
Feb 13 11:27:37 devstack devstack@n-api.service[58523]: DEBUG oslo_concurrency.lockutils [None req-8f06baa2-24ce-4e4c-a33a-d79632bb3128 tempest-ServerRescueNegativeTestJSON-874400995 tempest-ServerRescueNegativeTestJSON-874400995-project-member] Acquiring lock "00000000-0000-0000-0000-000000000000" by "nova.context.set_target_cell..get_or_set_cached_cell_and_set_connections" {{(pid=58523) inner /opt/stack/data/venv/lib/python3.10/site-packages/oslo_concurrency/lockutils.py:506}}
Feb 13 11:27:37 devstack devstack@n-api.service[58523]: DEBUG oslo_concurrency.lockutils [None req-8f06baa2-24ce-4e4c-a33a-d79632bb3128 tempest-ServerRescueNegativeTestJSON-874400995 tempest-ServerRescueNegativeTestJSON-874400995-project-member] Lock "00000000-0000-0000-0000-000000000000" acquired by "nova.context.set_target_cell..get_or_set_cached_cell_and_set_connections" :: waited 0.001s {{(pid=58523) inner /opt/stack/data/venv/lib/python3.10/site-packages/oslo_concurrency/lockutils.py:519}}
Feb 13 11:27:37 devstack devstack@n-api.service[58523]: DEBUG oslo_concurrency.lockutils [None req-8f06baa2-24ce-4e4c-a33a-d79632bb3128 tempest-ServerRescueNegativeTestJSON-874400995 tempest-ServerRescueNegativeTestJSON-874400995-project-member] Lock "00000000-0000-0000-0000-000000000000" "released" by "nova.context.set_target_cell..get_or_set_cached_cell_and_set_connections" :: held 0.001s {{(pid=58523) inner /opt/stack/data/venv/lib/python3.10/site-packages/oslo_concurrency/lockutils.py:538}}
Feb 13 11:27:37 devstack devstack@n-api.service[58523]: DEBUG oslo_concurrency.lockutils [None req-8f06baa2-24ce-4e4c-a33a-d79632bb3128 tempest-ServerRescueNegativeTestJSON-874400995 tempest-ServerRescueNegativeTestJSON-874400995-project-member] Acquiring lock "050e6328-c54b-4e97-941e-75ac1b8652e3" by "nova.context.set_target_cell..get_or_set_cached_cell_and_set_connections" {{(pid=58523) inner /opt/stack/data/venv/lib/python3.10/site-packages/oslo_concurrency/lockutils.py:506}}
Feb 13 11:27:37 devstack devstack@n-api.service[58523]: DEBUG oslo_concurrency.lockutils [None req-8f06baa2-24ce-4e4c-a33a-d79632bb3128 tempest-ServerRescueNegativeTestJSON-874400995 tempest-ServerRescueNegativeTestJSON-874400995-project-member] Lock "050e6328-c54b-4e97-941e-75ac1b8652e3" acquired by "nova.context.set_target_cell..get_or_set_cached_cell_and_set_connections" :: waited 0.003s {{(pid=58523) inner /opt/stack/data/venv/lib/python3.10/site-packages/oslo_concurrency/lockutils.py:519}}
Feb 13 11:27:37 devstack devstack@n-api.service[58523]: DEBUG oslo_concurrency.lockutils [None req-8f06baa2-24ce-4e4c-a33a-d79632bb3128 tempest-ServerRescueNegativeTestJSON-874400995 tempest-ServerRescueNegativeTestJSON-874400995-project-member] Lock "050e6328-c54b-4e97-941e-75ac1b8652e3" "released" by "nova.context.set_target_cell..get_or_set_cached_cell_and_set_connections" :: held 0.000s {{(pid=58523) inner /opt/stack/data/venv/lib/python3.10/site-packages/oslo_concurrency/lockutils.py:538}}
Feb 13 11:27:37 devstack devstack@n-api.service[58523]: DEBUG nova.quota [None req-8f06baa2-24ce-4e4c-a33a-d79632bb3128 tempest-ServerRescueNegativeTestJSON-874400995 tempest-ServerRescueNegativeTestJSON-874400995-project-member] Getting quotas for project 00a8693e7abd4e019b2ad7396b4400e5. Resources: {'cores', 'instances', 'ram'} {{(pid=58523) _get_quotas /opt/stack/nova/nova/quota.py:392}}
Feb 13 11:27:37 devstack devstack@n-api.service[58523]: DEBUG nova.quota [None req-8f06baa2-24ce-4e4c-a33a-d79632bb3128 tempest-ServerRescueNegativeTestJSON-874400995 tempest-ServerRescueNegativeTestJSON-874400995-project-member] Getting quotas for user 77b33c537a474a408621f0bd47d25e7a and project 00a8693e7abd4e019b2ad7396b4400e5. Resources: {'cores', 'instances', 'ram'} {{(pid=58523) _get_quotas /opt/stack/nova/nova/quota.py:382}}
Feb 13 11:27:37 devstack devstack@n-api.service[58523]: DEBUG nova.compute.api [None req-8f06baa2-24ce-4e4c-a33a-d79632bb3128 tempest-ServerRescueNegativeTestJSON-874400995 tempest-ServerRescueNegativeTestJSON-874400995-project-member] Going to run 1 instances... {{(pid=58523) _provision_instances /opt/stack/nova/nova/compute/api.py:1438}}
Feb 13 11:27:37 devstack devstack@n-api.service[58523]: DEBUG nova.compute.api [None req-8f06baa2-24ce-4e4c-a33a-d79632bb3128 tempest-ServerRescueNegativeTestJSON-874400995 tempest-ServerRescueNegativeTestJSON-874400995-project-member] [instance: 9aa44266-fe1e-4850-bcfc-606606f90a46] block_device_mapping [BlockDeviceMapping(attachment_id=,boot_index=0,connection_info=None,created_at=,delete_on_termination=True,deleted=,deleted_at=,destination_type='local',device_name=None,device_type='disk',disk_bus=None,encrypted=False,encryption_format=None,encryption_options=None,encryption_secret_uuid=None,guest_format=None,id=,image_id='7adf0a41-cd34-4e1d-9ad3-2d6ba0cb730a',instance=,instance_uuid=,no_device=False,snapshot_id=None,source_type='image',tag=None,updated_at=,uuid=,volume_id=None,volume_size=None,volume_type=None)] {{(pid=58523) _bdm_validate_set_size_and_instance /opt/stack/nova/nova/compute/api.py:1906}}
Feb 13 11:27:38 devstack devstack@n-api.service[58523]: INFO nova.api.openstack.requestlog [None req-8f06baa2-24ce-4e4c-a33a-d79632bb3128 tempest-ServerRescueNegativeTestJSON-874400995 tempest-ServerRescueNegativeTestJSON-874400995-project-member] 192.168.122.166 "POST /compute/v2.1/servers" status: 202 len: 391 microversion: 2.1 time: 10.194922
Feb 13 11:27:38 devstack devstack@n-api.service[58523]: [pid: 58523|app: 0|req: 24/46] 192.168.122.166 () {60 vars in 1162 bytes} [Fri Feb 13 11:27:28 2026] POST /compute/v2.1/servers => generated 391 bytes in 10196 msecs (HTTP/1.1 202) 10 headers in 455 bytes (1 switches on core 0)
Feb 13 11:27:38 devstack devstack@n-api.service[58523]: DEBUG nova.api.openstack.wsgi [None req-93a3ad65-0545-4649-abb3-36ff8467ad97 tempest-ServerRescueNegativeTestJSON-874400995 tempest-ServerRescueNegativeTestJSON-874400995-project-member] Calling method '>' {{(pid=58523) _process_stack /opt/stack/nova/nova/api/openstack/wsgi.py:551}}
Feb 13 11:27:38 devstack devstack@n-api.service[58523]: DEBUG nova.compute.api [None req-93a3ad65-0545-4649-abb3-36ff8467ad97 tempest-ServerRescueNegativeTestJSON-874400995 tempest-ServerRescueNegativeTestJSON-874400995-project-member] [instance: 9aa44266-fe1e-4850-bcfc-606606f90a46] Fetching instance by UUID {{(pid=58523) get /opt/stack/nova/nova/compute/api.py:3019}}
Feb 13 11:27:38 devstack devstack@n-api.service[58523]: WARNING neutronclient.v2_0.client [None req-93a3ad65-0545-4649-abb3-36ff8467ad97 tempest-ServerRescueNegativeTestJSON-874400995 tempest-ServerRescueNegativeTestJSON-874400995-project-member] The python binding code in neutronclient is deprecated in favor of OpenstackSDK, please use that as this will be removed in a future release.
Feb 13 11:27:41 devstack devstack@n-api.service[58523]: DEBUG nova.policy [None req-93a3ad65-0545-4649-abb3-36ff8467ad97 tempest-ServerRescueNegativeTestJSON-874400995 tempest-ServerRescueNegativeTestJSON-874400995-project-member] Policy check for os_compute_api:os-extended-server-attributes failed with credentials {'is_admin': False, 'user_id': '77b33c537a474a408621f0bd47d25e7a', 'user_domain_id': 'default', 'system_scope': None, 'domain_id': None, 'project_id': '00a8693e7abd4e019b2ad7396b4400e5', 'project_domain_id': 'default', 'roles': ['member', 'reader'], 'is_admin_project': True, 'service_user_id': None, 'service_user_domain_id': None, 'service_project_id': None, 'service_project_domain_id': None, 'service_roles': []} {{(pid=58523) authorize /opt/stack/nova/nova/policy.py:192}}
Feb 13 11:27:41 devstack devstack@n-api.service[58523]: INFO nova.api.openstack.requestlog [None req-93a3ad65-0545-4649-abb3-36ff8467ad97 tempest-ServerRescueNegativeTestJSON-874400995 tempest-ServerRescueNegativeTestJSON-874400995-project-member] 192.168.122.166 "GET /compute/v2.1/servers/9aa44266-fe1e-4850-bcfc-606606f90a46" status: 200 len: 1236 microversion: 2.1 time: 3.549683
Feb 13 11:27:41 devstack devstack@n-api.service[58523]: [pid: 58523|app: 0|req: 25/47] 192.168.122.166 () {58 vars in 1251 bytes} [Fri Feb 13 11:27:38 2026] GET /compute/v2.1/servers/9aa44266-fe1e-4850-bcfc-606606f90a46 => generated 1236 bytes in 3551 msecs (HTTP/1.1 200) 9 headers in 358 bytes (2 switches on core 0)
Feb 13 11:27:41 devstack devstack@n-api.service[58522]: DEBUG nova.virt.hardware [None req-690aafba-c519-4f41-851b-abf3fb4ce987 tempest-DeleteServersTestJSON-287191767 tempest-DeleteServersTestJSON-287191767-project-member] Flavor limits 0:0:0 {{(pid=58522) get_cpu_topology_constraints /opt/stack/nova/nova/virt/hardware.py:356}}
Feb 13 11:27:41 devstack devstack@n-api.service[58522]: DEBUG nova.virt.hardware [None req-690aafba-c519-4f41-851b-abf3fb4ce987 tempest-DeleteServersTestJSON-287191767 tempest-DeleteServersTestJSON-287191767-project-member] Image limits 0:0:0 {{(pid=58522) get_cpu_topology_constraints /opt/stack/nova/nova/virt/hardware.py:360}}
Feb 13 11:27:41 devstack devstack@n-api.service[58522]: DEBUG nova.virt.hardware [None req-690aafba-c519-4f41-851b-abf3fb4ce987 tempest-DeleteServersTestJSON-287191767 tempest-DeleteServersTestJSON-287191767-project-member] Flavor pref 0:0:0 {{(pid=58522) get_cpu_topology_constraints /opt/stack/nova/nova/virt/hardware.py:396}}
Feb 13 11:27:41 devstack devstack@n-api.service[58522]: DEBUG nova.virt.hardware [None req-690aafba-c519-4f41-851b-abf3fb4ce987 tempest-DeleteServersTestJSON-287191767 tempest-DeleteServersTestJSON-287191767-project-member] Image pref 0:0:0 {{(pid=58522) get_cpu_topology_constraints /opt/stack/nova/nova/virt/hardware.py:400}}
Feb 13 11:27:41 devstack devstack@n-api.service[58522]: DEBUG nova.virt.hardware [None req-690aafba-c519-4f41-851b-abf3fb4ce987 tempest-DeleteServersTestJSON-287191767 tempest-DeleteServersTestJSON-287191767-project-member] Chose sockets=0, cores=0, threads=0; limits were sockets=65536, cores=65536, threads=65536 {{(pid=58522) get_cpu_topology_constraints /opt/stack/nova/nova/virt/hardware.py:438}}
Feb 13 11:27:41 devstack devstack@n-api.service[58522]: DEBUG oslo_concurrency.lockutils [None req-690aafba-c519-4f41-851b-abf3fb4ce987 tempest-DeleteServersTestJSON-287191767 tempest-DeleteServersTestJSON-287191767-project-member] Acquiring lock "00000000-0000-0000-0000-000000000000" by "nova.context.set_target_cell..get_or_set_cached_cell_and_set_connections" {{(pid=58522) inner /opt/stack/data/venv/lib/python3.10/site-packages/oslo_concurrency/lockutils.py:506}}
Feb 13 11:27:41 devstack devstack@n-api.service[58522]: DEBUG oslo_concurrency.lockutils [None req-690aafba-c519-4f41-851b-abf3fb4ce987 tempest-DeleteServersTestJSON-287191767 tempest-DeleteServersTestJSON-287191767-project-member] Lock "00000000-0000-0000-0000-000000000000" acquired by "nova.context.set_target_cell..get_or_set_cached_cell_and_set_connections" :: waited 0.000s {{(pid=58522) inner /opt/stack/data/venv/lib/python3.10/site-packages/oslo_concurrency/lockutils.py:519}}
Feb 13 11:27:41 devstack devstack@n-api.service[58522]: DEBUG oslo_concurrency.lockutils [None req-690aafba-c519-4f41-851b-abf3fb4ce987 tempest-DeleteServersTestJSON-287191767 tempest-DeleteServersTestJSON-287191767-project-member] Lock "00000000-0000-0000-0000-000000000000" "released" by "nova.context.set_target_cell..get_or_set_cached_cell_and_set_connections" :: held 0.000s {{(pid=58522) inner /opt/stack/data/venv/lib/python3.10/site-packages/oslo_concurrency/lockutils.py:538}}
Feb 13 11:27:41 devstack devstack@n-api.service[58522]: DEBUG oslo_concurrency.lockutils [None req-690aafba-c519-4f41-851b-abf3fb4ce987 tempest-DeleteServersTestJSON-287191767 tempest-DeleteServersTestJSON-287191767-project-member] Acquiring lock "050e6328-c54b-4e97-941e-75ac1b8652e3" by "nova.context.set_target_cell..get_or_set_cached_cell_and_set_connections" {{(pid=58522) inner /opt/stack/data/venv/lib/python3.10/site-packages/oslo_concurrency/lockutils.py:506}}
Feb 13 11:27:41 devstack devstack@n-api.service[58522]: DEBUG oslo_concurrency.lockutils [None req-690aafba-c519-4f41-851b-abf3fb4ce987 tempest-DeleteServersTestJSON-287191767 tempest-DeleteServersTestJSON-287191767-project-member] Lock "050e6328-c54b-4e97-941e-75ac1b8652e3" acquired by "nova.context.set_target_cell..get_or_set_cached_cell_and_set_connections" :: waited 0.011s {{(pid=58522) inner /opt/stack/data/venv/lib/python3.10/site-packages/oslo_concurrency/lockutils.py:519}}
Feb 13 11:27:41 devstack devstack@n-api.service[58522]: DEBUG oslo_concurrency.lockutils [None req-690aafba-c519-4f41-851b-abf3fb4ce987 tempest-DeleteServersTestJSON-287191767 tempest-DeleteServersTestJSON-287191767-project-member] Lock "050e6328-c54b-4e97-941e-75ac1b8652e3" "released" by "nova.context.set_target_cell..get_or_set_cached_cell_and_set_connections" :: held 0.000s {{(pid=58522) inner /opt/stack/data/venv/lib/python3.10/site-packages/oslo_concurrency/lockutils.py:538}}
Feb 13 11:27:41 devstack devstack@n-api.service[58522]: DEBUG nova.quota [None req-690aafba-c519-4f41-851b-abf3fb4ce987 tempest-DeleteServersTestJSON-287191767 tempest-DeleteServersTestJSON-287191767-project-member] Getting quotas for project 4046532fbd434df28a86a78fd27ed3ee. Resources: {'cores', 'instances', 'ram'} {{(pid=58522) _get_quotas /opt/stack/nova/nova/quota.py:392}}
Feb 13 11:27:41 devstack devstack@n-api.service[58522]: DEBUG nova.quota [None req-690aafba-c519-4f41-851b-abf3fb4ce987 tempest-DeleteServersTestJSON-287191767 tempest-DeleteServersTestJSON-287191767-project-member] Getting quotas for user 5c5ac8881b024b6085214bfb012d384b and project 4046532fbd434df28a86a78fd27ed3ee. Resources: {'cores', 'instances', 'ram'} {{(pid=58522) _get_quotas /opt/stack/nova/nova/quota.py:382}}
Feb 13 11:27:41 devstack devstack@n-api.service[58522]: DEBUG nova.compute.api [None req-690aafba-c519-4f41-851b-abf3fb4ce987 tempest-DeleteServersTestJSON-287191767 tempest-DeleteServersTestJSON-287191767-project-member] Going to run 1 instances... {{(pid=58522) _provision_instances /opt/stack/nova/nova/compute/api.py:1438}}
Feb 13 11:27:41 devstack devstack@n-api.service[58522]: DEBUG nova.compute.api [None req-690aafba-c519-4f41-851b-abf3fb4ce987 tempest-DeleteServersTestJSON-287191767 tempest-DeleteServersTestJSON-287191767-project-member] [instance: 2129a2f3-998a-40fb-b9a0-7a34acf922c2] block_device_mapping [BlockDeviceMapping(attachment_id=,boot_index=0,connection_info=None,created_at=,delete_on_termination=True,deleted=,deleted_at=,destination_type='local',device_name=None,device_type='disk',disk_bus=None,encrypted=False,encryption_format=None,encryption_options=None,encryption_secret_uuid=None,guest_format=None,id=,image_id='7adf0a41-cd34-4e1d-9ad3-2d6ba0cb730a',instance=,instance_uuid=,no_device=False,snapshot_id=None,source_type='image',tag=None,updated_at=,uuid=,volume_id=None,volume_size=None,volume_type=None)] {{(pid=58522) _bdm_validate_set_size_and_instance /opt/stack/nova/nova/compute/api.py:1906}}
Feb 13 11:27:42 devstack devstack@n-api.service[58523]: DEBUG nova.api.openstack.wsgi [None req-757b9fec-53e7-4685-a5dc-7cb5b69c10e7 tempest-ServerRescueNegativeTestJSON-874400995 tempest-ServerRescueNegativeTestJSON-874400995-project-member] Action: 'create', calling method: >, body: {"server": {"name": "tempest-ServerRescueNegativeTestJSON-server-1575121192", "imageRef": "7adf0a41-cd34-4e1d-9ad3-2d6ba0cb730a", "flavorRef": "42", "adminPass": "***", "networks": [{"uuid": "}]}} {{(pid=58523) _process_stack /opt/stack/nova/nova/api/openstack/wsgi.py:549}}
Feb 13 11:27:42 devstack devstack@n-api.service[58523]: DEBUG oslo_concurrency.lockutils [None req-757b9fec-53e7-4685-a5dc-7cb5b69c10e7 tempest-ServerRescueNegativeTestJSON-874400995 tempest-ServerRescueNegativeTestJSON-874400995-project-member] Acquiring lock "00000000-0000-0000-0000-000000000000" by "nova.context.set_target_cell..get_or_set_cached_cell_and_set_connections" {{(pid=58523) inner /opt/stack/data/venv/lib/python3.10/site-packages/oslo_concurrency/lockutils.py:506}}
Feb 13 11:27:42 devstack devstack@n-api.service[58523]: DEBUG oslo_concurrency.lockutils [None req-757b9fec-53e7-4685-a5dc-7cb5b69c10e7 tempest-ServerRescueNegativeTestJSON-874400995 tempest-ServerRescueNegativeTestJSON-874400995-project-member] Lock "00000000-0000-0000-0000-000000000000" acquired by "nova.context.set_target_cell..get_or_set_cached_cell_and_set_connections" :: waited 0.000s {{(pid=58523) inner /opt/stack/data/venv/lib/python3.10/site-packages/oslo_concurrency/lockutils.py:519}}
Feb 13 11:27:42 devstack devstack@n-api.service[58523]: DEBUG oslo_concurrency.lockutils [None req-757b9fec-53e7-4685-a5dc-7cb5b69c10e7 tempest-ServerRescueNegativeTestJSON-874400995 tempest-ServerRescueNegativeTestJSON-874400995-project-member] Lock "00000000-0000-0000-0000-000000000000" "released" by "nova.context.set_target_cell..get_or_set_cached_cell_and_set_connections" :: held 0.000s {{(pid=58523) inner /opt/stack/data/venv/lib/python3.10/site-packages/oslo_concurrency/lockutils.py:538}}
Feb 13 11:27:42 devstack devstack@n-api.service[58523]: DEBUG oslo_concurrency.lockutils [None req-757b9fec-53e7-4685-a5dc-7cb5b69c10e7 tempest-ServerRescueNegativeTestJSON-874400995 tempest-ServerRescueNegativeTestJSON-874400995-project-member] Acquiring lock "050e6328-c54b-4e97-941e-75ac1b8652e3" by "nova.context.set_target_cell..get_or_set_cached_cell_and_set_connections" {{(pid=58523) inner /opt/stack/data/venv/lib/python3.10/site-packages/oslo_concurrency/lockutils.py:506}}
