Jun 03 20:29:54 devstack cinder-volume[86212]: DEBUG oslo_concurrency.processutils [None req-6792450d-107e-4e5d-b0e4-7d0ff46e63e7 tempest-GroupsV314Test-1267005089 None] CMD "sudo cinder-rootwrap /etc/cinder/rootwrap.conf qemu-img rebase -u -b volume-0842569a-d5b3-4710-b451-c9ca054bd77b -F qcow2 /opt/stack/data/cinder/mnt/1cc249fe2d5704f5e43e82d4014656b9/volume-0842569a-d5b3-4710-b451-c9ca054bd77b.bbc2cb3c-f9af-4e06-9fa5-87895aad3a32" returned: 0 in 0.675s {{(pid=86212) execute /opt/stack/data/venv/lib/python3.12/site-packages/oslo_concurrency/processutils.py:468}}
Jun 03 20:29:54 devstack cinder-volume[86212]: WARNING cinder.volume.drivers.remotefs [None req-6792450d-107e-4e5d-b0e4-7d0ff46e63e7 tempest-GroupsV314Test-1267005089 None] /opt/stack/data/cinder/mnt/1cc249fe2d5704f5e43e82d4014656b9/volume-0842569a-d5b3-4710-b451-c9ca054bd77b.bbc2cb3c-f9af-4e06-9fa5-87895aad3a32 is being set with open permissions: ugo+rw: NotImplementedError
Jun 03 20:29:54 devstack cinder-volume[86212]: DEBUG oslo_concurrency.processutils [None req-6792450d-107e-4e5d-b0e4-7d0ff46e63e7 tempest-GroupsV314Test-1267005089 None] Running cmd (subprocess): sudo cinder-rootwrap /etc/cinder/rootwrap.conf chmod ugo+rw /opt/stack/data/cinder/mnt/1cc249fe2d5704f5e43e82d4014656b9/volume-0842569a-d5b3-4710-b451-c9ca054bd77b.bbc2cb3c-f9af-4e06-9fa5-87895aad3a32 {{(pid=86212) execute /opt/stack/data/venv/lib/python3.12/site-packages/oslo_concurrency/processutils.py:440}}
Jun 03 20:29:54 devstack sudo[93093]: quobyte : PWD=/ ; USER=root ; COMMAND=/opt/stack/data/venv/bin/cinder-rootwrap /etc/cinder/rootwrap.conf chmod ugo+rw /opt/stack/data/cinder/mnt/1cc249fe2d5704f5e43e82d4014656b9/volume-0842569a-d5b3-4710-b451-c9ca054bd77b.bbc2cb3c-f9af-4e06-9fa5-87895aad3a32
Jun 03 20:29:54 devstack sudo[93093]: pam_unix(sudo:session): session opened for user root(uid=0) by (uid=1000)
Jun 03 20:29:55 devstack sudo[93093]: pam_unix(sudo:session): session closed for user root
Jun 03 20:29:55 devstack cinder-volume[86212]: DEBUG oslo_concurrency.processutils [None req-6792450d-107e-4e5d-b0e4-7d0ff46e63e7 tempest-GroupsV314Test-1267005089 None] CMD "sudo cinder-rootwrap /etc/cinder/rootwrap.conf chmod ugo+rw /opt/stack/data/cinder/mnt/1cc249fe2d5704f5e43e82d4014656b9/volume-0842569a-d5b3-4710-b451-c9ca054bd77b.bbc2cb3c-f9af-4e06-9fa5-87895aad3a32" returned: 0 in 0.619s {{(pid=86212) execute /opt/stack/data/venv/lib/python3.12/site-packages/oslo_concurrency/processutils.py:468}}
Jun 03 20:29:55 devstack cinder-volume[86212]: DEBUG oslo_concurrency.processutils [None req-6792450d-107e-4e5d-b0e4-7d0ff46e63e7 tempest-GroupsV314Test-1267005089 None] Running cmd (subprocess): sudo cinder-rootwrap /etc/cinder/rootwrap.conf truncate -s0 /opt/stack/data/cinder/mnt/1cc249fe2d5704f5e43e82d4014656b9/volume-0842569a-d5b3-4710-b451-c9ca054bd77b.info {{(pid=86212) execute /opt/stack/data/venv/lib/python3.12/site-packages/oslo_concurrency/processutils.py:440}}
Jun 03 20:29:55 devstack sudo[93096]: quobyte : PWD=/ ; USER=root ; COMMAND=/opt/stack/data/venv/bin/cinder-rootwrap /etc/cinder/rootwrap.conf truncate -s0 /opt/stack/data/cinder/mnt/1cc249fe2d5704f5e43e82d4014656b9/volume-0842569a-d5b3-4710-b451-c9ca054bd77b.info
Jun 03 20:29:55 devstack sudo[93096]: pam_unix(sudo:session): session opened for user root(uid=0) by (uid=1000)
Jun 03 20:29:55 devstack sudo[93096]: pam_unix(sudo:session): session closed for user root
Jun 03 20:29:55 devstack cinder-volume[86212]: DEBUG oslo_concurrency.processutils [None req-6792450d-107e-4e5d-b0e4-7d0ff46e63e7 tempest-GroupsV314Test-1267005089 None] CMD "sudo cinder-rootwrap /etc/cinder/rootwrap.conf truncate -s0 /opt/stack/data/cinder/mnt/1cc249fe2d5704f5e43e82d4014656b9/volume-0842569a-d5b3-4710-b451-c9ca054bd77b.info" returned: 0 in 0.598s {{(pid=86212) execute /opt/stack/data/venv/lib/python3.12/site-packages/oslo_concurrency/processutils.py:468}}
Jun 03 20:29:55 devstack cinder-volume[86212]: WARNING cinder.volume.drivers.remotefs [None req-6792450d-107e-4e5d-b0e4-7d0ff46e63e7 tempest-GroupsV314Test-1267005089 None] /opt/stack/data/cinder/mnt/1cc249fe2d5704f5e43e82d4014656b9/volume-0842569a-d5b3-4710-b451-c9ca054bd77b.info is being set with open permissions: ugo+rw: NotImplementedError
Jun 03 20:29:55 devstack cinder-volume[86212]: DEBUG oslo_concurrency.processutils [None req-6792450d-107e-4e5d-b0e4-7d0ff46e63e7 tempest-GroupsV314Test-1267005089 None] Running cmd (subprocess): sudo cinder-rootwrap /etc/cinder/rootwrap.conf chmod ugo+rw /opt/stack/data/cinder/mnt/1cc249fe2d5704f5e43e82d4014656b9/volume-0842569a-d5b3-4710-b451-c9ca054bd77b.info {{(pid=86212) execute /opt/stack/data/venv/lib/python3.12/site-packages/oslo_concurrency/processutils.py:440}}
Jun 03 20:29:55 devstack sudo[93099]: quobyte : PWD=/ ; USER=root ; COMMAND=/opt/stack/data/venv/bin/cinder-rootwrap /etc/cinder/rootwrap.conf chmod ugo+rw /opt/stack/data/cinder/mnt/1cc249fe2d5704f5e43e82d4014656b9/volume-0842569a-d5b3-4710-b451-c9ca054bd77b.info
Jun 03 20:29:55 devstack sudo[93099]: pam_unix(sudo:session): session opened for user root(uid=0) by (uid=1000)
Jun 03 20:29:56 devstack sudo[93099]: pam_unix(sudo:session): session closed for user root
Jun 03 20:29:56 devstack cinder-volume[86212]: DEBUG oslo_concurrency.processutils [None req-6792450d-107e-4e5d-b0e4-7d0ff46e63e7 tempest-GroupsV314Test-1267005089 None] CMD "sudo cinder-rootwrap /etc/cinder/rootwrap.conf chmod ugo+rw /opt/stack/data/cinder/mnt/1cc249fe2d5704f5e43e82d4014656b9/volume-0842569a-d5b3-4710-b451-c9ca054bd77b.info" returned: 0 in 0.586s {{(pid=86212) execute /opt/stack/data/venv/lib/python3.12/site-packages/oslo_concurrency/processutils.py:468}}
Jun 03 20:29:56 devstack cinder-volume[86212]: DEBUG cinder.coordination [None req-6792450d-107e-4e5d-b0e4-7d0ff46e63e7 tempest-GroupsV314Test-1267005089 None] Acquiring lock "cinder-quobyte-1cf7405f-b394-488f-be8f-7f8f33d2e4cc" by "_copy_volume_from_snapshot" {{(pid=86212) __acquire /opt/stack/cinder/cinder/coordination.py:138}}
Jun 03 20:29:56 devstack cinder-volume[86212]: DEBUG cinder.coordination [None req-6792450d-107e-4e5d-b0e4-7d0ff46e63e7 tempest-GroupsV314Test-1267005089 None] Lock "cinder-quobyte-1cf7405f-b394-488f-be8f-7f8f33d2e4cc" acquired by "_copy_volume_from_snapshot" :: waited 0.023s {{(pid=86212) __acquire /opt/stack/cinder/cinder/coordination.py:141}}
Jun 03 20:29:56 devstack cinder-volume[86212]: DEBUG cinder.volume.drivers.quobyte [None req-6792450d-107e-4e5d-b0e4-7d0ff46e63e7 tempest-GroupsV314Test-1267005089 None] snapshot: bbc2cb3c-f9af-4e06-9fa5-87895aad3a32, volume: 1cf7405f-b394-488f-be8f-7f8f33d2e4cc, {{(pid=86212) _copy_volume_from_snapshot /opt/stack/cinder/cinder/volume/drivers/quobyte.py:401}}
Jun 03 20:29:56 devstack cinder-volume[86212]: DEBUG oslo_concurrency.lockutils [None req-6792450d-107e-4e5d-b0e4-7d0ff46e63e7 tempest-GroupsV314Test-1267005089 None] Acquiring lock "quobyte_ensure" by "cinder.volume.drivers.quobyte.QuobyteDriver._ensure_shares_mounted" {{(pid=86212) inner /opt/stack/data/venv/lib/python3.12/site-packages/oslo_concurrency/lockutils.py:506}}
Jun 03 20:29:56 devstack cinder-volume[86212]: DEBUG oslo_concurrency.lockutils [None req-6792450d-107e-4e5d-b0e4-7d0ff46e63e7 tempest-GroupsV314Test-1267005089 None] Lock "quobyte_ensure" acquired by "cinder.volume.drivers.quobyte.QuobyteDriver._ensure_shares_mounted" :: waited 0.001s {{(pid=86212) inner /opt/stack/data/venv/lib/python3.12/site-packages/oslo_concurrency/lockutils.py:519}}
Jun 03 20:29:56 devstack cinder-volume[86212]: DEBUG cinder.volume.drivers.quobyte [None req-6792450d-107e-4e5d-b0e4-7d0ff46e63e7 tempest-GroupsV314Test-1267005089 None] Quobyte Volume URL set to: {'osci02.corp.quobyte.com/cinder-vol-c63b4f85-6e4d-4b45-a6fc-84f7a50988e5': None} {{(pid=86212) _load_shares_config /opt/stack/cinder/cinder/volume/drivers/quobyte.py:617}}
Jun 03 20:29:56 devstack cinder-volume[86212]: DEBUG cinder.volume.drivers.quobyte [None req-6792450d-107e-4e5d-b0e4-7d0ff46e63e7 tempest-GroupsV314Test-1267005089 None] Available shares ['osci02.corp.quobyte.com/cinder-vol-c63b4f85-6e4d-4b45-a6fc-84f7a50988e5'] {{(pid=86212) _ensure_shares_mounted /opt/stack/cinder/cinder/volume/drivers/quobyte.py:647}}
Jun 03 20:29:56 devstack cinder-volume[86212]: DEBUG oslo_concurrency.lockutils [None req-6792450d-107e-4e5d-b0e4-7d0ff46e63e7 tempest-GroupsV314Test-1267005089 None] Lock "quobyte_ensure" "released" by "cinder.volume.drivers.quobyte.QuobyteDriver._ensure_shares_mounted" :: held 0.006s {{(pid=86212) inner /opt/stack/data/venv/lib/python3.12/site-packages/oslo_concurrency/lockutils.py:538}}
Jun 03 20:29:56 devstack cinder-volume[86212]: DEBUG oslo.privsep.daemon [-] privsep: reply[07cccb5e-7c72-4a30-838c-a0bb4762b28e]: (4, 'qcow2') {{(pid=87438) _call_back /opt/stack/data/venv/lib/python3.12/site-packages/oslo_privsep/daemon.py:573}}
Jun 03 20:29:56 devstack cinder-volume[86212]: DEBUG oslo_concurrency.processutils [None req-6792450d-107e-4e5d-b0e4-7d0ff46e63e7 tempest-GroupsV314Test-1267005089 None] Running cmd (subprocess): /opt/stack/data/venv/bin/python3.12 -m oslo_concurrency.prlimit --as=1073741824 --cpu=60 -- sudo cinder-rootwrap /etc/cinder/rootwrap.conf env LC_ALL=C qemu-img info -f qcow2 --output=json --force-share /opt/stack/data/cinder/mnt/1cc249fe2d5704f5e43e82d4014656b9/volume-0842569a-d5b3-4710-b451-c9ca054bd77b.bbc2cb3c-f9af-4e06-9fa5-87895aad3a32 {{(pid=86212) execute /opt/stack/data/venv/lib/python3.12/site-packages/oslo_concurrency/processutils.py:440}}
Jun 03 20:29:56 devstack sudo[93102]: quobyte : PWD=/ ; USER=root ; COMMAND=/opt/stack/data/venv/bin/cinder-rootwrap /etc/cinder/rootwrap.conf env LC_ALL=C qemu-img info -f qcow2 --output=json --force-share /opt/stack/data/cinder/mnt/1cc249fe2d5704f5e43e82d4014656b9/volume-0842569a-d5b3-4710-b451-c9ca054bd77b.bbc2cb3c-f9af-4e06-9fa5-87895aad3a32
Jun 03 20:29:56 devstack sudo[93102]: pam_unix(sudo:session): session opened for user root(uid=0) by (uid=1000)
Jun 03 20:29:57 devstack sudo[93102]: pam_unix(sudo:session): session closed for user root
Jun 03 20:29:57 devstack cinder-volume[86212]: DEBUG oslo_concurrency.processutils [None req-6792450d-107e-4e5d-b0e4-7d0ff46e63e7 tempest-GroupsV314Test-1267005089 None] CMD "/opt/stack/data/venv/bin/python3.12 -m oslo_concurrency.prlimit --as=1073741824 --cpu=60 -- sudo cinder-rootwrap /etc/cinder/rootwrap.conf env LC_ALL=C qemu-img info -f qcow2 --output=json --force-share /opt/stack/data/cinder/mnt/1cc249fe2d5704f5e43e82d4014656b9/volume-0842569a-d5b3-4710-b451-c9ca054bd77b.bbc2cb3c-f9af-4e06-9fa5-87895aad3a32" returned: 0 in 0.745s {{(pid=86212) execute /opt/stack/data/venv/lib/python3.12/site-packages/oslo_concurrency/processutils.py:468}}
Jun 03 20:29:57 devstack cinder-volume[86212]: DEBUG cinder.volume.drivers.remotefs [None req-6792450d-107e-4e5d-b0e4-7d0ff46e63e7 tempest-GroupsV314Test-1267005089 None] Fetching qemu-img info with special backing_file_template: (/opt/stack/data/cinder/mnt/[0-9a-f]+/)?(volume-0842569a-d5b3-4710-b451-c9ca054bd77b(.(tmp-snap-)?[0-9a-f-]+)?|volume_from_snapshot_cache/(tmp-snap-)?[0-9a-f-]+(.(child-|parent-)[0-9a-f-]+)?)$ {{(pid=86212) _qemu_img_info_base /opt/stack/cinder/cinder/volume/drivers/remotefs.py:896}}
Jun 03 20:29:57 devstack cinder-volume[86212]: DEBUG cinder.volume.drivers.quobyte [None req-6792450d-107e-4e5d-b0e4-7d0ff46e63e7 tempest-GroupsV314Test-1267005089 None] will copy from snapshot at /opt/stack/data/cinder/mnt/1cc249fe2d5704f5e43e82d4014656b9/volume-0842569a-d5b3-4710-b451-c9ca054bd77b {{(pid=86212) _copy_volume_from_snapshot /opt/stack/cinder/cinder/volume/drivers/quobyte.py:420}}
Jun 03 20:29:57 devstack cinder-volume[86212]: DEBUG cinder.volume.drivers.quobyte [None req-6792450d-107e-4e5d-b0e4-7d0ff46e63e7 tempest-GroupsV314Test-1267005089 None] Creating direct copy from snapshot {{(pid=86212) _copy_volume_from_snapshot /opt/stack/cinder/cinder/volume/drivers/quobyte.py:428}}
Jun 03 20:29:57 devstack cinder-volume[86212]: DEBUG oslo.privsep.daemon [-] privsep: reply[cb3a46ed-e821-4305-9e04-e4c9c08af676]: (4, 'qcow2') {{(pid=87438) _call_back /opt/stack/data/venv/lib/python3.12/site-packages/oslo_privsep/daemon.py:573}}
Jun 03 20:29:57 devstack cinder-volume[86212]: DEBUG oslo_concurrency.processutils [None req-6792450d-107e-4e5d-b0e4-7d0ff46e63e7 tempest-GroupsV314Test-1267005089 None] Running cmd (subprocess): /opt/stack/data/venv/bin/python3.12 -m oslo_concurrency.prlimit --as=1073741824 --cpu=60 -- sudo cinder-rootwrap /etc/cinder/rootwrap.conf env LC_ALL=C qemu-img info -f qcow2 --output=json /opt/stack/data/cinder/mnt/1cc249fe2d5704f5e43e82d4014656b9/volume-0842569a-d5b3-4710-b451-c9ca054bd77b {{(pid=86212) execute /opt/stack/data/venv/lib/python3.12/site-packages/oslo_concurrency/processutils.py:440}}
Jun 03 20:29:57 devstack sudo[93107]: quobyte : PWD=/ ; USER=root ; COMMAND=/opt/stack/data/venv/bin/cinder-rootwrap /etc/cinder/rootwrap.conf env LC_ALL=C qemu-img info -f qcow2 --output=json /opt/stack/data/cinder/mnt/1cc249fe2d5704f5e43e82d4014656b9/volume-0842569a-d5b3-4710-b451-c9ca054bd77b
Jun 03 20:29:57 devstack sudo[93107]: pam_unix(sudo:session): session opened for user root(uid=0) by (uid=1000)
Jun 03 20:29:57 devstack sudo[93107]: pam_unix(sudo:session): session closed for user root
Jun 03 20:29:57 devstack cinder-volume[86212]: DEBUG oslo_concurrency.processutils [None req-6792450d-107e-4e5d-b0e4-7d0ff46e63e7 tempest-GroupsV314Test-1267005089 None] CMD "/opt/stack/data/venv/bin/python3.12 -m oslo_concurrency.prlimit --as=1073741824 --cpu=60 -- sudo cinder-rootwrap /etc/cinder/rootwrap.conf env LC_ALL=C qemu-img info -f qcow2 --output=json /opt/stack/data/cinder/mnt/1cc249fe2d5704f5e43e82d4014656b9/volume-0842569a-d5b3-4710-b451-c9ca054bd77b" returned: 0 in 0.732s {{(pid=86212) execute /opt/stack/data/venv/lib/python3.12/site-packages/oslo_concurrency/processutils.py:468}}
Jun 03 20:29:57 devstack cinder-volume[86212]: DEBUG cinder.utils [None req-6792450d-107e-4e5d-b0e4-7d0ff46e63e7 tempest-GroupsV314Test-1267005089 None] Path /opt/stack/data/cinder/mnt/1cc249fe2d5704f5e43e82d4014656b9/volume-1cf7405f-b394-488f-be8f-7f8f33d2e4cc not found in is_blk_device check {{(pid=86212) is_blk_device /opt/stack/cinder/cinder/utils.py:615}}
Jun 03 20:29:57 devstack cinder-volume[86212]: DEBUG oslo_concurrency.processutils [None req-6792450d-107e-4e5d-b0e4-7d0ff46e63e7 tempest-GroupsV314Test-1267005089 None] Running cmd (subprocess): sudo cinder-rootwrap /etc/cinder/rootwrap.conf qemu-img convert -O qcow2 /opt/stack/data/cinder/mnt/1cc249fe2d5704f5e43e82d4014656b9/volume-0842569a-d5b3-4710-b451-c9ca054bd77b /opt/stack/data/cinder/mnt/1cc249fe2d5704f5e43e82d4014656b9/volume-1cf7405f-b394-488f-be8f-7f8f33d2e4cc {{(pid=86212) execute /opt/stack/data/venv/lib/python3.12/site-packages/oslo_concurrency/processutils.py:440}}
Jun 03 20:29:57 devstack sudo[93112]: quobyte : PWD=/ ; USER=root ; COMMAND=/opt/stack/data/venv/bin/cinder-rootwrap /etc/cinder/rootwrap.conf qemu-img convert -O qcow2 /opt/stack/data/cinder/mnt/1cc249fe2d5704f5e43e82d4014656b9/volume-0842569a-d5b3-4710-b451-c9ca054bd77b /opt/stack/data/cinder/mnt/1cc249fe2d5704f5e43e82d4014656b9/volume-1cf7405f-b394-488f-be8f-7f8f33d2e4cc
Jun 03 20:29:57 devstack sudo[93112]: pam_unix(sudo:session): session opened for user root(uid=0) by (uid=1000)
Jun 03 20:30:02 devstack sudo[93112]: pam_unix(sudo:session): session closed for user root
Jun 03 20:30:02 devstack cinder-volume[86212]: DEBUG oslo_concurrency.processutils [None req-6792450d-107e-4e5d-b0e4-7d0ff46e63e7 tempest-GroupsV314Test-1267005089 None] CMD "sudo cinder-rootwrap /etc/cinder/rootwrap.conf qemu-img convert -O qcow2 /opt/stack/data/cinder/mnt/1cc249fe2d5704f5e43e82d4014656b9/volume-0842569a-d5b3-4710-b451-c9ca054bd77b /opt/stack/data/cinder/mnt/1cc249fe2d5704f5e43e82d4014656b9/volume-1cf7405f-b394-488f-be8f-7f8f33d2e4cc" returned: 0 in 4.866s {{(pid=86212) execute /opt/stack/data/venv/lib/python3.12/site-packages/oslo_concurrency/processutils.py:468}}
Jun 03 20:30:02 devstack cinder-volume[86212]: DEBUG oslo.privsep.daemon [-] privsep: reply[deafd467-2c9a-4e6a-9056-a5dc07b2b7d8]: (4, 'qcow2') {{(pid=87438) _call_back /opt/stack/data/venv/lib/python3.12/site-packages/oslo_privsep/daemon.py:573}}
Jun 03 20:30:02 devstack cinder-volume[86212]: DEBUG oslo_concurrency.processutils [None req-6792450d-107e-4e5d-b0e4-7d0ff46e63e7 tempest-GroupsV314Test-1267005089 None] Running cmd (subprocess): /opt/stack/data/venv/bin/python3.12 -m oslo_concurrency.prlimit --as=1073741824 --cpu=60 -- sudo cinder-rootwrap /etc/cinder/rootwrap.conf env LC_ALL=C qemu-img info -f qcow2 --output=json /opt/stack/data/cinder/mnt/1cc249fe2d5704f5e43e82d4014656b9/volume-0842569a-d5b3-4710-b451-c9ca054bd77b {{(pid=86212) execute /opt/stack/data/venv/lib/python3.12/site-packages/oslo_concurrency/processutils.py:440}}
Jun 03 20:30:02 devstack sudo[93152]: quobyte : PWD=/ ; USER=root ; COMMAND=/opt/stack/data/venv/bin/cinder-rootwrap /etc/cinder/rootwrap.conf env LC_ALL=C qemu-img info -f qcow2 --output=json /opt/stack/data/cinder/mnt/1cc249fe2d5704f5e43e82d4014656b9/volume-0842569a-d5b3-4710-b451-c9ca054bd77b
Jun 03 20:30:02 devstack sudo[93152]: pam_unix(sudo:session): session opened for user root(uid=0) by (uid=1000)
Jun 03 20:30:04 devstack sudo[93152]: pam_unix(sudo:session): session closed for user root
Jun 03 20:30:04 devstack cinder-volume[86212]: DEBUG oslo_concurrency.processutils [None req-6792450d-107e-4e5d-b0e4-7d0ff46e63e7 tempest-GroupsV314Test-1267005089 None] CMD "/opt/stack/data/venv/bin/python3.12 -m oslo_concurrency.prlimit --as=1073741824 --cpu=60 -- sudo cinder-rootwrap /etc/cinder/rootwrap.conf env LC_ALL=C qemu-img info -f qcow2 --output=json /opt/stack/data/cinder/mnt/1cc249fe2d5704f5e43e82d4014656b9/volume-0842569a-d5b3-4710-b451-c9ca054bd77b" returned: 0 in 1.243s {{(pid=86212) execute /opt/stack/data/venv/lib/python3.12/site-packages/oslo_concurrency/processutils.py:468}}
Jun 03 20:30:04 devstack cinder-volume[86212]: DEBUG cinder.image.image_utils [None req-6792450d-107e-4e5d-b0e4-7d0ff46e63e7 tempest-GroupsV314Test-1267005089 None] Image conversion details: src /opt/stack/data/cinder/mnt/1cc249fe2d5704f5e43e82d4014656b9/volume-0842569a-d5b3-4710-b451-c9ca054bd77b, size 1024.00 MB, duration 4.87 sec, destination /opt/stack/data/cinder/mnt/1cc249fe2d5704f5e43e82d4014656b9/volume-1cf7405f-b394-488f-be8f-7f8f33d2e4cc {{(pid=86212) _convert_image /opt/stack/cinder/cinder/image/image_utils.py:536}}
Jun 03 20:30:04 devstack cinder-volume[86212]: INFO cinder.image.image_utils [None req-6792450d-107e-4e5d-b0e4-7d0ff46e63e7 tempest-GroupsV314Test-1267005089 None] Converted 1024.00 MB image at 210.39 MB/s
Jun 03 20:30:04 devstack cinder-volume[86212]: WARNING cinder.volume.drivers.remotefs [None req-6792450d-107e-4e5d-b0e4-7d0ff46e63e7 tempest-GroupsV314Test-1267005089 None] /opt/stack/data/cinder/mnt/1cc249fe2d5704f5e43e82d4014656b9/volume-1cf7405f-b394-488f-be8f-7f8f33d2e4cc is being set with open permissions: ugo+rw: NotImplementedError
Jun 03 20:30:04 devstack cinder-volume[86212]: DEBUG oslo_concurrency.processutils [None req-6792450d-107e-4e5d-b0e4-7d0ff46e63e7 tempest-GroupsV314Test-1267005089 None] Running cmd (subprocess): sudo cinder-rootwrap /etc/cinder/rootwrap.conf chmod ugo+rw /opt/stack/data/cinder/mnt/1cc249fe2d5704f5e43e82d4014656b9/volume-1cf7405f-b394-488f-be8f-7f8f33d2e4cc {{(pid=86212) execute /opt/stack/data/venv/lib/python3.12/site-packages/oslo_concurrency/processutils.py:440}}
Jun 03 20:30:04 devstack sudo[93227]: quobyte : PWD=/ ; USER=root ; COMMAND=/opt/stack/data/venv/bin/cinder-rootwrap /etc/cinder/rootwrap.conf chmod ugo+rw /opt/stack/data/cinder/mnt/1cc249fe2d5704f5e43e82d4014656b9/volume-1cf7405f-b394-488f-be8f-7f8f33d2e4cc
Jun 03 20:30:04 devstack sudo[93227]: pam_unix(sudo:session): session opened for user root(uid=0) by (uid=1000)
Jun 03 20:30:04 devstack sudo[93227]: pam_unix(sudo:session): session closed for user root
Jun 03 20:30:04 devstack cinder-volume[86212]: DEBUG oslo_concurrency.processutils [None req-6792450d-107e-4e5d-b0e4-7d0ff46e63e7 tempest-GroupsV314Test-1267005089 None] CMD "sudo cinder-rootwrap /etc/cinder/rootwrap.conf chmod ugo+rw /opt/stack/data/cinder/mnt/1cc249fe2d5704f5e43e82d4014656b9/volume-1cf7405f-b394-488f-be8f-7f8f33d2e4cc" returned: 0 in 0.620s {{(pid=86212) execute /opt/stack/data/venv/lib/python3.12/site-packages/oslo_concurrency/processutils.py:468}}
Jun 03 20:30:04 devstack cinder-volume[86212]: DEBUG cinder.coordination [None req-6792450d-107e-4e5d-b0e4-7d0ff46e63e7 tempest-GroupsV314Test-1267005089 None] Lock "cinder-quobyte-1cf7405f-b394-488f-be8f-7f8f33d2e4cc" released by "_copy_volume_from_snapshot" :: held 8.309s {{(pid=86212) __release /opt/stack/cinder/cinder/coordination.py:152}}
Jun 03 20:30:04 devstack cinder-volume[86212]: DEBUG cinder.coordination [None req-6792450d-107e-4e5d-b0e4-7d0ff46e63e7 tempest-GroupsV314Test-1267005089 None] Acquiring lock "cinder-quobyte-bbc2cb3c-f9af-4e06-9fa5-87895aad3a32" by "_delete_snapshot" {{(pid=86212) __acquire /opt/stack/cinder/cinder/coordination.py:138}}
Jun 03 20:30:04 devstack cinder-volume[86212]: DEBUG cinder.coordination [None req-6792450d-107e-4e5d-b0e4-7d0ff46e63e7 tempest-GroupsV314Test-1267005089 None] Lock "cinder-quobyte-bbc2cb3c-f9af-4e06-9fa5-87895aad3a32" acquired by "_delete_snapshot" :: waited 0.019s {{(pid=86212) __acquire /opt/stack/cinder/cinder/coordination.py:141}}
Jun 03 20:30:04 devstack cinder-volume[86212]: DEBUG cinder.volume.drivers.remotefs [None req-6792450d-107e-4e5d-b0e4-7d0ff46e63e7 tempest-GroupsV314Test-1267005089 None] Deleting offline snapshot bbc2cb3c-f9af-4e06-9fa5-87895aad3a32 of volume 0842569a-d5b3-4710-b451-c9ca054bd77b {{(pid=86212) _delete_snapshot /opt/stack/cinder/cinder/volume/drivers/remotefs.py:1288}}
Jun 03 20:30:04 devstack cinder-volume[86212]: DEBUG cinder.volume.drivers.remotefs [None req-6792450d-107e-4e5d-b0e4-7d0ff46e63e7 tempest-GroupsV314Test-1267005089 None] snapshot_file for this snap is: volume-0842569a-d5b3-4710-b451-c9ca054bd77b.bbc2cb3c-f9af-4e06-9fa5-87895aad3a32 {{(pid=86212) _delete_snapshot /opt/stack/cinder/cinder/volume/drivers/remotefs.py:1317}}
Jun 03 20:30:04 devstack cinder-volume[86212]: DEBUG oslo.privsep.daemon [-] privsep: reply[be6d9e01-3a4a-49ac-b7a4-cee43c888598]: (4, 'qcow2') {{(pid=87438) _call_back /opt/stack/data/venv/lib/python3.12/site-packages/oslo_privsep/daemon.py:573}}
Jun 03 20:30:04 devstack cinder-volume[86212]: DEBUG oslo_concurrency.processutils [None req-6792450d-107e-4e5d-b0e4-7d0ff46e63e7 tempest-GroupsV314Test-1267005089 None] Running cmd (subprocess): /opt/stack/data/venv/bin/python3.12 -m oslo_concurrency.prlimit --as=1073741824 --cpu=60 -- sudo cinder-rootwrap /etc/cinder/rootwrap.conf env LC_ALL=C qemu-img info -f qcow2 --output=json --force-share /opt/stack/data/cinder/mnt/1cc249fe2d5704f5e43e82d4014656b9/volume-0842569a-d5b3-4710-b451-c9ca054bd77b.bbc2cb3c-f9af-4e06-9fa5-87895aad3a32 {{(pid=86212) execute /opt/stack/data/venv/lib/python3.12/site-packages/oslo_concurrency/processutils.py:440}}
Jun 03 20:30:04 devstack sudo[93231]: quobyte : PWD=/ ; USER=root ; COMMAND=/opt/stack/data/venv/bin/cinder-rootwrap /etc/cinder/rootwrap.conf env LC_ALL=C qemu-img info -f qcow2 --output=json --force-share /opt/stack/data/cinder/mnt/1cc249fe2d5704f5e43e82d4014656b9/volume-0842569a-d5b3-4710-b451-c9ca054bd77b.bbc2cb3c-f9af-4e06-9fa5-87895aad3a32
Jun 03 20:30:04 devstack sudo[93231]: pam_unix(sudo:session): session opened for user root(uid=0) by (uid=1000)
Jun 03 20:30:05 devstack cinder-volume[86212]: DEBUG dbcounter [-] [86212] Writing DB stats cinder:SELECT=35,cinder:UPDATE=43,cinder:INSERT=10,cinder:DELETE=3 {{(pid=86212) stat_writer /opt/stack/data/venv/lib/python3.12/site-packages/dbcounter.py:115}}
Jun 03 20:30:05 devstack sudo[93231]: pam_unix(sudo:session): session closed for user root
Jun 03 20:30:05 devstack cinder-volume[86212]: DEBUG oslo_concurrency.processutils [None req-6792450d-107e-4e5d-b0e4-7d0ff46e63e7 tempest-GroupsV314Test-1267005089 None] CMD "/opt/stack/data/venv/bin/python3.12 -m oslo_concurrency.prlimit --as=1073741824 --cpu=60 -- sudo cinder-rootwrap /etc/cinder/rootwrap.conf env LC_ALL=C qemu-img info -f qcow2 --output=json --force-share /opt/stack/data/cinder/mnt/1cc249fe2d5704f5e43e82d4014656b9/volume-0842569a-d5b3-4710-b451-c9ca054bd77b.bbc2cb3c-f9af-4e06-9fa5-87895aad3a32" returned: 0 in 0.786s {{(pid=86212) execute /opt/stack/data/venv/lib/python3.12/site-packages/oslo_concurrency/processutils.py:468}}
Jun 03 20:30:05 devstack cinder-volume[86212]: DEBUG cinder.volume.drivers.remotefs [None req-6792450d-107e-4e5d-b0e4-7d0ff46e63e7 tempest-GroupsV314Test-1267005089 None] Fetching qemu-img info with special backing_file_template: (/opt/stack/data/cinder/mnt/[0-9a-f]+/)?(volume-0842569a-d5b3-4710-b451-c9ca054bd77b(.(tmp-snap-)?[0-9a-f-]+)?|volume_from_snapshot_cache/(tmp-snap-)?[0-9a-f-]+(.(child-|parent-)[0-9a-f-]+)?)$ {{(pid=86212) _qemu_img_info_base /opt/stack/cinder/cinder/volume/drivers/remotefs.py:896}}
Jun 03 20:30:05 devstack cinder-volume[86212]: DEBUG oslo.privsep.daemon [-] privsep: reply[1d7ce360-7745-49d3-a483-5322f887b643]: (4, 'qcow2') {{(pid=87438) _call_back /opt/stack/data/venv/lib/python3.12/site-packages/oslo_privsep/daemon.py:573}}
Jun 03 20:30:05 devstack cinder-volume[86212]: DEBUG oslo_concurrency.processutils [None req-6792450d-107e-4e5d-b0e4-7d0ff46e63e7 tempest-GroupsV314Test-1267005089 None] Running cmd (subprocess): /opt/stack/data/venv/bin/python3.12 -m oslo_concurrency.prlimit --as=1073741824 --cpu=60 -- sudo cinder-rootwrap /etc/cinder/rootwrap.conf env LC_ALL=C qemu-img info -f qcow2 --output=json --force-share /opt/stack/data/cinder/mnt/1cc249fe2d5704f5e43e82d4014656b9/volume-0842569a-d5b3-4710-b451-c9ca054bd77b {{(pid=86212) execute /opt/stack/data/venv/lib/python3.12/site-packages/oslo_concurrency/processutils.py:440}}
Jun 03 20:30:05 devstack sudo[93237]: quobyte : PWD=/ ; USER=root ; COMMAND=/opt/stack/data/venv/bin/cinder-rootwrap /etc/cinder/rootwrap.conf env LC_ALL=C qemu-img info -f qcow2 --output=json --force-share /opt/stack/data/cinder/mnt/1cc249fe2d5704f5e43e82d4014656b9/volume-0842569a-d5b3-4710-b451-c9ca054bd77b
Jun 03 20:30:05 devstack sudo[93237]: pam_unix(sudo:session): session opened for user root(uid=0) by (uid=1000)
Jun 03 20:30:06 devstack sudo[93237]: pam_unix(sudo:session): session closed for user root
Jun 03 20:30:06 devstack cinder-volume[86212]: DEBUG oslo_concurrency.processutils [None req-6792450d-107e-4e5d-b0e4-7d0ff46e63e7 tempest-GroupsV314Test-1267005089 None] CMD "/opt/stack/data/venv/bin/python3.12 -m oslo_concurrency.prlimit --as=1073741824 --cpu=60 -- sudo cinder-rootwrap /etc/cinder/rootwrap.conf env LC_ALL=C qemu-img info -f qcow2 --output=json --force-share /opt/stack/data/cinder/mnt/1cc249fe2d5704f5e43e82d4014656b9/volume-0842569a-d5b3-4710-b451-c9ca054bd77b" returned: 0 in 0.756s {{(pid=86212) execute /opt/stack/data/venv/lib/python3.12/site-packages/oslo_concurrency/processutils.py:468}}
Jun 03 20:30:06 devstack cinder-volume[86212]: DEBUG oslo_concurrency.processutils [None req-6792450d-107e-4e5d-b0e4-7d0ff46e63e7 tempest-GroupsV314Test-1267005089 None] Running cmd (subprocess): sudo cinder-rootwrap /etc/cinder/rootwrap.conf qemu-img commit -d /opt/stack/data/cinder/mnt/1cc249fe2d5704f5e43e82d4014656b9/volume-0842569a-d5b3-4710-b451-c9ca054bd77b.bbc2cb3c-f9af-4e06-9fa5-87895aad3a32 {{(pid=86212) execute /opt/stack/data/venv/lib/python3.12/site-packages/oslo_concurrency/processutils.py:440}}
Jun 03 20:30:06 devstack sudo[93242]: quobyte : PWD=/ ; USER=root ; COMMAND=/opt/stack/data/venv/bin/cinder-rootwrap /etc/cinder/rootwrap.conf qemu-img commit -d /opt/stack/data/cinder/mnt/1cc249fe2d5704f5e43e82d4014656b9/volume-0842569a-d5b3-4710-b451-c9ca054bd77b.bbc2cb3c-f9af-4e06-9fa5-87895aad3a32
Jun 03 20:30:06 devstack sudo[93242]: pam_unix(sudo:session): session opened for user root(uid=0) by (uid=1000)
Jun 03 20:30:07 devstack sudo[93242]: pam_unix(sudo:session): session closed for user root
Jun 03 20:30:07 devstack cinder-volume[86212]: DEBUG oslo_concurrency.processutils [None req-6792450d-107e-4e5d-b0e4-7d0ff46e63e7 tempest-GroupsV314Test-1267005089 None] CMD "sudo cinder-rootwrap /etc/cinder/rootwrap.conf qemu-img commit -d /opt/stack/data/cinder/mnt/1cc249fe2d5704f5e43e82d4014656b9/volume-0842569a-d5b3-4710-b451-c9ca054bd77b.bbc2cb3c-f9af-4e06-9fa5-87895aad3a32" returned: 0 in 0.760s {{(pid=86212) execute /opt/stack/data/venv/lib/python3.12/site-packages/oslo_concurrency/processutils.py:468}}
Jun 03 20:30:07 devstack cinder-volume[86212]: DEBUG oslo_concurrency.processutils [None req-6792450d-107e-4e5d-b0e4-7d0ff46e63e7 tempest-GroupsV314Test-1267005089 None] Running cmd (subprocess): sudo cinder-rootwrap /etc/cinder/rootwrap.conf rm -f /opt/stack/data/cinder/mnt/1cc249fe2d5704f5e43e82d4014656b9/volume-0842569a-d5b3-4710-b451-c9ca054bd77b.bbc2cb3c-f9af-4e06-9fa5-87895aad3a32 {{(pid=86212) execute /opt/stack/data/venv/lib/python3.12/site-packages/oslo_concurrency/processutils.py:440}}
Jun 03 20:30:07 devstack sudo[93248]: quobyte : PWD=/ ; USER=root ; COMMAND=/opt/stack/data/venv/bin/cinder-rootwrap /etc/cinder/rootwrap.conf rm -f /opt/stack/data/cinder/mnt/1cc249fe2d5704f5e43e82d4014656b9/volume-0842569a-d5b3-4710-b451-c9ca054bd77b.bbc2cb3c-f9af-4e06-9fa5-87895aad3a32
Jun 03 20:30:07 devstack sudo[93248]: pam_unix(sudo:session): session opened for user root(uid=0) by (uid=1000)
Jun 03 20:30:07 devstack sudo[93248]: pam_unix(sudo:session): session closed for user root
Jun 03 20:30:07 devstack cinder-volume[86212]: DEBUG oslo_concurrency.processutils [None req-6792450d-107e-4e5d-b0e4-7d0ff46e63e7 tempest-GroupsV314Test-1267005089 None] CMD "sudo cinder-rootwrap /etc/cinder/rootwrap.conf rm -f /opt/stack/data/cinder/mnt/1cc249fe2d5704f5e43e82d4014656b9/volume-0842569a-d5b3-4710-b451-c9ca054bd77b.bbc2cb3c-f9af-4e06-9fa5-87895aad3a32" returned: 0 in 0.581s {{(pid=86212) execute /opt/stack/data/venv/lib/python3.12/site-packages/oslo_concurrency/processutils.py:468}}
Jun 03 20:30:07 devstack cinder-volume[86212]: DEBUG cinder.coordination [None req-6792450d-107e-4e5d-b0e4-7d0ff46e63e7 tempest-GroupsV314Test-1267005089 None] Lock "cinder-quobyte-bbc2cb3c-f9af-4e06-9fa5-87895aad3a32" released by "_delete_snapshot" :: held 2.998s {{(pid=86212) __release /opt/stack/cinder/cinder/coordination.py:152}}
Jun 03 20:30:07 devstack cinder-volume[86212]: DEBUG oslo_concurrency.lockutils [None req-6792450d-107e-4e5d-b0e4-7d0ff46e63e7 tempest-GroupsV314Test-1267005089 None] Lock "quobyte" "released" by "cinder.volume.drivers.quobyte.QuobyteDriver.create_cloned_volume" :: held 16.053s {{(pid=86212) inner /opt/stack/data/venv/lib/python3.12/site-packages/oslo_concurrency/lockutils.py:538}}
Jun 03 20:30:07 devstack cinder-volume[86212]: DEBUG oslo_concurrency.lockutils [None req-3f61da2a-0d81-4a4e-a720-f06f55d409b1 tempest-GroupSnapshotsTest-1446744115 None] Lock "quobyte" acquired by "cinder.volume.drivers.quobyte.QuobyteDriver.create_volume" :: waited 14.687s {{(pid=86212) inner /opt/stack/data/venv/lib/python3.12/site-packages/oslo_concurrency/lockutils.py:519}}
Jun 03 20:30:07 devstack cinder-volume[86212]: DEBUG cinder.volume.drivers.quobyte [None req-3f61da2a-0d81-4a4e-a720-f06f55d409b1 tempest-GroupSnapshotsTest-1446744115 None] ==> create_volume: call "{'self': , 'volume': Volume(_name_id=None,admin_metadata=,attach_status='detached',availability_zone='nova',bootable=False,cluster=,cluster_name=None,consistencygroup=,consistencygroup_id=76613a4a-57c2-4ec3-a313-977ea4f4e7a2,created_at=2026-06-03T18:29:53Z,deleted=False,deleted_at=None,display_description=None,display_name='tempest-volume-78673291',ec2_id=None,encryption_key_id=None,glance_metadata=,group=,group_id=76613a4a-57c2-4ec3-a313-977ea4f4e7a2,host='devstack@QuobyteHD#QuobyteHD',id=c5d5600a-00cc-4a17-99a3-60205e015181,launched_at=None,metadata={},migration_status=None,multiattach=False,previous_status=None,project_id='a90b01507bc64cdd98de0fcd955f0ef3',provider_auth=None,provider_geometry=None,provider_id=None,provider_location=None,replication_driver_data=None,replication_extended_status=None,replication_status=None,scheduled_at=2026-06-03T18:29:53Z,service_uuid=None,shared_targets=True,size=1,snapshot_id=None,snapshots=,source_volid=None,status='creating',terminated_at=None,updated_at=2026-06-03T18:29:53Z,use_quota=True,user_id='459507dfd54c45a19eeba5d6701cf058',volume_attachment=VolumeAttachmentList,volume_type=VolumeType(83740784-9138-46ef-ba72-dba8cb8dbf9c),volume_type_id=83740784-9138-46ef-ba72-dba8cb8dbf9c)}" {{(pid=86212) trace_logging_wrapper /opt/stack/cinder/cinder/volume/volume_utils.py:1497}}
Jun 03 20:30:07 devstack cinder-volume[86212]: DEBUG cinder.volume.drivers.remotefs [None req-3f61da2a-0d81-4a4e-a720-f06f55d409b1 tempest-GroupSnapshotsTest-1446744115 None] Creating volume c5d5600a-00cc-4a17-99a3-60205e015181 {{(pid=86212) create_volume /opt/stack/cinder/cinder/volume/drivers/remotefs.py:292}}
Jun 03 20:30:07 devstack cinder-volume[86212]: DEBUG oslo_concurrency.lockutils [None req-3f61da2a-0d81-4a4e-a720-f06f55d409b1 tempest-GroupSnapshotsTest-1446744115 None] Acquiring lock "quobyte_ensure" by "cinder.volume.drivers.quobyte.QuobyteDriver._ensure_shares_mounted" {{(pid=86212) inner /opt/stack/data/venv/lib/python3.12/site-packages/oslo_concurrency/lockutils.py:506}}
Jun 03 20:30:07 devstack cinder-volume[86212]: DEBUG oslo_concurrency.lockutils [None req-3f61da2a-0d81-4a4e-a720-f06f55d409b1 tempest-GroupSnapshotsTest-1446744115 None] Lock "quobyte_ensure" acquired by "cinder.volume.drivers.quobyte.QuobyteDriver._ensure_shares_mounted" :: waited 0.001s {{(pid=86212) inner /opt/stack/data/venv/lib/python3.12/site-packages/oslo_concurrency/lockutils.py:519}}
Jun 03 20:30:07 devstack cinder-volume[86212]: DEBUG cinder.volume.drivers.quobyte [None req-3f61da2a-0d81-4a4e-a720-f06f55d409b1 tempest-GroupSnapshotsTest-1446744115 None] Quobyte Volume URL set to: {'osci02.corp.quobyte.com/cinder-vol-c63b4f85-6e4d-4b45-a6fc-84f7a50988e5': None} {{(pid=86212) _load_shares_config /opt/stack/cinder/cinder/volume/drivers/quobyte.py:617}}
Jun 03 20:30:07 devstack cinder-volume[86212]: DEBUG cinder.volume.drivers.quobyte [None req-3f61da2a-0d81-4a4e-a720-f06f55d409b1 tempest-GroupSnapshotsTest-1446744115 None] Available shares ['osci02.corp.quobyte.com/cinder-vol-c63b4f85-6e4d-4b45-a6fc-84f7a50988e5'] {{(pid=86212) _ensure_shares_mounted /opt/stack/cinder/cinder/volume/drivers/quobyte.py:647}}
Jun 03 20:30:07 devstack cinder-volume[86212]: DEBUG oslo_concurrency.lockutils [None req-3f61da2a-0d81-4a4e-a720-f06f55d409b1 tempest-GroupSnapshotsTest-1446744115 None] Lock "quobyte_ensure" "released" by "cinder.volume.drivers.quobyte.QuobyteDriver._ensure_shares_mounted" :: held 0.010s {{(pid=86212) inner /opt/stack/data/venv/lib/python3.12/site-packages/oslo_concurrency/lockutils.py:538}}
Jun 03 20:30:07 devstack cinder-volume[86212]: DEBUG cinder.volume.drivers.quobyte [None req-3f61da2a-0d81-4a4e-a720-f06f55d409b1 tempest-GroupSnapshotsTest-1446744115 None] Selected osci02.corp.quobyte.com/cinder-vol-c63b4f85-6e4d-4b45-a6fc-84f7a50988e5 as target Quobyte volume. {{(pid=86212) _find_share /opt/stack/cinder/cinder/volume/drivers/quobyte.py:668}}
Jun 03 20:30:07 devstack cinder-volume[86212]: INFO cinder.volume.drivers.remotefs [None req-3f61da2a-0d81-4a4e-a720-f06f55d409b1 tempest-GroupSnapshotsTest-1446744115 None] casted to osci02.corp.quobyte.com/cinder-vol-c63b4f85-6e4d-4b45-a6fc-84f7a50988e5
Jun 03 20:30:07 devstack cinder-volume[86212]: DEBUG oslo_concurrency.processutils [None req-3f61da2a-0d81-4a4e-a720-f06f55d409b1 tempest-GroupSnapshotsTest-1446744115 None] Running cmd (subprocess): sudo cinder-rootwrap /etc/cinder/rootwrap.conf qemu-img create -f qcow2 -o preallocation=metadata /opt/stack/data/cinder/mnt/1cc249fe2d5704f5e43e82d4014656b9/volume-c5d5600a-00cc-4a17-99a3-60205e015181 1073741824 {{(pid=86212) execute /opt/stack/data/venv/lib/python3.12/site-packages/oslo_concurrency/processutils.py:440}}
Jun 03 20:30:07 devstack sudo[93251]: quobyte : PWD=/ ; USER=root ; COMMAND=/opt/stack/data/venv/bin/cinder-rootwrap /etc/cinder/rootwrap.conf qemu-img create -f qcow2 -o preallocation=metadata /opt/stack/data/cinder/mnt/1cc249fe2d5704f5e43e82d4014656b9/volume-c5d5600a-00cc-4a17-99a3-60205e015181 1073741824
Jun 03 20:30:07 devstack sudo[93251]: pam_unix(sudo:session): session opened for user root(uid=0) by (uid=1000)
Jun 03 20:30:07 devstack cinder-volume[86212]: INFO cinder.volume.manager [None req-6792450d-107e-4e5d-b0e4-7d0ff46e63e7 tempest-GroupsV314Test-1267005089 None] Create group from source-group-a746fc52-262f-4f6d-9d24-218a1e63ab77 completed successfully.
Jun 03 20:30:08 devstack sudo[93251]: pam_unix(sudo:session): session closed for user root
Jun 03 20:30:08 devstack cinder-volume[86212]: DEBUG oslo_concurrency.processutils [None req-3f61da2a-0d81-4a4e-a720-f06f55d409b1 tempest-GroupSnapshotsTest-1446744115 None] CMD "sudo cinder-rootwrap /etc/cinder/rootwrap.conf qemu-img create -f qcow2 -o preallocation=metadata /opt/stack/data/cinder/mnt/1cc249fe2d5704f5e43e82d4014656b9/volume-c5d5600a-00cc-4a17-99a3-60205e015181 1073741824" returned: 0 in 0.804s {{(pid=86212) execute /opt/stack/data/venv/lib/python3.12/site-packages/oslo_concurrency/processutils.py:468}}
Jun 03 20:30:08 devstack cinder-volume[86212]: DEBUG oslo_concurrency.processutils [None req-3f61da2a-0d81-4a4e-a720-f06f55d409b1 tempest-GroupSnapshotsTest-1446744115 None] Running cmd (subprocess): sudo cinder-rootwrap /etc/cinder/rootwrap.conf chmod ugo+rw /opt/stack/data/cinder/mnt/1cc249fe2d5704f5e43e82d4014656b9/volume-c5d5600a-00cc-4a17-99a3-60205e015181 {{(pid=86212) execute /opt/stack/data/venv/lib/python3.12/site-packages/oslo_concurrency/processutils.py:440}}
Jun 03 20:30:08 devstack sudo[93256]: quobyte : PWD=/ ; USER=root ; COMMAND=/opt/stack/data/venv/bin/cinder-rootwrap /etc/cinder/rootwrap.conf chmod ugo+rw /opt/stack/data/cinder/mnt/1cc249fe2d5704f5e43e82d4014656b9/volume-c5d5600a-00cc-4a17-99a3-60205e015181
Jun 03 20:30:08 devstack sudo[93256]: pam_unix(sudo:session): session opened for user root(uid=0) by (uid=1000)
Jun 03 20:30:09 devstack sudo[93256]: pam_unix(sudo:session): session closed for user root
Jun 03 20:30:09 devstack cinder-volume[86212]: DEBUG oslo_concurrency.processutils [None req-3f61da2a-0d81-4a4e-a720-f06f55d409b1 tempest-GroupSnapshotsTest-1446744115 None] CMD "sudo cinder-rootwrap /etc/cinder/rootwrap.conf chmod ugo+rw /opt/stack/data/cinder/mnt/1cc249fe2d5704f5e43e82d4014656b9/volume-c5d5600a-00cc-4a17-99a3-60205e015181" returned: 0 in 0.595s {{(pid=86212) execute /opt/stack/data/venv/lib/python3.12/site-packages/oslo_concurrency/processutils.py:468}}
Jun 03 20:30:09 devstack cinder-volume[86212]: DEBUG cinder.volume.drivers.quobyte [None req-3f61da2a-0d81-4a4e-a720-f06f55d409b1 tempest-GroupSnapshotsTest-1446744115 None] <== create_volume: return (1441ms) {'provider_location': 'osci02.corp.quobyte.com/cinder-vol-c63b4f85-6e4d-4b45-a6fc-84f7a50988e5'} {{(pid=86212) trace_logging_wrapper /opt/stack/cinder/cinder/volume/volume_utils.py:1522}}
Jun 03 20:30:09 devstack cinder-volume[86212]: DEBUG oslo_concurrency.lockutils [None req-3f61da2a-0d81-4a4e-a720-f06f55d409b1 tempest-GroupSnapshotsTest-1446744115 None] Lock "quobyte" "released" by "cinder.volume.drivers.quobyte.QuobyteDriver.create_volume" :: held 1.445s {{(pid=86212) inner /opt/stack/data/venv/lib/python3.12/site-packages/oslo_concurrency/lockutils.py:538}}
Jun 03 20:30:09 devstack cinder-volume[86212]: DEBUG cinder.volume.manager [None req-3f61da2a-0d81-4a4e-a720-f06f55d409b1 tempest-GroupSnapshotsTest-1446744115 None] Task 'cinder.volume.flows.manager.create_volume.CreateVolumeFromSpecTask;volume:create' (1e368b25-78fb-4f4d-a727-6fa91be7cd20) transitioned into state 'SUCCESS' from state 'RUNNING' with result '{'status': 'creating', 'volume_name': 'volume-c5d5600a-00cc-4a17-99a3-60205e015181', 'volume_size': 1}' {{(pid=86212) _task_receiver /opt/stack/data/venv/lib/python3.12/site-packages/taskflow/listeners/logging.py:182}}
Jun 03 20:30:09 devstack cinder-volume[86212]: DEBUG cinder.volume.manager [None req-3f61da2a-0d81-4a4e-a720-f06f55d409b1 tempest-GroupSnapshotsTest-1446744115 None] Task 'cinder.volume.flows.manager.create_volume.CreateVolumeOnFinishTask;volume:create, create.end' (8afba259-2bf4-4efe-850a-7171f4e41d27) transitioned into state 'RUNNING' from state 'PENDING' {{(pid=86212) _task_receiver /opt/stack/data/venv/lib/python3.12/site-packages/taskflow/listeners/logging.py:194}}
Jun 03 20:30:09 devstack cinder-volume[86212]: INFO cinder.volume.flows.manager.create_volume [None req-3f61da2a-0d81-4a4e-a720-f06f55d409b1 tempest-GroupSnapshotsTest-1446744115 None] Volume volume-c5d5600a-00cc-4a17-99a3-60205e015181 (c5d5600a-00cc-4a17-99a3-60205e015181): created successfully
Jun 03 20:30:09 devstack cinder-volume[86212]: DEBUG cinder.volume.manager [None req-3f61da2a-0d81-4a4e-a720-f06f55d409b1 tempest-GroupSnapshotsTest-1446744115 None] Task 'cinder.volume.flows.manager.create_volume.CreateVolumeOnFinishTask;volume:create, create.end' (8afba259-2bf4-4efe-850a-7171f4e41d27) transitioned into state 'SUCCESS' from state 'RUNNING' with result 'None' {{(pid=86212) _task_receiver /opt/stack/data/venv/lib/python3.12/site-packages/taskflow/listeners/logging.py:182}}
Jun 03 20:30:09 devstack cinder-volume[86212]: DEBUG cinder.volume.manager [None req-3f61da2a-0d81-4a4e-a720-f06f55d409b1 tempest-GroupSnapshotsTest-1446744115 None] Flow 'volume_create_manager' (8e89d4e2-67fa-4b22-9a55-1b6537ea68ff) transitioned into state 'SUCCESS' from state 'RUNNING' {{(pid=86212) _flow_receiver /opt/stack/data/venv/lib/python3.12/site-packages/taskflow/listeners/logging.py:145}}
Jun 03 20:30:09 devstack cinder-volume[86212]: INFO cinder.volume.manager [None req-3f61da2a-0d81-4a4e-a720-f06f55d409b1 tempest-GroupSnapshotsTest-1446744115 None] Created volume successfully.
Jun 03 20:30:09 devstack cinder-volume[86212]: DEBUG cinder.coordination [None req-633cd266-be72-4453-92e3-64553feaff2b tempest-GroupsV314Test-1267005089 None] Acquiring lock "cinder-quobyte-1cf7405f-b394-488f-be8f-7f8f33d2e4cc" by "delete_volume" {{(pid=86212) __acquire /opt/stack/cinder/cinder/coordination.py:138}}
Jun 03 20:30:09 devstack cinder-volume[86212]: DEBUG cinder.coordination [None req-633cd266-be72-4453-92e3-64553feaff2b tempest-GroupsV314Test-1267005089 None] Lock "cinder-quobyte-1cf7405f-b394-488f-be8f-7f8f33d2e4cc" acquired by "delete_volume" :: waited 0.030s {{(pid=86212) __acquire /opt/stack/cinder/cinder/coordination.py:141}}
Jun 03 20:30:09 devstack cinder-volume[86212]: DEBUG oslo.privsep.daemon [-] privsep: reply[9aba787c-3493-4bb5-b8a1-d0fc53ef987c]: (4, 'qcow2') {{(pid=87438) _call_back /opt/stack/data/venv/lib/python3.12/site-packages/oslo_privsep/daemon.py:573}}
Jun 03 20:30:09 devstack cinder-volume[86212]: DEBUG oslo_concurrency.processutils [None req-633cd266-be72-4453-92e3-64553feaff2b tempest-GroupsV314Test-1267005089 None] Running cmd (subprocess): /opt/stack/data/venv/bin/python3.12 -m oslo_concurrency.prlimit --as=1073741824 --cpu=60 -- sudo cinder-rootwrap /etc/cinder/rootwrap.conf env LC_ALL=C qemu-img info -f qcow2 --output=json --force-share /opt/stack/data/cinder/mnt/1cc249fe2d5704f5e43e82d4014656b9/volume-1cf7405f-b394-488f-be8f-7f8f33d2e4cc {{(pid=86212) execute /opt/stack/data/venv/lib/python3.12/site-packages/oslo_concurrency/processutils.py:440}}
Jun 03 20:30:09 devstack sudo[93260]: quobyte : PWD=/ ; USER=root ; COMMAND=/opt/stack/data/venv/bin/cinder-rootwrap /etc/cinder/rootwrap.conf env LC_ALL=C qemu-img info -f qcow2 --output=json --force-share /opt/stack/data/cinder/mnt/1cc249fe2d5704f5e43e82d4014656b9/volume-1cf7405f-b394-488f-be8f-7f8f33d2e4cc
Jun 03 20:30:09 devstack sudo[93260]: pam_unix(sudo:session): session opened for user root(uid=0) by (uid=1000)
Jun 03 20:30:10 devstack cinder-volume[86212]: INFO cinder.volume.manager [None req-9ee3d4a4-e2a3-4659-b592-57ccdccb65ad tempest-GroupSnapshotsTest-1446744115 None] GroupSnapshot 1861c916-f734-47aa-b825-3c5f679f0eb3: creating.
Jun 03 20:30:10 devstack sudo[93260]: pam_unix(sudo:session): session closed for user root
Jun 03 20:30:10 devstack cinder-volume[86212]: DEBUG oslo_concurrency.processutils [None req-633cd266-be72-4453-92e3-64553feaff2b tempest-GroupsV314Test-1267005089 None] CMD "/opt/stack/data/venv/bin/python3.12 -m oslo_concurrency.prlimit --as=1073741824 --cpu=60 -- sudo cinder-rootwrap /etc/cinder/rootwrap.conf env LC_ALL=C qemu-img info -f qcow2 --output=json --force-share /opt/stack/data/cinder/mnt/1cc249fe2d5704f5e43e82d4014656b9/volume-1cf7405f-b394-488f-be8f-7f8f33d2e4cc" returned: 0 in 0.804s {{(pid=86212) execute /opt/stack/data/venv/lib/python3.12/site-packages/oslo_concurrency/processutils.py:468}}
Jun 03 20:30:10 devstack cinder-volume[86212]: DEBUG oslo_concurrency.processutils [None req-633cd266-be72-4453-92e3-64553feaff2b tempest-GroupsV314Test-1267005089 None] Running cmd (subprocess): sudo cinder-rootwrap /etc/cinder/rootwrap.conf rm -f /opt/stack/data/cinder/mnt/1cc249fe2d5704f5e43e82d4014656b9/volume-1cf7405f-b394-488f-be8f-7f8f33d2e4cc {{(pid=86212) execute /opt/stack/data/venv/lib/python3.12/site-packages/oslo_concurrency/processutils.py:440}}
Jun 03 20:30:10 devstack cinder-volume[86212]: DEBUG cinder.volume.manager [None req-9ee3d4a4-e2a3-4659-b592-57ccdccb65ad tempest-GroupSnapshotsTest-1446744115 None] Group snapshot 1861c916-f734-47aa-b825-3c5f679f0eb3: creating. {{(pid=86212) create_group_snapshot /opt/stack/cinder/cinder/volume/manager.py:4176}}
Jun 03 20:30:10 devstack cinder-volume[86212]: DEBUG oslo_concurrency.lockutils [None req-9ee3d4a4-e2a3-4659-b592-57ccdccb65ad tempest-GroupSnapshotsTest-1446744115 None] Acquiring lock "quobyte" by "cinder.volume.drivers.quobyte.QuobyteDriver.create_snapshot" {{(pid=86212) inner /opt/stack/data/venv/lib/python3.12/site-packages/oslo_concurrency/lockutils.py:506}}
Jun 03 20:30:10 devstack cinder-volume[86212]: DEBUG oslo_concurrency.lockutils [None req-9ee3d4a4-e2a3-4659-b592-57ccdccb65ad tempest-GroupSnapshotsTest-1446744115 None] Lock "quobyte" acquired by "cinder.volume.drivers.quobyte.QuobyteDriver.create_snapshot" :: waited 0.001s {{(pid=86212) inner /opt/stack/data/venv/lib/python3.12/site-packages/oslo_concurrency/lockutils.py:519}}
Jun 03 20:30:10 devstack sudo[93266]: quobyte : PWD=/ ; USER=root ; COMMAND=/opt/stack/data/venv/bin/cinder-rootwrap /etc/cinder/rootwrap.conf rm -f /opt/stack/data/cinder/mnt/1cc249fe2d5704f5e43e82d4014656b9/volume-1cf7405f-b394-488f-be8f-7f8f33d2e4cc
Jun 03 20:30:10 devstack sudo[93266]: pam_unix(sudo:session): session opened for user root(uid=0) by (uid=1000)
Jun 03 20:30:10 devstack cinder-volume[86212]: DEBUG cinder.volume.drivers.remotefs [None req-9ee3d4a4-e2a3-4659-b592-57ccdccb65ad tempest-GroupSnapshotsTest-1446744115 None] Creating offline snapshot da5a249e-01a2-4615-9de5-95b914dab061 of volume c5d5600a-00cc-4a17-99a3-60205e015181 {{(pid=86212) _create_snapshot /opt/stack/cinder/cinder/volume/drivers/remotefs.py:1816}}
Jun 03 20:30:10 devstack cinder-volume[86212]: DEBUG oslo.privsep.daemon [-] privsep: reply[9a33f384-cdc2-4460-88db-260bcf35d183]: (4, 'qcow2') {{(pid=87438) _call_back /opt/stack/data/venv/lib/python3.12/site-packages/oslo_privsep/daemon.py:573}}
Jun 03 20:30:10 devstack cinder-volume[86212]: DEBUG oslo_concurrency.processutils [None req-9ee3d4a4-e2a3-4659-b592-57ccdccb65ad tempest-GroupSnapshotsTest-1446744115 None] Running cmd (subprocess): /opt/stack/data/venv/bin/python3.12 -m oslo_concurrency.prlimit --as=1073741824 --cpu=60 -- sudo cinder-rootwrap /etc/cinder/rootwrap.conf env LC_ALL=C qemu-img info -f qcow2 --output=json --force-share /opt/stack/data/cinder/mnt/1cc249fe2d5704f5e43e82d4014656b9/volume-c5d5600a-00cc-4a17-99a3-60205e015181 {{(pid=86212) execute /opt/stack/data/venv/lib/python3.12/site-packages/oslo_concurrency/processutils.py:440}}
Jun 03 20:30:10 devstack sudo[93268]: quobyte : PWD=/ ; USER=root ; COMMAND=/opt/stack/data/venv/bin/cinder-rootwrap /etc/cinder/rootwrap.conf env LC_ALL=C qemu-img info -f qcow2 --output=json --force-share /opt/stack/data/cinder/mnt/1cc249fe2d5704f5e43e82d4014656b9/volume-c5d5600a-00cc-4a17-99a3-60205e015181
Jun 03 20:30:10 devstack sudo[93268]: pam_unix(sudo:session): session opened for user root(uid=0) by (uid=1000)
Jun 03 20:30:10 devstack sudo[93266]: pam_unix(sudo:session): session closed for user root
Jun 03 20:30:10 devstack cinder-volume[86212]: DEBUG oslo_concurrency.processutils [None req-633cd266-be72-4453-92e3-64553feaff2b tempest-GroupsV314Test-1267005089 None] CMD "sudo cinder-rootwrap /etc/cinder/rootwrap.conf rm -f /opt/stack/data/cinder/mnt/1cc249fe2d5704f5e43e82d4014656b9/volume-1cf7405f-b394-488f-be8f-7f8f33d2e4cc" returned: 0 in 0.664s {{(pid=86212) execute /opt/stack/data/venv/lib/python3.12/site-packages/oslo_concurrency/processutils.py:468}}
Jun 03 20:30:11 devstack cinder-volume[86212]: DEBUG cinder.coordination [None req-633cd266-be72-4453-92e3-64553feaff2b tempest-GroupsV314Test-1267005089 None] Lock "cinder-quobyte-1cf7405f-b394-488f-be8f-7f8f33d2e4cc" released by "delete_volume" :: held 1.534s {{(pid=86212) __release /opt/stack/cinder/cinder/coordination.py:152}}
Jun 03 20:30:11 devstack cinder-volume[86212]: DEBUG cinder.quota [None req-633cd266-be72-4453-92e3-64553feaff2b tempest-GroupsV314Test-1267005089 None] Created reservations ['8b029e68-e651-45a7-89ca-47607012106f'] {{(pid=86212) reserve /opt/stack/cinder/cinder/quota.py:752}}
