Jan 29 00:26:28 devstack cinder-volume[83191]: DEBUG oslo_concurrency.lockutils [None req-6eb114af-b1b3-4b70-bdd2-cf5cabb5c0f7 None None] Lock "quobyte_ensure" acquired by "cinder.volume.drivers.quobyte.QuobyteDriver._ensure_shares_mounted" :: waited 0.001s {{(pid=83191) inner /opt/stack/data/venv/lib/python3.10/site-packages/oslo_concurrency/lockutils.py:410}}
Jan 29 00:26:28 devstack cinder-volume[83191]: DEBUG cinder.volume.drivers.quobyte [None req-6eb114af-b1b3-4b70-bdd2-cf5cabb5c0f7 None None] Quobyte Volume URL set to: {'osci02.corp.quobyte.com/cinder-vol-04d73237-fc3f-44f4-8843-cb2749aa6ef0': None} {{(pid=83191) _load_shares_config /opt/stack/cinder/cinder/volume/drivers/quobyte.py:611}}
Jan 29 00:26:28 devstack cinder-volume[83191]: DEBUG cinder.volume.drivers.quobyte [None req-6eb114af-b1b3-4b70-bdd2-cf5cabb5c0f7 None None] Available shares ['osci02.corp.quobyte.com/cinder-vol-04d73237-fc3f-44f4-8843-cb2749aa6ef0'] {{(pid=83191) _ensure_shares_mounted /opt/stack/cinder/cinder/volume/drivers/quobyte.py:641}}
Jan 29 00:26:28 devstack cinder-volume[83191]: DEBUG oslo_concurrency.lockutils [None req-6eb114af-b1b3-4b70-bdd2-cf5cabb5c0f7 None None] Lock "quobyte_ensure" "released" by "cinder.volume.drivers.quobyte.QuobyteDriver._ensure_shares_mounted" :: held 0.005s {{(pid=83191) inner /opt/stack/data/venv/lib/python3.10/site-packages/oslo_concurrency/lockutils.py:424}}
Jan 29 00:26:28 devstack cinder-volume[83191]: DEBUG oslo_concurrency.processutils [None req-6eb114af-b1b3-4b70-bdd2-cf5cabb5c0f7 None None] Running cmd (subprocess): sudo cinder-rootwrap /etc/cinder/rootwrap.conf df --portability --block-size 1 /opt/stack/data/cinder/mnt/be1daf57eaf23cfd50e41da898aa6388 {{(pid=83191) execute /opt/stack/data/venv/lib/python3.10/site-packages/oslo_concurrency/processutils.py:349}}
Jan 29 00:26:28 devstack sudo[87508]: quobyte : PWD=/ ; USER=root ; COMMAND=/opt/stack/data/venv/bin/cinder-rootwrap /etc/cinder/rootwrap.conf df --portability --block-size 1 /opt/stack/data/cinder/mnt/be1daf57eaf23cfd50e41da898aa6388
Jan 29 00:26:28 devstack sudo[87508]: pam_unix(sudo:session): session opened for user root(uid=0) by (uid=1000)
Jan 29 00:26:29 devstack sudo[87508]: pam_unix(sudo:session): session closed for user root
Jan 29 00:26:29 devstack cinder-volume[83191]: DEBUG oslo_concurrency.processutils [None req-6eb114af-b1b3-4b70-bdd2-cf5cabb5c0f7 None None] CMD "sudo cinder-rootwrap /etc/cinder/rootwrap.conf df --portability --block-size 1 /opt/stack/data/cinder/mnt/be1daf57eaf23cfd50e41da898aa6388" returned: 0 in 0.491s {{(pid=83191) execute /opt/stack/data/venv/lib/python3.10/site-packages/oslo_concurrency/processutils.py:372}}
Jan 29 00:26:29 devstack cinder-volume[83191]: DEBUG cinder.manager [None req-6eb114af-b1b3-4b70-bdd2-cf5cabb5c0f7 None None] Notifying Schedulers of capabilities ... {{(pid=83191) _publish_service_capabilities /opt/stack/cinder/cinder/manager.py:202}}
Jan 29 00:26:30 devstack cinder-volume[83191]: WARNING cinder.volume.volume_utils [req-8b3dca74-3914-45fd-a1ac-a1b0277a6854 req-8c530590-a989-41f9-8fba-b3433e4fab49 tempest-ServerActionsTestOtherB-33960535 None] Volume driver (QuobyteDriver 1.1.13) is currently unsupported and may be removed in the next release of OpenStack. Use at your own risk.
Jan 29 00:26:30 devstack cinder-volume[83191]: WARNING cinder.volume.volume_utils [req-8b3dca74-3914-45fd-a1ac-a1b0277a6854 req-8c530590-a989-41f9-8fba-b3433e4fab49 tempest-ServerActionsTestOtherB-33960535 None] Volume driver (QuobyteDriver 1.1.13) is currently unsupported and may be removed in the next release of OpenStack. Use at your own risk.
Jan 29 00:26:30 devstack cinder-volume[83191]: INFO cinder.volume.manager [req-8b3dca74-3914-45fd-a1ac-a1b0277a6854 req-8c530590-a989-41f9-8fba-b3433e4fab49 tempest-ServerActionsTestOtherB-33960535 None] Terminate volume connection completed successfully.
Jan 29 00:26:30 devstack cinder-volume[83191]: DEBUG cinder.volume.manager [req-8b3dca74-3914-45fd-a1ac-a1b0277a6854 req-8c530590-a989-41f9-8fba-b3433e4fab49 tempest-ServerActionsTestOtherB-33960535 None] Deleting attachment 22a29820-01fe-410a-a1b6-7cf569d07d8d. {{(pid=83191) attachment_delete /opt/stack/cinder/cinder/volume/manager.py:5024}}
Jan 29 00:26:31 devstack cinder-volume[83191]: DEBUG cinder.coordination [None req-fede56cb-9e1c-444d-8e4d-7c1dda9a10a0 tempest-DeleteServersTestJSON-1100199768 None] Acquiring lock "cinder-ae430958-7d16-4921-bcda-9274a1bbc6e5-delete_volume" by "delete_volume" {{(pid=83191) __acquire /opt/stack/cinder/cinder/coordination.py:143}}
Jan 29 00:26:31 devstack cinder-volume[83191]: DEBUG cinder.coordination [None req-fede56cb-9e1c-444d-8e4d-7c1dda9a10a0 tempest-DeleteServersTestJSON-1100199768 None] Lock "cinder-ae430958-7d16-4921-bcda-9274a1bbc6e5-delete_volume" acquired by "delete_volume" :: waited 0.011s {{(pid=83191) __acquire /opt/stack/cinder/cinder/coordination.py:146}}
Jan 29 00:26:31 devstack cinder-volume[83191]: WARNING cinder.volume.volume_utils [None req-fede56cb-9e1c-444d-8e4d-7c1dda9a10a0 tempest-DeleteServersTestJSON-1100199768 None] Volume driver (QuobyteDriver 1.1.13) is currently unsupported and may be removed in the next release of OpenStack. Use at your own risk.
Jan 29 00:26:31 devstack cinder-volume[83191]: DEBUG cinder.coordination [None req-fede56cb-9e1c-444d-8e4d-7c1dda9a10a0 tempest-DeleteServersTestJSON-1100199768 None] Acquiring lock "cinder-quobyte-ae430958-7d16-4921-bcda-9274a1bbc6e5" by "delete_volume" {{(pid=83191) __acquire /opt/stack/cinder/cinder/coordination.py:143}}
Jan 29 00:26:31 devstack cinder-volume[83191]: DEBUG cinder.coordination [None req-fede56cb-9e1c-444d-8e4d-7c1dda9a10a0 tempest-DeleteServersTestJSON-1100199768 None] Lock "cinder-quobyte-ae430958-7d16-4921-bcda-9274a1bbc6e5" acquired by "delete_volume" :: waited 0.016s {{(pid=83191) __acquire /opt/stack/cinder/cinder/coordination.py:146}}
Jan 29 00:26:31 devstack cinder-volume[83191]: DEBUG oslo.privsep.daemon [-] privsep: reply[6b627473-4fd7-40ca-ab56-d08aa0ace039]: (4, 'qcow2') {{(pid=83721) _call_back /opt/stack/data/venv/lib/python3.10/site-packages/oslo_privsep/daemon.py:515}}
Jan 29 00:26:31 devstack cinder-volume[83191]: DEBUG oslo_concurrency.processutils [None req-fede56cb-9e1c-444d-8e4d-7c1dda9a10a0 tempest-DeleteServersTestJSON-1100199768 None] Running cmd (subprocess): /opt/stack/data/venv/bin/python3.10 -m oslo_concurrency.prlimit --as=1073741824 --cpu=60 -- sudo cinder-rootwrap /etc/cinder/rootwrap.conf env LC_ALL=C qemu-img info -f qcow2 --output=json --force-share /opt/stack/data/cinder/mnt/be1daf57eaf23cfd50e41da898aa6388/volume-ae430958-7d16-4921-bcda-9274a1bbc6e5 {{(pid=83191) execute /opt/stack/data/venv/lib/python3.10/site-packages/oslo_concurrency/processutils.py:349}}
Jan 29 00:26:31 devstack sudo[87516]: quobyte : PWD=/ ; USER=root ; COMMAND=/opt/stack/data/venv/bin/cinder-rootwrap /etc/cinder/rootwrap.conf env LC_ALL=C qemu-img info -f qcow2 --output=json --force-share /opt/stack/data/cinder/mnt/be1daf57eaf23cfd50e41da898aa6388/volume-ae430958-7d16-4921-bcda-9274a1bbc6e5
Jan 29 00:26:31 devstack sudo[87516]: pam_unix(sudo:session): session opened for user root(uid=0) by (uid=1000)
Jan 29 00:26:32 devstack sudo[87516]: pam_unix(sudo:session): session closed for user root
Jan 29 00:26:32 devstack cinder-volume[83191]: DEBUG oslo_concurrency.processutils [None req-fede56cb-9e1c-444d-8e4d-7c1dda9a10a0 tempest-DeleteServersTestJSON-1100199768 None] CMD "/opt/stack/data/venv/bin/python3.10 -m oslo_concurrency.prlimit --as=1073741824 --cpu=60 -- sudo cinder-rootwrap /etc/cinder/rootwrap.conf env LC_ALL=C qemu-img info -f qcow2 --output=json --force-share /opt/stack/data/cinder/mnt/be1daf57eaf23cfd50e41da898aa6388/volume-ae430958-7d16-4921-bcda-9274a1bbc6e5" returned: 0 in 0.601s {{(pid=83191) execute /opt/stack/data/venv/lib/python3.10/site-packages/oslo_concurrency/processutils.py:372}}
Jan 29 00:26:32 devstack cinder-volume[83191]: DEBUG oslo_concurrency.processutils [None req-fede56cb-9e1c-444d-8e4d-7c1dda9a10a0 tempest-DeleteServersTestJSON-1100199768 None] Running cmd (subprocess): sudo cinder-rootwrap /etc/cinder/rootwrap.conf rm -f /opt/stack/data/cinder/mnt/be1daf57eaf23cfd50e41da898aa6388/volume-ae430958-7d16-4921-bcda-9274a1bbc6e5 {{(pid=83191) execute /opt/stack/data/venv/lib/python3.10/site-packages/oslo_concurrency/processutils.py:349}}
Jan 29 00:26:32 devstack sudo[87535]: quobyte : PWD=/ ; USER=root ; COMMAND=/opt/stack/data/venv/bin/cinder-rootwrap /etc/cinder/rootwrap.conf rm -f /opt/stack/data/cinder/mnt/be1daf57eaf23cfd50e41da898aa6388/volume-ae430958-7d16-4921-bcda-9274a1bbc6e5
Jan 29 00:26:32 devstack sudo[87535]: pam_unix(sudo:session): session opened for user root(uid=0) by (uid=1000)
Jan 29 00:26:32 devstack sudo[87535]: pam_unix(sudo:session): session closed for user root
Jan 29 00:26:32 devstack cinder-volume[83191]: DEBUG oslo_concurrency.processutils [None req-fede56cb-9e1c-444d-8e4d-7c1dda9a10a0 tempest-DeleteServersTestJSON-1100199768 None] CMD "sudo cinder-rootwrap /etc/cinder/rootwrap.conf rm -f /opt/stack/data/cinder/mnt/be1daf57eaf23cfd50e41da898aa6388/volume-ae430958-7d16-4921-bcda-9274a1bbc6e5" returned: 0 in 0.593s {{(pid=83191) execute /opt/stack/data/venv/lib/python3.10/site-packages/oslo_concurrency/processutils.py:372}}
Jan 29 00:26:32 devstack cinder-volume[83191]: DEBUG cinder.coordination [None req-fede56cb-9e1c-444d-8e4d-7c1dda9a10a0 tempest-DeleteServersTestJSON-1100199768 None] Lock "cinder-quobyte-ae430958-7d16-4921-bcda-9274a1bbc6e5" released by "delete_volume" :: held 1.252s {{(pid=83191) __release /opt/stack/cinder/cinder/coordination.py:157}}
Jan 29 00:26:32 devstack cinder-volume[83191]: DEBUG cinder.coordination [None req-394e1155-9423-4306-911d-471b99c896cc tempest-ServerActionsTestOtherB-33960535 None] Acquiring lock "cinder-d9bfe0d4-1d7c-4e2f-bf05-db4cfcb5a555-delete_volume" by "delete_volume" {{(pid=83191) __acquire /opt/stack/cinder/cinder/coordination.py:143}}
Jan 29 00:26:32 devstack cinder-volume[83191]: DEBUG cinder.coordination [None req-394e1155-9423-4306-911d-471b99c896cc tempest-ServerActionsTestOtherB-33960535 None] Lock "cinder-d9bfe0d4-1d7c-4e2f-bf05-db4cfcb5a555-delete_volume" acquired by "delete_volume" :: waited 0.018s {{(pid=83191) __acquire /opt/stack/cinder/cinder/coordination.py:146}}
Jan 29 00:26:32 devstack cinder-volume[83191]: DEBUG cinder.quota [None req-fede56cb-9e1c-444d-8e4d-7c1dda9a10a0 tempest-DeleteServersTestJSON-1100199768 None] Created reservations ['e4f52d22-0b94-4842-80d1-9ca54d810800', '5e09c860-9c9c-4b3f-af78-c4fd9cab3d7c', '515d8b85-26ec-4504-ae7d-4a35a3542d59', '13c54fa7-1c40-4380-af14-4a2f2ccb6c7b'] {{(pid=83191) reserve /opt/stack/cinder/cinder/quota.py:752}}
Jan 29 00:26:32 devstack cinder-volume[83191]: WARNING cinder.volume.volume_utils [None req-394e1155-9423-4306-911d-471b99c896cc tempest-ServerActionsTestOtherB-33960535 None] Volume driver (QuobyteDriver 1.1.13) is currently unsupported and may be removed in the next release of OpenStack. Use at your own risk.
Jan 29 00:26:32 devstack cinder-volume[83191]: DEBUG cinder.coordination [None req-394e1155-9423-4306-911d-471b99c896cc tempest-ServerActionsTestOtherB-33960535 None] Acquiring lock "cinder-quobyte-d9bfe0d4-1d7c-4e2f-bf05-db4cfcb5a555" by "delete_volume" {{(pid=83191) __acquire /opt/stack/cinder/cinder/coordination.py:143}}
Jan 29 00:26:32 devstack cinder-volume[83191]: DEBUG cinder.coordination [None req-394e1155-9423-4306-911d-471b99c896cc tempest-ServerActionsTestOtherB-33960535 None] Lock "cinder-quobyte-d9bfe0d4-1d7c-4e2f-bf05-db4cfcb5a555" acquired by "delete_volume" :: waited 0.018s {{(pid=83191) __acquire /opt/stack/cinder/cinder/coordination.py:146}}
Jan 29 00:26:32 devstack cinder-volume[83191]: DEBUG oslo.privsep.daemon [-] privsep: reply[2863cb98-f85c-496b-a380-46ecc6c1b7bd]: (4, 'qcow2') {{(pid=83721) _call_back /opt/stack/data/venv/lib/python3.10/site-packages/oslo_privsep/daemon.py:515}}
Jan 29 00:26:32 devstack cinder-volume[83191]: DEBUG oslo_concurrency.processutils [None req-394e1155-9423-4306-911d-471b99c896cc tempest-ServerActionsTestOtherB-33960535 None] Running cmd (subprocess): /opt/stack/data/venv/bin/python3.10 -m oslo_concurrency.prlimit --as=1073741824 --cpu=60 -- sudo cinder-rootwrap /etc/cinder/rootwrap.conf env LC_ALL=C qemu-img info -f qcow2 --output=json --force-share /opt/stack/data/cinder/mnt/be1daf57eaf23cfd50e41da898aa6388/volume-d9bfe0d4-1d7c-4e2f-bf05-db4cfcb5a555 {{(pid=83191) execute /opt/stack/data/venv/lib/python3.10/site-packages/oslo_concurrency/processutils.py:349}}
Jan 29 00:26:32 devstack cinder-volume[83191]: DEBUG oslo_concurrency.lockutils [None req-fede56cb-9e1c-444d-8e4d-7c1dda9a10a0 tempest-DeleteServersTestJSON-1100199768 None] Acquiring lock "quobyte_ensure" by "cinder.volume.drivers.quobyte.QuobyteDriver._ensure_shares_mounted" {{(pid=83191) inner /opt/stack/data/venv/lib/python3.10/site-packages/oslo_concurrency/lockutils.py:405}}
Jan 29 00:26:32 devstack cinder-volume[83191]: DEBUG oslo_concurrency.lockutils [None req-fede56cb-9e1c-444d-8e4d-7c1dda9a10a0 tempest-DeleteServersTestJSON-1100199768 None] Lock "quobyte_ensure" acquired by "cinder.volume.drivers.quobyte.QuobyteDriver._ensure_shares_mounted" :: waited 0.001s {{(pid=83191) inner /opt/stack/data/venv/lib/python3.10/site-packages/oslo_concurrency/lockutils.py:410}}
Jan 29 00:26:32 devstack cinder-volume[83191]: DEBUG cinder.volume.drivers.quobyte [None req-fede56cb-9e1c-444d-8e4d-7c1dda9a10a0 tempest-DeleteServersTestJSON-1100199768 None] Quobyte Volume URL set to: {'osci02.corp.quobyte.com/cinder-vol-04d73237-fc3f-44f4-8843-cb2749aa6ef0': None} {{(pid=83191) _load_shares_config /opt/stack/cinder/cinder/volume/drivers/quobyte.py:611}}
Jan 29 00:26:32 devstack cinder-volume[83191]: DEBUG cinder.volume.drivers.quobyte [None req-fede56cb-9e1c-444d-8e4d-7c1dda9a10a0 tempest-DeleteServersTestJSON-1100199768 None] Available shares ['osci02.corp.quobyte.com/cinder-vol-04d73237-fc3f-44f4-8843-cb2749aa6ef0'] {{(pid=83191) _ensure_shares_mounted /opt/stack/cinder/cinder/volume/drivers/quobyte.py:641}}
Jan 29 00:26:32 devstack cinder-volume[83191]: DEBUG oslo_concurrency.lockutils [None req-fede56cb-9e1c-444d-8e4d-7c1dda9a10a0 tempest-DeleteServersTestJSON-1100199768 None] Lock "quobyte_ensure" "released" by "cinder.volume.drivers.quobyte.QuobyteDriver._ensure_shares_mounted" :: held 0.013s {{(pid=83191) inner /opt/stack/data/venv/lib/python3.10/site-packages/oslo_concurrency/lockutils.py:424}}
Jan 29 00:26:32 devstack cinder-volume[83191]: DEBUG oslo_concurrency.processutils [None req-fede56cb-9e1c-444d-8e4d-7c1dda9a10a0 tempest-DeleteServersTestJSON-1100199768 None] Running cmd (subprocess): sudo cinder-rootwrap /etc/cinder/rootwrap.conf df --portability --block-size 1 /opt/stack/data/cinder/mnt/be1daf57eaf23cfd50e41da898aa6388 {{(pid=83191) execute /opt/stack/data/venv/lib/python3.10/site-packages/oslo_concurrency/processutils.py:349}}
Jan 29 00:26:32 devstack sudo[87540]: quobyte : PWD=/ ; USER=root ; COMMAND=/opt/stack/data/venv/bin/cinder-rootwrap /etc/cinder/rootwrap.conf df --portability --block-size 1 /opt/stack/data/cinder/mnt/be1daf57eaf23cfd50e41da898aa6388
Jan 29 00:26:32 devstack sudo[87540]: pam_unix(sudo:session): session opened for user root(uid=0) by (uid=1000)
Jan 29 00:26:33 devstack sudo[87539]: quobyte : PWD=/ ; USER=root ; COMMAND=/opt/stack/data/venv/bin/cinder-rootwrap /etc/cinder/rootwrap.conf env LC_ALL=C qemu-img info -f qcow2 --output=json --force-share /opt/stack/data/cinder/mnt/be1daf57eaf23cfd50e41da898aa6388/volume-d9bfe0d4-1d7c-4e2f-bf05-db4cfcb5a555
Jan 29 00:26:33 devstack sudo[87539]: pam_unix(sudo:session): session opened for user root(uid=0) by (uid=1000)
Jan 29 00:26:33 devstack sudo[87540]: pam_unix(sudo:session): session closed for user root
Jan 29 00:26:33 devstack cinder-volume[83191]: DEBUG oslo_concurrency.processutils [None req-fede56cb-9e1c-444d-8e4d-7c1dda9a10a0 tempest-DeleteServersTestJSON-1100199768 None] CMD "sudo cinder-rootwrap /etc/cinder/rootwrap.conf df --portability --block-size 1 /opt/stack/data/cinder/mnt/be1daf57eaf23cfd50e41da898aa6388" returned: 0 in 0.568s {{(pid=83191) execute /opt/stack/data/venv/lib/python3.10/site-packages/oslo_concurrency/processutils.py:372}}
Jan 29 00:26:33 devstack cinder-volume[83191]: DEBUG cinder.manager [None req-fede56cb-9e1c-444d-8e4d-7c1dda9a10a0 tempest-DeleteServersTestJSON-1100199768 None] Notifying Schedulers of capabilities ... {{(pid=83191) _publish_service_capabilities /opt/stack/cinder/cinder/manager.py:202}}
Jan 29 00:26:33 devstack cinder-volume[83191]: INFO cinder.volume.manager [None req-fede56cb-9e1c-444d-8e4d-7c1dda9a10a0 tempest-DeleteServersTestJSON-1100199768 None] Deleted volume successfully.
Jan 29 00:26:33 devstack cinder-volume[83191]: DEBUG cinder.coordination [None req-fede56cb-9e1c-444d-8e4d-7c1dda9a10a0 tempest-DeleteServersTestJSON-1100199768 None] Lock "cinder-ae430958-7d16-4921-bcda-9274a1bbc6e5-delete_volume" released by "delete_volume" :: held 2.072s {{(pid=83191) __release /opt/stack/cinder/cinder/coordination.py:157}}
Jan 29 00:26:33 devstack sudo[87539]: pam_unix(sudo:session): session closed for user root
Jan 29 00:26:33 devstack cinder-volume[83191]: DEBUG oslo_concurrency.processutils [None req-394e1155-9423-4306-911d-471b99c896cc tempest-ServerActionsTestOtherB-33960535 None] CMD "/opt/stack/data/venv/bin/python3.10 -m oslo_concurrency.prlimit --as=1073741824 --cpu=60 -- sudo cinder-rootwrap /etc/cinder/rootwrap.conf env LC_ALL=C qemu-img info -f qcow2 --output=json --force-share /opt/stack/data/cinder/mnt/be1daf57eaf23cfd50e41da898aa6388/volume-d9bfe0d4-1d7c-4e2f-bf05-db4cfcb5a555" returned: 0 in 0.750s {{(pid=83191) execute /opt/stack/data/venv/lib/python3.10/site-packages/oslo_concurrency/processutils.py:372}}
Jan 29 00:26:33 devstack cinder-volume[83191]: DEBUG oslo_concurrency.processutils [None req-394e1155-9423-4306-911d-471b99c896cc tempest-ServerActionsTestOtherB-33960535 None] Running cmd (subprocess): sudo cinder-rootwrap /etc/cinder/rootwrap.conf rm -f /opt/stack/data/cinder/mnt/be1daf57eaf23cfd50e41da898aa6388/volume-d9bfe0d4-1d7c-4e2f-bf05-db4cfcb5a555 {{(pid=83191) execute /opt/stack/data/venv/lib/python3.10/site-packages/oslo_concurrency/processutils.py:349}}
Jan 29 00:26:33 devstack sudo[87548]: quobyte : PWD=/ ; USER=root ; COMMAND=/opt/stack/data/venv/bin/cinder-rootwrap /etc/cinder/rootwrap.conf rm -f /opt/stack/data/cinder/mnt/be1daf57eaf23cfd50e41da898aa6388/volume-d9bfe0d4-1d7c-4e2f-bf05-db4cfcb5a555
Jan 29 00:26:33 devstack sudo[87548]: pam_unix(sudo:session): session opened for user root(uid=0) by (uid=1000)
Jan 29 00:26:34 devstack sudo[87548]: pam_unix(sudo:session): session closed for user root
Jan 29 00:26:34 devstack cinder-volume[83191]: DEBUG oslo_concurrency.processutils [None req-394e1155-9423-4306-911d-471b99c896cc tempest-ServerActionsTestOtherB-33960535 None] CMD "sudo cinder-rootwrap /etc/cinder/rootwrap.conf rm -f /opt/stack/data/cinder/mnt/be1daf57eaf23cfd50e41da898aa6388/volume-d9bfe0d4-1d7c-4e2f-bf05-db4cfcb5a555" returned: 0 in 0.625s {{(pid=83191) execute /opt/stack/data/venv/lib/python3.10/site-packages/oslo_concurrency/processutils.py:372}}
Jan 29 00:26:34 devstack cinder-volume[83191]: DEBUG cinder.coordination [None req-394e1155-9423-4306-911d-471b99c896cc tempest-ServerActionsTestOtherB-33960535 None] Lock "cinder-quobyte-d9bfe0d4-1d7c-4e2f-bf05-db4cfcb5a555" released by "delete_volume" :: held 1.434s {{(pid=83191) __release /opt/stack/cinder/cinder/coordination.py:157}}
Jan 29 00:26:34 devstack cinder-volume[83191]: DEBUG cinder.quota [None req-394e1155-9423-4306-911d-471b99c896cc tempest-ServerActionsTestOtherB-33960535 None] Created reservations ['f50a4232-90e0-49cd-8825-1e7083842949', 'e330761c-3aa6-430d-9975-7e94cf9bae3b', '92e59253-f7f0-4662-abc8-13ebbac0491d', 'a3da3936-d408-474f-ac4b-3adb7fcade9e'] {{(pid=83191) reserve /opt/stack/cinder/cinder/quota.py:752}}
Jan 29 00:26:34 devstack cinder-volume[83191]: DEBUG oslo_concurrency.lockutils [None req-394e1155-9423-4306-911d-471b99c896cc tempest-ServerActionsTestOtherB-33960535 None] Acquiring lock "quobyte_ensure" by "cinder.volume.drivers.quobyte.QuobyteDriver._ensure_shares_mounted" {{(pid=83191) inner /opt/stack/data/venv/lib/python3.10/site-packages/oslo_concurrency/lockutils.py:405}}
Jan 29 00:26:34 devstack cinder-volume[83191]: DEBUG oslo_concurrency.lockutils [None req-394e1155-9423-4306-911d-471b99c896cc tempest-ServerActionsTestOtherB-33960535 None] Lock "quobyte_ensure" acquired by "cinder.volume.drivers.quobyte.QuobyteDriver._ensure_shares_mounted" :: waited 0.001s {{(pid=83191) inner /opt/stack/data/venv/lib/python3.10/site-packages/oslo_concurrency/lockutils.py:410}}
Jan 29 00:26:34 devstack cinder-volume[83191]: DEBUG cinder.volume.drivers.quobyte [None req-394e1155-9423-4306-911d-471b99c896cc tempest-ServerActionsTestOtherB-33960535 None] Quobyte Volume URL set to: {'osci02.corp.quobyte.com/cinder-vol-04d73237-fc3f-44f4-8843-cb2749aa6ef0': None} {{(pid=83191) _load_shares_config /opt/stack/cinder/cinder/volume/drivers/quobyte.py:611}}
Jan 29 00:26:34 devstack cinder-volume[83191]: DEBUG cinder.volume.drivers.quobyte [None req-394e1155-9423-4306-911d-471b99c896cc tempest-ServerActionsTestOtherB-33960535 None] Available shares ['osci02.corp.quobyte.com/cinder-vol-04d73237-fc3f-44f4-8843-cb2749aa6ef0'] {{(pid=83191) _ensure_shares_mounted /opt/stack/cinder/cinder/volume/drivers/quobyte.py:641}}
Jan 29 00:26:34 devstack cinder-volume[83191]: DEBUG oslo_concurrency.lockutils [None req-394e1155-9423-4306-911d-471b99c896cc tempest-ServerActionsTestOtherB-33960535 None] Lock "quobyte_ensure" "released" by "cinder.volume.drivers.quobyte.QuobyteDriver._ensure_shares_mounted" :: held 0.006s {{(pid=83191) inner /opt/stack/data/venv/lib/python3.10/site-packages/oslo_concurrency/lockutils.py:424}}
Jan 29 00:26:34 devstack cinder-volume[83191]: DEBUG oslo_concurrency.processutils [None req-394e1155-9423-4306-911d-471b99c896cc tempest-ServerActionsTestOtherB-33960535 None] Running cmd (subprocess): sudo cinder-rootwrap /etc/cinder/rootwrap.conf df --portability --block-size 1 /opt/stack/data/cinder/mnt/be1daf57eaf23cfd50e41da898aa6388 {{(pid=83191) execute /opt/stack/data/venv/lib/python3.10/site-packages/oslo_concurrency/processutils.py:349}}
Jan 29 00:26:34 devstack sudo[87551]: quobyte : PWD=/ ; USER=root ; COMMAND=/opt/stack/data/venv/bin/cinder-rootwrap /etc/cinder/rootwrap.conf df --portability --block-size 1 /opt/stack/data/cinder/mnt/be1daf57eaf23cfd50e41da898aa6388
Jan 29 00:26:34 devstack sudo[87551]: pam_unix(sudo:session): session opened for user root(uid=0) by (uid=1000)
Jan 29 00:26:35 devstack sudo[87551]: pam_unix(sudo:session): session closed for user root
Jan 29 00:26:35 devstack cinder-volume[83191]: DEBUG oslo_concurrency.processutils [None req-394e1155-9423-4306-911d-471b99c896cc tempest-ServerActionsTestOtherB-33960535 None] CMD "sudo cinder-rootwrap /etc/cinder/rootwrap.conf df --portability --block-size 1 /opt/stack/data/cinder/mnt/be1daf57eaf23cfd50e41da898aa6388" returned: 0 in 0.692s {{(pid=83191) execute /opt/stack/data/venv/lib/python3.10/site-packages/oslo_concurrency/processutils.py:372}}
Jan 29 00:26:35 devstack cinder-volume[83191]: DEBUG cinder.manager [None req-394e1155-9423-4306-911d-471b99c896cc tempest-ServerActionsTestOtherB-33960535 None] Notifying Schedulers of capabilities ... {{(pid=83191) _publish_service_capabilities /opt/stack/cinder/cinder/manager.py:202}}
Jan 29 00:26:35 devstack cinder-volume[83191]: INFO cinder.volume.manager [None req-394e1155-9423-4306-911d-471b99c896cc tempest-ServerActionsTestOtherB-33960535 None] Deleted volume successfully.
Jan 29 00:26:35 devstack cinder-volume[83191]: DEBUG cinder.coordination [None req-394e1155-9423-4306-911d-471b99c896cc tempest-ServerActionsTestOtherB-33960535 None] Lock "cinder-d9bfe0d4-1d7c-4e2f-bf05-db4cfcb5a555-delete_volume" released by "delete_volume" :: held 2.336s {{(pid=83191) __release /opt/stack/cinder/cinder/coordination.py:157}}
Jan 29 00:26:35 devstack cinder-volume[83191]: DEBUG cinder.coordination [None req-35438658-34b5-403f-a9fa-356dbdf30ae2 tempest-TaggedBootDevicesTest-534759609 None] Acquiring lock "cinder-732752d2-cba2-49b3-9eba-e3118933954b-delete_volume" by "delete_volume" {{(pid=83191) __acquire /opt/stack/cinder/cinder/coordination.py:143}}
Jan 29 00:26:35 devstack cinder-volume[83191]: DEBUG cinder.coordination [None req-35438658-34b5-403f-a9fa-356dbdf30ae2 tempest-TaggedBootDevicesTest-534759609 None] Lock "cinder-732752d2-cba2-49b3-9eba-e3118933954b-delete_volume" acquired by "delete_volume" :: waited 0.013s {{(pid=83191) __acquire /opt/stack/cinder/cinder/coordination.py:146}}
Jan 29 00:26:35 devstack cinder-volume[83191]: WARNING cinder.volume.volume_utils [None req-35438658-34b5-403f-a9fa-356dbdf30ae2 tempest-TaggedBootDevicesTest-534759609 None] Volume driver (QuobyteDriver 1.1.13) is currently unsupported and may be removed in the next release of OpenStack. Use at your own risk.
Jan 29 00:26:35 devstack cinder-volume[83191]: DEBUG cinder.coordination [None req-35438658-34b5-403f-a9fa-356dbdf30ae2 tempest-TaggedBootDevicesTest-534759609 None] Acquiring lock "cinder-quobyte-732752d2-cba2-49b3-9eba-e3118933954b" by "delete_volume" {{(pid=83191) __acquire /opt/stack/cinder/cinder/coordination.py:143}}
Jan 29 00:26:35 devstack cinder-volume[83191]: DEBUG cinder.coordination [None req-35438658-34b5-403f-a9fa-356dbdf30ae2 tempest-TaggedBootDevicesTest-534759609 None] Lock "cinder-quobyte-732752d2-cba2-49b3-9eba-e3118933954b" acquired by "delete_volume" :: waited 0.039s {{(pid=83191) __acquire /opt/stack/cinder/cinder/coordination.py:146}}
Jan 29 00:26:35 devstack cinder-volume[83191]: DEBUG oslo.privsep.daemon [-] privsep: reply[1bd01d45-5621-4cac-955a-58d47bb14e36]: (4, 'qcow2') {{(pid=83721) _call_back /opt/stack/data/venv/lib/python3.10/site-packages/oslo_privsep/daemon.py:515}}
Jan 29 00:26:35 devstack cinder-volume[83191]: DEBUG oslo_concurrency.processutils [None req-35438658-34b5-403f-a9fa-356dbdf30ae2 tempest-TaggedBootDevicesTest-534759609 None] Running cmd (subprocess): /opt/stack/data/venv/bin/python3.10 -m oslo_concurrency.prlimit --as=1073741824 --cpu=60 -- sudo cinder-rootwrap /etc/cinder/rootwrap.conf env LC_ALL=C qemu-img info -f qcow2 --output=json --force-share /opt/stack/data/cinder/mnt/be1daf57eaf23cfd50e41da898aa6388/volume-732752d2-cba2-49b3-9eba-e3118933954b {{(pid=83191) execute /opt/stack/data/venv/lib/python3.10/site-packages/oslo_concurrency/processutils.py:349}}
Jan 29 00:26:35 devstack sudo[87560]: quobyte : PWD=/ ; USER=root ; COMMAND=/opt/stack/data/venv/bin/cinder-rootwrap /etc/cinder/rootwrap.conf env LC_ALL=C qemu-img info -f qcow2 --output=json --force-share /opt/stack/data/cinder/mnt/be1daf57eaf23cfd50e41da898aa6388/volume-732752d2-cba2-49b3-9eba-e3118933954b
Jan 29 00:26:35 devstack sudo[87560]: pam_unix(sudo:session): session opened for user root(uid=0) by (uid=1000)
Jan 29 00:26:36 devstack sudo[87560]: pam_unix(sudo:session): session closed for user root
Jan 29 00:26:36 devstack cinder-volume[83191]: DEBUG oslo_concurrency.processutils [None req-35438658-34b5-403f-a9fa-356dbdf30ae2 tempest-TaggedBootDevicesTest-534759609 None] CMD "/opt/stack/data/venv/bin/python3.10 -m oslo_concurrency.prlimit --as=1073741824 --cpu=60 -- sudo cinder-rootwrap /etc/cinder/rootwrap.conf env LC_ALL=C qemu-img info -f qcow2 --output=json --force-share /opt/stack/data/cinder/mnt/be1daf57eaf23cfd50e41da898aa6388/volume-732752d2-cba2-49b3-9eba-e3118933954b" returned: 0 in 0.749s {{(pid=83191) execute /opt/stack/data/venv/lib/python3.10/site-packages/oslo_concurrency/processutils.py:372}}
Jan 29 00:26:36 devstack cinder-volume[83191]: DEBUG oslo_concurrency.processutils [None req-35438658-34b5-403f-a9fa-356dbdf30ae2 tempest-TaggedBootDevicesTest-534759609 None] Running cmd (subprocess): sudo cinder-rootwrap /etc/cinder/rootwrap.conf rm -f /opt/stack/data/cinder/mnt/be1daf57eaf23cfd50e41da898aa6388/volume-732752d2-cba2-49b3-9eba-e3118933954b {{(pid=83191) execute /opt/stack/data/venv/lib/python3.10/site-packages/oslo_concurrency/processutils.py:349}}
Jan 29 00:26:36 devstack sudo[87568]: quobyte : PWD=/ ; USER=root ; COMMAND=/opt/stack/data/venv/bin/cinder-rootwrap /etc/cinder/rootwrap.conf rm -f /opt/stack/data/cinder/mnt/be1daf57eaf23cfd50e41da898aa6388/volume-732752d2-cba2-49b3-9eba-e3118933954b
Jan 29 00:26:36 devstack sudo[87568]: pam_unix(sudo:session): session opened for user root(uid=0) by (uid=1000)
Jan 29 00:26:36 devstack sudo[87568]: pam_unix(sudo:session): session closed for user root
Jan 29 00:26:36 devstack cinder-volume[83191]: DEBUG oslo_concurrency.processutils [None req-35438658-34b5-403f-a9fa-356dbdf30ae2 tempest-TaggedBootDevicesTest-534759609 None] CMD "sudo cinder-rootwrap /etc/cinder/rootwrap.conf rm -f /opt/stack/data/cinder/mnt/be1daf57eaf23cfd50e41da898aa6388/volume-732752d2-cba2-49b3-9eba-e3118933954b" returned: 0 in 0.676s {{(pid=83191) execute /opt/stack/data/venv/lib/python3.10/site-packages/oslo_concurrency/processutils.py:372}}
Jan 29 00:26:37 devstack cinder-volume[83191]: DEBUG cinder.coordination [None req-35438658-34b5-403f-a9fa-356dbdf30ae2 tempest-TaggedBootDevicesTest-534759609 None] Lock "cinder-quobyte-732752d2-cba2-49b3-9eba-e3118933954b" released by "delete_volume" :: held 1.474s {{(pid=83191) __release /opt/stack/cinder/cinder/coordination.py:157}}
Jan 29 00:26:37 devstack cinder-volume[83191]: DEBUG cinder.quota [None req-35438658-34b5-403f-a9fa-356dbdf30ae2 tempest-TaggedBootDevicesTest-534759609 None] Created reservations ['ecd7ef72-6e96-43f6-9fed-891ff5fa424e', '98df25b9-02ac-4b18-a6e5-ed608b2cfa86', '2c737889-8a65-4571-8f3a-7274bba06a75', '10458755-7814-4c1a-bd56-825ab71bff4f'] {{(pid=83191) reserve /opt/stack/cinder/cinder/quota.py:752}}
Jan 29 00:26:37 devstack cinder-volume[83191]: DEBUG oslo_concurrency.lockutils [None req-35438658-34b5-403f-a9fa-356dbdf30ae2 tempest-TaggedBootDevicesTest-534759609 None] Acquiring lock "quobyte_ensure" by "cinder.volume.drivers.quobyte.QuobyteDriver._ensure_shares_mounted" {{(pid=83191) inner /opt/stack/data/venv/lib/python3.10/site-packages/oslo_concurrency/lockutils.py:405}}
Jan 29 00:26:37 devstack cinder-volume[83191]: DEBUG oslo_concurrency.lockutils [None req-35438658-34b5-403f-a9fa-356dbdf30ae2 tempest-TaggedBootDevicesTest-534759609 None] Lock "quobyte_ensure" acquired by "cinder.volume.drivers.quobyte.QuobyteDriver._ensure_shares_mounted" :: waited 0.001s {{(pid=83191) inner /opt/stack/data/venv/lib/python3.10/site-packages/oslo_concurrency/lockutils.py:410}}
Jan 29 00:26:37 devstack cinder-volume[83191]: DEBUG cinder.volume.drivers.quobyte [None req-35438658-34b5-403f-a9fa-356dbdf30ae2 tempest-TaggedBootDevicesTest-534759609 None] Quobyte Volume URL set to: {'osci02.corp.quobyte.com/cinder-vol-04d73237-fc3f-44f4-8843-cb2749aa6ef0': None} {{(pid=83191) _load_shares_config /opt/stack/cinder/cinder/volume/drivers/quobyte.py:611}}
Jan 29 00:26:37 devstack cinder-volume[83191]: DEBUG cinder.volume.drivers.quobyte [None req-35438658-34b5-403f-a9fa-356dbdf30ae2 tempest-TaggedBootDevicesTest-534759609 None] Available shares ['osci02.corp.quobyte.com/cinder-vol-04d73237-fc3f-44f4-8843-cb2749aa6ef0'] {{(pid=83191) _ensure_shares_mounted /opt/stack/cinder/cinder/volume/drivers/quobyte.py:641}}
Jan 29 00:26:37 devstack cinder-volume[83191]: DEBUG oslo_concurrency.lockutils [None req-35438658-34b5-403f-a9fa-356dbdf30ae2 tempest-TaggedBootDevicesTest-534759609 None] Lock "quobyte_ensure" "released" by "cinder.volume.drivers.quobyte.QuobyteDriver._ensure_shares_mounted" :: held 0.014s {{(pid=83191) inner /opt/stack/data/venv/lib/python3.10/site-packages/oslo_concurrency/lockutils.py:424}}
Jan 29 00:26:37 devstack cinder-volume[83191]: DEBUG oslo_concurrency.processutils [None req-35438658-34b5-403f-a9fa-356dbdf30ae2 tempest-TaggedBootDevicesTest-534759609 None] Running cmd (subprocess): sudo cinder-rootwrap /etc/cinder/rootwrap.conf df --portability --block-size 1 /opt/stack/data/cinder/mnt/be1daf57eaf23cfd50e41da898aa6388 {{(pid=83191) execute /opt/stack/data/venv/lib/python3.10/site-packages/oslo_concurrency/processutils.py:349}}
Jan 29 00:26:37 devstack sudo[87582]: quobyte : PWD=/ ; USER=root ; COMMAND=/opt/stack/data/venv/bin/cinder-rootwrap /etc/cinder/rootwrap.conf df --portability --block-size 1 /opt/stack/data/cinder/mnt/be1daf57eaf23cfd50e41da898aa6388
Jan 29 00:26:37 devstack sudo[87582]: pam_unix(sudo:session): session opened for user root(uid=0) by (uid=1000)
Jan 29 00:26:37 devstack cinder-volume[83191]: DEBUG cinder.coordination [None req-77bfef18-0754-4a4c-8cda-7b68b25d0bdb tempest-TaggedBootDevicesTest-534759609 None] Acquiring lock "cinder-0a458155-7b50-4a06-a40f-2832a665e79b-delete_volume" by "delete_volume" {{(pid=83191) __acquire /opt/stack/cinder/cinder/coordination.py:143}}
Jan 29 00:26:37 devstack cinder-volume[83191]: DEBUG cinder.coordination [None req-77bfef18-0754-4a4c-8cda-7b68b25d0bdb tempest-TaggedBootDevicesTest-534759609 None] Lock "cinder-0a458155-7b50-4a06-a40f-2832a665e79b-delete_volume" acquired by "delete_volume" :: waited 0.009s {{(pid=83191) __acquire /opt/stack/cinder/cinder/coordination.py:146}}
Jan 29 00:26:37 devstack cinder-volume[83191]: WARNING cinder.volume.volume_utils [None req-77bfef18-0754-4a4c-8cda-7b68b25d0bdb tempest-TaggedBootDevicesTest-534759609 None] Volume driver (QuobyteDriver 1.1.13) is currently unsupported and may be removed in the next release of OpenStack. Use at your own risk.
Jan 29 00:26:37 devstack cinder-volume[83191]: DEBUG cinder.coordination [None req-77bfef18-0754-4a4c-8cda-7b68b25d0bdb tempest-TaggedBootDevicesTest-534759609 None] Acquiring lock "cinder-quobyte-0a458155-7b50-4a06-a40f-2832a665e79b" by "delete_volume" {{(pid=83191) __acquire /opt/stack/cinder/cinder/coordination.py:143}}
Jan 29 00:26:37 devstack cinder-volume[83191]: DEBUG cinder.coordination [None req-77bfef18-0754-4a4c-8cda-7b68b25d0bdb tempest-TaggedBootDevicesTest-534759609 None] Lock "cinder-quobyte-0a458155-7b50-4a06-a40f-2832a665e79b" acquired by "delete_volume" :: waited 0.014s {{(pid=83191) __acquire /opt/stack/cinder/cinder/coordination.py:146}}
Jan 29 00:26:37 devstack cinder-volume[83191]: DEBUG oslo.privsep.daemon [-] privsep: reply[b9edd4d7-4f33-4283-a423-c51850858db0]: (4, 'qcow2') {{(pid=83721) _call_back /opt/stack/data/venv/lib/python3.10/site-packages/oslo_privsep/daemon.py:515}}
Jan 29 00:26:37 devstack cinder-volume[83191]: DEBUG oslo_concurrency.processutils [None req-77bfef18-0754-4a4c-8cda-7b68b25d0bdb tempest-TaggedBootDevicesTest-534759609 None] Running cmd (subprocess): /opt/stack/data/venv/bin/python3.10 -m oslo_concurrency.prlimit --as=1073741824 --cpu=60 -- sudo cinder-rootwrap /etc/cinder/rootwrap.conf env LC_ALL=C qemu-img info -f qcow2 --output=json --force-share /opt/stack/data/cinder/mnt/be1daf57eaf23cfd50e41da898aa6388/volume-0a458155-7b50-4a06-a40f-2832a665e79b {{(pid=83191) execute /opt/stack/data/venv/lib/python3.10/site-packages/oslo_concurrency/processutils.py:349}}
Jan 29 00:26:38 devstack sudo[87582]: pam_unix(sudo:session): session closed for user root
Jan 29 00:26:38 devstack cinder-volume[83191]: DEBUG oslo_concurrency.processutils [None req-35438658-34b5-403f-a9fa-356dbdf30ae2 tempest-TaggedBootDevicesTest-534759609 None] CMD "sudo cinder-rootwrap /etc/cinder/rootwrap.conf df --portability --block-size 1 /opt/stack/data/cinder/mnt/be1daf57eaf23cfd50e41da898aa6388" returned: 0 in 0.961s {{(pid=83191) execute /opt/stack/data/venv/lib/python3.10/site-packages/oslo_concurrency/processutils.py:372}}
Jan 29 00:26:38 devstack cinder-volume[83191]: DEBUG cinder.manager [None req-35438658-34b5-403f-a9fa-356dbdf30ae2 tempest-TaggedBootDevicesTest-534759609 None] Notifying Schedulers of capabilities ... {{(pid=83191) _publish_service_capabilities /opt/stack/cinder/cinder/manager.py:202}}
Jan 29 00:26:38 devstack cinder-volume[83191]: INFO cinder.volume.manager [None req-35438658-34b5-403f-a9fa-356dbdf30ae2 tempest-TaggedBootDevicesTest-534759609 None] Deleted volume successfully.
Jan 29 00:26:38 devstack sudo[87635]: quobyte : PWD=/ ; USER=root ; COMMAND=/opt/stack/data/venv/bin/cinder-rootwrap /etc/cinder/rootwrap.conf env LC_ALL=C qemu-img info -f qcow2 --output=json --force-share /opt/stack/data/cinder/mnt/be1daf57eaf23cfd50e41da898aa6388/volume-0a458155-7b50-4a06-a40f-2832a665e79b
Jan 29 00:26:38 devstack sudo[87635]: pam_unix(sudo:session): session opened for user root(uid=0) by (uid=1000)
Jan 29 00:26:38 devstack cinder-volume[83191]: DEBUG cinder.coordination [None req-35438658-34b5-403f-a9fa-356dbdf30ae2 tempest-TaggedBootDevicesTest-534759609 None] Lock "cinder-732752d2-cba2-49b3-9eba-e3118933954b-delete_volume" released by "delete_volume" :: held 2.681s {{(pid=83191) __release /opt/stack/cinder/cinder/coordination.py:157}}
Jan 29 00:26:38 devstack sudo[87635]: pam_unix(sudo:session): session closed for user root
Jan 29 00:26:38 devstack cinder-volume[83191]: DEBUG oslo_concurrency.processutils [None req-77bfef18-0754-4a4c-8cda-7b68b25d0bdb tempest-TaggedBootDevicesTest-534759609 None] CMD "/opt/stack/data/venv/bin/python3.10 -m oslo_concurrency.prlimit --as=1073741824 --cpu=60 -- sudo cinder-rootwrap /etc/cinder/rootwrap.conf env LC_ALL=C qemu-img info -f qcow2 --output=json --force-share /opt/stack/data/cinder/mnt/be1daf57eaf23cfd50e41da898aa6388/volume-0a458155-7b50-4a06-a40f-2832a665e79b" returned: 0 in 1.105s {{(pid=83191) execute /opt/stack/data/venv/lib/python3.10/site-packages/oslo_concurrency/processutils.py:372}}
Jan 29 00:26:38 devstack cinder-volume[83191]: DEBUG oslo_concurrency.processutils [None req-77bfef18-0754-4a4c-8cda-7b68b25d0bdb tempest-TaggedBootDevicesTest-534759609 None] Running cmd (subprocess): sudo cinder-rootwrap /etc/cinder/rootwrap.conf rm -f /opt/stack/data/cinder/mnt/be1daf57eaf23cfd50e41da898aa6388/volume-0a458155-7b50-4a06-a40f-2832a665e79b {{(pid=83191) execute /opt/stack/data/venv/lib/python3.10/site-packages/oslo_concurrency/processutils.py:349}}
Jan 29 00:26:39 devstack sudo[87656]: quobyte : PWD=/ ; USER=root ; COMMAND=/opt/stack/data/venv/bin/cinder-rootwrap /etc/cinder/rootwrap.conf rm -f /opt/stack/data/cinder/mnt/be1daf57eaf23cfd50e41da898aa6388/volume-0a458155-7b50-4a06-a40f-2832a665e79b
Jan 29 00:26:39 devstack sudo[87656]: pam_unix(sudo:session): session opened for user root(uid=0) by (uid=1000)
Jan 29 00:26:39 devstack sudo[87656]: pam_unix(sudo:session): session closed for user root
Jan 29 00:26:39 devstack cinder-volume[83191]: DEBUG oslo_concurrency.processutils [None req-77bfef18-0754-4a4c-8cda-7b68b25d0bdb tempest-TaggedBootDevicesTest-534759609 None] CMD "sudo cinder-rootwrap /etc/cinder/rootwrap.conf rm -f /opt/stack/data/cinder/mnt/be1daf57eaf23cfd50e41da898aa6388/volume-0a458155-7b50-4a06-a40f-2832a665e79b" returned: 0 in 0.752s {{(pid=83191) execute /opt/stack/data/venv/lib/python3.10/site-packages/oslo_concurrency/processutils.py:372}}
Jan 29 00:26:39 devstack cinder-volume[83191]: DEBUG cinder.coordination [None req-77bfef18-0754-4a4c-8cda-7b68b25d0bdb tempest-TaggedBootDevicesTest-534759609 None] Lock "cinder-quobyte-0a458155-7b50-4a06-a40f-2832a665e79b" released by "delete_volume" :: held 1.933s {{(pid=83191) __release /opt/stack/cinder/cinder/coordination.py:157}}
Jan 29 00:26:39 devstack cinder-volume[83191]: DEBUG cinder.quota [None req-77bfef18-0754-4a4c-8cda-7b68b25d0bdb tempest-TaggedBootDevicesTest-534759609 None] Created reservations ['6f52ad40-4b96-4646-b6a3-37ca2ba573ad', '02605d9e-4717-4146-9f5e-0f3b1e5ce8ee', 'd57df285-c033-4b41-9ebe-97ae8da4a95b', 'c6c384b5-8bfd-4faf-b54b-d8a6bea53c74'] {{(pid=83191) reserve /opt/stack/cinder/cinder/quota.py:752}}
Jan 29 00:26:39 devstack cinder-volume[83191]: DEBUG oslo_concurrency.lockutils [None req-77bfef18-0754-4a4c-8cda-7b68b25d0bdb tempest-TaggedBootDevicesTest-534759609 None] Acquiring lock "quobyte_ensure" by "cinder.volume.drivers.quobyte.QuobyteDriver._ensure_shares_mounted" {{(pid=83191) inner /opt/stack/data/venv/lib/python3.10/site-packages/oslo_concurrency/lockutils.py:405}}
Jan 29 00:26:39 devstack cinder-volume[83191]: DEBUG oslo_concurrency.lockutils [None req-77bfef18-0754-4a4c-8cda-7b68b25d0bdb tempest-TaggedBootDevicesTest-534759609 None] Lock "quobyte_ensure" acquired by "cinder.volume.drivers.quobyte.QuobyteDriver._ensure_shares_mounted" :: waited 0.001s {{(pid=83191) inner /opt/stack/data/venv/lib/python3.10/site-packages/oslo_concurrency/lockutils.py:410}}
Jan 29 00:26:39 devstack cinder-volume[83191]: DEBUG cinder.volume.drivers.quobyte [None req-77bfef18-0754-4a4c-8cda-7b68b25d0bdb tempest-TaggedBootDevicesTest-534759609 None] Quobyte Volume URL set to: {'osci02.corp.quobyte.com/cinder-vol-04d73237-fc3f-44f4-8843-cb2749aa6ef0': None} {{(pid=83191) _load_shares_config /opt/stack/cinder/cinder/volume/drivers/quobyte.py:611}}
Jan 29 00:26:39 devstack cinder-volume[83191]: DEBUG cinder.volume.drivers.quobyte [None req-77bfef18-0754-4a4c-8cda-7b68b25d0bdb tempest-TaggedBootDevicesTest-534759609 None] Available shares ['osci02.corp.quobyte.com/cinder-vol-04d73237-fc3f-44f4-8843-cb2749aa6ef0'] {{(pid=83191) _ensure_shares_mounted /opt/stack/cinder/cinder/volume/drivers/quobyte.py:641}}
Jan 29 00:26:39 devstack cinder-volume[83191]: DEBUG oslo_concurrency.lockutils [None req-77bfef18-0754-4a4c-8cda-7b68b25d0bdb tempest-TaggedBootDevicesTest-534759609 None] Lock "quobyte_ensure" "released" by "cinder.volume.drivers.quobyte.QuobyteDriver._ensure_shares_mounted" :: held 0.006s {{(pid=83191) inner /opt/stack/data/venv/lib/python3.10/site-packages/oslo_concurrency/lockutils.py:424}}
Jan 29 00:26:39 devstack cinder-volume[83191]: DEBUG oslo_concurrency.processutils [None req-77bfef18-0754-4a4c-8cda-7b68b25d0bdb tempest-TaggedBootDevicesTest-534759609 None] Running cmd (subprocess): sudo cinder-rootwrap /etc/cinder/rootwrap.conf df --portability --block-size 1 /opt/stack/data/cinder/mnt/be1daf57eaf23cfd50e41da898aa6388 {{(pid=83191) execute /opt/stack/data/venv/lib/python3.10/site-packages/oslo_concurrency/processutils.py:349}}
Jan 29 00:26:39 devstack sudo[87665]: quobyte : PWD=/ ; USER=root ; COMMAND=/opt/stack/data/venv/bin/cinder-rootwrap /etc/cinder/rootwrap.conf df --portability --block-size 1 /opt/stack/data/cinder/mnt/be1daf57eaf23cfd50e41da898aa6388
Jan 29 00:26:39 devstack sudo[87665]: pam_unix(sudo:session): session opened for user root(uid=0) by (uid=1000)
Jan 29 00:26:40 devstack cinder-volume[83191]: DEBUG cinder.coordination [None req-56645afe-3a99-4da2-aea1-6d877f72cd5c tempest-TaggedBootDevicesTest-534759609 None] Acquiring lock "cinder-12ca52b7-aebf-4117-afbe-a48b8bc03374-delete_volume" by "delete_volume" {{(pid=83191) __acquire /opt/stack/cinder/cinder/coordination.py:143}}
Jan 29 00:26:40 devstack cinder-volume[83191]: DEBUG cinder.coordination [None req-56645afe-3a99-4da2-aea1-6d877f72cd5c tempest-TaggedBootDevicesTest-534759609 None] Lock "cinder-12ca52b7-aebf-4117-afbe-a48b8bc03374-delete_volume" acquired by "delete_volume" :: waited 0.033s {{(pid=83191) __acquire /opt/stack/cinder/cinder/coordination.py:146}}
Jan 29 00:26:40 devstack cinder-volume[83191]: WARNING cinder.volume.volume_utils [None req-56645afe-3a99-4da2-aea1-6d877f72cd5c tempest-TaggedBootDevicesTest-534759609 None] Volume driver (QuobyteDriver 1.1.13) is currently unsupported and may be removed in the next release of OpenStack. Use at your own risk.
Jan 29 00:26:40 devstack cinder-volume[83191]: DEBUG cinder.coordination [None req-56645afe-3a99-4da2-aea1-6d877f72cd5c tempest-TaggedBootDevicesTest-534759609 None] Acquiring lock "cinder-quobyte-12ca52b7-aebf-4117-afbe-a48b8bc03374" by "delete_volume" {{(pid=83191) __acquire /opt/stack/cinder/cinder/coordination.py:143}}
Jan 29 00:26:40 devstack cinder-volume[83191]: DEBUG cinder.coordination [None req-56645afe-3a99-4da2-aea1-6d877f72cd5c tempest-TaggedBootDevicesTest-534759609 None] Lock "cinder-quobyte-12ca52b7-aebf-4117-afbe-a48b8bc03374" acquired by "delete_volume" :: waited 0.015s {{(pid=83191) __acquire /opt/stack/cinder/cinder/coordination.py:146}}
Jan 29 00:26:40 devstack cinder-volume[83191]: DEBUG oslo.privsep.daemon [-] privsep: reply[02290037-7ddd-4c15-90f4-6365ab976ba7]: (4, 'raw') {{(pid=83721) _call_back /opt/stack/data/venv/lib/python3.10/site-packages/oslo_privsep/daemon.py:515}}
Jan 29 00:26:40 devstack cinder-volume[83191]: DEBUG oslo_concurrency.processutils [None req-56645afe-3a99-4da2-aea1-6d877f72cd5c tempest-TaggedBootDevicesTest-534759609 None] Running cmd (subprocess): /opt/stack/data/venv/bin/python3.10 -m oslo_concurrency.prlimit --as=1073741824 --cpu=60 -- sudo cinder-rootwrap /etc/cinder/rootwrap.conf env LC_ALL=C qemu-img info -f raw --output=json --force-share /opt/stack/data/cinder/mnt/be1daf57eaf23cfd50e41da898aa6388/volume-12ca52b7-aebf-4117-afbe-a48b8bc03374 {{(pid=83191) execute /opt/stack/data/venv/lib/python3.10/site-packages/oslo_concurrency/processutils.py:349}}
Jan 29 00:26:40 devstack sudo[87667]: quobyte : PWD=/ ; USER=root ; COMMAND=/opt/stack/data/venv/bin/cinder-rootwrap /etc/cinder/rootwrap.conf env LC_ALL=C qemu-img info -f raw --output=json --force-share /opt/stack/data/cinder/mnt/be1daf57eaf23cfd50e41da898aa6388/volume-12ca52b7-aebf-4117-afbe-a48b8bc03374
Jan 29 00:26:40 devstack sudo[87667]: pam_unix(sudo:session): session opened for user root(uid=0) by (uid=1000)
Jan 29 00:26:40 devstack sudo[87665]: pam_unix(sudo:session): session closed for user root
Jan 29 00:26:40 devstack cinder-volume[83191]: DEBUG oslo_concurrency.processutils [None req-77bfef18-0754-4a4c-8cda-7b68b25d0bdb tempest-TaggedBootDevicesTest-534759609 None] CMD "sudo cinder-rootwrap /etc/cinder/rootwrap.conf df --portability --block-size 1 /opt/stack/data/cinder/mnt/be1daf57eaf23cfd50e41da898aa6388" returned: 0 in 0.938s {{(pid=83191) execute /opt/stack/data/venv/lib/python3.10/site-packages/oslo_concurrency/processutils.py:372}}
Jan 29 00:26:40 devstack cinder-volume[83191]: DEBUG cinder.manager [None req-77bfef18-0754-4a4c-8cda-7b68b25d0bdb tempest-TaggedBootDevicesTest-534759609 None] Notifying Schedulers of capabilities ... {{(pid=83191) _publish_service_capabilities /opt/stack/cinder/cinder/manager.py:202}}
Jan 29 00:26:40 devstack cinder-volume[83191]: INFO cinder.volume.manager [None req-77bfef18-0754-4a4c-8cda-7b68b25d0bdb tempest-TaggedBootDevicesTest-534759609 None] Deleted volume successfully.
Jan 29 00:26:40 devstack cinder-volume[83191]: DEBUG cinder.coordination [None req-77bfef18-0754-4a4c-8cda-7b68b25d0bdb tempest-TaggedBootDevicesTest-534759609 None] Lock "cinder-0a458155-7b50-4a06-a40f-2832a665e79b-delete_volume" released by "delete_volume" :: held 3.098s {{(pid=83191) __release /opt/stack/cinder/cinder/coordination.py:157}}
Jan 29 00:26:41 devstack sudo[87667]: pam_unix(sudo:session): session closed for user root
Jan 29 00:26:41 devstack cinder-volume[83191]: DEBUG oslo_concurrency.processutils [None req-56645afe-3a99-4da2-aea1-6d877f72cd5c tempest-TaggedBootDevicesTest-534759609 None] CMD "/opt/stack/data/venv/bin/python3.10 -m oslo_concurrency.prlimit --as=1073741824 --cpu=60 -- sudo cinder-rootwrap /etc/cinder/rootwrap.conf env LC_ALL=C qemu-img info -f raw --output=json --force-share /opt/stack/data/cinder/mnt/be1daf57eaf23cfd50e41da898aa6388/volume-12ca52b7-aebf-4117-afbe-a48b8bc03374" returned: 0 in 1.172s {{(pid=83191) execute /opt/stack/data/venv/lib/python3.10/site-packages/oslo_concurrency/processutils.py:372}}
Jan 29 00:26:41 devstack cinder-volume[83191]: DEBUG oslo_concurrency.processutils [None req-56645afe-3a99-4da2-aea1-6d877f72cd5c tempest-TaggedBootDevicesTest-534759609 None] Running cmd (subprocess): /opt/stack/data/venv/bin/python3.10 -m oslo_concurrency.prlimit --as=1073741824 --cpu=60 -- sudo cinder-rootwrap /etc/cinder/rootwrap.conf env LC_ALL=C qemu-img info -f luks --output=json --force-share /opt/stack/data/cinder/mnt/be1daf57eaf23cfd50e41da898aa6388/volume-12ca52b7-aebf-4117-afbe-a48b8bc03374 {{(pid=83191) execute /opt/stack/data/venv/lib/python3.10/site-packages/oslo_concurrency/processutils.py:349}}
Jan 29 00:26:41 devstack cinder-volume[83191]: WARNING cinder.volume.volume_utils [None req-2592bf14-3af1-4704-9eea-ba55a2055af3 tempest-VolumesAdminNegativeTest-1236542807 None] Volume driver (QuobyteDriver 1.1.13) is currently unsupported and may be removed in the next release of OpenStack. Use at your own risk.
Jan 29 00:26:41 devstack cinder-volume[83191]: DEBUG cinder.volume.flows.manager.create_volume [None req-2592bf14-3af1-4704-9eea-ba55a2055af3 tempest-VolumesAdminNegativeTest-1236542807 None] Volume reschedule parameters: True retry: {'num_attempts': 1, 'backends': ['devstack@QuobyteHD#QuobyteHD'], 'hosts': ['devstack@QuobyteHD#QuobyteHD']} {{(pid=83191) get_flow /opt/stack/cinder/cinder/volume/flows/manager/create_volume.py:1388}}
Jan 29 00:26:41 devstack sudo[87672]: quobyte : PWD=/ ; USER=root ; COMMAND=/opt/stack/data/venv/bin/cinder-rootwrap /etc/cinder/rootwrap.conf env LC_ALL=C qemu-img info -f luks --output=json --force-share /opt/stack/data/cinder/mnt/be1daf57eaf23cfd50e41da898aa6388/volume-12ca52b7-aebf-4117-afbe-a48b8bc03374
Jan 29 00:26:41 devstack sudo[87672]: pam_unix(sudo:session): session opened for user root(uid=0) by (uid=1000)
Jan 29 00:26:41 devstack cinder-volume[83191]: DEBUG cinder.volume.manager [None req-2592bf14-3af1-4704-9eea-ba55a2055af3 tempest-VolumesAdminNegativeTest-1236542807 None] Flow 'volume_create_manager' (8b306af6-b316-4dab-b1dc-1a490dd84ee4) transitioned into state 'RUNNING' from state 'PENDING' {{(pid=83191) _flow_receiver /opt/stack/data/venv/lib/python3.10/site-packages/taskflow/listeners/logging.py:145}}
