Feb 12 16:03:23 devstack cinder-volume[79425]: DEBUG cinder.coordination [None req-11e3ac06-fe5e-461c-bfbf-5088c99abfec tempest-GroupSnapshotsV319Test-479217878 None] Lock "cinder-quobyte-58cc4954-6437-4110-9b05-589e6541aa50" released by "delete_volume" :: held 1.347s {{(pid=79425) __release /opt/stack/cinder/cinder/coordination.py:157}}
Feb 12 16:03:23 devstack cinder-volume[79425]: DEBUG dbcounter [-] [79425] Writing DB stats cinder:SELECT=102,cinder:UPDATE=87,cinder:DELETE=6,cinder:INSERT=20 {{(pid=79425) stat_writer /opt/stack/data/venv/lib/python3.10/site-packages/dbcounter.py:115}}
Feb 12 16:03:23 devstack cinder-volume[79425]: DEBUG dbcounter [-] [79425] Writing DB stats cinder:SELECT=105,cinder:UPDATE=91,cinder:INSERT=17,cinder:DELETE=3 {{(pid=79425) stat_writer /opt/stack/data/venv/lib/python3.10/site-packages/dbcounter.py:115}}
Feb 12 16:03:23 devstack cinder-volume[79425]: DEBUG cinder.quota [None req-11e3ac06-fe5e-461c-bfbf-5088c99abfec tempest-GroupSnapshotsV319Test-479217878 None] Created reservations ['05c64e8e-36b4-4e70-b9b8-25e313d96c15'] {{(pid=79425) reserve /opt/stack/cinder/cinder/quota.py:752}}
Feb 12 16:03:23 devstack cinder-volume[79425]: WARNING cinder.quota [None req-11e3ac06-fe5e-461c-bfbf-5088c99abfec tempest-GroupSnapshotsV319Test-479217878 None] Deprecated: Default quota for resource: volumes_tempest-GroupSnapshotsV319Test-volume-type-1237372920 is set by the default quota flag: quota_volumes_tempest-GroupSnapshotsV319Test-volume-type-1237372920, it is now deprecated. Please use the default quota class for default quota.
Feb 12 16:03:23 devstack cinder-volume[79425]: DEBUG cinder.quota [None req-11e3ac06-fe5e-461c-bfbf-5088c99abfec tempest-GroupSnapshotsV319Test-479217878 None] Created reservations ['b62b9266-b19d-4365-a376-34f68087bd74', '7ed2c988-7bb5-4bd7-a35b-67332e5a69e3', '555c295d-3726-43f5-9d9d-8d4eea132413', 'a6dbb51a-2147-423e-baf3-28d58ce34f25'] {{(pid=79425) reserve /opt/stack/cinder/cinder/quota.py:752}}
Feb 12 16:03:23 devstack cinder-volume[79425]: DEBUG oslo_concurrency.lockutils [None req-11e3ac06-fe5e-461c-bfbf-5088c99abfec tempest-GroupSnapshotsV319Test-479217878 None] Acquiring lock "quobyte_ensure" by "cinder.volume.drivers.quobyte.QuobyteDriver._ensure_shares_mounted" {{(pid=79425) inner /opt/stack/data/venv/lib/python3.10/site-packages/oslo_concurrency/lockutils.py:506}}
Feb 12 16:03:23 devstack cinder-volume[79425]: DEBUG oslo_concurrency.lockutils [None req-11e3ac06-fe5e-461c-bfbf-5088c99abfec tempest-GroupSnapshotsV319Test-479217878 None] Lock "quobyte_ensure" acquired by "cinder.volume.drivers.quobyte.QuobyteDriver._ensure_shares_mounted" :: waited 0.001s {{(pid=79425) inner /opt/stack/data/venv/lib/python3.10/site-packages/oslo_concurrency/lockutils.py:519}}
Feb 12 16:03:23 devstack cinder-volume[79425]: DEBUG cinder.volume.drivers.quobyte [None req-11e3ac06-fe5e-461c-bfbf-5088c99abfec tempest-GroupSnapshotsV319Test-479217878 None] Quobyte Volume URL set to: {'osci02.corp.quobyte.com/cinder-vol-b3fb3310-491c-4c6b-b9a9-b40859600982': None} {{(pid=79425) _load_shares_config /opt/stack/cinder/cinder/volume/drivers/quobyte.py:620}}
Feb 12 16:03:23 devstack cinder-volume[79425]: DEBUG cinder.volume.drivers.quobyte [None req-11e3ac06-fe5e-461c-bfbf-5088c99abfec tempest-GroupSnapshotsV319Test-479217878 None] Available shares ['osci02.corp.quobyte.com/cinder-vol-b3fb3310-491c-4c6b-b9a9-b40859600982'] {{(pid=79425) _ensure_shares_mounted /opt/stack/cinder/cinder/volume/drivers/quobyte.py:650}}
Feb 12 16:03:23 devstack cinder-volume[79425]: DEBUG oslo_concurrency.lockutils [None req-11e3ac06-fe5e-461c-bfbf-5088c99abfec tempest-GroupSnapshotsV319Test-479217878 None] Lock "quobyte_ensure" "released" by "cinder.volume.drivers.quobyte.QuobyteDriver._ensure_shares_mounted" :: held 0.004s {{(pid=79425) inner /opt/stack/data/venv/lib/python3.10/site-packages/oslo_concurrency/lockutils.py:538}}
Feb 12 16:03:23 devstack cinder-volume[79425]: DEBUG oslo_concurrency.processutils [None req-11e3ac06-fe5e-461c-bfbf-5088c99abfec tempest-GroupSnapshotsV319Test-479217878 None] Running cmd (subprocess): sudo cinder-rootwrap /etc/cinder/rootwrap.conf df --portability --block-size 1 /opt/stack/data/cinder/mnt/c9696eca9a8737e7122b40b9a2c78d6b {{(pid=79425) execute /opt/stack/data/venv/lib/python3.10/site-packages/oslo_concurrency/processutils.py:368}}
Feb 12 16:03:23 devstack sudo[81165]: quobyte : PWD=/ ; USER=root ; COMMAND=/opt/stack/data/venv/bin/cinder-rootwrap /etc/cinder/rootwrap.conf df --portability --block-size 1 /opt/stack/data/cinder/mnt/c9696eca9a8737e7122b40b9a2c78d6b
Feb 12 16:03:23 devstack sudo[81165]: pam_unix(sudo:session): session opened for user root(uid=0) by (uid=1000)
Feb 12 16:03:23 devstack sudo[81154]: pam_unix(sudo:session): session closed for user root
Feb 12 16:03:23 devstack cinder-volume[79425]: DEBUG oslo_concurrency.processutils [None req-20a5bfda-c133-4033-9a3f-225f9dfef73c tempest-GroupSnapshotsTest-344684359 None] CMD "sudo cinder-rootwrap /etc/cinder/rootwrap.conf qemu-img create -f qcow2 -o backing_file=/opt/stack/data/cinder/mnt/c9696eca9a8737e7122b40b9a2c78d6b/volume-94078953-1059-4cc9-ac88-04ee03394d4a,backing_fmt=qcow2 /opt/stack/data/cinder/mnt/c9696eca9a8737e7122b40b9a2c78d6b/volume-94078953-1059-4cc9-ac88-04ee03394d4a.374c3ef1-36e4-472d-9d7b-fb000fff87d4 1G" returned: 0 in 0.700s {{(pid=79425) execute /opt/stack/data/venv/lib/python3.10/site-packages/oslo_concurrency/processutils.py:396}}
Feb 12 16:03:23 devstack cinder-volume[79425]: DEBUG oslo_concurrency.processutils [None req-20a5bfda-c133-4033-9a3f-225f9dfef73c tempest-GroupSnapshotsTest-344684359 None] Running cmd (subprocess): sudo cinder-rootwrap /etc/cinder/rootwrap.conf qemu-img rebase -u -b volume-94078953-1059-4cc9-ac88-04ee03394d4a -F qcow2 /opt/stack/data/cinder/mnt/c9696eca9a8737e7122b40b9a2c78d6b/volume-94078953-1059-4cc9-ac88-04ee03394d4a.374c3ef1-36e4-472d-9d7b-fb000fff87d4 {{(pid=79425) execute /opt/stack/data/venv/lib/python3.10/site-packages/oslo_concurrency/processutils.py:368}}
Feb 12 16:03:23 devstack sudo[81167]: quobyte : PWD=/ ; USER=root ; COMMAND=/opt/stack/data/venv/bin/cinder-rootwrap /etc/cinder/rootwrap.conf qemu-img rebase -u -b volume-94078953-1059-4cc9-ac88-04ee03394d4a -F qcow2 /opt/stack/data/cinder/mnt/c9696eca9a8737e7122b40b9a2c78d6b/volume-94078953-1059-4cc9-ac88-04ee03394d4a.374c3ef1-36e4-472d-9d7b-fb000fff87d4
Feb 12 16:03:23 devstack sudo[81167]: pam_unix(sudo:session): session opened for user root(uid=0) by (uid=1000)
Feb 12 16:03:24 devstack sudo[81165]: pam_unix(sudo:session): session closed for user root
Feb 12 16:03:24 devstack cinder-volume[79425]: DEBUG oslo_concurrency.processutils [None req-11e3ac06-fe5e-461c-bfbf-5088c99abfec tempest-GroupSnapshotsV319Test-479217878 None] CMD "sudo cinder-rootwrap /etc/cinder/rootwrap.conf df --portability --block-size 1 /opt/stack/data/cinder/mnt/c9696eca9a8737e7122b40b9a2c78d6b" returned: 0 in 0.443s {{(pid=79425) execute /opt/stack/data/venv/lib/python3.10/site-packages/oslo_concurrency/processutils.py:396}}
Feb 12 16:03:24 devstack cinder-volume[79425]: DEBUG cinder.manager [None req-11e3ac06-fe5e-461c-bfbf-5088c99abfec tempest-GroupSnapshotsV319Test-479217878 None] Notifying Schedulers of capabilities ... {{(pid=79425) _publish_service_capabilities /opt/stack/cinder/cinder/manager.py:202}}
Feb 12 16:03:24 devstack cinder-volume[79425]: INFO cinder.volume.manager [None req-11e3ac06-fe5e-461c-bfbf-5088c99abfec tempest-GroupSnapshotsV319Test-479217878 None] Delete group completed successfully.
Feb 12 16:03:24 devstack sudo[81167]: pam_unix(sudo:session): session closed for user root
Feb 12 16:03:24 devstack cinder-volume[79425]: DEBUG oslo_concurrency.processutils [None req-20a5bfda-c133-4033-9a3f-225f9dfef73c tempest-GroupSnapshotsTest-344684359 None] CMD "sudo cinder-rootwrap /etc/cinder/rootwrap.conf qemu-img rebase -u -b volume-94078953-1059-4cc9-ac88-04ee03394d4a -F qcow2 /opt/stack/data/cinder/mnt/c9696eca9a8737e7122b40b9a2c78d6b/volume-94078953-1059-4cc9-ac88-04ee03394d4a.374c3ef1-36e4-472d-9d7b-fb000fff87d4" returned: 0 in 0.470s {{(pid=79425) execute /opt/stack/data/venv/lib/python3.10/site-packages/oslo_concurrency/processutils.py:396}}
Feb 12 16:03:24 devstack cinder-volume[79425]: WARNING cinder.volume.drivers.remotefs [None req-20a5bfda-c133-4033-9a3f-225f9dfef73c tempest-GroupSnapshotsTest-344684359 None] /opt/stack/data/cinder/mnt/c9696eca9a8737e7122b40b9a2c78d6b/volume-94078953-1059-4cc9-ac88-04ee03394d4a.374c3ef1-36e4-472d-9d7b-fb000fff87d4 is being set with open permissions: ugo+rw: NotImplementedError
Feb 12 16:03:24 devstack cinder-volume[79425]: DEBUG oslo_concurrency.processutils [None req-20a5bfda-c133-4033-9a3f-225f9dfef73c tempest-GroupSnapshotsTest-344684359 None] Running cmd (subprocess): sudo cinder-rootwrap /etc/cinder/rootwrap.conf chmod ugo+rw /opt/stack/data/cinder/mnt/c9696eca9a8737e7122b40b9a2c78d6b/volume-94078953-1059-4cc9-ac88-04ee03394d4a.374c3ef1-36e4-472d-9d7b-fb000fff87d4 {{(pid=79425) execute /opt/stack/data/venv/lib/python3.10/site-packages/oslo_concurrency/processutils.py:368}}
Feb 12 16:03:24 devstack sudo[81180]: quobyte : PWD=/ ; USER=root ; COMMAND=/opt/stack/data/venv/bin/cinder-rootwrap /etc/cinder/rootwrap.conf chmod ugo+rw /opt/stack/data/cinder/mnt/c9696eca9a8737e7122b40b9a2c78d6b/volume-94078953-1059-4cc9-ac88-04ee03394d4a.374c3ef1-36e4-472d-9d7b-fb000fff87d4
Feb 12 16:03:24 devstack sudo[81180]: pam_unix(sudo:session): session opened for user root(uid=0) by (uid=1000)
Feb 12 16:03:24 devstack sudo[81180]: pam_unix(sudo:session): session closed for user root
Feb 12 16:03:24 devstack cinder-volume[79425]: DEBUG oslo_concurrency.processutils [None req-20a5bfda-c133-4033-9a3f-225f9dfef73c tempest-GroupSnapshotsTest-344684359 None] CMD "sudo cinder-rootwrap /etc/cinder/rootwrap.conf chmod ugo+rw /opt/stack/data/cinder/mnt/c9696eca9a8737e7122b40b9a2c78d6b/volume-94078953-1059-4cc9-ac88-04ee03394d4a.374c3ef1-36e4-472d-9d7b-fb000fff87d4" returned: 0 in 0.415s {{(pid=79425) execute /opt/stack/data/venv/lib/python3.10/site-packages/oslo_concurrency/processutils.py:396}}
Feb 12 16:03:24 devstack cinder-volume[79425]: DEBUG oslo_concurrency.processutils [None req-20a5bfda-c133-4033-9a3f-225f9dfef73c tempest-GroupSnapshotsTest-344684359 None] Running cmd (subprocess): sudo cinder-rootwrap /etc/cinder/rootwrap.conf truncate -s0 /opt/stack/data/cinder/mnt/c9696eca9a8737e7122b40b9a2c78d6b/volume-94078953-1059-4cc9-ac88-04ee03394d4a.info {{(pid=79425) execute /opt/stack/data/venv/lib/python3.10/site-packages/oslo_concurrency/processutils.py:368}}
Feb 12 16:03:24 devstack sudo[81183]: quobyte : PWD=/ ; USER=root ; COMMAND=/opt/stack/data/venv/bin/cinder-rootwrap /etc/cinder/rootwrap.conf truncate -s0 /opt/stack/data/cinder/mnt/c9696eca9a8737e7122b40b9a2c78d6b/volume-94078953-1059-4cc9-ac88-04ee03394d4a.info
Feb 12 16:03:24 devstack sudo[81183]: pam_unix(sudo:session): session opened for user root(uid=0) by (uid=1000)
Feb 12 16:03:25 devstack sudo[81183]: pam_unix(sudo:session): session closed for user root
Feb 12 16:03:25 devstack cinder-volume[79425]: DEBUG oslo_concurrency.processutils [None req-20a5bfda-c133-4033-9a3f-225f9dfef73c tempest-GroupSnapshotsTest-344684359 None] CMD "sudo cinder-rootwrap /etc/cinder/rootwrap.conf truncate -s0 /opt/stack/data/cinder/mnt/c9696eca9a8737e7122b40b9a2c78d6b/volume-94078953-1059-4cc9-ac88-04ee03394d4a.info" returned: 0 in 0.584s {{(pid=79425) execute /opt/stack/data/venv/lib/python3.10/site-packages/oslo_concurrency/processutils.py:396}}
Feb 12 16:03:25 devstack cinder-volume[79425]: WARNING cinder.volume.drivers.remotefs [None req-20a5bfda-c133-4033-9a3f-225f9dfef73c tempest-GroupSnapshotsTest-344684359 None] /opt/stack/data/cinder/mnt/c9696eca9a8737e7122b40b9a2c78d6b/volume-94078953-1059-4cc9-ac88-04ee03394d4a.info is being set with open permissions: ugo+rw: NotImplementedError
Feb 12 16:03:25 devstack cinder-volume[79425]: DEBUG oslo_concurrency.processutils [None req-20a5bfda-c133-4033-9a3f-225f9dfef73c tempest-GroupSnapshotsTest-344684359 None] Running cmd (subprocess): sudo cinder-rootwrap /etc/cinder/rootwrap.conf chmod ugo+rw /opt/stack/data/cinder/mnt/c9696eca9a8737e7122b40b9a2c78d6b/volume-94078953-1059-4cc9-ac88-04ee03394d4a.info {{(pid=79425) execute /opt/stack/data/venv/lib/python3.10/site-packages/oslo_concurrency/processutils.py:368}}
Feb 12 16:03:25 devstack sudo[81186]: quobyte : PWD=/ ; USER=root ; COMMAND=/opt/stack/data/venv/bin/cinder-rootwrap /etc/cinder/rootwrap.conf chmod ugo+rw /opt/stack/data/cinder/mnt/c9696eca9a8737e7122b40b9a2c78d6b/volume-94078953-1059-4cc9-ac88-04ee03394d4a.info
Feb 12 16:03:25 devstack sudo[81186]: pam_unix(sudo:session): session opened for user root(uid=0) by (uid=1000)
Feb 12 16:03:25 devstack sudo[81186]: pam_unix(sudo:session): session closed for user root
Feb 12 16:03:25 devstack cinder-volume[79425]: DEBUG oslo_concurrency.processutils [None req-20a5bfda-c133-4033-9a3f-225f9dfef73c tempest-GroupSnapshotsTest-344684359 None] CMD "sudo cinder-rootwrap /etc/cinder/rootwrap.conf chmod ugo+rw /opt/stack/data/cinder/mnt/c9696eca9a8737e7122b40b9a2c78d6b/volume-94078953-1059-4cc9-ac88-04ee03394d4a.info" returned: 0 in 0.524s {{(pid=79425) execute /opt/stack/data/venv/lib/python3.10/site-packages/oslo_concurrency/processutils.py:396}}
Feb 12 16:03:25 devstack cinder-volume[79425]: DEBUG oslo_concurrency.lockutils [None req-20a5bfda-c133-4033-9a3f-225f9dfef73c tempest-GroupSnapshotsTest-344684359 None] Lock "quobyte" "released" by "cinder.volume.drivers.quobyte.QuobyteDriver.create_snapshot" :: held 3.419s {{(pid=79425) inner /opt/stack/data/venv/lib/python3.10/site-packages/oslo_concurrency/lockutils.py:538}}
Feb 12 16:03:25 devstack cinder-volume[79425]: INFO cinder.volume.manager [None req-20a5bfda-c133-4033-9a3f-225f9dfef73c tempest-GroupSnapshotsTest-344684359 None] group_snapshot dcce4fe8-99dc-4763-955a-edf680c83f07: created successfully
Feb 12 16:03:26 devstack cinder-volume[79425]: INFO cinder.volume.manager [None req-fc94e793-75e8-4856-b161-8e745c7082de tempest-GroupSnapshotsTest-344684359 None] group_snapshot dcce4fe8-99dc-4763-955a-edf680c83f07: deleting
Feb 12 16:03:26 devstack cinder-volume[79425]: WARNING cinder.volume.volume_utils [None req-fc94e793-75e8-4856-b161-8e745c7082de tempest-GroupSnapshotsTest-344684359 None] Volume driver (QuobyteDriver 1.1.14) is currently unsupported and may be removed in the next release of OpenStack. Use at your own risk.
Feb 12 16:03:26 devstack cinder-volume[79425]: DEBUG cinder.volume.manager [None req-fc94e793-75e8-4856-b161-8e745c7082de tempest-GroupSnapshotsTest-344684359 None] group_snapshot dcce4fe8-99dc-4763-955a-edf680c83f07: deleting {{(pid=79425) delete_group_snapshot /opt/stack/cinder/cinder/volume/manager.py:4350}}
Feb 12 16:03:26 devstack cinder-volume[79425]: DEBUG cinder.coordination [None req-fc94e793-75e8-4856-b161-8e745c7082de tempest-GroupSnapshotsTest-344684359 None] Acquiring lock "cinder-quobyte-333cfaed-a4b7-434b-911e-3b22a9a0ce61" by "delete_snapshot" {{(pid=79425) __acquire /opt/stack/cinder/cinder/coordination.py:143}}
Feb 12 16:03:26 devstack cinder-volume[79425]: DEBUG cinder.coordination [None req-fc94e793-75e8-4856-b161-8e745c7082de tempest-GroupSnapshotsTest-344684359 None] Lock "cinder-quobyte-333cfaed-a4b7-434b-911e-3b22a9a0ce61" acquired by "delete_snapshot" :: waited 0.017s {{(pid=79425) __acquire /opt/stack/cinder/cinder/coordination.py:146}}
Feb 12 16:03:26 devstack cinder-volume[79425]: DEBUG cinder.coordination [None req-fc94e793-75e8-4856-b161-8e745c7082de tempest-GroupSnapshotsTest-344684359 None] Acquiring lock "cinder-quobyte-122c8486-d3b9-487e-bd57-93424e05dadd" by "_delete_snapshot" {{(pid=79425) __acquire /opt/stack/cinder/cinder/coordination.py:143}}
Feb 12 16:03:26 devstack cinder-volume[79425]: DEBUG cinder.coordination [None req-fc94e793-75e8-4856-b161-8e745c7082de tempest-GroupSnapshotsTest-344684359 None] Lock "cinder-quobyte-122c8486-d3b9-487e-bd57-93424e05dadd" acquired by "_delete_snapshot" :: waited 0.011s {{(pid=79425) __acquire /opt/stack/cinder/cinder/coordination.py:146}}
Feb 12 16:03:26 devstack cinder-volume[79425]: DEBUG cinder.volume.drivers.remotefs [None req-fc94e793-75e8-4856-b161-8e745c7082de tempest-GroupSnapshotsTest-344684359 None] Deleting offline snapshot 122c8486-d3b9-487e-bd57-93424e05dadd of volume 333cfaed-a4b7-434b-911e-3b22a9a0ce61 {{(pid=79425) _delete_snapshot /opt/stack/cinder/cinder/volume/drivers/remotefs.py:1290}}
Feb 12 16:03:26 devstack cinder-volume[79425]: DEBUG cinder.volume.drivers.remotefs [None req-fc94e793-75e8-4856-b161-8e745c7082de tempest-GroupSnapshotsTest-344684359 None] snapshot_file for this snap is: volume-333cfaed-a4b7-434b-911e-3b22a9a0ce61.122c8486-d3b9-487e-bd57-93424e05dadd {{(pid=79425) _delete_snapshot /opt/stack/cinder/cinder/volume/drivers/remotefs.py:1319}}
Feb 12 16:03:26 devstack cinder-volume[79425]: DEBUG oslo.privsep.daemon [-] privsep: reply[5f699334-f686-4c92-8dc8-966da19ebb02]: (4, 'qcow2') {{(pid=80130) _call_back /opt/stack/data/venv/lib/python3.10/site-packages/oslo_privsep/daemon.py:515}}
Feb 12 16:03:26 devstack cinder-volume[79425]: DEBUG oslo_concurrency.processutils [None req-fc94e793-75e8-4856-b161-8e745c7082de tempest-GroupSnapshotsTest-344684359 None] Running cmd (subprocess): /opt/stack/data/venv/bin/python3.10 -m oslo_concurrency.prlimit --as=1073741824 --cpu=60 -- sudo cinder-rootwrap /etc/cinder/rootwrap.conf env LC_ALL=C qemu-img info -f qcow2 --output=json --force-share /opt/stack/data/cinder/mnt/c9696eca9a8737e7122b40b9a2c78d6b/volume-333cfaed-a4b7-434b-911e-3b22a9a0ce61.122c8486-d3b9-487e-bd57-93424e05dadd {{(pid=79425) execute /opt/stack/data/venv/lib/python3.10/site-packages/oslo_concurrency/processutils.py:368}}
Feb 12 16:03:26 devstack sudo[81190]: quobyte : PWD=/ ; USER=root ; COMMAND=/opt/stack/data/venv/bin/cinder-rootwrap /etc/cinder/rootwrap.conf env LC_ALL=C qemu-img info -f qcow2 --output=json --force-share /opt/stack/data/cinder/mnt/c9696eca9a8737e7122b40b9a2c78d6b/volume-333cfaed-a4b7-434b-911e-3b22a9a0ce61.122c8486-d3b9-487e-bd57-93424e05dadd
Feb 12 16:03:26 devstack sudo[81190]: pam_unix(sudo:session): session opened for user root(uid=0) by (uid=1000)
Feb 12 16:03:27 devstack sudo[81190]: pam_unix(sudo:session): session closed for user root
Feb 12 16:03:27 devstack cinder-volume[79425]: DEBUG oslo_concurrency.processutils [None req-fc94e793-75e8-4856-b161-8e745c7082de tempest-GroupSnapshotsTest-344684359 None] CMD "/opt/stack/data/venv/bin/python3.10 -m oslo_concurrency.prlimit --as=1073741824 --cpu=60 -- sudo cinder-rootwrap /etc/cinder/rootwrap.conf env LC_ALL=C qemu-img info -f qcow2 --output=json --force-share /opt/stack/data/cinder/mnt/c9696eca9a8737e7122b40b9a2c78d6b/volume-333cfaed-a4b7-434b-911e-3b22a9a0ce61.122c8486-d3b9-487e-bd57-93424e05dadd" returned: 0 in 0.697s {{(pid=79425) execute /opt/stack/data/venv/lib/python3.10/site-packages/oslo_concurrency/processutils.py:396}}
Feb 12 16:03:27 devstack cinder-volume[79425]: DEBUG cinder.volume.drivers.remotefs [None req-fc94e793-75e8-4856-b161-8e745c7082de tempest-GroupSnapshotsTest-344684359 None] Fetching qemu-img info with special backing_file_template: (/opt/stack/data/cinder/mnt/[0-9a-f]+/)?(volume-333cfaed-a4b7-434b-911e-3b22a9a0ce61(.(tmp-snap-)?[0-9a-f-]+)?|volume_from_snapshot_cache/(tmp-snap-)?[0-9a-f-]+(.(child-|parent-)[0-9a-f-]+)?)$ {{(pid=79425) _qemu_img_info_base /opt/stack/cinder/cinder/volume/drivers/remotefs.py:898}}
Feb 12 16:03:27 devstack cinder-volume[79425]: DEBUG oslo.privsep.daemon [-] privsep: reply[c06e00c9-d51c-4fb6-8140-bb457fc3870e]: (4, 'qcow2') {{(pid=80130) _call_back /opt/stack/data/venv/lib/python3.10/site-packages/oslo_privsep/daemon.py:515}}
Feb 12 16:03:27 devstack cinder-volume[79425]: DEBUG oslo_concurrency.processutils [None req-fc94e793-75e8-4856-b161-8e745c7082de tempest-GroupSnapshotsTest-344684359 None] Running cmd (subprocess): /opt/stack/data/venv/bin/python3.10 -m oslo_concurrency.prlimit --as=1073741824 --cpu=60 -- sudo cinder-rootwrap /etc/cinder/rootwrap.conf env LC_ALL=C qemu-img info -f qcow2 --output=json --force-share /opt/stack/data/cinder/mnt/c9696eca9a8737e7122b40b9a2c78d6b/volume-333cfaed-a4b7-434b-911e-3b22a9a0ce61 {{(pid=79425) execute /opt/stack/data/venv/lib/python3.10/site-packages/oslo_concurrency/processutils.py:368}}
Feb 12 16:03:27 devstack sudo[81195]: quobyte : PWD=/ ; USER=root ; COMMAND=/opt/stack/data/venv/bin/cinder-rootwrap /etc/cinder/rootwrap.conf env LC_ALL=C qemu-img info -f qcow2 --output=json --force-share /opt/stack/data/cinder/mnt/c9696eca9a8737e7122b40b9a2c78d6b/volume-333cfaed-a4b7-434b-911e-3b22a9a0ce61
Feb 12 16:03:27 devstack sudo[81195]: pam_unix(sudo:session): session opened for user root(uid=0) by (uid=1000)
Feb 12 16:03:28 devstack sudo[81195]: pam_unix(sudo:session): session closed for user root
Feb 12 16:03:28 devstack cinder-volume[79425]: DEBUG oslo_concurrency.processutils [None req-fc94e793-75e8-4856-b161-8e745c7082de tempest-GroupSnapshotsTest-344684359 None] CMD "/opt/stack/data/venv/bin/python3.10 -m oslo_concurrency.prlimit --as=1073741824 --cpu=60 -- sudo cinder-rootwrap /etc/cinder/rootwrap.conf env LC_ALL=C qemu-img info -f qcow2 --output=json --force-share /opt/stack/data/cinder/mnt/c9696eca9a8737e7122b40b9a2c78d6b/volume-333cfaed-a4b7-434b-911e-3b22a9a0ce61" returned: 0 in 0.831s {{(pid=79425) execute /opt/stack/data/venv/lib/python3.10/site-packages/oslo_concurrency/processutils.py:396}}
Feb 12 16:03:28 devstack cinder-volume[79425]: DEBUG oslo_concurrency.processutils [None req-fc94e793-75e8-4856-b161-8e745c7082de tempest-GroupSnapshotsTest-344684359 None] Running cmd (subprocess): sudo cinder-rootwrap /etc/cinder/rootwrap.conf qemu-img commit -d /opt/stack/data/cinder/mnt/c9696eca9a8737e7122b40b9a2c78d6b/volume-333cfaed-a4b7-434b-911e-3b22a9a0ce61.122c8486-d3b9-487e-bd57-93424e05dadd {{(pid=79425) execute /opt/stack/data/venv/lib/python3.10/site-packages/oslo_concurrency/processutils.py:368}}
Feb 12 16:03:28 devstack sudo[81228]: quobyte : PWD=/ ; USER=root ; COMMAND=/opt/stack/data/venv/bin/cinder-rootwrap /etc/cinder/rootwrap.conf qemu-img commit -d /opt/stack/data/cinder/mnt/c9696eca9a8737e7122b40b9a2c78d6b/volume-333cfaed-a4b7-434b-911e-3b22a9a0ce61.122c8486-d3b9-487e-bd57-93424e05dadd
Feb 12 16:03:28 devstack sudo[81228]: pam_unix(sudo:session): session opened for user root(uid=0) by (uid=1000)
Feb 12 16:03:29 devstack sudo[81228]: pam_unix(sudo:session): session closed for user root
Feb 12 16:03:29 devstack cinder-volume[79425]: DEBUG oslo_concurrency.processutils [None req-fc94e793-75e8-4856-b161-8e745c7082de tempest-GroupSnapshotsTest-344684359 None] CMD "sudo cinder-rootwrap /etc/cinder/rootwrap.conf qemu-img commit -d /opt/stack/data/cinder/mnt/c9696eca9a8737e7122b40b9a2c78d6b/volume-333cfaed-a4b7-434b-911e-3b22a9a0ce61.122c8486-d3b9-487e-bd57-93424e05dadd" returned: 0 in 1.241s {{(pid=79425) execute /opt/stack/data/venv/lib/python3.10/site-packages/oslo_concurrency/processutils.py:396}}
Feb 12 16:03:29 devstack cinder-volume[79425]: DEBUG oslo_concurrency.processutils [None req-fc94e793-75e8-4856-b161-8e745c7082de tempest-GroupSnapshotsTest-344684359 None] Running cmd (subprocess): sudo cinder-rootwrap /etc/cinder/rootwrap.conf rm -f /opt/stack/data/cinder/mnt/c9696eca9a8737e7122b40b9a2c78d6b/volume-333cfaed-a4b7-434b-911e-3b22a9a0ce61.122c8486-d3b9-487e-bd57-93424e05dadd {{(pid=79425) execute /opt/stack/data/venv/lib/python3.10/site-packages/oslo_concurrency/processutils.py:368}}
Feb 12 16:03:29 devstack sudo[81234]: quobyte : PWD=/ ; USER=root ; COMMAND=/opt/stack/data/venv/bin/cinder-rootwrap /etc/cinder/rootwrap.conf rm -f /opt/stack/data/cinder/mnt/c9696eca9a8737e7122b40b9a2c78d6b/volume-333cfaed-a4b7-434b-911e-3b22a9a0ce61.122c8486-d3b9-487e-bd57-93424e05dadd
Feb 12 16:03:29 devstack sudo[81234]: pam_unix(sudo:session): session opened for user root(uid=0) by (uid=1000)
Feb 12 16:03:30 devstack sudo[81234]: pam_unix(sudo:session): session closed for user root
Feb 12 16:03:30 devstack cinder-volume[79425]: DEBUG oslo_concurrency.processutils [None req-fc94e793-75e8-4856-b161-8e745c7082de tempest-GroupSnapshotsTest-344684359 None] CMD "sudo cinder-rootwrap /etc/cinder/rootwrap.conf rm -f /opt/stack/data/cinder/mnt/c9696eca9a8737e7122b40b9a2c78d6b/volume-333cfaed-a4b7-434b-911e-3b22a9a0ce61.122c8486-d3b9-487e-bd57-93424e05dadd" returned: 0 in 1.026s {{(pid=79425) execute /opt/stack/data/venv/lib/python3.10/site-packages/oslo_concurrency/processutils.py:396}}
Feb 12 16:03:30 devstack cinder-volume[79425]: DEBUG cinder.coordination [None req-fc94e793-75e8-4856-b161-8e745c7082de tempest-GroupSnapshotsTest-344684359 None] Lock "cinder-quobyte-122c8486-d3b9-487e-bd57-93424e05dadd" released by "_delete_snapshot" :: held 3.874s {{(pid=79425) __release /opt/stack/cinder/cinder/coordination.py:157}}
Feb 12 16:03:30 devstack cinder-volume[79425]: DEBUG cinder.coordination [None req-fc94e793-75e8-4856-b161-8e745c7082de tempest-GroupSnapshotsTest-344684359 None] Lock "cinder-quobyte-333cfaed-a4b7-434b-911e-3b22a9a0ce61" released by "delete_snapshot" :: held 3.889s {{(pid=79425) __release /opt/stack/cinder/cinder/coordination.py:157}}
Feb 12 16:03:30 devstack cinder-volume[79425]: DEBUG cinder.coordination [None req-fc94e793-75e8-4856-b161-8e745c7082de tempest-GroupSnapshotsTest-344684359 None] Acquiring lock "cinder-quobyte-94078953-1059-4cc9-ac88-04ee03394d4a" by "delete_snapshot" {{(pid=79425) __acquire /opt/stack/cinder/cinder/coordination.py:143}}
Feb 12 16:03:30 devstack cinder-volume[79425]: DEBUG cinder.coordination [None req-fc94e793-75e8-4856-b161-8e745c7082de tempest-GroupSnapshotsTest-344684359 None] Lock "cinder-quobyte-94078953-1059-4cc9-ac88-04ee03394d4a" acquired by "delete_snapshot" :: waited 0.010s {{(pid=79425) __acquire /opt/stack/cinder/cinder/coordination.py:146}}
Feb 12 16:03:30 devstack cinder-volume[79425]: DEBUG cinder.coordination [None req-fc94e793-75e8-4856-b161-8e745c7082de tempest-GroupSnapshotsTest-344684359 None] Acquiring lock "cinder-quobyte-374c3ef1-36e4-472d-9d7b-fb000fff87d4" by "_delete_snapshot" {{(pid=79425) __acquire /opt/stack/cinder/cinder/coordination.py:143}}
Feb 12 16:03:30 devstack cinder-volume[79425]: DEBUG cinder.coordination [None req-fc94e793-75e8-4856-b161-8e745c7082de tempest-GroupSnapshotsTest-344684359 None] Lock "cinder-quobyte-374c3ef1-36e4-472d-9d7b-fb000fff87d4" acquired by "_delete_snapshot" :: waited 0.008s {{(pid=79425) __acquire /opt/stack/cinder/cinder/coordination.py:146}}
Feb 12 16:03:30 devstack cinder-volume[79425]: DEBUG cinder.volume.drivers.remotefs [None req-fc94e793-75e8-4856-b161-8e745c7082de tempest-GroupSnapshotsTest-344684359 None] Deleting offline snapshot 374c3ef1-36e4-472d-9d7b-fb000fff87d4 of volume 94078953-1059-4cc9-ac88-04ee03394d4a {{(pid=79425) _delete_snapshot /opt/stack/cinder/cinder/volume/drivers/remotefs.py:1290}}
Feb 12 16:03:30 devstack cinder-volume[79425]: DEBUG cinder.volume.drivers.remotefs [None req-fc94e793-75e8-4856-b161-8e745c7082de tempest-GroupSnapshotsTest-344684359 None] snapshot_file for this snap is: volume-94078953-1059-4cc9-ac88-04ee03394d4a.374c3ef1-36e4-472d-9d7b-fb000fff87d4 {{(pid=79425) _delete_snapshot /opt/stack/cinder/cinder/volume/drivers/remotefs.py:1319}}
Feb 12 16:03:30 devstack cinder-volume[79425]: DEBUG oslo.privsep.daemon [-] privsep: reply[9bc11585-d29a-4853-88c7-e2d44c311c52]: (4, 'qcow2') {{(pid=80130) _call_back /opt/stack/data/venv/lib/python3.10/site-packages/oslo_privsep/daemon.py:515}}
Feb 12 16:03:30 devstack cinder-volume[79425]: DEBUG oslo_concurrency.processutils [None req-fc94e793-75e8-4856-b161-8e745c7082de tempest-GroupSnapshotsTest-344684359 None] Running cmd (subprocess): /opt/stack/data/venv/bin/python3.10 -m oslo_concurrency.prlimit --as=1073741824 --cpu=60 -- sudo cinder-rootwrap /etc/cinder/rootwrap.conf env LC_ALL=C qemu-img info -f qcow2 --output=json --force-share /opt/stack/data/cinder/mnt/c9696eca9a8737e7122b40b9a2c78d6b/volume-94078953-1059-4cc9-ac88-04ee03394d4a.374c3ef1-36e4-472d-9d7b-fb000fff87d4 {{(pid=79425) execute /opt/stack/data/venv/lib/python3.10/site-packages/oslo_concurrency/processutils.py:368}}
Feb 12 16:03:30 devstack sudo[81237]: quobyte : PWD=/ ; USER=root ; COMMAND=/opt/stack/data/venv/bin/cinder-rootwrap /etc/cinder/rootwrap.conf env LC_ALL=C qemu-img info -f qcow2 --output=json --force-share /opt/stack/data/cinder/mnt/c9696eca9a8737e7122b40b9a2c78d6b/volume-94078953-1059-4cc9-ac88-04ee03394d4a.374c3ef1-36e4-472d-9d7b-fb000fff87d4
Feb 12 16:03:30 devstack sudo[81237]: pam_unix(sudo:session): session opened for user root(uid=0) by (uid=1000)
Feb 12 16:03:31 devstack sudo[81237]: pam_unix(sudo:session): session closed for user root
Feb 12 16:03:31 devstack cinder-volume[79425]: DEBUG oslo_concurrency.processutils [None req-fc94e793-75e8-4856-b161-8e745c7082de tempest-GroupSnapshotsTest-344684359 None] CMD "/opt/stack/data/venv/bin/python3.10 -m oslo_concurrency.prlimit --as=1073741824 --cpu=60 -- sudo cinder-rootwrap /etc/cinder/rootwrap.conf env LC_ALL=C qemu-img info -f qcow2 --output=json --force-share /opt/stack/data/cinder/mnt/c9696eca9a8737e7122b40b9a2c78d6b/volume-94078953-1059-4cc9-ac88-04ee03394d4a.374c3ef1-36e4-472d-9d7b-fb000fff87d4" returned: 0 in 0.908s {{(pid=79425) execute /opt/stack/data/venv/lib/python3.10/site-packages/oslo_concurrency/processutils.py:396}}
Feb 12 16:03:31 devstack cinder-volume[79425]: DEBUG cinder.volume.drivers.remotefs [None req-fc94e793-75e8-4856-b161-8e745c7082de tempest-GroupSnapshotsTest-344684359 None] Fetching qemu-img info with special backing_file_template: (/opt/stack/data/cinder/mnt/[0-9a-f]+/)?(volume-94078953-1059-4cc9-ac88-04ee03394d4a(.(tmp-snap-)?[0-9a-f-]+)?|volume_from_snapshot_cache/(tmp-snap-)?[0-9a-f-]+(.(child-|parent-)[0-9a-f-]+)?)$ {{(pid=79425) _qemu_img_info_base /opt/stack/cinder/cinder/volume/drivers/remotefs.py:898}}
Feb 12 16:03:31 devstack cinder-volume[79425]: DEBUG oslo.privsep.daemon [-] privsep: reply[b4e3803a-2717-4278-b93a-5712a39b93d5]: (4, 'qcow2') {{(pid=80130) _call_back /opt/stack/data/venv/lib/python3.10/site-packages/oslo_privsep/daemon.py:515}}
Feb 12 16:03:31 devstack cinder-volume[79425]: DEBUG oslo_concurrency.processutils [None req-fc94e793-75e8-4856-b161-8e745c7082de tempest-GroupSnapshotsTest-344684359 None] Running cmd (subprocess): /opt/stack/data/venv/bin/python3.10 -m oslo_concurrency.prlimit --as=1073741824 --cpu=60 -- sudo cinder-rootwrap /etc/cinder/rootwrap.conf env LC_ALL=C qemu-img info -f qcow2 --output=json --force-share /opt/stack/data/cinder/mnt/c9696eca9a8737e7122b40b9a2c78d6b/volume-94078953-1059-4cc9-ac88-04ee03394d4a {{(pid=79425) execute /opt/stack/data/venv/lib/python3.10/site-packages/oslo_concurrency/processutils.py:368}}
Feb 12 16:03:31 devstack sudo[81242]: quobyte : PWD=/ ; USER=root ; COMMAND=/opt/stack/data/venv/bin/cinder-rootwrap /etc/cinder/rootwrap.conf env LC_ALL=C qemu-img info -f qcow2 --output=json --force-share /opt/stack/data/cinder/mnt/c9696eca9a8737e7122b40b9a2c78d6b/volume-94078953-1059-4cc9-ac88-04ee03394d4a
Feb 12 16:03:31 devstack sudo[81242]: pam_unix(sudo:session): session opened for user root(uid=0) by (uid=1000)
Feb 12 16:03:32 devstack sudo[81242]: pam_unix(sudo:session): session closed for user root
Feb 12 16:03:32 devstack cinder-volume[79425]: DEBUG oslo_concurrency.processutils [None req-fc94e793-75e8-4856-b161-8e745c7082de tempest-GroupSnapshotsTest-344684359 None] CMD "/opt/stack/data/venv/bin/python3.10 -m oslo_concurrency.prlimit --as=1073741824 --cpu=60 -- sudo cinder-rootwrap /etc/cinder/rootwrap.conf env LC_ALL=C qemu-img info -f qcow2 --output=json --force-share /opt/stack/data/cinder/mnt/c9696eca9a8737e7122b40b9a2c78d6b/volume-94078953-1059-4cc9-ac88-04ee03394d4a" returned: 0 in 1.298s {{(pid=79425) execute /opt/stack/data/venv/lib/python3.10/site-packages/oslo_concurrency/processutils.py:396}}
Feb 12 16:03:32 devstack cinder-volume[79425]: DEBUG oslo_concurrency.processutils [None req-fc94e793-75e8-4856-b161-8e745c7082de tempest-GroupSnapshotsTest-344684359 None] Running cmd (subprocess): sudo cinder-rootwrap /etc/cinder/rootwrap.conf qemu-img commit -d /opt/stack/data/cinder/mnt/c9696eca9a8737e7122b40b9a2c78d6b/volume-94078953-1059-4cc9-ac88-04ee03394d4a.374c3ef1-36e4-472d-9d7b-fb000fff87d4 {{(pid=79425) execute /opt/stack/data/venv/lib/python3.10/site-packages/oslo_concurrency/processutils.py:368}}
Feb 12 16:03:32 devstack sudo[81248]: quobyte : PWD=/ ; USER=root ; COMMAND=/opt/stack/data/venv/bin/cinder-rootwrap /etc/cinder/rootwrap.conf qemu-img commit -d /opt/stack/data/cinder/mnt/c9696eca9a8737e7122b40b9a2c78d6b/volume-94078953-1059-4cc9-ac88-04ee03394d4a.374c3ef1-36e4-472d-9d7b-fb000fff87d4
Feb 12 16:03:32 devstack sudo[81248]: pam_unix(sudo:session): session opened for user root(uid=0) by (uid=1000)
Feb 12 16:03:34 devstack sudo[81248]: pam_unix(sudo:session): session closed for user root
Feb 12 16:03:34 devstack cinder-volume[79425]: DEBUG oslo_concurrency.processutils [None req-fc94e793-75e8-4856-b161-8e745c7082de tempest-GroupSnapshotsTest-344684359 None] CMD "sudo cinder-rootwrap /etc/cinder/rootwrap.conf qemu-img commit -d /opt/stack/data/cinder/mnt/c9696eca9a8737e7122b40b9a2c78d6b/volume-94078953-1059-4cc9-ac88-04ee03394d4a.374c3ef1-36e4-472d-9d7b-fb000fff87d4" returned: 0 in 1.379s {{(pid=79425) execute /opt/stack/data/venv/lib/python3.10/site-packages/oslo_concurrency/processutils.py:396}}
Feb 12 16:03:34 devstack cinder-volume[79425]: DEBUG oslo_concurrency.processutils [None req-fc94e793-75e8-4856-b161-8e745c7082de tempest-GroupSnapshotsTest-344684359 None] Running cmd (subprocess): sudo cinder-rootwrap /etc/cinder/rootwrap.conf rm -f /opt/stack/data/cinder/mnt/c9696eca9a8737e7122b40b9a2c78d6b/volume-94078953-1059-4cc9-ac88-04ee03394d4a.374c3ef1-36e4-472d-9d7b-fb000fff87d4 {{(pid=79425) execute /opt/stack/data/venv/lib/python3.10/site-packages/oslo_concurrency/processutils.py:368}}
Feb 12 16:03:34 devstack sudo[81257]: quobyte : PWD=/ ; USER=root ; COMMAND=/opt/stack/data/venv/bin/cinder-rootwrap /etc/cinder/rootwrap.conf rm -f /opt/stack/data/cinder/mnt/c9696eca9a8737e7122b40b9a2c78d6b/volume-94078953-1059-4cc9-ac88-04ee03394d4a.374c3ef1-36e4-472d-9d7b-fb000fff87d4
Feb 12 16:03:34 devstack sudo[81257]: pam_unix(sudo:session): session opened for user root(uid=0) by (uid=1000)
Feb 12 16:03:34 devstack sudo[81257]: pam_unix(sudo:session): session closed for user root
Feb 12 16:03:34 devstack cinder-volume[79425]: DEBUG oslo_concurrency.processutils [None req-fc94e793-75e8-4856-b161-8e745c7082de tempest-GroupSnapshotsTest-344684359 None] CMD "sudo cinder-rootwrap /etc/cinder/rootwrap.conf rm -f /opt/stack/data/cinder/mnt/c9696eca9a8737e7122b40b9a2c78d6b/volume-94078953-1059-4cc9-ac88-04ee03394d4a.374c3ef1-36e4-472d-9d7b-fb000fff87d4" returned: 0 in 0.748s {{(pid=79425) execute /opt/stack/data/venv/lib/python3.10/site-packages/oslo_concurrency/processutils.py:396}}
Feb 12 16:03:34 devstack cinder-volume[79425]: DEBUG cinder.coordination [None req-fc94e793-75e8-4856-b161-8e745c7082de tempest-GroupSnapshotsTest-344684359 None] Lock "cinder-quobyte-374c3ef1-36e4-472d-9d7b-fb000fff87d4" released by "_delete_snapshot" :: held 4.436s {{(pid=79425) __release /opt/stack/cinder/cinder/coordination.py:157}}
Feb 12 16:03:34 devstack cinder-volume[79425]: DEBUG cinder.coordination [None req-fc94e793-75e8-4856-b161-8e745c7082de tempest-GroupSnapshotsTest-344684359 None] Lock "cinder-quobyte-94078953-1059-4cc9-ac88-04ee03394d4a" released by "delete_snapshot" :: held 4.449s {{(pid=79425) __release /opt/stack/cinder/cinder/coordination.py:157}}
Feb 12 16:03:34 devstack cinder-volume[79425]: WARNING cinder.quota [None req-fc94e793-75e8-4856-b161-8e745c7082de tempest-GroupSnapshotsTest-344684359 None] Deprecated: Default quota for resource: gigabytes_tempest-GroupSnapshotsTest-volume-type-2117943192 is set by the default quota flag: quota_gigabytes_tempest-GroupSnapshotsTest-volume-type-2117943192, it is now deprecated. Please use the default quota class for default quota.
Feb 12 16:03:34 devstack cinder-volume[79425]: WARNING cinder.quota [None req-fc94e793-75e8-4856-b161-8e745c7082de tempest-GroupSnapshotsTest-344684359 None] Deprecated: Default quota for resource: snapshots_tempest-GroupSnapshotsTest-volume-type-2117943192 is set by the default quota flag: quota_snapshots_tempest-GroupSnapshotsTest-volume-type-2117943192, it is now deprecated. Please use the default quota class for default quota.
Feb 12 16:03:34 devstack cinder-volume[79425]: DEBUG cinder.quota [None req-fc94e793-75e8-4856-b161-8e745c7082de tempest-GroupSnapshotsTest-344684359 None] Created reservations ['ca0f8467-4266-4b43-80a5-e8624add8e35', '67e90d0d-c54d-4e66-8888-7b312f2711ed', 'ca5944d6-cde2-4675-b4cd-2ec74d5dfa2e', '514ba9e7-7b83-486f-91a7-c0aa77d1d217'] {{(pid=79425) reserve /opt/stack/cinder/cinder/quota.py:752}}
Feb 12 16:03:35 devstack cinder-volume[79425]: DEBUG cinder.quota [None req-fc94e793-75e8-4856-b161-8e745c7082de tempest-GroupSnapshotsTest-344684359 None] Created reservations ['947724e8-b585-4b39-9505-b801a7f62bf1', '11d57079-4bfd-4911-a842-181a51640220', 'c3f5fb32-56d9-4d0e-bcb4-e87b507e86c3', '55893a1e-367e-4b5b-95e9-5ee2a467ba16'] {{(pid=79425) reserve /opt/stack/cinder/cinder/quota.py:752}}
Feb 12 16:03:35 devstack cinder-volume[79425]: INFO cinder.volume.manager [None req-fc94e793-75e8-4856-b161-8e745c7082de tempest-GroupSnapshotsTest-344684359 None] group_snapshot dcce4fe8-99dc-4763-955a-edf680c83f07: deleted successfully
Feb 12 16:03:36 devstack cinder-volume[79425]: WARNING cinder.volume.volume_utils [None req-7b54c0b2-c5ac-4eea-990f-7c6aa7a9ef26 tempest-GroupSnapshotsTest-344684359 None] Volume driver (QuobyteDriver 1.1.14) is currently unsupported and may be removed in the next release of OpenStack. Use at your own risk.
Feb 12 16:03:36 devstack cinder-volume[79425]: DEBUG cinder.coordination [None req-7b54c0b2-c5ac-4eea-990f-7c6aa7a9ef26 tempest-GroupSnapshotsTest-344684359 None] Acquiring lock "cinder-quobyte-333cfaed-a4b7-434b-911e-3b22a9a0ce61" by "delete_volume" {{(pid=79425) __acquire /opt/stack/cinder/cinder/coordination.py:143}}
Feb 12 16:03:36 devstack cinder-volume[79425]: DEBUG cinder.coordination [None req-7b54c0b2-c5ac-4eea-990f-7c6aa7a9ef26 tempest-GroupSnapshotsTest-344684359 None] Lock "cinder-quobyte-333cfaed-a4b7-434b-911e-3b22a9a0ce61" acquired by "delete_volume" :: waited 0.045s {{(pid=79425) __acquire /opt/stack/cinder/cinder/coordination.py:146}}
Feb 12 16:03:36 devstack cinder-volume[79425]: DEBUG oslo.privsep.daemon [-] privsep: reply[1f8fd54a-6715-4d28-b518-11e54d151a98]: (4, 'qcow2') {{(pid=80130) _call_back /opt/stack/data/venv/lib/python3.10/site-packages/oslo_privsep/daemon.py:515}}
Feb 12 16:03:36 devstack cinder-volume[79425]: DEBUG oslo_concurrency.processutils [None req-7b54c0b2-c5ac-4eea-990f-7c6aa7a9ef26 tempest-GroupSnapshotsTest-344684359 None] Running cmd (subprocess): /opt/stack/data/venv/bin/python3.10 -m oslo_concurrency.prlimit --as=1073741824 --cpu=60 -- sudo cinder-rootwrap /etc/cinder/rootwrap.conf env LC_ALL=C qemu-img info -f qcow2 --output=json --force-share /opt/stack/data/cinder/mnt/c9696eca9a8737e7122b40b9a2c78d6b/volume-333cfaed-a4b7-434b-911e-3b22a9a0ce61 {{(pid=79425) execute /opt/stack/data/venv/lib/python3.10/site-packages/oslo_concurrency/processutils.py:368}}
Feb 12 16:03:36 devstack sudo[81337]: quobyte : PWD=/ ; USER=root ; COMMAND=/opt/stack/data/venv/bin/cinder-rootwrap /etc/cinder/rootwrap.conf env LC_ALL=C qemu-img info -f qcow2 --output=json --force-share /opt/stack/data/cinder/mnt/c9696eca9a8737e7122b40b9a2c78d6b/volume-333cfaed-a4b7-434b-911e-3b22a9a0ce61
Feb 12 16:03:36 devstack sudo[81337]: pam_unix(sudo:session): session opened for user root(uid=0) by (uid=1000)
Feb 12 16:03:38 devstack sudo[81337]: pam_unix(sudo:session): session closed for user root
Feb 12 16:03:38 devstack cinder-volume[79425]: DEBUG oslo_concurrency.processutils [None req-7b54c0b2-c5ac-4eea-990f-7c6aa7a9ef26 tempest-GroupSnapshotsTest-344684359 None] CMD "/opt/stack/data/venv/bin/python3.10 -m oslo_concurrency.prlimit --as=1073741824 --cpu=60 -- sudo cinder-rootwrap /etc/cinder/rootwrap.conf env LC_ALL=C qemu-img info -f qcow2 --output=json --force-share /opt/stack/data/cinder/mnt/c9696eca9a8737e7122b40b9a2c78d6b/volume-333cfaed-a4b7-434b-911e-3b22a9a0ce61" returned: 0 in 1.614s {{(pid=79425) execute /opt/stack/data/venv/lib/python3.10/site-packages/oslo_concurrency/processutils.py:396}}
Feb 12 16:03:38 devstack cinder-volume[79425]: DEBUG oslo_concurrency.processutils [None req-7b54c0b2-c5ac-4eea-990f-7c6aa7a9ef26 tempest-GroupSnapshotsTest-344684359 None] Running cmd (subprocess): sudo cinder-rootwrap /etc/cinder/rootwrap.conf rm -f /opt/stack/data/cinder/mnt/c9696eca9a8737e7122b40b9a2c78d6b/volume-333cfaed-a4b7-434b-911e-3b22a9a0ce61 {{(pid=79425) execute /opt/stack/data/venv/lib/python3.10/site-packages/oslo_concurrency/processutils.py:368}}
Feb 12 16:03:38 devstack sudo[81372]: quobyte : PWD=/ ; USER=root ; COMMAND=/opt/stack/data/venv/bin/cinder-rootwrap /etc/cinder/rootwrap.conf rm -f /opt/stack/data/cinder/mnt/c9696eca9a8737e7122b40b9a2c78d6b/volume-333cfaed-a4b7-434b-911e-3b22a9a0ce61
Feb 12 16:03:38 devstack sudo[81372]: pam_unix(sudo:session): session opened for user root(uid=0) by (uid=1000)
Feb 12 16:03:38 devstack sudo[81372]: pam_unix(sudo:session): session closed for user root
Feb 12 16:03:38 devstack cinder-volume[79425]: DEBUG oslo_concurrency.processutils [None req-7b54c0b2-c5ac-4eea-990f-7c6aa7a9ef26 tempest-GroupSnapshotsTest-344684359 None] CMD "sudo cinder-rootwrap /etc/cinder/rootwrap.conf rm -f /opt/stack/data/cinder/mnt/c9696eca9a8737e7122b40b9a2c78d6b/volume-333cfaed-a4b7-434b-911e-3b22a9a0ce61" returned: 0 in 0.501s {{(pid=79425) execute /opt/stack/data/venv/lib/python3.10/site-packages/oslo_concurrency/processutils.py:396}}
Feb 12 16:03:38 devstack cinder-volume[79425]: DEBUG cinder.coordination [None req-7b54c0b2-c5ac-4eea-990f-7c6aa7a9ef26 tempest-GroupSnapshotsTest-344684359 None] Lock "cinder-quobyte-333cfaed-a4b7-434b-911e-3b22a9a0ce61" released by "delete_volume" :: held 2.249s {{(pid=79425) __release /opt/stack/cinder/cinder/coordination.py:157}}
Feb 12 16:03:38 devstack cinder-volume[79425]: DEBUG cinder.coordination [None req-7b54c0b2-c5ac-4eea-990f-7c6aa7a9ef26 tempest-GroupSnapshotsTest-344684359 None] Acquiring lock "cinder-quobyte-94078953-1059-4cc9-ac88-04ee03394d4a" by "delete_volume" {{(pid=79425) __acquire /opt/stack/cinder/cinder/coordination.py:143}}
Feb 12 16:03:38 devstack cinder-volume[79425]: DEBUG cinder.coordination [None req-7b54c0b2-c5ac-4eea-990f-7c6aa7a9ef26 tempest-GroupSnapshotsTest-344684359 None] Lock "cinder-quobyte-94078953-1059-4cc9-ac88-04ee03394d4a" acquired by "delete_volume" :: waited 0.015s {{(pid=79425) __acquire /opt/stack/cinder/cinder/coordination.py:146}}
Feb 12 16:03:38 devstack cinder-volume[79425]: DEBUG oslo.privsep.daemon [-] privsep: reply[95d11da9-fb88-45d8-946f-5fc5a63d559d]: (4, 'qcow2') {{(pid=80130) _call_back /opt/stack/data/venv/lib/python3.10/site-packages/oslo_privsep/daemon.py:515}}
Feb 12 16:03:38 devstack cinder-volume[79425]: DEBUG oslo_concurrency.processutils [None req-7b54c0b2-c5ac-4eea-990f-7c6aa7a9ef26 tempest-GroupSnapshotsTest-344684359 None] Running cmd (subprocess): /opt/stack/data/venv/bin/python3.10 -m oslo_concurrency.prlimit --as=1073741824 --cpu=60 -- sudo cinder-rootwrap /etc/cinder/rootwrap.conf env LC_ALL=C qemu-img info -f qcow2 --output=json --force-share /opt/stack/data/cinder/mnt/c9696eca9a8737e7122b40b9a2c78d6b/volume-94078953-1059-4cc9-ac88-04ee03394d4a {{(pid=79425) execute /opt/stack/data/venv/lib/python3.10/site-packages/oslo_concurrency/processutils.py:368}}
Feb 12 16:03:38 devstack sudo[81375]: quobyte : PWD=/ ; USER=root ; COMMAND=/opt/stack/data/venv/bin/cinder-rootwrap /etc/cinder/rootwrap.conf env LC_ALL=C qemu-img info -f qcow2 --output=json --force-share /opt/stack/data/cinder/mnt/c9696eca9a8737e7122b40b9a2c78d6b/volume-94078953-1059-4cc9-ac88-04ee03394d4a
Feb 12 16:03:38 devstack sudo[81375]: pam_unix(sudo:session): session opened for user root(uid=0) by (uid=1000)
Feb 12 16:03:39 devstack cinder-volume[79425]: DEBUG cinder.coordination [None req-5c1ba551-fc09-44f5-91a8-04f556a1018d tempest-ServerRescueNegativeTestJSON-994555980 None] Acquiring lock "cinder-40748e53-3b01-4188-84b9-a0106ee36b44-delete_volume" by "delete_volume" {{(pid=79425) __acquire /opt/stack/cinder/cinder/coordination.py:143}}
Feb 12 16:03:39 devstack cinder-volume[79425]: DEBUG cinder.coordination [None req-5c1ba551-fc09-44f5-91a8-04f556a1018d tempest-ServerRescueNegativeTestJSON-994555980 None] Lock "cinder-40748e53-3b01-4188-84b9-a0106ee36b44-delete_volume" acquired by "delete_volume" :: waited 0.022s {{(pid=79425) __acquire /opt/stack/cinder/cinder/coordination.py:146}}
Feb 12 16:03:39 devstack sudo[81375]: pam_unix(sudo:session): session closed for user root
Feb 12 16:03:39 devstack cinder-volume[79425]: WARNING cinder.volume.volume_utils [None req-5c1ba551-fc09-44f5-91a8-04f556a1018d tempest-ServerRescueNegativeTestJSON-994555980 None] Volume driver (QuobyteDriver 1.1.14) is currently unsupported and may be removed in the next release of OpenStack. Use at your own risk.
Feb 12 16:03:39 devstack cinder-volume[79425]: DEBUG cinder.coordination [None req-5c1ba551-fc09-44f5-91a8-04f556a1018d tempest-ServerRescueNegativeTestJSON-994555980 None] Acquiring lock "cinder-quobyte-40748e53-3b01-4188-84b9-a0106ee36b44" by "delete_volume" {{(pid=79425) __acquire /opt/stack/cinder/cinder/coordination.py:143}}
Feb 12 16:03:39 devstack cinder-volume[79425]: DEBUG oslo_concurrency.processutils [None req-7b54c0b2-c5ac-4eea-990f-7c6aa7a9ef26 tempest-GroupSnapshotsTest-344684359 None] CMD "/opt/stack/data/venv/bin/python3.10 -m oslo_concurrency.prlimit --as=1073741824 --cpu=60 -- sudo cinder-rootwrap /etc/cinder/rootwrap.conf env LC_ALL=C qemu-img info -f qcow2 --output=json --force-share /opt/stack/data/cinder/mnt/c9696eca9a8737e7122b40b9a2c78d6b/volume-94078953-1059-4cc9-ac88-04ee03394d4a" returned: 0 in 1.067s {{(pid=79425) execute /opt/stack/data/venv/lib/python3.10/site-packages/oslo_concurrency/processutils.py:396}}
Feb 12 16:03:39 devstack cinder-volume[79425]: DEBUG oslo_concurrency.processutils [None req-7b54c0b2-c5ac-4eea-990f-7c6aa7a9ef26 tempest-GroupSnapshotsTest-344684359 None] Running cmd (subprocess): sudo cinder-rootwrap /etc/cinder/rootwrap.conf rm -f /opt/stack/data/cinder/mnt/c9696eca9a8737e7122b40b9a2c78d6b/volume-94078953-1059-4cc9-ac88-04ee03394d4a {{(pid=79425) execute /opt/stack/data/venv/lib/python3.10/site-packages/oslo_concurrency/processutils.py:368}}
Feb 12 16:03:39 devstack cinder-volume[79425]: DEBUG cinder.coordination [None req-5c1ba551-fc09-44f5-91a8-04f556a1018d tempest-ServerRescueNegativeTestJSON-994555980 None] Lock "cinder-quobyte-40748e53-3b01-4188-84b9-a0106ee36b44" acquired by "delete_volume" :: waited 0.059s {{(pid=79425) __acquire /opt/stack/cinder/cinder/coordination.py:146}}
Feb 12 16:03:39 devstack sudo[81380]: quobyte : PWD=/ ; USER=root ; COMMAND=/opt/stack/data/venv/bin/cinder-rootwrap /etc/cinder/rootwrap.conf rm -f /opt/stack/data/cinder/mnt/c9696eca9a8737e7122b40b9a2c78d6b/volume-94078953-1059-4cc9-ac88-04ee03394d4a
Feb 12 16:03:39 devstack sudo[81380]: pam_unix(sudo:session): session opened for user root(uid=0) by (uid=1000)
Feb 12 16:03:39 devstack cinder-volume[79425]: DEBUG oslo.privsep.daemon [-] privsep: reply[87557109-0a09-46b3-b4e7-693d1b764c81]: (4, 'qcow2') {{(pid=80130) _call_back /opt/stack/data/venv/lib/python3.10/site-packages/oslo_privsep/daemon.py:515}}
Feb 12 16:03:39 devstack cinder-volume[79425]: DEBUG oslo_concurrency.processutils [None req-5c1ba551-fc09-44f5-91a8-04f556a1018d tempest-ServerRescueNegativeTestJSON-994555980 None] Running cmd (subprocess): /opt/stack/data/venv/bin/python3.10 -m oslo_concurrency.prlimit --as=1073741824 --cpu=60 -- sudo cinder-rootwrap /etc/cinder/rootwrap.conf env LC_ALL=C qemu-img info -f qcow2 --output=json --force-share /opt/stack/data/cinder/mnt/c9696eca9a8737e7122b40b9a2c78d6b/volume-40748e53-3b01-4188-84b9-a0106ee36b44 {{(pid=79425) execute /opt/stack/data/venv/lib/python3.10/site-packages/oslo_concurrency/processutils.py:368}}
Feb 12 16:03:40 devstack sudo[81383]: quobyte : PWD=/ ; USER=root ; COMMAND=/opt/stack/data/venv/bin/cinder-rootwrap /etc/cinder/rootwrap.conf env LC_ALL=C qemu-img info -f qcow2 --output=json --force-share /opt/stack/data/cinder/mnt/c9696eca9a8737e7122b40b9a2c78d6b/volume-40748e53-3b01-4188-84b9-a0106ee36b44
Feb 12 16:03:40 devstack sudo[81383]: pam_unix(sudo:session): session opened for user root(uid=0) by (uid=1000)
Feb 12 16:03:40 devstack sudo[81380]: pam_unix(sudo:session): session closed for user root
Feb 12 16:03:40 devstack cinder-volume[79425]: DEBUG oslo_concurrency.processutils [None req-7b54c0b2-c5ac-4eea-990f-7c6aa7a9ef26 tempest-GroupSnapshotsTest-344684359 None] CMD "sudo cinder-rootwrap /etc/cinder/rootwrap.conf rm -f /opt/stack/data/cinder/mnt/c9696eca9a8737e7122b40b9a2c78d6b/volume-94078953-1059-4cc9-ac88-04ee03394d4a" returned: 0 in 0.882s {{(pid=79425) execute /opt/stack/data/venv/lib/python3.10/site-packages/oslo_concurrency/processutils.py:396}}
Feb 12 16:03:40 devstack cinder-volume[79425]: DEBUG cinder.coordination [None req-7b54c0b2-c5ac-4eea-990f-7c6aa7a9ef26 tempest-GroupSnapshotsTest-344684359 None] Lock "cinder-quobyte-94078953-1059-4cc9-ac88-04ee03394d4a" released by "delete_volume" :: held 2.032s {{(pid=79425) __release /opt/stack/cinder/cinder/coordination.py:157}}
Feb 12 16:03:40 devstack cinder-volume[79425]: DEBUG cinder.quota [None req-7b54c0b2-c5ac-4eea-990f-7c6aa7a9ef26 tempest-GroupSnapshotsTest-344684359 None] Created reservations ['acb1d594-ed69-43ee-aed5-bb3729aa8410'] {{(pid=79425) reserve /opt/stack/cinder/cinder/quota.py:752}}
