Jun 29 11:11:43 devstack cinder-volume[93497]: DEBUG oslo_concurrency.processutils [None req-8110e77c-ddc9-45ef-8857-514866420dbe tempest-SnapshotsActionsTest-1787185938 None] Running cmd (subprocess): sudo cinder-rootwrap /etc/cinder/rootwrap.conf qemu-img create -f qcow2 -o backing_file=/opt/stack/data/cinder/mnt/b138fdc0efee44b062cd227379d54d90/volume-7762ed4d-a09f-418c-90ad-0453ded6b1f0,backing_fmt=qcow2 /opt/stack/data/cinder/mnt/b138fdc0efee44b062cd227379d54d90/volume-7762ed4d-a09f-418c-90ad-0453ded6b1f0.5e7d8fae-ff06-4c79-a4d1-46fa14fe32a4 1G {{(pid=93497) execute /opt/stack/data/venv/lib/python3.12/site-packages/oslo_concurrency/processutils.py:440}}
Jun 29 11:11:43 devstack sudo[101344]: quobyte : PWD=/ ; USER=root ; COMMAND=/opt/stack/data/venv/bin/cinder-rootwrap /etc/cinder/rootwrap.conf qemu-img create -f qcow2 -o backing_file=/opt/stack/data/cinder/mnt/b138fdc0efee44b062cd227379d54d90/volume-7762ed4d-a09f-418c-90ad-0453ded6b1f0,backing_fmt=qcow2 /opt/stack/data/cinder/mnt/b138fdc0efee44b062cd227379d54d90/volume-7762ed4d-a09f-418c-90ad-0453ded6b1f0.5e7d8fae-ff06-4c79-a4d1-46fa14fe32a4 1G
Jun 29 11:11:43 devstack sudo[101344]: pam_unix(sudo:session): session opened for user root(uid=0) by (uid=1000)
Jun 29 11:11:45 devstack sudo[101344]: pam_unix(sudo:session): session closed for user root
Jun 29 11:11:45 devstack cinder-volume[93497]: DEBUG oslo_concurrency.processutils [None req-8110e77c-ddc9-45ef-8857-514866420dbe tempest-SnapshotsActionsTest-1787185938 None] CMD "sudo cinder-rootwrap /etc/cinder/rootwrap.conf qemu-img create -f qcow2 -o backing_file=/opt/stack/data/cinder/mnt/b138fdc0efee44b062cd227379d54d90/volume-7762ed4d-a09f-418c-90ad-0453ded6b1f0,backing_fmt=qcow2 /opt/stack/data/cinder/mnt/b138fdc0efee44b062cd227379d54d90/volume-7762ed4d-a09f-418c-90ad-0453ded6b1f0.5e7d8fae-ff06-4c79-a4d1-46fa14fe32a4 1G" returned: 0 in 1.423s {{(pid=93497) execute /opt/stack/data/venv/lib/python3.12/site-packages/oslo_concurrency/processutils.py:468}}
Jun 29 11:11:45 devstack cinder-volume[93497]: DEBUG oslo_concurrency.processutils [None req-8110e77c-ddc9-45ef-8857-514866420dbe tempest-SnapshotsActionsTest-1787185938 None] Running cmd (subprocess): sudo cinder-rootwrap /etc/cinder/rootwrap.conf qemu-img rebase -u -b volume-7762ed4d-a09f-418c-90ad-0453ded6b1f0 -F qcow2 /opt/stack/data/cinder/mnt/b138fdc0efee44b062cd227379d54d90/volume-7762ed4d-a09f-418c-90ad-0453ded6b1f0.5e7d8fae-ff06-4c79-a4d1-46fa14fe32a4 {{(pid=93497) execute /opt/stack/data/venv/lib/python3.12/site-packages/oslo_concurrency/processutils.py:440}}
Jun 29 11:11:45 devstack sudo[101351]: quobyte : PWD=/ ; USER=root ; COMMAND=/opt/stack/data/venv/bin/cinder-rootwrap /etc/cinder/rootwrap.conf qemu-img rebase -u -b volume-7762ed4d-a09f-418c-90ad-0453ded6b1f0 -F qcow2 /opt/stack/data/cinder/mnt/b138fdc0efee44b062cd227379d54d90/volume-7762ed4d-a09f-418c-90ad-0453ded6b1f0.5e7d8fae-ff06-4c79-a4d1-46fa14fe32a4
Jun 29 11:11:45 devstack sudo[101351]: pam_unix(sudo:session): session opened for user root(uid=0) by (uid=1000)
Jun 29 11:11:46 devstack sudo[101351]: pam_unix(sudo:session): session closed for user root
Jun 29 11:11:46 devstack cinder-volume[93497]: DEBUG oslo_concurrency.processutils [None req-8110e77c-ddc9-45ef-8857-514866420dbe tempest-SnapshotsActionsTest-1787185938 None] CMD "sudo cinder-rootwrap /etc/cinder/rootwrap.conf qemu-img rebase -u -b volume-7762ed4d-a09f-418c-90ad-0453ded6b1f0 -F qcow2 /opt/stack/data/cinder/mnt/b138fdc0efee44b062cd227379d54d90/volume-7762ed4d-a09f-418c-90ad-0453ded6b1f0.5e7d8fae-ff06-4c79-a4d1-46fa14fe32a4" returned: 0 in 1.443s {{(pid=93497) execute /opt/stack/data/venv/lib/python3.12/site-packages/oslo_concurrency/processutils.py:468}}
Jun 29 11:11:46 devstack cinder-volume[93497]: WARNING cinder.volume.drivers.remotefs [None req-8110e77c-ddc9-45ef-8857-514866420dbe tempest-SnapshotsActionsTest-1787185938 None] /opt/stack/data/cinder/mnt/b138fdc0efee44b062cd227379d54d90/volume-7762ed4d-a09f-418c-90ad-0453ded6b1f0.5e7d8fae-ff06-4c79-a4d1-46fa14fe32a4 is being set with open permissions: ugo+rw
Jun 29 11:11:46 devstack cinder-volume[93497]: DEBUG oslo_concurrency.processutils [None req-8110e77c-ddc9-45ef-8857-514866420dbe tempest-SnapshotsActionsTest-1787185938 None] Running cmd (subprocess): sudo cinder-rootwrap /etc/cinder/rootwrap.conf chmod ugo+rw /opt/stack/data/cinder/mnt/b138fdc0efee44b062cd227379d54d90/volume-7762ed4d-a09f-418c-90ad-0453ded6b1f0.5e7d8fae-ff06-4c79-a4d1-46fa14fe32a4 {{(pid=93497) execute /opt/stack/data/venv/lib/python3.12/site-packages/oslo_concurrency/processutils.py:440}}
Jun 29 11:11:46 devstack sudo[101428]: quobyte : PWD=/ ; USER=root ; COMMAND=/opt/stack/data/venv/bin/cinder-rootwrap /etc/cinder/rootwrap.conf chmod ugo+rw /opt/stack/data/cinder/mnt/b138fdc0efee44b062cd227379d54d90/volume-7762ed4d-a09f-418c-90ad-0453ded6b1f0.5e7d8fae-ff06-4c79-a4d1-46fa14fe32a4
Jun 29 11:11:46 devstack sudo[101428]: pam_unix(sudo:session): session opened for user root(uid=0) by (uid=1000)
Jun 29 11:11:47 devstack sudo[101428]: pam_unix(sudo:session): session closed for user root
Jun 29 11:11:47 devstack cinder-volume[93497]: DEBUG oslo_concurrency.processutils [None req-8110e77c-ddc9-45ef-8857-514866420dbe tempest-SnapshotsActionsTest-1787185938 None] CMD "sudo cinder-rootwrap /etc/cinder/rootwrap.conf chmod ugo+rw /opt/stack/data/cinder/mnt/b138fdc0efee44b062cd227379d54d90/volume-7762ed4d-a09f-418c-90ad-0453ded6b1f0.5e7d8fae-ff06-4c79-a4d1-46fa14fe32a4" returned: 0 in 0.850s {{(pid=93497) execute /opt/stack/data/venv/lib/python3.12/site-packages/oslo_concurrency/processutils.py:468}}
Jun 29 11:11:47 devstack cinder-volume[93497]: DEBUG oslo_concurrency.processutils [None req-8110e77c-ddc9-45ef-8857-514866420dbe tempest-SnapshotsActionsTest-1787185938 None] Running cmd (subprocess): sudo cinder-rootwrap /etc/cinder/rootwrap.conf truncate -s0 /opt/stack/data/cinder/mnt/b138fdc0efee44b062cd227379d54d90/volume-7762ed4d-a09f-418c-90ad-0453ded6b1f0.info {{(pid=93497) execute /opt/stack/data/venv/lib/python3.12/site-packages/oslo_concurrency/processutils.py:440}}
Jun 29 11:11:47 devstack sudo[101434]: quobyte : PWD=/ ; USER=root ; COMMAND=/opt/stack/data/venv/bin/cinder-rootwrap /etc/cinder/rootwrap.conf truncate -s0 /opt/stack/data/cinder/mnt/b138fdc0efee44b062cd227379d54d90/volume-7762ed4d-a09f-418c-90ad-0453ded6b1f0.info
Jun 29 11:11:47 devstack sudo[101434]: pam_unix(sudo:session): session opened for user root(uid=0) by (uid=1000)
Jun 29 11:11:48 devstack sudo[101434]: pam_unix(sudo:session): session closed for user root
Jun 29 11:11:48 devstack cinder-volume[93497]: DEBUG oslo_concurrency.processutils [None req-8110e77c-ddc9-45ef-8857-514866420dbe tempest-SnapshotsActionsTest-1787185938 None] CMD "sudo cinder-rootwrap /etc/cinder/rootwrap.conf truncate -s0 /opt/stack/data/cinder/mnt/b138fdc0efee44b062cd227379d54d90/volume-7762ed4d-a09f-418c-90ad-0453ded6b1f0.info" returned: 0 in 0.929s {{(pid=93497) execute /opt/stack/data/venv/lib/python3.12/site-packages/oslo_concurrency/processutils.py:468}}
Jun 29 11:11:48 devstack cinder-volume[93497]: WARNING cinder.volume.drivers.remotefs [None req-8110e77c-ddc9-45ef-8857-514866420dbe tempest-SnapshotsActionsTest-1787185938 None] /opt/stack/data/cinder/mnt/b138fdc0efee44b062cd227379d54d90/volume-7762ed4d-a09f-418c-90ad-0453ded6b1f0.info is being set with open permissions: ugo+rw
Jun 29 11:11:48 devstack cinder-volume[93497]: DEBUG oslo_concurrency.processutils [None req-8110e77c-ddc9-45ef-8857-514866420dbe tempest-SnapshotsActionsTest-1787185938 None] Running cmd (subprocess): sudo cinder-rootwrap /etc/cinder/rootwrap.conf chmod ugo+rw /opt/stack/data/cinder/mnt/b138fdc0efee44b062cd227379d54d90/volume-7762ed4d-a09f-418c-90ad-0453ded6b1f0.info {{(pid=93497) execute /opt/stack/data/venv/lib/python3.12/site-packages/oslo_concurrency/processutils.py:440}}
Jun 29 11:11:48 devstack sudo[101457]: quobyte : PWD=/ ; USER=root ; COMMAND=/opt/stack/data/venv/bin/cinder-rootwrap /etc/cinder/rootwrap.conf chmod ugo+rw /opt/stack/data/cinder/mnt/b138fdc0efee44b062cd227379d54d90/volume-7762ed4d-a09f-418c-90ad-0453ded6b1f0.info
Jun 29 11:11:48 devstack sudo[101457]: pam_unix(sudo:session): session opened for user root(uid=0) by (uid=1000)
Jun 29 11:11:49 devstack sudo[101457]: pam_unix(sudo:session): session closed for user root
Jun 29 11:11:49 devstack cinder-volume[93497]: DEBUG oslo_concurrency.processutils [None req-8110e77c-ddc9-45ef-8857-514866420dbe tempest-SnapshotsActionsTest-1787185938 None] CMD "sudo cinder-rootwrap /etc/cinder/rootwrap.conf chmod ugo+rw /opt/stack/data/cinder/mnt/b138fdc0efee44b062cd227379d54d90/volume-7762ed4d-a09f-418c-90ad-0453ded6b1f0.info" returned: 0 in 0.771s {{(pid=93497) execute /opt/stack/data/venv/lib/python3.12/site-packages/oslo_concurrency/processutils.py:468}}
Jun 29 11:11:49 devstack cinder-volume[93497]: DEBUG oslo_concurrency.lockutils [None req-8110e77c-ddc9-45ef-8857-514866420dbe tempest-SnapshotsActionsTest-1787185938 None] Lock "quobyte" "released" by "cinder.volume.drivers.quobyte.QuobyteDriver.create_snapshot" :: held 7.574s {{(pid=93497) inner /opt/stack/data/venv/lib/python3.12/site-packages/oslo_concurrency/lockutils.py:543}}
Jun 29 11:11:49 devstack cinder-volume[93497]: INFO cinder.volume.manager [None req-8110e77c-ddc9-45ef-8857-514866420dbe tempest-SnapshotsActionsTest-1787185938 None] Create snapshot completed successfully
Jun 29 11:11:50 devstack cinder-volume[93497]: DEBUG oslo_concurrency.lockutils [None req-0512e36a-512c-4c24-8ea9-e376a3d4f177 tempest-SnapshotsActionsTest-1787185938 None] Acquiring lock "quobyte" by "cinder.volume.drivers.quobyte.QuobyteDriver.create_snapshot" {{(pid=93497) inner /opt/stack/data/venv/lib/python3.12/site-packages/oslo_concurrency/lockutils.py:511}}
Jun 29 11:11:50 devstack cinder-volume[93497]: DEBUG oslo_concurrency.lockutils [None req-0512e36a-512c-4c24-8ea9-e376a3d4f177 tempest-SnapshotsActionsTest-1787185938 None] Lock "quobyte" acquired by "cinder.volume.drivers.quobyte.QuobyteDriver.create_snapshot" :: waited 0.001s {{(pid=93497) inner /opt/stack/data/venv/lib/python3.12/site-packages/oslo_concurrency/lockutils.py:524}}
Jun 29 11:11:50 devstack cinder-volume[93497]: DEBUG cinder.volume.drivers.remotefs [None req-0512e36a-512c-4c24-8ea9-e376a3d4f177 tempest-SnapshotsActionsTest-1787185938 None] Creating offline snapshot 32285033-740e-4e6a-aa0a-b6602f330d9f of volume 7762ed4d-a09f-418c-90ad-0453ded6b1f0 {{(pid=93497) _create_snapshot /opt/stack/cinder/cinder/volume/drivers/remotefs.py:1816}}
Jun 29 11:11:50 devstack cinder-volume[93497]: DEBUG oslo.privsep.daemon [-] privsep: reply[f0c8d667-770b-4b18-b41c-d4dbee144401]: (4, 'qcow2') {{(pid=94221) _call_back /opt/stack/data/venv/lib/python3.12/site-packages/oslo_privsep/daemon.py:580}}
Jun 29 11:11:50 devstack cinder-volume[93497]: DEBUG oslo_concurrency.processutils [None req-0512e36a-512c-4c24-8ea9-e376a3d4f177 tempest-SnapshotsActionsTest-1787185938 None] Running cmd (subprocess): /opt/stack/data/venv/bin/python3.12 -m oslo_concurrency.prlimit --as=1073741824 --cpu=60 -- sudo cinder-rootwrap /etc/cinder/rootwrap.conf env LC_ALL=C qemu-img info -f qcow2 --output=json --force-share /opt/stack/data/cinder/mnt/b138fdc0efee44b062cd227379d54d90/volume-7762ed4d-a09f-418c-90ad-0453ded6b1f0.5e7d8fae-ff06-4c79-a4d1-46fa14fe32a4 {{(pid=93497) execute /opt/stack/data/venv/lib/python3.12/site-packages/oslo_concurrency/processutils.py:440}}
Jun 29 11:11:51 devstack sudo[101460]: quobyte : PWD=/ ; USER=root ; COMMAND=/opt/stack/data/venv/bin/cinder-rootwrap /etc/cinder/rootwrap.conf env LC_ALL=C qemu-img info -f qcow2 --output=json --force-share /opt/stack/data/cinder/mnt/b138fdc0efee44b062cd227379d54d90/volume-7762ed4d-a09f-418c-90ad-0453ded6b1f0.5e7d8fae-ff06-4c79-a4d1-46fa14fe32a4
Jun 29 11:11:51 devstack sudo[101460]: pam_unix(sudo:session): session opened for user root(uid=0) by (uid=1000)
Jun 29 11:11:51 devstack sudo[101460]: pam_unix(sudo:session): session closed for user root
Jun 29 11:11:51 devstack cinder-volume[93497]: DEBUG oslo_concurrency.processutils [None req-0512e36a-512c-4c24-8ea9-e376a3d4f177 tempest-SnapshotsActionsTest-1787185938 None] CMD "/opt/stack/data/venv/bin/python3.12 -m oslo_concurrency.prlimit --as=1073741824 --cpu=60 -- sudo cinder-rootwrap /etc/cinder/rootwrap.conf env LC_ALL=C qemu-img info -f qcow2 --output=json --force-share /opt/stack/data/cinder/mnt/b138fdc0efee44b062cd227379d54d90/volume-7762ed4d-a09f-418c-90ad-0453ded6b1f0.5e7d8fae-ff06-4c79-a4d1-46fa14fe32a4" returned: 0 in 0.864s {{(pid=93497) execute /opt/stack/data/venv/lib/python3.12/site-packages/oslo_concurrency/processutils.py:468}}
Jun 29 11:11:51 devstack cinder-volume[93497]: DEBUG cinder.volume.drivers.remotefs [None req-0512e36a-512c-4c24-8ea9-e376a3d4f177 tempest-SnapshotsActionsTest-1787185938 None] Fetching qemu-img info with special backing_file_template: (/opt/stack/data/cinder/mnt/[0-9a-f]+/)?(volume-7762ed4d-a09f-418c-90ad-0453ded6b1f0(.(tmp-snap-)?[0-9a-f-]+)?|volume_from_snapshot_cache/(tmp-snap-)?[0-9a-f-]+(.(child-|parent-)[0-9a-f-]+)?)$ {{(pid=93497) _qemu_img_info_base /opt/stack/cinder/cinder/volume/drivers/remotefs.py:896}}
Jun 29 11:11:51 devstack cinder-volume[93497]: DEBUG oslo_concurrency.processutils [None req-0512e36a-512c-4c24-8ea9-e376a3d4f177 tempest-SnapshotsActionsTest-1787185938 None] Running cmd (subprocess): sudo cinder-rootwrap /etc/cinder/rootwrap.conf qemu-img create -f qcow2 -o backing_file=/opt/stack/data/cinder/mnt/b138fdc0efee44b062cd227379d54d90/volume-7762ed4d-a09f-418c-90ad-0453ded6b1f0.5e7d8fae-ff06-4c79-a4d1-46fa14fe32a4,backing_fmt=qcow2 /opt/stack/data/cinder/mnt/b138fdc0efee44b062cd227379d54d90/volume-7762ed4d-a09f-418c-90ad-0453ded6b1f0.32285033-740e-4e6a-aa0a-b6602f330d9f 1G {{(pid=93497) execute /opt/stack/data/venv/lib/python3.12/site-packages/oslo_concurrency/processutils.py:440}}
Jun 29 11:11:51 devstack sudo[101465]: quobyte : PWD=/ ; USER=root ; COMMAND=/opt/stack/data/venv/bin/cinder-rootwrap /etc/cinder/rootwrap.conf qemu-img create -f qcow2 -o backing_file=/opt/stack/data/cinder/mnt/b138fdc0efee44b062cd227379d54d90/volume-7762ed4d-a09f-418c-90ad-0453ded6b1f0.5e7d8fae-ff06-4c79-a4d1-46fa14fe32a4,backing_fmt=qcow2 /opt/stack/data/cinder/mnt/b138fdc0efee44b062cd227379d54d90/volume-7762ed4d-a09f-418c-90ad-0453ded6b1f0.32285033-740e-4e6a-aa0a-b6602f330d9f 1G
Jun 29 11:11:51 devstack sudo[101465]: pam_unix(sudo:session): session opened for user root(uid=0) by (uid=1000)
Jun 29 11:11:52 devstack sudo[101465]: pam_unix(sudo:session): session closed for user root
Jun 29 11:11:52 devstack cinder-volume[93497]: DEBUG oslo_concurrency.processutils [None req-0512e36a-512c-4c24-8ea9-e376a3d4f177 tempest-SnapshotsActionsTest-1787185938 None] CMD "sudo cinder-rootwrap /etc/cinder/rootwrap.conf qemu-img create -f qcow2 -o backing_file=/opt/stack/data/cinder/mnt/b138fdc0efee44b062cd227379d54d90/volume-7762ed4d-a09f-418c-90ad-0453ded6b1f0.5e7d8fae-ff06-4c79-a4d1-46fa14fe32a4,backing_fmt=qcow2 /opt/stack/data/cinder/mnt/b138fdc0efee44b062cd227379d54d90/volume-7762ed4d-a09f-418c-90ad-0453ded6b1f0.32285033-740e-4e6a-aa0a-b6602f330d9f 1G" returned: 0 in 1.007s {{(pid=93497) execute /opt/stack/data/venv/lib/python3.12/site-packages/oslo_concurrency/processutils.py:468}}
Jun 29 11:11:52 devstack cinder-volume[93497]: DEBUG oslo_concurrency.processutils [None req-0512e36a-512c-4c24-8ea9-e376a3d4f177 tempest-SnapshotsActionsTest-1787185938 None] Running cmd (subprocess): sudo cinder-rootwrap /etc/cinder/rootwrap.conf qemu-img rebase -u -b volume-7762ed4d-a09f-418c-90ad-0453ded6b1f0.5e7d8fae-ff06-4c79-a4d1-46fa14fe32a4 -F qcow2 /opt/stack/data/cinder/mnt/b138fdc0efee44b062cd227379d54d90/volume-7762ed4d-a09f-418c-90ad-0453ded6b1f0.32285033-740e-4e6a-aa0a-b6602f330d9f {{(pid=93497) execute /opt/stack/data/venv/lib/python3.12/site-packages/oslo_concurrency/processutils.py:440}}
Jun 29 11:11:52 devstack sudo[101471]: quobyte : PWD=/ ; USER=root ; COMMAND=/opt/stack/data/venv/bin/cinder-rootwrap /etc/cinder/rootwrap.conf qemu-img rebase -u -b volume-7762ed4d-a09f-418c-90ad-0453ded6b1f0.5e7d8fae-ff06-4c79-a4d1-46fa14fe32a4 -F qcow2 /opt/stack/data/cinder/mnt/b138fdc0efee44b062cd227379d54d90/volume-7762ed4d-a09f-418c-90ad-0453ded6b1f0.32285033-740e-4e6a-aa0a-b6602f330d9f
Jun 29 11:11:52 devstack sudo[101471]: pam_unix(sudo:session): session opened for user root(uid=0) by (uid=1000)
Jun 29 11:11:53 devstack cinder-volume[93497]: DEBUG oslo_concurrency.lockutils [None req-4f6c35ea-5a98-4173-b3ca-f241a862a45b tempest-VolumesActionsTest-144281045 None] Acquiring lock "quobyte" by "cinder.volume.drivers.quobyte.QuobyteDriver.copy_volume_to_image" {{(pid=93497) inner /opt/stack/data/venv/lib/python3.12/site-packages/oslo_concurrency/lockutils.py:511}}
Jun 29 11:11:53 devstack sudo[101471]: pam_unix(sudo:session): session closed for user root
Jun 29 11:11:53 devstack cinder-volume[93497]: DEBUG oslo_concurrency.processutils [None req-0512e36a-512c-4c24-8ea9-e376a3d4f177 tempest-SnapshotsActionsTest-1787185938 None] CMD "sudo cinder-rootwrap /etc/cinder/rootwrap.conf qemu-img rebase -u -b volume-7762ed4d-a09f-418c-90ad-0453ded6b1f0.5e7d8fae-ff06-4c79-a4d1-46fa14fe32a4 -F qcow2 /opt/stack/data/cinder/mnt/b138fdc0efee44b062cd227379d54d90/volume-7762ed4d-a09f-418c-90ad-0453ded6b1f0.32285033-740e-4e6a-aa0a-b6602f330d9f" returned: 0 in 0.768s {{(pid=93497) execute /opt/stack/data/venv/lib/python3.12/site-packages/oslo_concurrency/processutils.py:468}}
Jun 29 11:11:53 devstack cinder-volume[93497]: WARNING cinder.volume.drivers.remotefs [None req-0512e36a-512c-4c24-8ea9-e376a3d4f177 tempest-SnapshotsActionsTest-1787185938 None] /opt/stack/data/cinder/mnt/b138fdc0efee44b062cd227379d54d90/volume-7762ed4d-a09f-418c-90ad-0453ded6b1f0.32285033-740e-4e6a-aa0a-b6602f330d9f is being set with open permissions: ugo+rw
Jun 29 11:11:53 devstack cinder-volume[93497]: DEBUG oslo_concurrency.processutils [None req-0512e36a-512c-4c24-8ea9-e376a3d4f177 tempest-SnapshotsActionsTest-1787185938 None] Running cmd (subprocess): sudo cinder-rootwrap /etc/cinder/rootwrap.conf chmod ugo+rw /opt/stack/data/cinder/mnt/b138fdc0efee44b062cd227379d54d90/volume-7762ed4d-a09f-418c-90ad-0453ded6b1f0.32285033-740e-4e6a-aa0a-b6602f330d9f {{(pid=93497) execute /opt/stack/data/venv/lib/python3.12/site-packages/oslo_concurrency/processutils.py:440}}
Jun 29 11:11:53 devstack sudo[101476]: quobyte : PWD=/ ; USER=root ; COMMAND=/opt/stack/data/venv/bin/cinder-rootwrap /etc/cinder/rootwrap.conf chmod ugo+rw /opt/stack/data/cinder/mnt/b138fdc0efee44b062cd227379d54d90/volume-7762ed4d-a09f-418c-90ad-0453ded6b1f0.32285033-740e-4e6a-aa0a-b6602f330d9f
Jun 29 11:11:53 devstack sudo[101476]: pam_unix(sudo:session): session opened for user root(uid=0) by (uid=1000)
Jun 29 11:11:54 devstack sudo[101476]: pam_unix(sudo:session): session closed for user root
Jun 29 11:11:54 devstack cinder-volume[93497]: DEBUG oslo_concurrency.processutils [None req-0512e36a-512c-4c24-8ea9-e376a3d4f177 tempest-SnapshotsActionsTest-1787185938 None] CMD "sudo cinder-rootwrap /etc/cinder/rootwrap.conf chmod ugo+rw /opt/stack/data/cinder/mnt/b138fdc0efee44b062cd227379d54d90/volume-7762ed4d-a09f-418c-90ad-0453ded6b1f0.32285033-740e-4e6a-aa0a-b6602f330d9f" returned: 0 in 0.661s {{(pid=93497) execute /opt/stack/data/venv/lib/python3.12/site-packages/oslo_concurrency/processutils.py:468}}
Jun 29 11:11:54 devstack cinder-volume[93497]: DEBUG oslo_concurrency.lockutils [None req-0512e36a-512c-4c24-8ea9-e376a3d4f177 tempest-SnapshotsActionsTest-1787185938 None] Lock "quobyte" "released" by "cinder.volume.drivers.quobyte.QuobyteDriver.create_snapshot" :: held 3.418s {{(pid=93497) inner /opt/stack/data/venv/lib/python3.12/site-packages/oslo_concurrency/lockutils.py:543}}
Jun 29 11:11:54 devstack cinder-volume[93497]: DEBUG oslo_concurrency.lockutils [None req-4f6c35ea-5a98-4173-b3ca-f241a862a45b tempest-VolumesActionsTest-144281045 None] Lock "quobyte" acquired by "cinder.volume.drivers.quobyte.QuobyteDriver.copy_volume_to_image" :: waited 0.741s {{(pid=93497) inner /opt/stack/data/venv/lib/python3.12/site-packages/oslo_concurrency/lockutils.py:524}}
Jun 29 11:11:54 devstack cinder-volume[93497]: DEBUG oslo.privsep.daemon [-] privsep: reply[90d6a800-cbb0-4d20-964d-9c027657faa4]: (4, 'qcow2') {{(pid=94221) _call_back /opt/stack/data/venv/lib/python3.12/site-packages/oslo_privsep/daemon.py:580}}
Jun 29 11:11:54 devstack cinder-volume[93497]: DEBUG oslo_concurrency.processutils [None req-4f6c35ea-5a98-4173-b3ca-f241a862a45b tempest-VolumesActionsTest-144281045 None] Running cmd (subprocess): /opt/stack/data/venv/bin/python3.12 -m oslo_concurrency.prlimit --as=1073741824 --cpu=60 -- sudo cinder-rootwrap /etc/cinder/rootwrap.conf env LC_ALL=C qemu-img info -f qcow2 --output=json --force-share /opt/stack/data/cinder/mnt/b138fdc0efee44b062cd227379d54d90/volume-e415c41e-6257-4ff9-8e36-2b61750b7e86 {{(pid=93497) execute /opt/stack/data/venv/lib/python3.12/site-packages/oslo_concurrency/processutils.py:440}}
Jun 29 11:11:54 devstack cinder-volume[93497]: INFO cinder.volume.manager [None req-0512e36a-512c-4c24-8ea9-e376a3d4f177 tempest-SnapshotsActionsTest-1787185938 None] Create snapshot completed successfully
Jun 29 11:11:54 devstack sudo[101479]: quobyte : PWD=/ ; USER=root ; COMMAND=/opt/stack/data/venv/bin/cinder-rootwrap /etc/cinder/rootwrap.conf env LC_ALL=C qemu-img info -f qcow2 --output=json --force-share /opt/stack/data/cinder/mnt/b138fdc0efee44b062cd227379d54d90/volume-e415c41e-6257-4ff9-8e36-2b61750b7e86
Jun 29 11:11:54 devstack sudo[101479]: pam_unix(sudo:session): session opened for user root(uid=0) by (uid=1000)
Jun 29 11:11:55 devstack sudo[101479]: pam_unix(sudo:session): session closed for user root
Jun 29 11:11:55 devstack cinder-volume[93497]: DEBUG oslo_concurrency.processutils [None req-4f6c35ea-5a98-4173-b3ca-f241a862a45b tempest-VolumesActionsTest-144281045 None] CMD "/opt/stack/data/venv/bin/python3.12 -m oslo_concurrency.prlimit --as=1073741824 --cpu=60 -- sudo cinder-rootwrap /etc/cinder/rootwrap.conf env LC_ALL=C qemu-img info -f qcow2 --output=json --force-share /opt/stack/data/cinder/mnt/b138fdc0efee44b062cd227379d54d90/volume-e415c41e-6257-4ff9-8e36-2b61750b7e86" returned: 0 in 0.847s {{(pid=93497) execute /opt/stack/data/venv/lib/python3.12/site-packages/oslo_concurrency/processutils.py:468}}
Jun 29 11:11:55 devstack cinder-volume[93497]: DEBUG oslo.privsep.daemon [-] privsep: reply[097bcfb3-3e06-4f07-a901-5de377212c26]: (4, 'qcow2') {{(pid=94221) _call_back /opt/stack/data/venv/lib/python3.12/site-packages/oslo_privsep/daemon.py:580}}
Jun 29 11:11:55 devstack cinder-volume[93497]: DEBUG oslo_concurrency.processutils [None req-4f6c35ea-5a98-4173-b3ca-f241a862a45b tempest-VolumesActionsTest-144281045 None] Running cmd (subprocess): /opt/stack/data/venv/bin/python3.12 -m oslo_concurrency.prlimit --as=1073741824 --cpu=60 -- sudo cinder-rootwrap /etc/cinder/rootwrap.conf env LC_ALL=C qemu-img info -f qcow2 --output=json /opt/stack/data/cinder/mnt/b138fdc0efee44b062cd227379d54d90/volume-e415c41e-6257-4ff9-8e36-2b61750b7e86 {{(pid=93497) execute /opt/stack/data/venv/lib/python3.12/site-packages/oslo_concurrency/processutils.py:440}}
Jun 29 11:11:55 devstack cinder-volume[93497]: DEBUG cinder.coordination [None req-29a327f7-2c99-4222-83d2-e8ec302f9ffb tempest-SnapshotsActionsTest-1971824292 None] Acquiring lock "cinder-32285033-740e-4e6a-aa0a-b6602f330d9f-delete_snapshot" by "delete_snapshot" {{(pid=93497) __acquire /opt/stack/cinder/cinder/coordination.py:138}}
Jun 29 11:11:55 devstack cinder-volume[93497]: DEBUG cinder.coordination [None req-29a327f7-2c99-4222-83d2-e8ec302f9ffb tempest-SnapshotsActionsTest-1971824292 None] Lock "cinder-32285033-740e-4e6a-aa0a-b6602f330d9f-delete_snapshot" acquired by "delete_snapshot" :: waited 0.035s {{(pid=93497) __acquire /opt/stack/cinder/cinder/coordination.py:141}}
Jun 29 11:11:55 devstack cinder-volume[93497]: DEBUG cinder.coordination [None req-29a327f7-2c99-4222-83d2-e8ec302f9ffb tempest-SnapshotsActionsTest-1971824292 None] Acquiring lock "cinder-quobyte-7762ed4d-a09f-418c-90ad-0453ded6b1f0" by "delete_snapshot" {{(pid=93497) __acquire /opt/stack/cinder/cinder/coordination.py:138}}
Jun 29 11:11:55 devstack cinder-volume[93497]: DEBUG cinder.coordination [None req-29a327f7-2c99-4222-83d2-e8ec302f9ffb tempest-SnapshotsActionsTest-1971824292 None] Lock "cinder-quobyte-7762ed4d-a09f-418c-90ad-0453ded6b1f0" acquired by "delete_snapshot" :: waited 0.039s {{(pid=93497) __acquire /opt/stack/cinder/cinder/coordination.py:141}}
Jun 29 11:11:55 devstack cinder-volume[93497]: DEBUG cinder.coordination [None req-29a327f7-2c99-4222-83d2-e8ec302f9ffb tempest-SnapshotsActionsTest-1971824292 None] Acquiring lock "cinder-quobyte-32285033-740e-4e6a-aa0a-b6602f330d9f" by "_delete_snapshot" {{(pid=93497) __acquire /opt/stack/cinder/cinder/coordination.py:138}}
Jun 29 11:11:55 devstack cinder-volume[93497]: DEBUG cinder.coordination [None req-29a327f7-2c99-4222-83d2-e8ec302f9ffb tempest-SnapshotsActionsTest-1971824292 None] Lock "cinder-quobyte-32285033-740e-4e6a-aa0a-b6602f330d9f" acquired by "_delete_snapshot" :: waited 0.027s {{(pid=93497) __acquire /opt/stack/cinder/cinder/coordination.py:141}}
Jun 29 11:11:55 devstack cinder-volume[93497]: DEBUG cinder.volume.drivers.remotefs [None req-29a327f7-2c99-4222-83d2-e8ec302f9ffb tempest-SnapshotsActionsTest-1971824292 None] Deleting offline snapshot 32285033-740e-4e6a-aa0a-b6602f330d9f of volume 7762ed4d-a09f-418c-90ad-0453ded6b1f0 {{(pid=93497) _delete_snapshot /opt/stack/cinder/cinder/volume/drivers/remotefs.py:1288}}
Jun 29 11:11:55 devstack cinder-volume[93497]: DEBUG cinder.volume.drivers.remotefs [None req-29a327f7-2c99-4222-83d2-e8ec302f9ffb tempest-SnapshotsActionsTest-1971824292 None] snapshot_file for this snap is: volume-7762ed4d-a09f-418c-90ad-0453ded6b1f0.32285033-740e-4e6a-aa0a-b6602f330d9f {{(pid=93497) _delete_snapshot /opt/stack/cinder/cinder/volume/drivers/remotefs.py:1317}}
Jun 29 11:11:55 devstack cinder-volume[93497]: DEBUG oslo.privsep.daemon [-] privsep: reply[f261aca1-cb20-465a-83de-fe44c0c165a5]: (4, 'qcow2') {{(pid=94221) _call_back /opt/stack/data/venv/lib/python3.12/site-packages/oslo_privsep/daemon.py:580}}
Jun 29 11:11:55 devstack cinder-volume[93497]: DEBUG oslo_concurrency.processutils [None req-29a327f7-2c99-4222-83d2-e8ec302f9ffb tempest-SnapshotsActionsTest-1971824292 None] Running cmd (subprocess): /opt/stack/data/venv/bin/python3.12 -m oslo_concurrency.prlimit --as=1073741824 --cpu=60 -- sudo cinder-rootwrap /etc/cinder/rootwrap.conf env LC_ALL=C qemu-img info -f qcow2 --output=json --force-share /opt/stack/data/cinder/mnt/b138fdc0efee44b062cd227379d54d90/volume-7762ed4d-a09f-418c-90ad-0453ded6b1f0.32285033-740e-4e6a-aa0a-b6602f330d9f {{(pid=93497) execute /opt/stack/data/venv/lib/python3.12/site-packages/oslo_concurrency/processutils.py:440}}
Jun 29 11:11:55 devstack sudo[101484]: quobyte : PWD=/ ; USER=root ; COMMAND=/opt/stack/data/venv/bin/cinder-rootwrap /etc/cinder/rootwrap.conf env LC_ALL=C qemu-img info -f qcow2 --output=json /opt/stack/data/cinder/mnt/b138fdc0efee44b062cd227379d54d90/volume-e415c41e-6257-4ff9-8e36-2b61750b7e86
Jun 29 11:11:55 devstack sudo[101484]: pam_unix(sudo:session): session opened for user root(uid=0) by (uid=1000)
Jun 29 11:11:55 devstack sudo[101486]: quobyte : PWD=/ ; USER=root ; COMMAND=/opt/stack/data/venv/bin/cinder-rootwrap /etc/cinder/rootwrap.conf env LC_ALL=C qemu-img info -f qcow2 --output=json --force-share /opt/stack/data/cinder/mnt/b138fdc0efee44b062cd227379d54d90/volume-7762ed4d-a09f-418c-90ad-0453ded6b1f0.32285033-740e-4e6a-aa0a-b6602f330d9f
Jun 29 11:11:55 devstack sudo[101486]: pam_unix(sudo:session): session opened for user root(uid=0) by (uid=1000)
Jun 29 11:11:56 devstack sudo[101484]: pam_unix(sudo:session): session closed for user root
Jun 29 11:11:56 devstack cinder-volume[93497]: DEBUG oslo_concurrency.processutils [None req-4f6c35ea-5a98-4173-b3ca-f241a862a45b tempest-VolumesActionsTest-144281045 None] CMD "/opt/stack/data/venv/bin/python3.12 -m oslo_concurrency.prlimit --as=1073741824 --cpu=60 -- sudo cinder-rootwrap /etc/cinder/rootwrap.conf env LC_ALL=C qemu-img info -f qcow2 --output=json /opt/stack/data/cinder/mnt/b138fdc0efee44b062cd227379d54d90/volume-e415c41e-6257-4ff9-8e36-2b61750b7e86" returned: 0 in 0.951s {{(pid=93497) execute /opt/stack/data/venv/lib/python3.12/site-packages/oslo_concurrency/processutils.py:468}}
Jun 29 11:11:56 devstack cinder-volume[93497]: DEBUG oslo_concurrency.processutils [None req-4f6c35ea-5a98-4173-b3ca-f241a862a45b tempest-VolumesActionsTest-144281045 None] Running cmd (subprocess): sudo cinder-rootwrap /etc/cinder/rootwrap.conf qemu-img convert -O raw /opt/stack/data/cinder/mnt/b138fdc0efee44b062cd227379d54d90/volume-e415c41e-6257-4ff9-8e36-2b61750b7e86 /opt/stack/data/cinder/conversion/e415c41e-6257-4ff9-8e36-2b61750b7e86.temp_image.a878eb74-4b0e-445a-9516-8d408ac0b73co5vx9hxw.img {{(pid=93497) execute /opt/stack/data/venv/lib/python3.12/site-packages/oslo_concurrency/processutils.py:440}}
Jun 29 11:11:56 devstack sudo[101495]: quobyte : PWD=/ ; USER=root ; COMMAND=/opt/stack/data/venv/bin/cinder-rootwrap /etc/cinder/rootwrap.conf qemu-img convert -O raw /opt/stack/data/cinder/mnt/b138fdc0efee44b062cd227379d54d90/volume-e415c41e-6257-4ff9-8e36-2b61750b7e86 /opt/stack/data/cinder/conversion/e415c41e-6257-4ff9-8e36-2b61750b7e86.temp_image.a878eb74-4b0e-445a-9516-8d408ac0b73co5vx9hxw.img
Jun 29 11:11:56 devstack sudo[101495]: pam_unix(sudo:session): session opened for user root(uid=0) by (uid=1000)
Jun 29 11:11:56 devstack sudo[101486]: pam_unix(sudo:session): session closed for user root
Jun 29 11:11:56 devstack cinder-volume[93497]: DEBUG oslo_concurrency.processutils [None req-29a327f7-2c99-4222-83d2-e8ec302f9ffb tempest-SnapshotsActionsTest-1971824292 None] CMD "/opt/stack/data/venv/bin/python3.12 -m oslo_concurrency.prlimit --as=1073741824 --cpu=60 -- sudo cinder-rootwrap /etc/cinder/rootwrap.conf env LC_ALL=C qemu-img info -f qcow2 --output=json --force-share /opt/stack/data/cinder/mnt/b138fdc0efee44b062cd227379d54d90/volume-7762ed4d-a09f-418c-90ad-0453ded6b1f0.32285033-740e-4e6a-aa0a-b6602f330d9f" returned: 0 in 0.828s {{(pid=93497) execute /opt/stack/data/venv/lib/python3.12/site-packages/oslo_concurrency/processutils.py:468}}
Jun 29 11:11:56 devstack cinder-volume[93497]: DEBUG cinder.volume.drivers.remotefs [None req-29a327f7-2c99-4222-83d2-e8ec302f9ffb tempest-SnapshotsActionsTest-1971824292 None] Fetching qemu-img info with special backing_file_template: (/opt/stack/data/cinder/mnt/[0-9a-f]+/)?(volume-7762ed4d-a09f-418c-90ad-0453ded6b1f0(.(tmp-snap-)?[0-9a-f-]+)?|volume_from_snapshot_cache/(tmp-snap-)?[0-9a-f-]+(.(child-|parent-)[0-9a-f-]+)?)$ {{(pid=93497) _qemu_img_info_base /opt/stack/cinder/cinder/volume/drivers/remotefs.py:896}}
Jun 29 11:11:56 devstack cinder-volume[93497]: DEBUG oslo.privsep.daemon [-] privsep: reply[9e0fa407-0430-451f-8eda-62b605309629]: (4, 'qcow2') {{(pid=94221) _call_back /opt/stack/data/venv/lib/python3.12/site-packages/oslo_privsep/daemon.py:580}}
Jun 29 11:11:56 devstack cinder-volume[93497]: DEBUG oslo_concurrency.processutils [None req-29a327f7-2c99-4222-83d2-e8ec302f9ffb tempest-SnapshotsActionsTest-1971824292 None] Running cmd (subprocess): /opt/stack/data/venv/bin/python3.12 -m oslo_concurrency.prlimit --as=1073741824 --cpu=60 -- sudo cinder-rootwrap /etc/cinder/rootwrap.conf env LC_ALL=C qemu-img info -f qcow2 --output=json --force-share /opt/stack/data/cinder/mnt/b138fdc0efee44b062cd227379d54d90/volume-7762ed4d-a09f-418c-90ad-0453ded6b1f0.5e7d8fae-ff06-4c79-a4d1-46fa14fe32a4 {{(pid=93497) execute /opt/stack/data/venv/lib/python3.12/site-packages/oslo_concurrency/processutils.py:440}}
Jun 29 11:11:56 devstack sudo[101497]: quobyte : PWD=/ ; USER=root ; COMMAND=/opt/stack/data/venv/bin/cinder-rootwrap /etc/cinder/rootwrap.conf env LC_ALL=C qemu-img info -f qcow2 --output=json --force-share /opt/stack/data/cinder/mnt/b138fdc0efee44b062cd227379d54d90/volume-7762ed4d-a09f-418c-90ad-0453ded6b1f0.5e7d8fae-ff06-4c79-a4d1-46fa14fe32a4
Jun 29 11:11:56 devstack sudo[101497]: pam_unix(sudo:session): session opened for user root(uid=0) by (uid=1000)
Jun 29 11:11:57 devstack sudo[101497]: pam_unix(sudo:session): session closed for user root
Jun 29 11:11:57 devstack cinder-volume[93497]: DEBUG oslo_concurrency.processutils [None req-29a327f7-2c99-4222-83d2-e8ec302f9ffb tempest-SnapshotsActionsTest-1971824292 None] CMD "/opt/stack/data/venv/bin/python3.12 -m oslo_concurrency.prlimit --as=1073741824 --cpu=60 -- sudo cinder-rootwrap /etc/cinder/rootwrap.conf env LC_ALL=C qemu-img info -f qcow2 --output=json --force-share /opt/stack/data/cinder/mnt/b138fdc0efee44b062cd227379d54d90/volume-7762ed4d-a09f-418c-90ad-0453ded6b1f0.5e7d8fae-ff06-4c79-a4d1-46fa14fe32a4" returned: 0 in 0.923s {{(pid=93497) execute /opt/stack/data/venv/lib/python3.12/site-packages/oslo_concurrency/processutils.py:468}}
Jun 29 11:11:57 devstack cinder-volume[93497]: DEBUG cinder.volume.drivers.remotefs [None req-29a327f7-2c99-4222-83d2-e8ec302f9ffb tempest-SnapshotsActionsTest-1971824292 None] Fetching qemu-img info with special backing_file_template: (/opt/stack/data/cinder/mnt/[0-9a-f]+/)?(volume-7762ed4d-a09f-418c-90ad-0453ded6b1f0(.(tmp-snap-)?[0-9a-f-]+)?|volume_from_snapshot_cache/(tmp-snap-)?[0-9a-f-]+(.(child-|parent-)[0-9a-f-]+)?)$ {{(pid=93497) _qemu_img_info_base /opt/stack/cinder/cinder/volume/drivers/remotefs.py:896}}
Jun 29 11:11:57 devstack cinder-volume[93497]: DEBUG oslo_concurrency.processutils [None req-29a327f7-2c99-4222-83d2-e8ec302f9ffb tempest-SnapshotsActionsTest-1971824292 None] Running cmd (subprocess): sudo cinder-rootwrap /etc/cinder/rootwrap.conf qemu-img commit -d /opt/stack/data/cinder/mnt/b138fdc0efee44b062cd227379d54d90/volume-7762ed4d-a09f-418c-90ad-0453ded6b1f0.32285033-740e-4e6a-aa0a-b6602f330d9f {{(pid=93497) execute /opt/stack/data/venv/lib/python3.12/site-packages/oslo_concurrency/processutils.py:440}}
Jun 29 11:11:57 devstack sudo[101514]: quobyte : PWD=/ ; USER=root ; COMMAND=/opt/stack/data/venv/bin/cinder-rootwrap /etc/cinder/rootwrap.conf qemu-img commit -d /opt/stack/data/cinder/mnt/b138fdc0efee44b062cd227379d54d90/volume-7762ed4d-a09f-418c-90ad-0453ded6b1f0.32285033-740e-4e6a-aa0a-b6602f330d9f
Jun 29 11:11:57 devstack sudo[101514]: pam_unix(sudo:session): session opened for user root(uid=0) by (uid=1000)
Jun 29 11:11:59 devstack sudo[101514]: pam_unix(sudo:session): session closed for user root
Jun 29 11:11:59 devstack cinder-volume[93497]: DEBUG oslo_concurrency.processutils [None req-29a327f7-2c99-4222-83d2-e8ec302f9ffb tempest-SnapshotsActionsTest-1971824292 None] CMD "sudo cinder-rootwrap /etc/cinder/rootwrap.conf qemu-img commit -d /opt/stack/data/cinder/mnt/b138fdc0efee44b062cd227379d54d90/volume-7762ed4d-a09f-418c-90ad-0453ded6b1f0.32285033-740e-4e6a-aa0a-b6602f330d9f" returned: 0 in 2.702s {{(pid=93497) execute /opt/stack/data/venv/lib/python3.12/site-packages/oslo_concurrency/processutils.py:468}}
Jun 29 11:11:59 devstack cinder-volume[93497]: DEBUG oslo_concurrency.processutils [None req-29a327f7-2c99-4222-83d2-e8ec302f9ffb tempest-SnapshotsActionsTest-1971824292 None] Running cmd (subprocess): sudo cinder-rootwrap /etc/cinder/rootwrap.conf rm -f /opt/stack/data/cinder/mnt/b138fdc0efee44b062cd227379d54d90/volume-7762ed4d-a09f-418c-90ad-0453ded6b1f0.32285033-740e-4e6a-aa0a-b6602f330d9f {{(pid=93497) execute /opt/stack/data/venv/lib/python3.12/site-packages/oslo_concurrency/processutils.py:440}}
Jun 29 11:11:59 devstack sudo[101523]: quobyte : PWD=/ ; USER=root ; COMMAND=/opt/stack/data/venv/bin/cinder-rootwrap /etc/cinder/rootwrap.conf rm -f /opt/stack/data/cinder/mnt/b138fdc0efee44b062cd227379d54d90/volume-7762ed4d-a09f-418c-90ad-0453ded6b1f0.32285033-740e-4e6a-aa0a-b6602f330d9f
Jun 29 11:12:00 devstack sudo[101523]: pam_unix(sudo:session): session opened for user root(uid=0) by (uid=1000)
Jun 29 11:12:00 devstack cinder-volume[93497]: DEBUG cinder.volume.flows.manager.create_volume [None req-ab973c23-e055-42dc-a638-54854c32817b tempest-AttachVolumeNegativeTest-1748370238 None] Volume reschedule parameters: True retry: {'num_attempts': 1, 'backends': ['devstack@QuobyteHD#QuobyteHD'], 'hosts': ['devstack@QuobyteHD#QuobyteHD']} {{(pid=93497) get_flow /opt/stack/cinder/cinder/volume/flows/manager/create_volume.py:1397}}
Jun 29 11:12:00 devstack cinder-volume[93497]: DEBUG cinder.volume.manager [None req-ab973c23-e055-42dc-a638-54854c32817b tempest-AttachVolumeNegativeTest-1748370238 None] Flow 'volume_create_manager' (ea617fe0-3114-4e0d-a17c-3e21d9e064e3) transitioned into state 'RUNNING' from state 'PENDING' {{(pid=93497) _flow_receiver /opt/stack/data/venv/lib/python3.12/site-packages/taskflow/listeners/logging.py:160}}
Jun 29 11:12:00 devstack cinder-volume[93497]: DEBUG cinder.volume.manager [None req-ab973c23-e055-42dc-a638-54854c32817b tempest-AttachVolumeNegativeTest-1748370238 None] Task 'cinder.volume.flows.manager.create_volume.ExtractVolumeRefTask;volume:create' (f8109cf8-814d-4602-8b60-aac6e3a9d627) transitioned into state 'RUNNING' from state 'PENDING' {{(pid=93497) _task_receiver /opt/stack/data/venv/lib/python3.12/site-packages/taskflow/listeners/logging.py:242}}
Jun 29 11:12:00 devstack cinder-volume[93497]: DEBUG cinder.volume.manager [None req-ab973c23-e055-42dc-a638-54854c32817b tempest-AttachVolumeNegativeTest-1748370238 None] Task 'cinder.volume.flows.manager.create_volume.ExtractVolumeRefTask;volume:create' (f8109cf8-814d-4602-8b60-aac6e3a9d627) transitioned into state 'SUCCESS' from state 'RUNNING' with result 'Volume(_name_id=None,admin_metadata=,attach_status='detached',availability_zone='nova',bootable=False,cluster=,cluster_name=None,consistencygroup=,consistencygroup_id=None,created_at=2026-06-29T09:12:00Z,deleted=False,deleted_at=None,display_description=None,display_name='tempest-AttachVolumeNegativeTest-volume-155980357',ec2_id=None,encryption_key_id=None,glance_metadata=,group=,group_id=None,host='devstack@QuobyteHD#QuobyteHD',id=3a967540-94c4-4de5-9499-b9508eb0a5fb,launched_at=None,metadata={},migration_status=None,multiattach=False,previous_status=None,project_id='8c6152cfa9d1478d850e417348a1c4dd',provider_auth=None,provider_geometry=None,provider_id=None,provider_location=None,replication_driver_data=None,replication_extended_status=None,replication_status=None,scheduled_at=2026-06-29T09:12:00Z,service_uuid=None,shared_targets=True,size=1,snapshot_id=None,snapshots=,source_volid=None,status='creating',terminated_at=None,updated_at=2026-06-29T09:12:01Z,use_quota=True,user_id='62e68c840d124d71b52de38778cc57d3',volume_attachment=VolumeAttachmentList,volume_type=VolumeType(4f475252-fd19-40f5-bd84-ebe3ef30402a),volume_type_id=4f475252-fd19-40f5-bd84-ebe3ef30402a)' {{(pid=93497) _task_receiver /opt/stack/data/venv/lib/python3.12/site-packages/taskflow/listeners/logging.py:218}}
Jun 29 11:12:00 devstack cinder-volume[93497]: DEBUG cinder.volume.manager [None req-ab973c23-e055-42dc-a638-54854c32817b tempest-AttachVolumeNegativeTest-1748370238 None] Task 'cinder.volume.flows.manager.create_volume.OnFailureRescheduleTask;volume:create' (a280271a-0bd1-4a1a-b7d6-0cd0728816de) transitioned into state 'RUNNING' from state 'PENDING' {{(pid=93497) _task_receiver /opt/stack/data/venv/lib/python3.12/site-packages/taskflow/listeners/logging.py:242}}
Jun 29 11:12:00 devstack cinder-volume[93497]: DEBUG cinder.volume.manager [None req-ab973c23-e055-42dc-a638-54854c32817b tempest-AttachVolumeNegativeTest-1748370238 None] Task 'cinder.volume.flows.manager.create_volume.OnFailureRescheduleTask;volume:create' (a280271a-0bd1-4a1a-b7d6-0cd0728816de) transitioned into state 'SUCCESS' from state 'RUNNING' with result 'None' {{(pid=93497) _task_receiver /opt/stack/data/venv/lib/python3.12/site-packages/taskflow/listeners/logging.py:218}}
Jun 29 11:12:00 devstack cinder-volume[93497]: DEBUG cinder.volume.manager [None req-ab973c23-e055-42dc-a638-54854c32817b tempest-AttachVolumeNegativeTest-1748370238 None] Task 'cinder.volume.flows.manager.create_volume.ExtractVolumeSpecTask;volume:create' (0821e806-1f24-42fb-aac3-a25319e61e7a) transitioned into state 'RUNNING' from state 'PENDING' {{(pid=93497) _task_receiver /opt/stack/data/venv/lib/python3.12/site-packages/taskflow/listeners/logging.py:242}}
Jun 29 11:12:00 devstack cinder-volume[93497]: DEBUG cinder.volume.manager [None req-ab973c23-e055-42dc-a638-54854c32817b tempest-AttachVolumeNegativeTest-1748370238 None] Task 'cinder.volume.flows.manager.create_volume.ExtractVolumeSpecTask;volume:create' (0821e806-1f24-42fb-aac3-a25319e61e7a) transitioned into state 'SUCCESS' from state 'RUNNING' with result '{'status': 'creating', 'type': 'raw', 'volume_id': '3a967540-94c4-4de5-9499-b9508eb0a5fb', 'volume_name': 'volume-3a967540-94c4-4de5-9499-b9508eb0a5fb', 'volume_size': 1}' {{(pid=93497) _task_receiver /opt/stack/data/venv/lib/python3.12/site-packages/taskflow/listeners/logging.py:218}}
Jun 29 11:12:00 devstack cinder-volume[93497]: DEBUG cinder.volume.manager [None req-ab973c23-e055-42dc-a638-54854c32817b tempest-AttachVolumeNegativeTest-1748370238 None] Task 'cinder.volume.flows.manager.create_volume.NotifyVolumeActionTask;volume:create, create.start' (3270b74c-40d0-43fd-ad68-d209af4b6561) transitioned into state 'RUNNING' from state 'PENDING' {{(pid=93497) _task_receiver /opt/stack/data/venv/lib/python3.12/site-packages/taskflow/listeners/logging.py:242}}
Jun 29 11:12:00 devstack cinder-volume[93497]: DEBUG cinder.volume.manager [None req-ab973c23-e055-42dc-a638-54854c32817b tempest-AttachVolumeNegativeTest-1748370238 None] Task 'cinder.volume.flows.manager.create_volume.NotifyVolumeActionTask;volume:create, create.start' (3270b74c-40d0-43fd-ad68-d209af4b6561) transitioned into state 'SUCCESS' from state 'RUNNING' with result 'None' {{(pid=93497) _task_receiver /opt/stack/data/venv/lib/python3.12/site-packages/taskflow/listeners/logging.py:218}}
Jun 29 11:12:00 devstack cinder-volume[93497]: DEBUG cinder.volume.manager [None req-ab973c23-e055-42dc-a638-54854c32817b tempest-AttachVolumeNegativeTest-1748370238 None] Task 'cinder.volume.flows.manager.create_volume.CreateVolumeFromSpecTask;volume:create' (cc99241a-de87-4845-8e10-ac31eed65533) transitioned into state 'RUNNING' from state 'PENDING' {{(pid=93497) _task_receiver /opt/stack/data/venv/lib/python3.12/site-packages/taskflow/listeners/logging.py:242}}
Jun 29 11:12:00 devstack cinder-volume[93497]: INFO cinder.volume.flows.manager.create_volume [None req-ab973c23-e055-42dc-a638-54854c32817b tempest-AttachVolumeNegativeTest-1748370238 None] Volume 3a967540-94c4-4de5-9499-b9508eb0a5fb: being created as raw with specification: {'status': 'creating', 'volume_name': 'volume-3a967540-94c4-4de5-9499-b9508eb0a5fb', 'volume_size': 1}
Jun 29 11:12:00 devstack cinder-volume[93497]: DEBUG oslo_concurrency.lockutils [None req-ab973c23-e055-42dc-a638-54854c32817b tempest-AttachVolumeNegativeTest-1748370238 None] Acquiring lock "quobyte" by "cinder.volume.drivers.quobyte.QuobyteDriver.create_volume" {{(pid=93497) inner /opt/stack/data/venv/lib/python3.12/site-packages/oslo_concurrency/lockutils.py:511}}
Jun 29 11:12:01 devstack sudo[101523]: pam_unix(sudo:session): session closed for user root
Jun 29 11:12:01 devstack cinder-volume[93497]: DEBUG oslo_concurrency.processutils [None req-29a327f7-2c99-4222-83d2-e8ec302f9ffb tempest-SnapshotsActionsTest-1971824292 None] CMD "sudo cinder-rootwrap /etc/cinder/rootwrap.conf rm -f /opt/stack/data/cinder/mnt/b138fdc0efee44b062cd227379d54d90/volume-7762ed4d-a09f-418c-90ad-0453ded6b1f0.32285033-740e-4e6a-aa0a-b6602f330d9f" returned: 0 in 1.929s {{(pid=93497) execute /opt/stack/data/venv/lib/python3.12/site-packages/oslo_concurrency/processutils.py:468}}
Jun 29 11:12:01 devstack cinder-volume[93497]: DEBUG cinder.coordination [None req-29a327f7-2c99-4222-83d2-e8ec302f9ffb tempest-SnapshotsActionsTest-1971824292 None] Lock "cinder-quobyte-32285033-740e-4e6a-aa0a-b6602f330d9f" released by "_delete_snapshot" :: held 6.562s {{(pid=93497) __release /opt/stack/cinder/cinder/coordination.py:152}}
Jun 29 11:12:01 devstack cinder-volume[93497]: DEBUG cinder.coordination [None req-29a327f7-2c99-4222-83d2-e8ec302f9ffb tempest-SnapshotsActionsTest-1971824292 None] Lock "cinder-quobyte-7762ed4d-a09f-418c-90ad-0453ded6b1f0" released by "delete_snapshot" :: held 6.615s {{(pid=93497) __release /opt/stack/cinder/cinder/coordination.py:152}}
Jun 29 11:12:02 devstack cinder-volume[93497]: DEBUG cinder.quota [None req-29a327f7-2c99-4222-83d2-e8ec302f9ffb tempest-SnapshotsActionsTest-1971824292 None] Created reservations ['79d6766e-e8d6-4354-95d3-647c36ebe99e', 'd4dee8d8-104c-4043-b891-d1f807ce50c2', '9c4d522a-24ae-4f55-ba2a-1bb19db30938', '98c33f6b-0cf3-486d-81d6-c47a48eff567'] {{(pid=93497) reserve /opt/stack/cinder/cinder/quota.py:752}}
Jun 29 11:12:02 devstack cinder-volume[93497]: INFO cinder.volume.manager [None req-29a327f7-2c99-4222-83d2-e8ec302f9ffb tempest-SnapshotsActionsTest-1971824292 None] Delete snapshot completed successfully.
Jun 29 11:12:02 devstack cinder-volume[93497]: DEBUG cinder.coordination [None req-29a327f7-2c99-4222-83d2-e8ec302f9ffb tempest-SnapshotsActionsTest-1971824292 None] Lock "cinder-32285033-740e-4e6a-aa0a-b6602f330d9f-delete_snapshot" released by "delete_snapshot" :: held 7.169s {{(pid=93497) __release /opt/stack/cinder/cinder/coordination.py:152}}
Jun 29 11:12:02 devstack sudo[101495]: pam_unix(sudo:session): session closed for user root
Jun 29 11:12:02 devstack cinder-volume[93497]: DEBUG oslo_concurrency.processutils [None req-4f6c35ea-5a98-4173-b3ca-f241a862a45b tempest-VolumesActionsTest-144281045 None] CMD "sudo cinder-rootwrap /etc/cinder/rootwrap.conf qemu-img convert -O raw /opt/stack/data/cinder/mnt/b138fdc0efee44b062cd227379d54d90/volume-e415c41e-6257-4ff9-8e36-2b61750b7e86 /opt/stack/data/cinder/conversion/e415c41e-6257-4ff9-8e36-2b61750b7e86.temp_image.a878eb74-4b0e-445a-9516-8d408ac0b73co5vx9hxw.img" returned: 0 in 6.463s {{(pid=93497) execute /opt/stack/data/venv/lib/python3.12/site-packages/oslo_concurrency/processutils.py:468}}
Jun 29 11:12:02 devstack cinder-volume[93497]: DEBUG oslo.privsep.daemon [-] privsep: reply[220754d0-60a9-466d-b738-804e2a45b0db]: (4, 'qcow2') {{(pid=94221) _call_back /opt/stack/data/venv/lib/python3.12/site-packages/oslo_privsep/daemon.py:580}}
Jun 29 11:12:02 devstack cinder-volume[93497]: DEBUG oslo_concurrency.processutils [None req-4f6c35ea-5a98-4173-b3ca-f241a862a45b tempest-VolumesActionsTest-144281045 None] Running cmd (subprocess): /opt/stack/data/venv/bin/python3.12 -m oslo_concurrency.prlimit --as=1073741824 --cpu=60 -- sudo cinder-rootwrap /etc/cinder/rootwrap.conf env LC_ALL=C qemu-img info -f qcow2 --output=json /opt/stack/data/cinder/mnt/b138fdc0efee44b062cd227379d54d90/volume-e415c41e-6257-4ff9-8e36-2b61750b7e86 {{(pid=93497) execute /opt/stack/data/venv/lib/python3.12/site-packages/oslo_concurrency/processutils.py:440}}
Jun 29 11:12:02 devstack sudo[101541]: quobyte : PWD=/ ; USER=root ; COMMAND=/opt/stack/data/venv/bin/cinder-rootwrap /etc/cinder/rootwrap.conf env LC_ALL=C qemu-img info -f qcow2 --output=json /opt/stack/data/cinder/mnt/b138fdc0efee44b062cd227379d54d90/volume-e415c41e-6257-4ff9-8e36-2b61750b7e86
Jun 29 11:12:02 devstack sudo[101541]: pam_unix(sudo:session): session opened for user root(uid=0) by (uid=1000)
Jun 29 11:12:03 devstack cinder-volume[93497]: DEBUG oslo_concurrency.lockutils [None req-c200102d-3b73-4c87-9053-6ccad5f92174 tempest-SnapshotsActionsTest-1787185938 None] Acquiring lock "quobyte" by "cinder.volume.drivers.quobyte.QuobyteDriver.create_snapshot" {{(pid=93497) inner /opt/stack/data/venv/lib/python3.12/site-packages/oslo_concurrency/lockutils.py:511}}
Jun 29 11:12:03 devstack sudo[101541]: pam_unix(sudo:session): session closed for user root
Jun 29 11:12:03 devstack cinder-volume[93497]: DEBUG oslo_concurrency.processutils [None req-4f6c35ea-5a98-4173-b3ca-f241a862a45b tempest-VolumesActionsTest-144281045 None] CMD "/opt/stack/data/venv/bin/python3.12 -m oslo_concurrency.prlimit --as=1073741824 --cpu=60 -- sudo cinder-rootwrap /etc/cinder/rootwrap.conf env LC_ALL=C qemu-img info -f qcow2 --output=json /opt/stack/data/cinder/mnt/b138fdc0efee44b062cd227379d54d90/volume-e415c41e-6257-4ff9-8e36-2b61750b7e86" returned: 0 in 1.086s {{(pid=93497) execute /opt/stack/data/venv/lib/python3.12/site-packages/oslo_concurrency/processutils.py:468}}
Jun 29 11:12:03 devstack cinder-volume[93497]: DEBUG cinder.image.image_utils [None req-4f6c35ea-5a98-4173-b3ca-f241a862a45b tempest-VolumesActionsTest-144281045 None] Image conversion details: src /opt/stack/data/cinder/mnt/b138fdc0efee44b062cd227379d54d90/volume-e415c41e-6257-4ff9-8e36-2b61750b7e86, size 1024.00 MB, duration 6.46 sec, destination /opt/stack/data/cinder/conversion/e415c41e-6257-4ff9-8e36-2b61750b7e86.temp_image.a878eb74-4b0e-445a-9516-8d408ac0b73co5vx9hxw.img {{(pid=93497) _convert_image /opt/stack/cinder/cinder/image/image_utils.py:536}}
Jun 29 11:12:03 devstack cinder-volume[93497]: INFO cinder.image.image_utils [None req-4f6c35ea-5a98-4173-b3ca-f241a862a45b tempest-VolumesActionsTest-144281045 None] Converted 1024.00 MB image at 158.42 MB/s
Jun 29 11:12:03 devstack cinder-volume[93497]: DEBUG cinder.image.image_utils [None req-4f6c35ea-5a98-4173-b3ca-f241a862a45b tempest-VolumesActionsTest-144281045 None] a878eb74-4b0e-445a-9516-8d408ac0b73c was raw, no need to convert to raw {{(pid=93497) upload_volume /opt/stack/cinder/cinder/image/image_utils.py:1162}}
Jun 29 11:12:08 devstack cinder-volume[93497]: DEBUG oslo_service.periodic_task [None req-4ee0b372-4a94-46a7-815c-3496b0e68208 None None] Running periodic task VolumeManager.publish_service_capabilities {{(pid=93497) run_periodic_tasks /opt/stack/data/venv/lib/python3.12/site-packages/oslo_service/periodic_task.py:225}}
