Aug 17 17:43:45 devstack cinder-volume[94402]: DEBUG cinder.volume.manager [None req-71d7560a-8eb7-42f1-b1d1-e62070f5991b tempest-AttachVolumeNegativeTest-970991171 None] Task 'cinder.volume.flows.manager.create_volume.CreateVolumeFromSpecTask;volume:create' (62a391dd-13e0-4e74-a184-e267b20d8c4b) transitioned into state 'SUCCESS' from state 'RUNNING' with result '{'status': 'creating', 'volume_name': 'volume-d466963c-53c8-4198-a741-992276c6572c', 'volume_size': 1}' {{(pid=94402) _task_receiver /opt/stack/data/venv/lib/python3.12/site-packages/taskflow/listeners/logging.py:218}}
Aug 17 17:43:45 devstack cinder-volume[94402]: DEBUG cinder.volume.manager [None req-71d7560a-8eb7-42f1-b1d1-e62070f5991b tempest-AttachVolumeNegativeTest-970991171 None] Task 'cinder.volume.flows.manager.create_volume.CreateVolumeOnFinishTask;volume:create, create.end' (dd150b75-c5be-46da-a3ae-561708b3d803) transitioned into state 'RUNNING' from state 'PENDING' {{(pid=94402) _task_receiver /opt/stack/data/venv/lib/python3.12/site-packages/taskflow/listeners/logging.py:242}}
Aug 17 17:43:45 devstack cinder-volume[94402]: INFO cinder.volume.flows.manager.create_volume [None req-71d7560a-8eb7-42f1-b1d1-e62070f5991b tempest-AttachVolumeNegativeTest-970991171 None] Volume volume-d466963c-53c8-4198-a741-992276c6572c (d466963c-53c8-4198-a741-992276c6572c): created successfully
Aug 17 17:43:45 devstack cinder-volume[94402]: DEBUG cinder.volume.manager [None req-71d7560a-8eb7-42f1-b1d1-e62070f5991b tempest-AttachVolumeNegativeTest-970991171 None] Task 'cinder.volume.flows.manager.create_volume.CreateVolumeOnFinishTask;volume:create, create.end' (dd150b75-c5be-46da-a3ae-561708b3d803) transitioned into state 'SUCCESS' from state 'RUNNING' with result 'None' {{(pid=94402) _task_receiver /opt/stack/data/venv/lib/python3.12/site-packages/taskflow/listeners/logging.py:218}}
Aug 17 17:43:45 devstack cinder-volume[94402]: DEBUG cinder.volume.manager [None req-71d7560a-8eb7-42f1-b1d1-e62070f5991b tempest-AttachVolumeNegativeTest-970991171 None] Flow 'volume_create_manager' (c9e39af5-282b-436d-8871-6d223b8ac586) transitioned into state 'SUCCESS' from state 'RUNNING' {{(pid=94402) _flow_receiver /opt/stack/data/venv/lib/python3.12/site-packages/taskflow/listeners/logging.py:160}}
Aug 17 17:43:45 devstack cinder-volume[94402]: INFO cinder.volume.manager [None req-71d7560a-8eb7-42f1-b1d1-e62070f5991b tempest-AttachVolumeNegativeTest-970991171 None] Created volume successfully.
Aug 17 17:43:46 devstack sudo[100173]: pam_unix(sudo:session): session closed for user root
Aug 17 17:43:46 devstack cinder-volume[94402]: DEBUG oslo_concurrency.processutils [None req-a3702776-e1de-480a-b340-78ed62b0a72f tempest-VolumesExtendTest-1264058021 None] CMD "sudo cinder-rootwrap /etc/cinder/rootwrap.conf qemu-img create -f qcow2 -o preallocation=metadata /opt/stack/data/cinder/mnt/d7075dd093e2b05f6eee50fa992e3a65/volume-eaf9f691-6b35-49dd-9df6-c41666bc9bbb 1073741824" returned: 0 in 0.546s {{(pid=94402) execute /opt/stack/data/venv/lib/python3.12/site-packages/oslo_concurrency/processutils.py:468}}
Aug 17 17:43:46 devstack cinder-volume[94402]: DEBUG oslo_concurrency.processutils [None req-a3702776-e1de-480a-b340-78ed62b0a72f tempest-VolumesExtendTest-1264058021 None] Running cmd (subprocess): sudo cinder-rootwrap /etc/cinder/rootwrap.conf chmod ugo+rw /opt/stack/data/cinder/mnt/d7075dd093e2b05f6eee50fa992e3a65/volume-eaf9f691-6b35-49dd-9df6-c41666bc9bbb {{(pid=94402) execute /opt/stack/data/venv/lib/python3.12/site-packages/oslo_concurrency/processutils.py:440}}
Aug 17 17:43:46 devstack sudo[100179]: quobyte : PWD=/ ; USER=root ; COMMAND=/opt/stack/data/venv/bin/cinder-rootwrap /etc/cinder/rootwrap.conf chmod ugo+rw /opt/stack/data/cinder/mnt/d7075dd093e2b05f6eee50fa992e3a65/volume-eaf9f691-6b35-49dd-9df6-c41666bc9bbb
Aug 17 17:43:46 devstack sudo[100179]: pam_unix(sudo:session): session opened for user root(uid=0) by (uid=1000)
Aug 17 17:43:46 devstack sudo[100179]: pam_unix(sudo:session): session closed for user root
Aug 17 17:43:46 devstack cinder-volume[94402]: DEBUG oslo_concurrency.processutils [None req-a3702776-e1de-480a-b340-78ed62b0a72f tempest-VolumesExtendTest-1264058021 None] CMD "sudo cinder-rootwrap /etc/cinder/rootwrap.conf chmod ugo+rw /opt/stack/data/cinder/mnt/d7075dd093e2b05f6eee50fa992e3a65/volume-eaf9f691-6b35-49dd-9df6-c41666bc9bbb" returned: 0 in 0.334s {{(pid=94402) execute /opt/stack/data/venv/lib/python3.12/site-packages/oslo_concurrency/processutils.py:468}}
Aug 17 17:43:46 devstack cinder-volume[94402]: DEBUG cinder.volume.drivers.quobyte [None req-a3702776-e1de-480a-b340-78ed62b0a72f tempest-VolumesExtendTest-1264058021 None] <== create_volume: return (932ms) {'provider_location': 'osci02.corp.quobyte.com/cinder-vol-cc0507f8-200d-4bf7-91bf-8f23985785f7'} {{(pid=94402) trace_logging_wrapper /opt/stack/cinder/cinder/volume/volume_utils.py:1522}}
Aug 17 17:43:46 devstack cinder-volume[94402]: DEBUG oslo_concurrency.lockutils [None req-a3702776-e1de-480a-b340-78ed62b0a72f tempest-VolumesExtendTest-1264058021 None] Lock "quobyte" "released" by "cinder.volume.drivers.quobyte.QuobyteDriver.create_volume" :: held 0.935s {{(pid=94402) inner /opt/stack/data/venv/lib/python3.12/site-packages/oslo_concurrency/lockutils.py:544}}
Aug 17 17:43:46 devstack cinder-volume[94402]: DEBUG cinder.volume.manager [None req-a3702776-e1de-480a-b340-78ed62b0a72f tempest-VolumesExtendTest-1264058021 None] Task 'cinder.volume.flows.manager.create_volume.CreateVolumeFromSpecTask;volume:create' (736a2c6a-7bd5-44e8-bbe0-d2a9f588dd11) transitioned into state 'SUCCESS' from state 'RUNNING' with result '{'status': 'creating', 'volume_name': 'volume-eaf9f691-6b35-49dd-9df6-c41666bc9bbb', 'volume_size': 1}' {{(pid=94402) _task_receiver /opt/stack/data/venv/lib/python3.12/site-packages/taskflow/listeners/logging.py:218}}
Aug 17 17:43:46 devstack cinder-volume[94402]: DEBUG cinder.volume.manager [None req-a3702776-e1de-480a-b340-78ed62b0a72f tempest-VolumesExtendTest-1264058021 None] Task 'cinder.volume.flows.manager.create_volume.CreateVolumeOnFinishTask;volume:create, create.end' (252613ab-bf70-4582-951f-c52420c3ebe3) transitioned into state 'RUNNING' from state 'PENDING' {{(pid=94402) _task_receiver /opt/stack/data/venv/lib/python3.12/site-packages/taskflow/listeners/logging.py:242}}
Aug 17 17:43:46 devstack cinder-volume[94402]: INFO cinder.volume.flows.manager.create_volume [None req-a3702776-e1de-480a-b340-78ed62b0a72f tempest-VolumesExtendTest-1264058021 None] Volume volume-eaf9f691-6b35-49dd-9df6-c41666bc9bbb (eaf9f691-6b35-49dd-9df6-c41666bc9bbb): created successfully
Aug 17 17:43:46 devstack cinder-volume[94402]: DEBUG cinder.volume.manager [None req-a3702776-e1de-480a-b340-78ed62b0a72f tempest-VolumesExtendTest-1264058021 None] Task 'cinder.volume.flows.manager.create_volume.CreateVolumeOnFinishTask;volume:create, create.end' (252613ab-bf70-4582-951f-c52420c3ebe3) transitioned into state 'SUCCESS' from state 'RUNNING' with result 'None' {{(pid=94402) _task_receiver /opt/stack/data/venv/lib/python3.12/site-packages/taskflow/listeners/logging.py:218}}
Aug 17 17:43:46 devstack cinder-volume[94402]: DEBUG cinder.volume.manager [None req-a3702776-e1de-480a-b340-78ed62b0a72f tempest-VolumesExtendTest-1264058021 None] Flow 'volume_create_manager' (239d089c-ab74-4e60-b4e6-1d1ad2efea1a) transitioned into state 'SUCCESS' from state 'RUNNING' {{(pid=94402) _flow_receiver /opt/stack/data/venv/lib/python3.12/site-packages/taskflow/listeners/logging.py:160}}
Aug 17 17:43:46 devstack cinder-volume[94402]: INFO cinder.volume.manager [None req-a3702776-e1de-480a-b340-78ed62b0a72f tempest-VolumesExtendTest-1264058021 None] Created volume successfully.
Aug 17 17:43:47 devstack cinder-volume[94402]: DEBUG cinder.coordination [None req-cd01d73b-cccd-4e16-a458-9a5248dc06c8 tempest-TaggedAttachmentsTest-2075424352 None] Acquiring lock "cinder-f4f106aa-dfd9-44e2-a0dd-c91919264f44-delete_volume" by "delete_volume" {{(pid=94402) __acquire /opt/stack/cinder/cinder/coordination.py:138}}
Aug 17 17:43:47 devstack cinder-volume[94402]: DEBUG cinder.coordination [None req-cd01d73b-cccd-4e16-a458-9a5248dc06c8 tempest-TaggedAttachmentsTest-2075424352 None] Lock "cinder-f4f106aa-dfd9-44e2-a0dd-c91919264f44-delete_volume" acquired by "delete_volume" :: waited 0.038s {{(pid=94402) __acquire /opt/stack/cinder/cinder/coordination.py:141}}
Aug 17 17:43:47 devstack cinder-volume[94402]: DEBUG cinder.coordination [None req-cd01d73b-cccd-4e16-a458-9a5248dc06c8 tempest-TaggedAttachmentsTest-2075424352 None] Acquiring lock "cinder-quobyte-f4f106aa-dfd9-44e2-a0dd-c91919264f44" by "delete_volume" {{(pid=94402) __acquire /opt/stack/cinder/cinder/coordination.py:138}}
Aug 17 17:43:47 devstack cinder-volume[94402]: DEBUG cinder.coordination [None req-cd01d73b-cccd-4e16-a458-9a5248dc06c8 tempest-TaggedAttachmentsTest-2075424352 None] Lock "cinder-quobyte-f4f106aa-dfd9-44e2-a0dd-c91919264f44" acquired by "delete_volume" :: waited 0.019s {{(pid=94402) __acquire /opt/stack/cinder/cinder/coordination.py:141}}
Aug 17 17:43:47 devstack cinder-volume[94402]: DEBUG oslo.privsep.daemon [-] privsep: reply[e2c93934-9b0e-4cee-9963-b1c9ae82c186]: (4, 'qcow2') {{(pid=95435) _call_back /opt/stack/data/venv/lib/python3.12/site-packages/oslo_privsep/daemon.py:580}}
Aug 17 17:43:47 devstack cinder-volume[94402]: DEBUG oslo_concurrency.processutils [None req-cd01d73b-cccd-4e16-a458-9a5248dc06c8 tempest-TaggedAttachmentsTest-2075424352 None] Running cmd (subprocess): /opt/stack/data/venv/bin/python3.12 -m oslo_concurrency.prlimit --as=1073741824 --cpu=60 -- sudo cinder-rootwrap /etc/cinder/rootwrap.conf env LC_ALL=C qemu-img info -f qcow2 --output=json --force-share /opt/stack/data/cinder/mnt/d7075dd093e2b05f6eee50fa992e3a65/volume-f4f106aa-dfd9-44e2-a0dd-c91919264f44 {{(pid=94402) execute /opt/stack/data/venv/lib/python3.12/site-packages/oslo_concurrency/processutils.py:440}}
Aug 17 17:43:47 devstack sudo[100188]: quobyte : PWD=/ ; USER=root ; COMMAND=/opt/stack/data/venv/bin/cinder-rootwrap /etc/cinder/rootwrap.conf env LC_ALL=C qemu-img info -f qcow2 --output=json --force-share /opt/stack/data/cinder/mnt/d7075dd093e2b05f6eee50fa992e3a65/volume-f4f106aa-dfd9-44e2-a0dd-c91919264f44
Aug 17 17:43:47 devstack sudo[100188]: pam_unix(sudo:session): session opened for user root(uid=0) by (uid=1000)
Aug 17 17:43:47 devstack cinder-volume[94402]: DEBUG oslo_concurrency.lockutils [req-1c422ce1-b65e-4ec0-9a57-7a0ee91a73e2 req-a5285c6a-ce1e-41ca-8731-10ffbfe48c39 tempest-AttachVolumeNegativeTest-970991171 None] Acquiring lock "quobyte" by "cinder.volume.drivers.quobyte.QuobyteDriver.initialize_connection" {{(pid=94402) inner /opt/stack/data/venv/lib/python3.12/site-packages/oslo_concurrency/lockutils.py:512}}
Aug 17 17:43:47 devstack cinder-volume[94402]: DEBUG oslo_concurrency.lockutils [req-1c422ce1-b65e-4ec0-9a57-7a0ee91a73e2 req-a5285c6a-ce1e-41ca-8731-10ffbfe48c39 tempest-AttachVolumeNegativeTest-970991171 None] Lock "quobyte" acquired by "cinder.volume.drivers.quobyte.QuobyteDriver.initialize_connection" :: waited 0.002s {{(pid=94402) inner /opt/stack/data/venv/lib/python3.12/site-packages/oslo_concurrency/lockutils.py:525}}
Aug 17 17:43:47 devstack cinder-volume[94402]: DEBUG oslo.privsep.daemon [-] privsep: reply[bf872490-a773-456c-a78e-20c9d3b0ada6]: (4, 'qcow2') {{(pid=95435) _call_back /opt/stack/data/venv/lib/python3.12/site-packages/oslo_privsep/daemon.py:580}}
Aug 17 17:43:47 devstack cinder-volume[94402]: DEBUG oslo_concurrency.processutils [req-1c422ce1-b65e-4ec0-9a57-7a0ee91a73e2 req-a5285c6a-ce1e-41ca-8731-10ffbfe48c39 tempest-AttachVolumeNegativeTest-970991171 None] Running cmd (subprocess): /opt/stack/data/venv/bin/python3.12 -m oslo_concurrency.prlimit --as=1073741824 --cpu=60 -- sudo cinder-rootwrap /etc/cinder/rootwrap.conf env LC_ALL=C qemu-img info -f qcow2 --output=json --force-share /opt/stack/data/cinder/mnt/d7075dd093e2b05f6eee50fa992e3a65/volume-d466963c-53c8-4198-a741-992276c6572c {{(pid=94402) execute /opt/stack/data/venv/lib/python3.12/site-packages/oslo_concurrency/processutils.py:440}}
Aug 17 17:43:47 devstack sudo[100188]: pam_unix(sudo:session): session closed for user root
Aug 17 17:43:47 devstack cinder-volume[94402]: DEBUG oslo_concurrency.processutils [None req-cd01d73b-cccd-4e16-a458-9a5248dc06c8 tempest-TaggedAttachmentsTest-2075424352 None] CMD "/opt/stack/data/venv/bin/python3.12 -m oslo_concurrency.prlimit --as=1073741824 --cpu=60 -- sudo cinder-rootwrap /etc/cinder/rootwrap.conf env LC_ALL=C qemu-img info -f qcow2 --output=json --force-share /opt/stack/data/cinder/mnt/d7075dd093e2b05f6eee50fa992e3a65/volume-f4f106aa-dfd9-44e2-a0dd-c91919264f44" returned: 0 in 0.431s {{(pid=94402) execute /opt/stack/data/venv/lib/python3.12/site-packages/oslo_concurrency/processutils.py:468}}
Aug 17 17:43:47 devstack cinder-volume[94402]: DEBUG oslo_concurrency.processutils [None req-cd01d73b-cccd-4e16-a458-9a5248dc06c8 tempest-TaggedAttachmentsTest-2075424352 None] Running cmd (subprocess): sudo cinder-rootwrap /etc/cinder/rootwrap.conf rm -f /opt/stack/data/cinder/mnt/d7075dd093e2b05f6eee50fa992e3a65/volume-f4f106aa-dfd9-44e2-a0dd-c91919264f44 {{(pid=94402) execute /opt/stack/data/venv/lib/python3.12/site-packages/oslo_concurrency/processutils.py:440}}
Aug 17 17:43:47 devstack sudo[100202]: quobyte : PWD=/ ; USER=root ; COMMAND=/opt/stack/data/venv/bin/cinder-rootwrap /etc/cinder/rootwrap.conf rm -f /opt/stack/data/cinder/mnt/d7075dd093e2b05f6eee50fa992e3a65/volume-f4f106aa-dfd9-44e2-a0dd-c91919264f44
Aug 17 17:43:47 devstack sudo[100202]: pam_unix(sudo:session): session opened for user root(uid=0) by (uid=1000)
Aug 17 17:43:47 devstack sudo[100201]: quobyte : PWD=/ ; USER=root ; COMMAND=/opt/stack/data/venv/bin/cinder-rootwrap /etc/cinder/rootwrap.conf env LC_ALL=C qemu-img info -f qcow2 --output=json --force-share /opt/stack/data/cinder/mnt/d7075dd093e2b05f6eee50fa992e3a65/volume-d466963c-53c8-4198-a741-992276c6572c
Aug 17 17:43:47 devstack sudo[100201]: pam_unix(sudo:session): session opened for user root(uid=0) by (uid=1000)
Aug 17 17:43:47 devstack cinder-volume[94402]: DEBUG oslo_concurrency.lockutils [None req-fc6f821c-8d1c-421f-9bd6-dca0704141d9 tempest-VolumesExtendTest-1264058021 None] Acquiring lock "quobyte" by "cinder.volume.drivers.quobyte.QuobyteDriver.create_snapshot" {{(pid=94402) inner /opt/stack/data/venv/lib/python3.12/site-packages/oslo_concurrency/lockutils.py:512}}
Aug 17 17:43:48 devstack sudo[100202]: pam_unix(sudo:session): session closed for user root
Aug 17 17:43:48 devstack cinder-volume[94402]: DEBUG oslo_concurrency.processutils [None req-cd01d73b-cccd-4e16-a458-9a5248dc06c8 tempest-TaggedAttachmentsTest-2075424352 None] CMD "sudo cinder-rootwrap /etc/cinder/rootwrap.conf rm -f /opt/stack/data/cinder/mnt/d7075dd093e2b05f6eee50fa992e3a65/volume-f4f106aa-dfd9-44e2-a0dd-c91919264f44" returned: 0 in 0.316s {{(pid=94402) execute /opt/stack/data/venv/lib/python3.12/site-packages/oslo_concurrency/processutils.py:468}}
Aug 17 17:43:48 devstack cinder-volume[94402]: DEBUG cinder.coordination [None req-cd01d73b-cccd-4e16-a458-9a5248dc06c8 tempest-TaggedAttachmentsTest-2075424352 None] Lock "cinder-quobyte-f4f106aa-dfd9-44e2-a0dd-c91919264f44" released by "delete_volume" :: held 0.811s {{(pid=94402) __release /opt/stack/cinder/cinder/coordination.py:152}}
Aug 17 17:43:48 devstack cinder-volume[94402]: DEBUG cinder.quota [None req-cd01d73b-cccd-4e16-a458-9a5248dc06c8 tempest-TaggedAttachmentsTest-2075424352 None] Created reservations ['6fce051d-f25c-42d9-9eee-b78cb6bdff5b', '9c495767-c555-40f3-a91e-4eb9c4808464', 'f32325d9-dfc7-4088-8648-860a84b0e238', '56b8620f-97f0-443b-9ec1-3b608f883c61'] {{(pid=94402) reserve /opt/stack/cinder/cinder/quota.py:752}}
Aug 17 17:43:48 devstack cinder-volume[94402]: DEBUG oslo_concurrency.lockutils [None req-cd01d73b-cccd-4e16-a458-9a5248dc06c8 tempest-TaggedAttachmentsTest-2075424352 None] Acquiring lock "quobyte_ensure" by "cinder.volume.drivers.quobyte.QuobyteDriver._ensure_shares_mounted" {{(pid=94402) inner /opt/stack/data/venv/lib/python3.12/site-packages/oslo_concurrency/lockutils.py:512}}
Aug 17 17:43:48 devstack cinder-volume[94402]: DEBUG oslo_concurrency.lockutils [None req-cd01d73b-cccd-4e16-a458-9a5248dc06c8 tempest-TaggedAttachmentsTest-2075424352 None] Lock "quobyte_ensure" acquired by "cinder.volume.drivers.quobyte.QuobyteDriver._ensure_shares_mounted" :: waited 0.001s {{(pid=94402) inner /opt/stack/data/venv/lib/python3.12/site-packages/oslo_concurrency/lockutils.py:525}}
Aug 17 17:43:48 devstack cinder-volume[94402]: DEBUG cinder.volume.drivers.quobyte [None req-cd01d73b-cccd-4e16-a458-9a5248dc06c8 tempest-TaggedAttachmentsTest-2075424352 None] Quobyte Volume URL set to: {'osci02.corp.quobyte.com/cinder-vol-cc0507f8-200d-4bf7-91bf-8f23985785f7': None} {{(pid=94402) _load_shares_config /opt/stack/cinder/cinder/volume/drivers/quobyte.py:617}}
Aug 17 17:43:48 devstack cinder-volume[94402]: DEBUG cinder.volume.drivers.quobyte [None req-cd01d73b-cccd-4e16-a458-9a5248dc06c8 tempest-TaggedAttachmentsTest-2075424352 None] Available shares ['osci02.corp.quobyte.com/cinder-vol-cc0507f8-200d-4bf7-91bf-8f23985785f7'] {{(pid=94402) _ensure_shares_mounted /opt/stack/cinder/cinder/volume/drivers/quobyte.py:647}}
Aug 17 17:43:48 devstack cinder-volume[94402]: DEBUG oslo_concurrency.lockutils [None req-cd01d73b-cccd-4e16-a458-9a5248dc06c8 tempest-TaggedAttachmentsTest-2075424352 None] Lock "quobyte_ensure" "released" by "cinder.volume.drivers.quobyte.QuobyteDriver._ensure_shares_mounted" :: held 0.010s {{(pid=94402) inner /opt/stack/data/venv/lib/python3.12/site-packages/oslo_concurrency/lockutils.py:544}}
Aug 17 17:43:48 devstack cinder-volume[94402]: DEBUG oslo_concurrency.processutils [None req-cd01d73b-cccd-4e16-a458-9a5248dc06c8 tempest-TaggedAttachmentsTest-2075424352 None] Running cmd (subprocess): sudo cinder-rootwrap /etc/cinder/rootwrap.conf df --portability --block-size 1 /opt/stack/data/cinder/mnt/d7075dd093e2b05f6eee50fa992e3a65 {{(pid=94402) execute /opt/stack/data/venv/lib/python3.12/site-packages/oslo_concurrency/processutils.py:440}}
Aug 17 17:43:48 devstack sudo[100201]: pam_unix(sudo:session): session closed for user root
Aug 17 17:43:48 devstack cinder-volume[94402]: DEBUG oslo_concurrency.processutils [req-1c422ce1-b65e-4ec0-9a57-7a0ee91a73e2 req-a5285c6a-ce1e-41ca-8731-10ffbfe48c39 tempest-AttachVolumeNegativeTest-970991171 None] CMD "/opt/stack/data/venv/bin/python3.12 -m oslo_concurrency.prlimit --as=1073741824 --cpu=60 -- sudo cinder-rootwrap /etc/cinder/rootwrap.conf env LC_ALL=C qemu-img info -f qcow2 --output=json --force-share /opt/stack/data/cinder/mnt/d7075dd093e2b05f6eee50fa992e3a65/volume-d466963c-53c8-4198-a741-992276c6572c" returned: 0 in 0.503s {{(pid=94402) execute /opt/stack/data/venv/lib/python3.12/site-packages/oslo_concurrency/processutils.py:468}}
Aug 17 17:43:48 devstack cinder-volume[94402]: DEBUG oslo_concurrency.lockutils [req-1c422ce1-b65e-4ec0-9a57-7a0ee91a73e2 req-a5285c6a-ce1e-41ca-8731-10ffbfe48c39 tempest-AttachVolumeNegativeTest-970991171 None] Lock "quobyte" "released" by "cinder.volume.drivers.quobyte.QuobyteDriver.initialize_connection" :: held 0.530s {{(pid=94402) inner /opt/stack/data/venv/lib/python3.12/site-packages/oslo_concurrency/lockutils.py:544}}
Aug 17 17:43:48 devstack cinder-volume[94402]: DEBUG oslo_concurrency.lockutils [None req-fc6f821c-8d1c-421f-9bd6-dca0704141d9 tempest-VolumesExtendTest-1264058021 None] Lock "quobyte" acquired by "cinder.volume.drivers.quobyte.QuobyteDriver.create_snapshot" :: waited 0.271s {{(pid=94402) inner /opt/stack/data/venv/lib/python3.12/site-packages/oslo_concurrency/lockutils.py:525}}
Aug 17 17:43:48 devstack sudo[100210]: quobyte : PWD=/ ; USER=root ; COMMAND=/opt/stack/data/venv/bin/cinder-rootwrap /etc/cinder/rootwrap.conf df --portability --block-size 1 /opt/stack/data/cinder/mnt/d7075dd093e2b05f6eee50fa992e3a65
Aug 17 17:43:48 devstack sudo[100210]: pam_unix(sudo:session): session opened for user root(uid=0) by (uid=1000)
Aug 17 17:43:48 devstack cinder-volume[94402]: DEBUG cinder.volume.drivers.remotefs [None req-fc6f821c-8d1c-421f-9bd6-dca0704141d9 tempest-VolumesExtendTest-1264058021 None] Creating offline snapshot f175cdba-c4e9-4b10-b9d9-6009f75f550c of volume eaf9f691-6b35-49dd-9df6-c41666bc9bbb {{(pid=94402) _create_snapshot /opt/stack/cinder/cinder/volume/drivers/remotefs.py:1816}}
Aug 17 17:43:48 devstack cinder-volume[94402]: DEBUG oslo.privsep.daemon [-] privsep: reply[030a7c01-a9b4-40ca-9c23-db623a9f264f]: (4, 'qcow2') {{(pid=95435) _call_back /opt/stack/data/venv/lib/python3.12/site-packages/oslo_privsep/daemon.py:580}}
Aug 17 17:43:48 devstack cinder-volume[94402]: DEBUG oslo_concurrency.processutils [None req-fc6f821c-8d1c-421f-9bd6-dca0704141d9 tempest-VolumesExtendTest-1264058021 None] Running cmd (subprocess): /opt/stack/data/venv/bin/python3.12 -m oslo_concurrency.prlimit --as=1073741824 --cpu=60 -- sudo cinder-rootwrap /etc/cinder/rootwrap.conf env LC_ALL=C qemu-img info -f qcow2 --output=json --force-share /opt/stack/data/cinder/mnt/d7075dd093e2b05f6eee50fa992e3a65/volume-eaf9f691-6b35-49dd-9df6-c41666bc9bbb {{(pid=94402) execute /opt/stack/data/venv/lib/python3.12/site-packages/oslo_concurrency/processutils.py:440}}
Aug 17 17:43:48 devstack cinder-volume[94402]: DEBUG cinder.volume.manager [req-1c422ce1-b65e-4ec0-9a57-7a0ee91a73e2 req-a5285c6a-ce1e-41ca-8731-10ffbfe48c39 tempest-AttachVolumeNegativeTest-970991171 None] Connection info returned from driver {'export': 'osci02.corp.quobyte.com/cinder-vol-cc0507f8-200d-4bf7-91bf-8f23985785f7', 'name': 'volume-d466963c-53c8-4198-a741-992276c6572c', 'options': None, 'format': 'qcow2', 'qos_specs': None, 'access_mode': 'rw', 'encrypted': False, 'cacheable': False, 'driver_volume_type': 'quobyte', 'mount_point_base': '/opt/stack/data/cinder/mnt', 'attachment_id': '053e4c9c-5308-498b-a90b-7581ef250f3f', 'enforce_multipath': True} {{(pid=94402) _connection_create /opt/stack/cinder/cinder/volume/manager.py:4925}}
Aug 17 17:43:48 devstack cinder-volume[94402]: INFO cinder.volume.manager [req-1c422ce1-b65e-4ec0-9a57-7a0ee91a73e2 req-a5285c6a-ce1e-41ca-8731-10ffbfe48c39 tempest-AttachVolumeNegativeTest-970991171 None] attachment_update completed successfully.
Aug 17 17:43:48 devstack sudo[100212]: quobyte : PWD=/ ; USER=root ; COMMAND=/opt/stack/data/venv/bin/cinder-rootwrap /etc/cinder/rootwrap.conf env LC_ALL=C qemu-img info -f qcow2 --output=json --force-share /opt/stack/data/cinder/mnt/d7075dd093e2b05f6eee50fa992e3a65/volume-eaf9f691-6b35-49dd-9df6-c41666bc9bbb
Aug 17 17:43:48 devstack sudo[100212]: pam_unix(sudo:session): session opened for user root(uid=0) by (uid=1000)
Aug 17 17:43:48 devstack sudo[100210]: pam_unix(sudo:session): session closed for user root
Aug 17 17:43:48 devstack cinder-volume[94402]: DEBUG oslo_concurrency.processutils [None req-cd01d73b-cccd-4e16-a458-9a5248dc06c8 tempest-TaggedAttachmentsTest-2075424352 None] CMD "sudo cinder-rootwrap /etc/cinder/rootwrap.conf df --portability --block-size 1 /opt/stack/data/cinder/mnt/d7075dd093e2b05f6eee50fa992e3a65" returned: 0 in 0.351s {{(pid=94402) execute /opt/stack/data/venv/lib/python3.12/site-packages/oslo_concurrency/processutils.py:468}}
Aug 17 17:43:48 devstack cinder-volume[94402]: DEBUG cinder.manager [None req-cd01d73b-cccd-4e16-a458-9a5248dc06c8 tempest-TaggedAttachmentsTest-2075424352 None] Notifying Schedulers of capabilities ... {{(pid=94402) _publish_service_capabilities /opt/stack/cinder/cinder/manager.py:219}}
Aug 17 17:43:48 devstack cinder-volume[94402]: INFO cinder.volume.manager [None req-cd01d73b-cccd-4e16-a458-9a5248dc06c8 tempest-TaggedAttachmentsTest-2075424352 None] Deleted volume successfully.
Aug 17 17:43:48 devstack cinder-volume[94402]: DEBUG cinder.coordination [None req-cd01d73b-cccd-4e16-a458-9a5248dc06c8 tempest-TaggedAttachmentsTest-2075424352 None] Lock "cinder-f4f106aa-dfd9-44e2-a0dd-c91919264f44-delete_volume" released by "delete_volume" :: held 1.413s {{(pid=94402) __release /opt/stack/cinder/cinder/coordination.py:152}}
Aug 17 17:43:48 devstack sudo[100212]: pam_unix(sudo:session): session closed for user root
Aug 17 17:43:48 devstack cinder-volume[94402]: DEBUG oslo_concurrency.processutils [None req-fc6f821c-8d1c-421f-9bd6-dca0704141d9 tempest-VolumesExtendTest-1264058021 None] CMD "/opt/stack/data/venv/bin/python3.12 -m oslo_concurrency.prlimit --as=1073741824 --cpu=60 -- sudo cinder-rootwrap /etc/cinder/rootwrap.conf env LC_ALL=C qemu-img info -f qcow2 --output=json --force-share /opt/stack/data/cinder/mnt/d7075dd093e2b05f6eee50fa992e3a65/volume-eaf9f691-6b35-49dd-9df6-c41666bc9bbb" returned: 0 in 0.520s {{(pid=94402) execute /opt/stack/data/venv/lib/python3.12/site-packages/oslo_concurrency/processutils.py:468}}
Aug 17 17:43:48 devstack cinder-volume[94402]: DEBUG oslo_concurrency.processutils [None req-fc6f821c-8d1c-421f-9bd6-dca0704141d9 tempest-VolumesExtendTest-1264058021 None] Running cmd (subprocess): sudo cinder-rootwrap /etc/cinder/rootwrap.conf qemu-img create -f qcow2 -o backing_file=/opt/stack/data/cinder/mnt/d7075dd093e2b05f6eee50fa992e3a65/volume-eaf9f691-6b35-49dd-9df6-c41666bc9bbb,backing_fmt=qcow2 /opt/stack/data/cinder/mnt/d7075dd093e2b05f6eee50fa992e3a65/volume-eaf9f691-6b35-49dd-9df6-c41666bc9bbb.f175cdba-c4e9-4b10-b9d9-6009f75f550c 1G {{(pid=94402) execute /opt/stack/data/venv/lib/python3.12/site-packages/oslo_concurrency/processutils.py:440}}
Aug 17 17:43:48 devstack sudo[100545]: quobyte : PWD=/ ; USER=root ; COMMAND=/opt/stack/data/venv/bin/cinder-rootwrap /etc/cinder/rootwrap.conf qemu-img create -f qcow2 -o backing_file=/opt/stack/data/cinder/mnt/d7075dd093e2b05f6eee50fa992e3a65/volume-eaf9f691-6b35-49dd-9df6-c41666bc9bbb,backing_fmt=qcow2 /opt/stack/data/cinder/mnt/d7075dd093e2b05f6eee50fa992e3a65/volume-eaf9f691-6b35-49dd-9df6-c41666bc9bbb.f175cdba-c4e9-4b10-b9d9-6009f75f550c 1G
Aug 17 17:43:48 devstack sudo[100545]: pam_unix(sudo:session): session opened for user root(uid=0) by (uid=1000)
Aug 17 17:43:49 devstack sudo[100545]: pam_unix(sudo:session): session closed for user root
Aug 17 17:43:49 devstack cinder-volume[94402]: DEBUG oslo_concurrency.processutils [None req-fc6f821c-8d1c-421f-9bd6-dca0704141d9 tempest-VolumesExtendTest-1264058021 None] CMD "sudo cinder-rootwrap /etc/cinder/rootwrap.conf qemu-img create -f qcow2 -o backing_file=/opt/stack/data/cinder/mnt/d7075dd093e2b05f6eee50fa992e3a65/volume-eaf9f691-6b35-49dd-9df6-c41666bc9bbb,backing_fmt=qcow2 /opt/stack/data/cinder/mnt/d7075dd093e2b05f6eee50fa992e3a65/volume-eaf9f691-6b35-49dd-9df6-c41666bc9bbb.f175cdba-c4e9-4b10-b9d9-6009f75f550c 1G" returned: 0 in 0.560s {{(pid=94402) execute /opt/stack/data/venv/lib/python3.12/site-packages/oslo_concurrency/processutils.py:468}}
Aug 17 17:43:49 devstack cinder-volume[94402]: DEBUG oslo_concurrency.processutils [None req-fc6f821c-8d1c-421f-9bd6-dca0704141d9 tempest-VolumesExtendTest-1264058021 None] Running cmd (subprocess): sudo cinder-rootwrap /etc/cinder/rootwrap.conf qemu-img rebase -u -b volume-eaf9f691-6b35-49dd-9df6-c41666bc9bbb -F qcow2 /opt/stack/data/cinder/mnt/d7075dd093e2b05f6eee50fa992e3a65/volume-eaf9f691-6b35-49dd-9df6-c41666bc9bbb.f175cdba-c4e9-4b10-b9d9-6009f75f550c {{(pid=94402) execute /opt/stack/data/venv/lib/python3.12/site-packages/oslo_concurrency/processutils.py:440}}
Aug 17 17:43:49 devstack sudo[100611]: quobyte : PWD=/ ; USER=root ; COMMAND=/opt/stack/data/venv/bin/cinder-rootwrap /etc/cinder/rootwrap.conf qemu-img rebase -u -b volume-eaf9f691-6b35-49dd-9df6-c41666bc9bbb -F qcow2 /opt/stack/data/cinder/mnt/d7075dd093e2b05f6eee50fa992e3a65/volume-eaf9f691-6b35-49dd-9df6-c41666bc9bbb.f175cdba-c4e9-4b10-b9d9-6009f75f550c
Aug 17 17:43:49 devstack sudo[100611]: pam_unix(sudo:session): session opened for user root(uid=0) by (uid=1000)
Aug 17 17:43:49 devstack sudo[100611]: pam_unix(sudo:session): session closed for user root
Aug 17 17:43:49 devstack cinder-volume[94402]: DEBUG oslo_concurrency.processutils [None req-fc6f821c-8d1c-421f-9bd6-dca0704141d9 tempest-VolumesExtendTest-1264058021 None] CMD "sudo cinder-rootwrap /etc/cinder/rootwrap.conf qemu-img rebase -u -b volume-eaf9f691-6b35-49dd-9df6-c41666bc9bbb -F qcow2 /opt/stack/data/cinder/mnt/d7075dd093e2b05f6eee50fa992e3a65/volume-eaf9f691-6b35-49dd-9df6-c41666bc9bbb.f175cdba-c4e9-4b10-b9d9-6009f75f550c" returned: 0 in 0.429s {{(pid=94402) execute /opt/stack/data/venv/lib/python3.12/site-packages/oslo_concurrency/processutils.py:468}}
Aug 17 17:43:49 devstack cinder-volume[94402]: WARNING cinder.volume.drivers.remotefs [None req-fc6f821c-8d1c-421f-9bd6-dca0704141d9 tempest-VolumesExtendTest-1264058021 None] /opt/stack/data/cinder/mnt/d7075dd093e2b05f6eee50fa992e3a65/volume-eaf9f691-6b35-49dd-9df6-c41666bc9bbb.f175cdba-c4e9-4b10-b9d9-6009f75f550c is being set with open permissions: ugo+rw
Aug 17 17:43:49 devstack cinder-volume[94402]: DEBUG oslo_concurrency.processutils [None req-fc6f821c-8d1c-421f-9bd6-dca0704141d9 tempest-VolumesExtendTest-1264058021 None] Running cmd (subprocess): sudo cinder-rootwrap /etc/cinder/rootwrap.conf chmod ugo+rw /opt/stack/data/cinder/mnt/d7075dd093e2b05f6eee50fa992e3a65/volume-eaf9f691-6b35-49dd-9df6-c41666bc9bbb.f175cdba-c4e9-4b10-b9d9-6009f75f550c {{(pid=94402) execute /opt/stack/data/venv/lib/python3.12/site-packages/oslo_concurrency/processutils.py:440}}
Aug 17 17:43:49 devstack sudo[100616]: quobyte : PWD=/ ; USER=root ; COMMAND=/opt/stack/data/venv/bin/cinder-rootwrap /etc/cinder/rootwrap.conf chmod ugo+rw /opt/stack/data/cinder/mnt/d7075dd093e2b05f6eee50fa992e3a65/volume-eaf9f691-6b35-49dd-9df6-c41666bc9bbb.f175cdba-c4e9-4b10-b9d9-6009f75f550c
Aug 17 17:43:49 devstack sudo[100616]: pam_unix(sudo:session): session opened for user root(uid=0) by (uid=1000)
Aug 17 17:43:50 devstack sudo[100616]: pam_unix(sudo:session): session closed for user root
Aug 17 17:43:50 devstack cinder-volume[94402]: DEBUG oslo_concurrency.processutils [None req-fc6f821c-8d1c-421f-9bd6-dca0704141d9 tempest-VolumesExtendTest-1264058021 None] CMD "sudo cinder-rootwrap /etc/cinder/rootwrap.conf chmod ugo+rw /opt/stack/data/cinder/mnt/d7075dd093e2b05f6eee50fa992e3a65/volume-eaf9f691-6b35-49dd-9df6-c41666bc9bbb.f175cdba-c4e9-4b10-b9d9-6009f75f550c" returned: 0 in 0.257s {{(pid=94402) execute /opt/stack/data/venv/lib/python3.12/site-packages/oslo_concurrency/processutils.py:468}}
Aug 17 17:43:50 devstack cinder-volume[94402]: DEBUG oslo_concurrency.processutils [None req-fc6f821c-8d1c-421f-9bd6-dca0704141d9 tempest-VolumesExtendTest-1264058021 None] Running cmd (subprocess): sudo cinder-rootwrap /etc/cinder/rootwrap.conf truncate -s0 /opt/stack/data/cinder/mnt/d7075dd093e2b05f6eee50fa992e3a65/volume-eaf9f691-6b35-49dd-9df6-c41666bc9bbb.info {{(pid=94402) execute /opt/stack/data/venv/lib/python3.12/site-packages/oslo_concurrency/processutils.py:440}}
Aug 17 17:43:50 devstack sudo[100619]: quobyte : PWD=/ ; USER=root ; COMMAND=/opt/stack/data/venv/bin/cinder-rootwrap /etc/cinder/rootwrap.conf truncate -s0 /opt/stack/data/cinder/mnt/d7075dd093e2b05f6eee50fa992e3a65/volume-eaf9f691-6b35-49dd-9df6-c41666bc9bbb.info
Aug 17 17:43:50 devstack sudo[100619]: pam_unix(sudo:session): session opened for user root(uid=0) by (uid=1000)
Aug 17 17:43:50 devstack sudo[100619]: pam_unix(sudo:session): session closed for user root
Aug 17 17:43:50 devstack cinder-volume[94402]: DEBUG oslo_concurrency.processutils [None req-fc6f821c-8d1c-421f-9bd6-dca0704141d9 tempest-VolumesExtendTest-1264058021 None] CMD "sudo cinder-rootwrap /etc/cinder/rootwrap.conf truncate -s0 /opt/stack/data/cinder/mnt/d7075dd093e2b05f6eee50fa992e3a65/volume-eaf9f691-6b35-49dd-9df6-c41666bc9bbb.info" returned: 0 in 0.312s {{(pid=94402) execute /opt/stack/data/venv/lib/python3.12/site-packages/oslo_concurrency/processutils.py:468}}
Aug 17 17:43:50 devstack cinder-volume[94402]: WARNING cinder.volume.drivers.remotefs [None req-fc6f821c-8d1c-421f-9bd6-dca0704141d9 tempest-VolumesExtendTest-1264058021 None] /opt/stack/data/cinder/mnt/d7075dd093e2b05f6eee50fa992e3a65/volume-eaf9f691-6b35-49dd-9df6-c41666bc9bbb.info is being set with open permissions: ugo+rw
Aug 17 17:43:50 devstack cinder-volume[94402]: DEBUG oslo_concurrency.processutils [None req-fc6f821c-8d1c-421f-9bd6-dca0704141d9 tempest-VolumesExtendTest-1264058021 None] Running cmd (subprocess): sudo cinder-rootwrap /etc/cinder/rootwrap.conf chmod ugo+rw /opt/stack/data/cinder/mnt/d7075dd093e2b05f6eee50fa992e3a65/volume-eaf9f691-6b35-49dd-9df6-c41666bc9bbb.info {{(pid=94402) execute /opt/stack/data/venv/lib/python3.12/site-packages/oslo_concurrency/processutils.py:440}}
Aug 17 17:43:50 devstack sudo[100623]: quobyte : PWD=/ ; USER=root ; COMMAND=/opt/stack/data/venv/bin/cinder-rootwrap /etc/cinder/rootwrap.conf chmod ugo+rw /opt/stack/data/cinder/mnt/d7075dd093e2b05f6eee50fa992e3a65/volume-eaf9f691-6b35-49dd-9df6-c41666bc9bbb.info
Aug 17 17:43:50 devstack sudo[100623]: pam_unix(sudo:session): session opened for user root(uid=0) by (uid=1000)
Aug 17 17:43:50 devstack sudo[100623]: pam_unix(sudo:session): session closed for user root
Aug 17 17:43:50 devstack cinder-volume[94402]: DEBUG oslo_concurrency.processutils [None req-fc6f821c-8d1c-421f-9bd6-dca0704141d9 tempest-VolumesExtendTest-1264058021 None] CMD "sudo cinder-rootwrap /etc/cinder/rootwrap.conf chmod ugo+rw /opt/stack/data/cinder/mnt/d7075dd093e2b05f6eee50fa992e3a65/volume-eaf9f691-6b35-49dd-9df6-c41666bc9bbb.info" returned: 0 in 0.294s {{(pid=94402) execute /opt/stack/data/venv/lib/python3.12/site-packages/oslo_concurrency/processutils.py:468}}
Aug 17 17:43:50 devstack cinder-volume[94402]: DEBUG oslo_concurrency.lockutils [None req-fc6f821c-8d1c-421f-9bd6-dca0704141d9 tempest-VolumesExtendTest-1264058021 None] Lock "quobyte" "released" by "cinder.volume.drivers.quobyte.QuobyteDriver.create_snapshot" :: held 2.500s {{(pid=94402) inner /opt/stack/data/venv/lib/python3.12/site-packages/oslo_concurrency/lockutils.py:544}}
Aug 17 17:43:50 devstack cinder-volume[94402]: INFO cinder.volume.manager [None req-fc6f821c-8d1c-421f-9bd6-dca0704141d9 tempest-VolumesExtendTest-1264058021 None] Create snapshot completed successfully
Aug 17 17:43:51 devstack cinder-volume[94402]: DEBUG oslo_concurrency.lockutils [None req-6d891e14-3c48-4c20-9424-5aaf85ab05bc tempest-VolumesExtendTest-1264058021 None] Acquiring lock "quobyte" by "cinder.volume.drivers.quobyte.QuobyteDriver.extend_volume" {{(pid=94402) inner /opt/stack/data/venv/lib/python3.12/site-packages/oslo_concurrency/lockutils.py:512}}
Aug 17 17:43:51 devstack cinder-volume[94402]: DEBUG oslo_concurrency.lockutils [None req-6d891e14-3c48-4c20-9424-5aaf85ab05bc tempest-VolumesExtendTest-1264058021 None] Lock "quobyte" acquired by "cinder.volume.drivers.quobyte.QuobyteDriver.extend_volume" :: waited 0.007s {{(pid=94402) inner /opt/stack/data/venv/lib/python3.12/site-packages/oslo_concurrency/lockutils.py:525}}
Aug 17 17:43:51 devstack cinder-volume[94402]: DEBUG oslo.privsep.daemon [-] privsep: reply[968fa76f-26c9-47f3-9393-53b6c583e976]: (4, 'qcow2') {{(pid=95435) _call_back /opt/stack/data/venv/lib/python3.12/site-packages/oslo_privsep/daemon.py:580}}
Aug 17 17:43:51 devstack cinder-volume[94402]: DEBUG oslo_concurrency.processutils [None req-6d891e14-3c48-4c20-9424-5aaf85ab05bc tempest-VolumesExtendTest-1264058021 None] Running cmd (subprocess): /opt/stack/data/venv/bin/python3.12 -m oslo_concurrency.prlimit --as=1073741824 --cpu=60 -- sudo cinder-rootwrap /etc/cinder/rootwrap.conf env LC_ALL=C qemu-img info -f qcow2 --output=json --force-share /opt/stack/data/cinder/mnt/d7075dd093e2b05f6eee50fa992e3a65/volume-eaf9f691-6b35-49dd-9df6-c41666bc9bbb {{(pid=94402) execute /opt/stack/data/venv/lib/python3.12/site-packages/oslo_concurrency/processutils.py:440}}
Aug 17 17:43:51 devstack sudo[100627]: quobyte : PWD=/ ; USER=root ; COMMAND=/opt/stack/data/venv/bin/cinder-rootwrap /etc/cinder/rootwrap.conf env LC_ALL=C qemu-img info -f qcow2 --output=json --force-share /opt/stack/data/cinder/mnt/d7075dd093e2b05f6eee50fa992e3a65/volume-eaf9f691-6b35-49dd-9df6-c41666bc9bbb
Aug 17 17:43:51 devstack sudo[100627]: pam_unix(sudo:session): session opened for user root(uid=0) by (uid=1000)
Aug 17 17:43:51 devstack sudo[100627]: pam_unix(sudo:session): session closed for user root
Aug 17 17:43:51 devstack cinder-volume[94402]: DEBUG oslo_concurrency.processutils [None req-6d891e14-3c48-4c20-9424-5aaf85ab05bc tempest-VolumesExtendTest-1264058021 None] CMD "/opt/stack/data/venv/bin/python3.12 -m oslo_concurrency.prlimit --as=1073741824 --cpu=60 -- sudo cinder-rootwrap /etc/cinder/rootwrap.conf env LC_ALL=C qemu-img info -f qcow2 --output=json --force-share /opt/stack/data/cinder/mnt/d7075dd093e2b05f6eee50fa992e3a65/volume-eaf9f691-6b35-49dd-9df6-c41666bc9bbb" returned: 0 in 0.522s {{(pid=94402) execute /opt/stack/data/venv/lib/python3.12/site-packages/oslo_concurrency/processutils.py:468}}
Aug 17 17:43:51 devstack cinder-volume[94402]: DEBUG oslo_concurrency.processutils [None req-6d891e14-3c48-4c20-9424-5aaf85ab05bc tempest-VolumesExtendTest-1264058021 None] Running cmd (subprocess): qemu-img resize /opt/stack/data/cinder/mnt/d7075dd093e2b05f6eee50fa992e3a65/volume-eaf9f691-6b35-49dd-9df6-c41666bc9bbb.f175cdba-c4e9-4b10-b9d9-6009f75f550c 2G {{(pid=94402) execute /opt/stack/data/venv/lib/python3.12/site-packages/oslo_concurrency/processutils.py:440}}
Aug 17 17:43:52 devstack cinder-volume[94402]: DEBUG oslo_concurrency.processutils [None req-6d891e14-3c48-4c20-9424-5aaf85ab05bc tempest-VolumesExtendTest-1264058021 None] CMD "qemu-img resize /opt/stack/data/cinder/mnt/d7075dd093e2b05f6eee50fa992e3a65/volume-eaf9f691-6b35-49dd-9df6-c41666bc9bbb.f175cdba-c4e9-4b10-b9d9-6009f75f550c 2G" returned: 0 in 0.181s {{(pid=94402) execute /opt/stack/data/venv/lib/python3.12/site-packages/oslo_concurrency/processutils.py:468}}
Aug 17 17:43:52 devstack cinder-volume[94402]: DEBUG oslo_concurrency.lockutils [None req-6d891e14-3c48-4c20-9424-5aaf85ab05bc tempest-VolumesExtendTest-1264058021 None] Lock "quobyte" "released" by "cinder.volume.drivers.quobyte.QuobyteDriver.extend_volume" :: held 0.742s {{(pid=94402) inner /opt/stack/data/venv/lib/python3.12/site-packages/oslo_concurrency/lockutils.py:544}}
Aug 17 17:43:52 devstack cinder-volume[94402]: INFO cinder.volume.manager [req-bb3b1cbe-2174-4147-b7e4-cb7e87fb9aee req-d37abf84-dfd7-4b4d-b16a-d4d8360d5d8c tempest-AttachVolumeNegativeTest-970991171 None] Terminate volume connection completed successfully.
Aug 17 17:43:52 devstack cinder-volume[94402]: DEBUG cinder.volume.manager [req-bb3b1cbe-2174-4147-b7e4-cb7e87fb9aee req-d37abf84-dfd7-4b4d-b16a-d4d8360d5d8c tempest-AttachVolumeNegativeTest-970991171 None] Deleting attachment 053e4c9c-5308-498b-a90b-7581ef250f3f. {{(pid=94402) attachment_delete /opt/stack/cinder/cinder/volume/manager.py:5056}}
Aug 17 17:43:52 devstack cinder-volume[94402]: INFO cinder.volume.manager [None req-6d891e14-3c48-4c20-9424-5aaf85ab05bc tempest-VolumesExtendTest-1264058021 None] Extend volume completed successfully.
Aug 17 17:43:52 devstack cinder-volume[94402]: DEBUG cinder.coordination [None req-319d9898-e63d-463a-b0e4-b6513fc5084d tempest-VolumesExtendTest-1264058021 None] Acquiring lock "cinder-f175cdba-c4e9-4b10-b9d9-6009f75f550c-delete_snapshot" by "delete_snapshot" {{(pid=94402) __acquire /opt/stack/cinder/cinder/coordination.py:138}}
Aug 17 17:43:52 devstack cinder-volume[94402]: DEBUG cinder.coordination [None req-319d9898-e63d-463a-b0e4-b6513fc5084d tempest-VolumesExtendTest-1264058021 None] Lock "cinder-f175cdba-c4e9-4b10-b9d9-6009f75f550c-delete_snapshot" acquired by "delete_snapshot" :: waited 0.037s {{(pid=94402) __acquire /opt/stack/cinder/cinder/coordination.py:141}}
Aug 17 17:43:52 devstack cinder-volume[94402]: DEBUG cinder.coordination [None req-319d9898-e63d-463a-b0e4-b6513fc5084d tempest-VolumesExtendTest-1264058021 None] Acquiring lock "cinder-quobyte-eaf9f691-6b35-49dd-9df6-c41666bc9bbb" by "delete_snapshot" {{(pid=94402) __acquire /opt/stack/cinder/cinder/coordination.py:138}}
Aug 17 17:43:52 devstack cinder-volume[94402]: DEBUG cinder.coordination [None req-319d9898-e63d-463a-b0e4-b6513fc5084d tempest-VolumesExtendTest-1264058021 None] Lock "cinder-quobyte-eaf9f691-6b35-49dd-9df6-c41666bc9bbb" acquired by "delete_snapshot" :: waited 0.024s {{(pid=94402) __acquire /opt/stack/cinder/cinder/coordination.py:141}}
Aug 17 17:43:52 devstack cinder-volume[94402]: DEBUG cinder.coordination [None req-319d9898-e63d-463a-b0e4-b6513fc5084d tempest-VolumesExtendTest-1264058021 None] Acquiring lock "cinder-quobyte-f175cdba-c4e9-4b10-b9d9-6009f75f550c" by "_delete_snapshot" {{(pid=94402) __acquire /opt/stack/cinder/cinder/coordination.py:138}}
Aug 17 17:43:52 devstack cinder-volume[94402]: DEBUG cinder.coordination [None req-319d9898-e63d-463a-b0e4-b6513fc5084d tempest-VolumesExtendTest-1264058021 None] Lock "cinder-quobyte-f175cdba-c4e9-4b10-b9d9-6009f75f550c" acquired by "_delete_snapshot" :: waited 0.023s {{(pid=94402) __acquire /opt/stack/cinder/cinder/coordination.py:141}}
Aug 17 17:43:52 devstack cinder-volume[94402]: DEBUG cinder.volume.drivers.remotefs [None req-319d9898-e63d-463a-b0e4-b6513fc5084d tempest-VolumesExtendTest-1264058021 None] Deleting offline snapshot f175cdba-c4e9-4b10-b9d9-6009f75f550c of volume eaf9f691-6b35-49dd-9df6-c41666bc9bbb {{(pid=94402) _delete_snapshot /opt/stack/cinder/cinder/volume/drivers/remotefs.py:1288}}
Aug 17 17:43:52 devstack cinder-volume[94402]: DEBUG cinder.volume.drivers.remotefs [None req-319d9898-e63d-463a-b0e4-b6513fc5084d tempest-VolumesExtendTest-1264058021 None] snapshot_file for this snap is: volume-eaf9f691-6b35-49dd-9df6-c41666bc9bbb.f175cdba-c4e9-4b10-b9d9-6009f75f550c {{(pid=94402) _delete_snapshot /opt/stack/cinder/cinder/volume/drivers/remotefs.py:1317}}
Aug 17 17:43:52 devstack cinder-volume[94402]: DEBUG oslo.privsep.daemon [-] privsep: reply[8a0a6bc4-1f29-47d6-ad72-12c55bc5fd85]: (4, 'qcow2') {{(pid=95435) _call_back /opt/stack/data/venv/lib/python3.12/site-packages/oslo_privsep/daemon.py:580}}
Aug 17 17:43:52 devstack cinder-volume[94402]: DEBUG oslo_concurrency.processutils [None req-319d9898-e63d-463a-b0e4-b6513fc5084d tempest-VolumesExtendTest-1264058021 None] Running cmd (subprocess): /opt/stack/data/venv/bin/python3.12 -m oslo_concurrency.prlimit --as=1073741824 --cpu=60 -- sudo cinder-rootwrap /etc/cinder/rootwrap.conf env LC_ALL=C qemu-img info -f qcow2 --output=json --force-share /opt/stack/data/cinder/mnt/d7075dd093e2b05f6eee50fa992e3a65/volume-eaf9f691-6b35-49dd-9df6-c41666bc9bbb.f175cdba-c4e9-4b10-b9d9-6009f75f550c {{(pid=94402) execute /opt/stack/data/venv/lib/python3.12/site-packages/oslo_concurrency/processutils.py:440}}
Aug 17 17:43:52 devstack sudo[100668]: quobyte : PWD=/ ; USER=root ; COMMAND=/opt/stack/data/venv/bin/cinder-rootwrap /etc/cinder/rootwrap.conf env LC_ALL=C qemu-img info -f qcow2 --output=json --force-share /opt/stack/data/cinder/mnt/d7075dd093e2b05f6eee50fa992e3a65/volume-eaf9f691-6b35-49dd-9df6-c41666bc9bbb.f175cdba-c4e9-4b10-b9d9-6009f75f550c
Aug 17 17:43:52 devstack sudo[100668]: pam_unix(sudo:session): session opened for user root(uid=0) by (uid=1000)
Aug 17 17:43:53 devstack sudo[100668]: pam_unix(sudo:session): session closed for user root
Aug 17 17:43:53 devstack cinder-volume[94402]: DEBUG oslo_concurrency.processutils [None req-319d9898-e63d-463a-b0e4-b6513fc5084d tempest-VolumesExtendTest-1264058021 None] CMD "/opt/stack/data/venv/bin/python3.12 -m oslo_concurrency.prlimit --as=1073741824 --cpu=60 -- sudo cinder-rootwrap /etc/cinder/rootwrap.conf env LC_ALL=C qemu-img info -f qcow2 --output=json --force-share /opt/stack/data/cinder/mnt/d7075dd093e2b05f6eee50fa992e3a65/volume-eaf9f691-6b35-49dd-9df6-c41666bc9bbb.f175cdba-c4e9-4b10-b9d9-6009f75f550c" returned: 0 in 0.494s {{(pid=94402) execute /opt/stack/data/venv/lib/python3.12/site-packages/oslo_concurrency/processutils.py:468}}
Aug 17 17:43:53 devstack cinder-volume[94402]: DEBUG cinder.volume.drivers.remotefs [None req-319d9898-e63d-463a-b0e4-b6513fc5084d tempest-VolumesExtendTest-1264058021 None] Fetching qemu-img info with special backing_file_template: (/opt/stack/data/cinder/mnt/[0-9a-f]+/)?(volume-eaf9f691-6b35-49dd-9df6-c41666bc9bbb(.(tmp-snap-)?[0-9a-f-]+)?|volume_from_snapshot_cache/(tmp-snap-)?[0-9a-f-]+(.(child-|parent-)[0-9a-f-]+)?)$ {{(pid=94402) _qemu_img_info_base /opt/stack/cinder/cinder/volume/drivers/remotefs.py:896}}
Aug 17 17:43:53 devstack cinder-volume[94402]: DEBUG oslo.privsep.daemon [-] privsep: reply[7fa209db-fa48-4da5-8f12-588fd3dbe6d5]: (4, 'qcow2') {{(pid=95435) _call_back /opt/stack/data/venv/lib/python3.12/site-packages/oslo_privsep/daemon.py:580}}
Aug 17 17:43:53 devstack cinder-volume[94402]: DEBUG oslo_concurrency.processutils [None req-319d9898-e63d-463a-b0e4-b6513fc5084d tempest-VolumesExtendTest-1264058021 None] Running cmd (subprocess): /opt/stack/data/venv/bin/python3.12 -m oslo_concurrency.prlimit --as=1073741824 --cpu=60 -- sudo cinder-rootwrap /etc/cinder/rootwrap.conf env LC_ALL=C qemu-img info -f qcow2 --output=json --force-share /opt/stack/data/cinder/mnt/d7075dd093e2b05f6eee50fa992e3a65/volume-eaf9f691-6b35-49dd-9df6-c41666bc9bbb {{(pid=94402) execute /opt/stack/data/venv/lib/python3.12/site-packages/oslo_concurrency/processutils.py:440}}
Aug 17 17:43:53 devstack sudo[100678]: quobyte : PWD=/ ; USER=root ; COMMAND=/opt/stack/data/venv/bin/cinder-rootwrap /etc/cinder/rootwrap.conf env LC_ALL=C qemu-img info -f qcow2 --output=json --force-share /opt/stack/data/cinder/mnt/d7075dd093e2b05f6eee50fa992e3a65/volume-eaf9f691-6b35-49dd-9df6-c41666bc9bbb
Aug 17 17:43:53 devstack sudo[100678]: pam_unix(sudo:session): session opened for user root(uid=0) by (uid=1000)
Aug 17 17:43:53 devstack sudo[100678]: pam_unix(sudo:session): session closed for user root
Aug 17 17:43:53 devstack cinder-volume[94402]: DEBUG oslo_concurrency.processutils [None req-319d9898-e63d-463a-b0e4-b6513fc5084d tempest-VolumesExtendTest-1264058021 None] CMD "/opt/stack/data/venv/bin/python3.12 -m oslo_concurrency.prlimit --as=1073741824 --cpu=60 -- sudo cinder-rootwrap /etc/cinder/rootwrap.conf env LC_ALL=C qemu-img info -f qcow2 --output=json --force-share /opt/stack/data/cinder/mnt/d7075dd093e2b05f6eee50fa992e3a65/volume-eaf9f691-6b35-49dd-9df6-c41666bc9bbb" returned: 0 in 0.721s {{(pid=94402) execute /opt/stack/data/venv/lib/python3.12/site-packages/oslo_concurrency/processutils.py:468}}
Aug 17 17:43:53 devstack cinder-volume[94402]: DEBUG oslo_concurrency.processutils [None req-319d9898-e63d-463a-b0e4-b6513fc5084d tempest-VolumesExtendTest-1264058021 None] Running cmd (subprocess): sudo cinder-rootwrap /etc/cinder/rootwrap.conf qemu-img commit -d /opt/stack/data/cinder/mnt/d7075dd093e2b05f6eee50fa992e3a65/volume-eaf9f691-6b35-49dd-9df6-c41666bc9bbb.f175cdba-c4e9-4b10-b9d9-6009f75f550c {{(pid=94402) execute /opt/stack/data/venv/lib/python3.12/site-packages/oslo_concurrency/processutils.py:440}}
Aug 17 17:43:54 devstack sudo[100704]: quobyte : PWD=/ ; USER=root ; COMMAND=/opt/stack/data/venv/bin/cinder-rootwrap /etc/cinder/rootwrap.conf qemu-img commit -d /opt/stack/data/cinder/mnt/d7075dd093e2b05f6eee50fa992e3a65/volume-eaf9f691-6b35-49dd-9df6-c41666bc9bbb.f175cdba-c4e9-4b10-b9d9-6009f75f550c
Aug 17 17:43:54 devstack sudo[100704]: pam_unix(sudo:session): session opened for user root(uid=0) by (uid=1000)
Aug 17 17:43:54 devstack sudo[100704]: pam_unix(sudo:session): session closed for user root
Aug 17 17:43:54 devstack cinder-volume[94402]: DEBUG oslo_concurrency.processutils [None req-319d9898-e63d-463a-b0e4-b6513fc5084d tempest-VolumesExtendTest-1264058021 None] CMD "sudo cinder-rootwrap /etc/cinder/rootwrap.conf qemu-img commit -d /opt/stack/data/cinder/mnt/d7075dd093e2b05f6eee50fa992e3a65/volume-eaf9f691-6b35-49dd-9df6-c41666bc9bbb.f175cdba-c4e9-4b10-b9d9-6009f75f550c" returned: 0 in 0.637s {{(pid=94402) execute /opt/stack/data/venv/lib/python3.12/site-packages/oslo_concurrency/processutils.py:468}}
Aug 17 17:43:54 devstack cinder-volume[94402]: DEBUG oslo_concurrency.processutils [None req-319d9898-e63d-463a-b0e4-b6513fc5084d tempest-VolumesExtendTest-1264058021 None] Running cmd (subprocess): sudo cinder-rootwrap /etc/cinder/rootwrap.conf rm -f /opt/stack/data/cinder/mnt/d7075dd093e2b05f6eee50fa992e3a65/volume-eaf9f691-6b35-49dd-9df6-c41666bc9bbb.f175cdba-c4e9-4b10-b9d9-6009f75f550c {{(pid=94402) execute /opt/stack/data/venv/lib/python3.12/site-packages/oslo_concurrency/processutils.py:440}}
Aug 17 17:43:54 devstack sudo[100714]: quobyte : PWD=/ ; USER=root ; COMMAND=/opt/stack/data/venv/bin/cinder-rootwrap /etc/cinder/rootwrap.conf rm -f /opt/stack/data/cinder/mnt/d7075dd093e2b05f6eee50fa992e3a65/volume-eaf9f691-6b35-49dd-9df6-c41666bc9bbb.f175cdba-c4e9-4b10-b9d9-6009f75f550c
Aug 17 17:43:54 devstack sudo[100714]: pam_unix(sudo:session): session opened for user root(uid=0) by (uid=1000)
Aug 17 17:43:55 devstack sudo[100714]: pam_unix(sudo:session): session closed for user root
Aug 17 17:43:55 devstack cinder-volume[94402]: DEBUG oslo_concurrency.processutils [None req-319d9898-e63d-463a-b0e4-b6513fc5084d tempest-VolumesExtendTest-1264058021 None] CMD "sudo cinder-rootwrap /etc/cinder/rootwrap.conf rm -f /opt/stack/data/cinder/mnt/d7075dd093e2b05f6eee50fa992e3a65/volume-eaf9f691-6b35-49dd-9df6-c41666bc9bbb.f175cdba-c4e9-4b10-b9d9-6009f75f550c" returned: 0 in 0.497s {{(pid=94402) execute /opt/stack/data/venv/lib/python3.12/site-packages/oslo_concurrency/processutils.py:468}}
Aug 17 17:43:55 devstack cinder-volume[94402]: DEBUG cinder.coordination [None req-319d9898-e63d-463a-b0e4-b6513fc5084d tempest-VolumesExtendTest-1264058021 None] Lock "cinder-quobyte-f175cdba-c4e9-4b10-b9d9-6009f75f550c" released by "_delete_snapshot" :: held 2.491s {{(pid=94402) __release /opt/stack/cinder/cinder/coordination.py:152}}
