Aug 17 17:26:02 devstack devstack@keystone.service[49916]: [pid: 49916|app: 0|req: 13/26] 192.168.122.200 () {58 vars in 1025 bytes} [Mon Aug 17 17:26:02 2026] POST /identity/v3/auth/tokens => generated 866 bytes in 192 msecs (HTTP/1.1 201) 6 headers in 363 bytes (1 switches on core 0)
Aug 17 17:26:02 devstack devstack@keystone.service[49915]: DEBUG keystone.server.flask.request_processing.req_logging [None req-e2c2c7c5-9052-49f5-9287-c81a611371db None None] REQUEST_METHOD: `GET` {{(pid=49915) log_request_info /opt/stack/keystone/keystone/server/flask/request_processing/req_logging.py:26}}
Aug 17 17:26:02 devstack devstack@keystone.service[49915]: DEBUG keystone.server.flask.request_processing.req_logging [None req-e2c2c7c5-9052-49f5-9287-c81a611371db None None] SCRIPT_NAME: `/identity` {{(pid=49915) log_request_info /opt/stack/keystone/keystone/server/flask/request_processing/req_logging.py:27}}
Aug 17 17:26:02 devstack devstack@keystone.service[49915]: DEBUG keystone.server.flask.request_processing.req_logging [None req-e2c2c7c5-9052-49f5-9287-c81a611371db None None] PATH_INFO: `/` {{(pid=49915) log_request_info /opt/stack/keystone/keystone/server/flask/request_processing/req_logging.py:28}}
Aug 17 17:26:02 devstack devstack@keystone.service[49915]: [pid: 49915|app: 0|req: 14/27] 192.168.122.200 () {54 vars in 928 bytes} [Mon Aug 17 17:26:02 2026] GET /identity => generated 274 bytes in 3 msecs (HTTP/1.1 300) 6 headers in 238 bytes (1 switches on core 0)
Aug 17 17:26:02 devstack devstack@keystone.service[49916]: DEBUG keystone.server.flask.request_processing.req_logging [None req-78af0f46-c09f-428d-9960-f355bffd43a4 None None] REQUEST_METHOD: `POST` {{(pid=49916) log_request_info /opt/stack/keystone/keystone/server/flask/request_processing/req_logging.py:26}}
Aug 17 17:26:02 devstack devstack@keystone.service[49916]: DEBUG keystone.server.flask.request_processing.req_logging [None req-78af0f46-c09f-428d-9960-f355bffd43a4 None None] SCRIPT_NAME: `/identity` {{(pid=49916) log_request_info /opt/stack/keystone/keystone/server/flask/request_processing/req_logging.py:27}}
Aug 17 17:26:02 devstack devstack@keystone.service[49916]: DEBUG keystone.server.flask.request_processing.req_logging [None req-78af0f46-c09f-428d-9960-f355bffd43a4 None None] PATH_INFO: `/v3/auth/tokens` {{(pid=49916) log_request_info /opt/stack/keystone/keystone/server/flask/request_processing/req_logging.py:28}}
Aug 17 17:26:02 devstack devstack@keystone.service[49915]: DEBUG keystone.server.flask.request_processing.req_logging [None req-1bde99e5-a3d1-4797-b01d-e3be450fd058 None None] REQUEST_METHOD: `GET` {{(pid=49915) log_request_info /opt/stack/keystone/keystone/server/flask/request_processing/req_logging.py:26}}
Aug 17 17:26:02 devstack devstack@keystone.service[49915]: DEBUG keystone.server.flask.request_processing.req_logging [None req-1bde99e5-a3d1-4797-b01d-e3be450fd058 None None] SCRIPT_NAME: `/identity` {{(pid=49915) log_request_info /opt/stack/keystone/keystone/server/flask/request_processing/req_logging.py:27}}
Aug 17 17:26:02 devstack devstack@keystone.service[49915]: DEBUG keystone.server.flask.request_processing.req_logging [None req-1bde99e5-a3d1-4797-b01d-e3be450fd058 None None] PATH_INFO: `/` {{(pid=49915) log_request_info /opt/stack/keystone/keystone/server/flask/request_processing/req_logging.py:28}}
Aug 17 17:26:02 devstack devstack@keystone.service[49915]: [pid: 49915|app: 0|req: 15/28] 192.168.122.200 () {54 vars in 928 bytes} [Mon Aug 17 17:26:02 2026] GET /identity => generated 274 bytes in 4 msecs (HTTP/1.1 300) 6 headers in 238 bytes (1 switches on core 0)
Aug 17 17:26:02 devstack devstack@keystone.service[49915]: DEBUG keystone.server.flask.request_processing.req_logging [None req-33f06269-9a52-4f1a-a12f-31dabf52fde7 None None] REQUEST_METHOD: `POST` {{(pid=49915) log_request_info /opt/stack/keystone/keystone/server/flask/request_processing/req_logging.py:26}}
Aug 17 17:26:02 devstack devstack@keystone.service[49915]: DEBUG keystone.server.flask.request_processing.req_logging [None req-33f06269-9a52-4f1a-a12f-31dabf52fde7 None None] SCRIPT_NAME: `/identity` {{(pid=49915) log_request_info /opt/stack/keystone/keystone/server/flask/request_processing/req_logging.py:27}}
Aug 17 17:26:02 devstack devstack@keystone.service[49915]: DEBUG keystone.server.flask.request_processing.req_logging [None req-33f06269-9a52-4f1a-a12f-31dabf52fde7 None None] PATH_INFO: `/v3/auth/tokens` {{(pid=49915) log_request_info /opt/stack/keystone/keystone/server/flask/request_processing/req_logging.py:28}}
Aug 17 17:26:02 devstack devstack@keystone.service[49916]: WARNING keystone.common.password_hashing [None req-78af0f46-c09f-428d-9960-f355bffd43a4 None None] Truncating password to algorithm specific maximum length 72 characters.
Aug 17 17:26:02 devstack devstack@keystone.service[49915]: WARNING keystone.common.password_hashing [None req-33f06269-9a52-4f1a-a12f-31dabf52fde7 None None] Truncating password to algorithm specific maximum length 72 characters.
Aug 17 17:26:02 devstack devstack@keystone.service[49916]: DEBUG keystone.auth.core [None req-78af0f46-c09f-428d-9960-f355bffd43a4 None None] MFA Rules not processed for user `62e7afa0527243558fc629ee20f755c1`. Rule list: `[]` (Enabled: `True`). {{(pid=49916) check_auth_methods_against_rules /opt/stack/keystone/keystone/auth/core.py:476}}
Aug 17 17:26:02 devstack devstack@keystone.service[49916]: DEBUG keystone.common.fernet_utils [None req-78af0f46-c09f-428d-9960-f355bffd43a4 None None] Loaded 2 Fernet keys from /etc/keystone/fernet-keys/, but `[fernet_tokens] max_active_keys = 3`; perhaps there have not been enough key rotations to reach `max_active_keys` yet? {{(pid=49916) load_keys /opt/stack/keystone/keystone/common/fernet_utils.py:297}}
Aug 17 17:26:02 devstack devstack@keystone.service[49915]: DEBUG keystone.auth.core [None req-33f06269-9a52-4f1a-a12f-31dabf52fde7 None None] MFA Rules not processed for user `62e7afa0527243558fc629ee20f755c1`. Rule list: `[]` (Enabled: `True`). {{(pid=49915) check_auth_methods_against_rules /opt/stack/keystone/keystone/auth/core.py:476}}
Aug 17 17:26:02 devstack devstack@keystone.service[49915]: DEBUG keystone.common.fernet_utils [None req-33f06269-9a52-4f1a-a12f-31dabf52fde7 None None] Loaded 2 Fernet keys from /etc/keystone/fernet-keys/, but `[fernet_tokens] max_active_keys = 3`; perhaps there have not been enough key rotations to reach `max_active_keys` yet? {{(pid=49915) load_keys /opt/stack/keystone/keystone/common/fernet_utils.py:297}}
Aug 17 17:26:02 devstack devstack@keystone.service[49916]: [pid: 49916|app: 0|req: 14/29] 192.168.122.200 () {58 vars in 1025 bytes} [Mon Aug 17 17:26:02 2026] POST /identity/v3/auth/tokens => generated 866 bytes in 251 msecs (HTTP/1.1 201) 6 headers in 363 bytes (1 switches on core 0)
Aug 17 17:26:02 devstack devstack@keystone.service[49915]: [pid: 49915|app: 0|req: 16/30] 192.168.122.200 () {58 vars in 1025 bytes} [Mon Aug 17 17:26:02 2026] POST /identity/v3/auth/tokens => generated 866 bytes in 263 msecs (HTTP/1.1 201) 6 headers in 363 bytes (1 switches on core 0)
Aug 17 17:26:02 devstack devstack@keystone.service[49916]: DEBUG keystone.server.flask.request_processing.middleware.auth_context [None req-78af0f46-c09f-428d-9960-f355bffd43a4 None None] Authenticating user token {{(pid=49916) process_request /opt/stack/data/venv/lib/python3.12/site-packages/keystonemiddleware/auth_token/__init__.py:406}}
Aug 17 17:26:03 devstack devstack@keystone.service[49915]: DEBUG keystone.server.flask.request_processing.req_logging [None req-e0f2af8d-056e-42d0-b4e6-70f631703850 None None] REQUEST_METHOD: `GET` {{(pid=49915) log_request_info /opt/stack/keystone/keystone/server/flask/request_processing/req_logging.py:26}}
Aug 17 17:26:03 devstack devstack@keystone.service[49915]: DEBUG keystone.server.flask.request_processing.req_logging [None req-e0f2af8d-056e-42d0-b4e6-70f631703850 None None] SCRIPT_NAME: `/identity` {{(pid=49915) log_request_info /opt/stack/keystone/keystone/server/flask/request_processing/req_logging.py:27}}
Aug 17 17:26:03 devstack devstack@keystone.service[49915]: DEBUG keystone.server.flask.request_processing.req_logging [None req-e0f2af8d-056e-42d0-b4e6-70f631703850 None None] PATH_INFO: `/` {{(pid=49915) log_request_info /opt/stack/keystone/keystone/server/flask/request_processing/req_logging.py:28}}
Aug 17 17:26:03 devstack devstack@keystone.service[49915]: [pid: 49915|app: 0|req: 17/31] 192.168.122.200 () {54 vars in 928 bytes} [Mon Aug 17 17:26:03 2026] GET /identity => generated 274 bytes in 6 msecs (HTTP/1.1 300) 6 headers in 238 bytes (1 switches on core 0)
Aug 17 17:26:03 devstack devstack@keystone.service[49916]: DEBUG keystone.server.flask.request_processing.middleware.auth_context [None req-78af0f46-c09f-428d-9960-f355bffd43a4 None None] Validating token access rules against request {{(pid=49916) validate_allowed_request /opt/stack/data/venv/lib/python3.12/site-packages/keystonemiddleware/auth_token/__init__.py:544}}
Aug 17 17:26:03 devstack devstack@keystone.service[49915]: DEBUG keystone.server.flask.request_processing.req_logging [None req-7cb7f017-2772-4ce6-b576-6174a2ded1f6 None None] REQUEST_METHOD: `POST` {{(pid=49915) log_request_info /opt/stack/keystone/keystone/server/flask/request_processing/req_logging.py:26}}
Aug 17 17:26:03 devstack devstack@keystone.service[49915]: DEBUG keystone.server.flask.request_processing.req_logging [None req-7cb7f017-2772-4ce6-b576-6174a2ded1f6 None None] SCRIPT_NAME: `/identity` {{(pid=49915) log_request_info /opt/stack/keystone/keystone/server/flask/request_processing/req_logging.py:27}}
Aug 17 17:26:03 devstack devstack@keystone.service[49915]: DEBUG keystone.server.flask.request_processing.req_logging [None req-7cb7f017-2772-4ce6-b576-6174a2ded1f6 None None] PATH_INFO: `/v3/auth/tokens` {{(pid=49915) log_request_info /opt/stack/keystone/keystone/server/flask/request_processing/req_logging.py:28}}
Aug 17 17:26:03 devstack devstack@keystone.service[49915]: WARNING keystone.common.password_hashing [None req-7cb7f017-2772-4ce6-b576-6174a2ded1f6 None None] Truncating password to algorithm specific maximum length 72 characters.
Aug 17 17:26:03 devstack devstack@keystone.service[49915]: DEBUG keystone.auth.core [None req-7cb7f017-2772-4ce6-b576-6174a2ded1f6 None None] MFA Rules not processed for user `62e7afa0527243558fc629ee20f755c1`. Rule list: `[]` (Enabled: `True`). {{(pid=49915) check_auth_methods_against_rules /opt/stack/keystone/keystone/auth/core.py:476}}
Aug 17 17:26:03 devstack devstack@keystone.service[49916]: DEBUG keystone.server.flask.request_processing.middleware.auth_context [None req-7266c751-102d-4d21-91d7-853d17185f12 None admin] RBAC: auth_context: {'token': , 'domain_id': None, 'trust_id': None, 'trustor_id': None, 'trustee_id': None, 'domain_name': None, 'group_ids': [], 'user_id': '62e7afa0527243558fc629ee20f755c1', 'user_domain_id': 'default', 'system_scope': 'all', 'project_id': None, 'project_domain_id': None, 'roles': ['admin', 'manager', 'member', 'reader'], 'is_admin_project': True, 'service_user_id': None, 'service_user_domain_id': None, 'service_project_id': None, 'service_project_domain_id': None, 'service_roles': []} {{(pid=49916) fill_context /opt/stack/keystone/keystone/server/flask/request_processing/middleware/auth_context.py:516}}
Aug 17 17:26:03 devstack devstack@keystone.service[49916]: DEBUG keystone.server.flask.request_processing.req_logging [None req-7266c751-102d-4d21-91d7-853d17185f12 None admin] REQUEST_METHOD: `GET` {{(pid=49916) log_request_info /opt/stack/keystone/keystone/server/flask/request_processing/req_logging.py:26}}
Aug 17 17:26:03 devstack devstack@keystone.service[49916]: DEBUG keystone.server.flask.request_processing.req_logging [None req-7266c751-102d-4d21-91d7-853d17185f12 None admin] SCRIPT_NAME: `/identity` {{(pid=49916) log_request_info /opt/stack/keystone/keystone/server/flask/request_processing/req_logging.py:27}}
Aug 17 17:26:03 devstack devstack@keystone.service[49916]: DEBUG keystone.server.flask.request_processing.req_logging [None req-7266c751-102d-4d21-91d7-853d17185f12 None admin] PATH_INFO: `/v3/domains/Default` {{(pid=49916) log_request_info /opt/stack/keystone/keystone/server/flask/request_processing/req_logging.py:28}}
Aug 17 17:26:03 devstack devstack@keystone.service[49915]: DEBUG keystone.common.fernet_utils [None req-7cb7f017-2772-4ce6-b576-6174a2ded1f6 None None] Loaded 2 Fernet keys from /etc/keystone/fernet-keys/, but `[fernet_tokens] max_active_keys = 3`; perhaps there have not been enough key rotations to reach `max_active_keys` yet? {{(pid=49915) load_keys /opt/stack/keystone/keystone/common/fernet_utils.py:297}}
Aug 17 17:26:03 devstack devstack@keystone.service[49916]: DEBUG keystone.common.rbac_enforcer.enforcer [None req-7266c751-102d-4d21-91d7-853d17185f12 None admin] RBAC: Authorizing `identity:get_domain(domain_id=Default)` {{(pid=49916) enforce_call /opt/stack/keystone/keystone/common/rbac_enforcer/enforcer.py:501}}
Aug 17 17:26:03 devstack devstack@keystone.service[49916]: DEBUG keystone.common.rbac_enforcer.enforcer [None req-7266c751-102d-4d21-91d7-853d17185f12 None admin] RBAC: Authorization granted {{(pid=49916) enforce_call /opt/stack/keystone/keystone/common/rbac_enforcer/enforcer.py:512}}
Aug 17 17:26:03 devstack devstack@keystone.service[49916]: DEBUG keystone.server.flask.application [None req-7266c751-102d-4d21-91d7-853d17185f12 None admin] Could not find domain: Default. {{(pid=49916) _handle_keystone_exception /opt/stack/keystone/keystone/server/flask/application.py:146}}
Aug 17 17:26:03 devstack devstack@keystone.service[49916]: [pid: 49916|app: 0|req: 15/32] 192.168.122.200 () {56 vars in 1153 bytes} [Mon Aug 17 17:26:02 2026] GET /identity/v3/domains/Default => generated 87 bytes in 234 msecs (HTTP/1.1 404) 5 headers in 183 bytes (1 switches on core 0)
Aug 17 17:26:03 devstack devstack@keystone.service[49916]: DEBUG keystone.server.flask.request_processing.req_logging [None req-297e0455-eb7e-4fe5-8c7e-834a99887243 None None] REQUEST_METHOD: `GET` {{(pid=49916) log_request_info /opt/stack/keystone/keystone/server/flask/request_processing/req_logging.py:26}}
Aug 17 17:26:03 devstack devstack@keystone.service[49916]: DEBUG keystone.server.flask.request_processing.req_logging [None req-297e0455-eb7e-4fe5-8c7e-834a99887243 None None] SCRIPT_NAME: `/identity` {{(pid=49916) log_request_info /opt/stack/keystone/keystone/server/flask/request_processing/req_logging.py:27}}
Aug 17 17:26:03 devstack devstack@keystone.service[49916]: DEBUG keystone.server.flask.request_processing.req_logging [None req-297e0455-eb7e-4fe5-8c7e-834a99887243 None None] PATH_INFO: `/` {{(pid=49916) log_request_info /opt/stack/keystone/keystone/server/flask/request_processing/req_logging.py:28}}
Aug 17 17:26:03 devstack devstack@keystone.service[49916]: [pid: 49916|app: 0|req: 16/33] 192.168.122.200 () {54 vars in 928 bytes} [Mon Aug 17 17:26:03 2026] GET /identity => generated 274 bytes in 6 msecs (HTTP/1.1 300) 6 headers in 238 bytes (1 switches on core 0)
Aug 17 17:26:03 devstack devstack@keystone.service[49916]: DEBUG keystone.server.flask.request_processing.middleware.auth_context [None req-297e0455-eb7e-4fe5-8c7e-834a99887243 None None] Authenticating user token {{(pid=49916) process_request /opt/stack/data/venv/lib/python3.12/site-packages/keystonemiddleware/auth_token/__init__.py:406}}
Aug 17 17:26:03 devstack devstack@keystone.service[49916]: DEBUG keystone.server.flask.request_processing.middleware.auth_context [None req-297e0455-eb7e-4fe5-8c7e-834a99887243 None None] Validating token access rules against request {{(pid=49916) validate_allowed_request /opt/stack/data/venv/lib/python3.12/site-packages/keystonemiddleware/auth_token/__init__.py:544}}
Aug 17 17:26:03 devstack devstack@keystone.service[49915]: [pid: 49915|app: 0|req: 18/34] 192.168.122.200 () {58 vars in 1025 bytes} [Mon Aug 17 17:26:03 2026] POST /identity/v3/auth/tokens => generated 866 bytes in 235 msecs (HTTP/1.1 201) 6 headers in 363 bytes (1 switches on core 0)
Aug 17 17:26:03 devstack devstack@keystone.service[49915]: DEBUG keystone.server.flask.request_processing.req_logging [None req-4c6e94c7-7f10-4224-b848-25002a835d93 None None] REQUEST_METHOD: `POST` {{(pid=49915) log_request_info /opt/stack/keystone/keystone/server/flask/request_processing/req_logging.py:26}}
Aug 17 17:26:03 devstack devstack@keystone.service[49915]: DEBUG keystone.server.flask.request_processing.req_logging [None req-4c6e94c7-7f10-4224-b848-25002a835d93 None None] SCRIPT_NAME: `/identity` {{(pid=49915) log_request_info /opt/stack/keystone/keystone/server/flask/request_processing/req_logging.py:27}}
Aug 17 17:26:03 devstack devstack@keystone.service[49915]: DEBUG keystone.server.flask.request_processing.req_logging [None req-4c6e94c7-7f10-4224-b848-25002a835d93 None None] PATH_INFO: `/v3/auth/tokens` {{(pid=49915) log_request_info /opt/stack/keystone/keystone/server/flask/request_processing/req_logging.py:28}}
Aug 17 17:26:03 devstack devstack@keystone.service[49915]: WARNING keystone.common.password_hashing [None req-4c6e94c7-7f10-4224-b848-25002a835d93 None None] Truncating password to algorithm specific maximum length 72 characters.
Aug 17 17:26:03 devstack devstack@keystone.service[49916]: DEBUG keystone.server.flask.request_processing.middleware.auth_context [None req-5e94fce0-7692-4a57-839c-d3753078282a None admin] RBAC: auth_context: {'token': , 'domain_id': None, 'trust_id': None, 'trustor_id': None, 'trustee_id': None, 'domain_name': None, 'group_ids': [], 'user_id': '62e7afa0527243558fc629ee20f755c1', 'user_domain_id': 'default', 'system_scope': 'all', 'project_id': None, 'project_domain_id': None, 'roles': ['admin', 'manager', 'member', 'reader'], 'is_admin_project': True, 'service_user_id': None, 'service_user_domain_id': None, 'service_project_id': None, 'service_project_domain_id': None, 'service_roles': []} {{(pid=49916) fill_context /opt/stack/keystone/keystone/server/flask/request_processing/middleware/auth_context.py:516}}
Aug 17 17:26:03 devstack devstack@keystone.service[49916]: DEBUG keystone.server.flask.request_processing.req_logging [None req-5e94fce0-7692-4a57-839c-d3753078282a None admin] REQUEST_METHOD: `GET` {{(pid=49916) log_request_info /opt/stack/keystone/keystone/server/flask/request_processing/req_logging.py:26}}
Aug 17 17:26:03 devstack devstack@keystone.service[49916]: DEBUG keystone.server.flask.request_processing.req_logging [None req-5e94fce0-7692-4a57-839c-d3753078282a None admin] SCRIPT_NAME: `/identity` {{(pid=49916) log_request_info /opt/stack/keystone/keystone/server/flask/request_processing/req_logging.py:27}}
Aug 17 17:26:03 devstack devstack@keystone.service[49916]: DEBUG keystone.server.flask.request_processing.req_logging [None req-5e94fce0-7692-4a57-839c-d3753078282a None admin] PATH_INFO: `/v3/domains` {{(pid=49916) log_request_info /opt/stack/keystone/keystone/server/flask/request_processing/req_logging.py:28}}
Aug 17 17:26:03 devstack devstack@keystone.service[49916]: DEBUG keystone.common.rbac_enforcer.enforcer [None req-5e94fce0-7692-4a57-839c-d3753078282a None admin] RBAC: Adding query filter params (name=Default) {{(pid=49916) _extract_filter_values /opt/stack/keystone/keystone/common/rbac_enforcer/enforcer.py:176}}
Aug 17 17:26:03 devstack devstack@keystone.service[49916]: DEBUG keystone.common.rbac_enforcer.enforcer [None req-5e94fce0-7692-4a57-839c-d3753078282a None admin] RBAC: Authorizing `identity:list_domains()` {{(pid=49916) enforce_call /opt/stack/keystone/keystone/common/rbac_enforcer/enforcer.py:501}}
Aug 17 17:26:03 devstack devstack@keystone.service[49916]: DEBUG keystone.common.rbac_enforcer.enforcer [None req-5e94fce0-7692-4a57-839c-d3753078282a None admin] RBAC: Authorization granted {{(pid=49916) enforce_call /opt/stack/keystone/keystone/common/rbac_enforcer/enforcer.py:512}}
Aug 17 17:26:03 devstack devstack@keystone.service[49915]: DEBUG keystone.auth.core [None req-4c6e94c7-7f10-4224-b848-25002a835d93 None None] MFA Rules not processed for user `62e7afa0527243558fc629ee20f755c1`. Rule list: `[]` (Enabled: `True`). {{(pid=49915) check_auth_methods_against_rules /opt/stack/keystone/keystone/auth/core.py:476}}
Aug 17 17:26:03 devstack devstack@keystone.service[49915]: DEBUG keystone.common.fernet_utils [None req-4c6e94c7-7f10-4224-b848-25002a835d93 None None] Loaded 2 Fernet keys from /etc/keystone/fernet-keys/, but `[fernet_tokens] max_active_keys = 3`; perhaps there have not been enough key rotations to reach `max_active_keys` yet? {{(pid=49915) load_keys /opt/stack/keystone/keystone/common/fernet_utils.py:297}}
Aug 17 17:26:03 devstack devstack@keystone.service[49916]: [pid: 49916|app: 0|req: 17/35] 192.168.122.200 () {56 vars in 1167 bytes} [Mon Aug 17 17:26:03 2026] GET /identity/v3/domains?name=Default => generated 316 bytes in 197 msecs (HTTP/1.1 200) 5 headers in 177 bytes (1 switches on core 0)
Aug 17 17:26:03 devstack devstack@keystone.service[49916]: DEBUG keystone.server.flask.request_processing.middleware.auth_context [None req-5e94fce0-7692-4a57-839c-d3753078282a None admin] Authenticating user token {{(pid=49916) process_request /opt/stack/data/venv/lib/python3.12/site-packages/keystonemiddleware/auth_token/__init__.py:406}}
Aug 17 17:26:03 devstack devstack@keystone.service[49916]: DEBUG keystone.server.flask.request_processing.middleware.auth_context [None req-5e94fce0-7692-4a57-839c-d3753078282a None admin] Validating token access rules against request {{(pid=49916) validate_allowed_request /opt/stack/data/venv/lib/python3.12/site-packages/keystonemiddleware/auth_token/__init__.py:544}}
Aug 17 17:26:03 devstack devstack@keystone.service[49915]: [pid: 49915|app: 0|req: 19/36] 192.168.122.200 () {58 vars in 1025 bytes} [Mon Aug 17 17:26:03 2026] POST /identity/v3/auth/tokens => generated 866 bytes in 213 msecs (HTTP/1.1 201) 6 headers in 363 bytes (1 switches on core 0)
Aug 17 17:26:03 devstack devstack@keystone.service[49915]: DEBUG keystone.server.flask.request_processing.middleware.auth_context [None req-4c6e94c7-7f10-4224-b848-25002a835d93 None None] Authenticating user token {{(pid=49915) process_request /opt/stack/data/venv/lib/python3.12/site-packages/keystonemiddleware/auth_token/__init__.py:406}}
Aug 17 17:26:03 devstack devstack@keystone.service[49916]: DEBUG keystone.server.flask.request_processing.middleware.auth_context [None req-93022523-c200-4bd7-bfe6-17a990ea8d16 None admin] RBAC: auth_context: {'token': , 'domain_id': None, 'trust_id': None, 'trustor_id': None, 'trustee_id': None, 'domain_name': None, 'group_ids': [], 'user_id': '62e7afa0527243558fc629ee20f755c1', 'user_domain_id': 'default', 'system_scope': 'all', 'project_id': None, 'project_domain_id': None, 'roles': ['admin', 'manager', 'member', 'reader'], 'is_admin_project': True, 'service_user_id': None, 'service_user_domain_id': None, 'service_project_id': None, 'service_project_domain_id': None, 'service_roles': []} {{(pid=49916) fill_context /opt/stack/keystone/keystone/server/flask/request_processing/middleware/auth_context.py:516}}
Aug 17 17:26:03 devstack devstack@keystone.service[49916]: DEBUG keystone.server.flask.request_processing.req_logging [None req-93022523-c200-4bd7-bfe6-17a990ea8d16 None admin] REQUEST_METHOD: `POST` {{(pid=49916) log_request_info /opt/stack/keystone/keystone/server/flask/request_processing/req_logging.py:26}}
Aug 17 17:26:03 devstack devstack@keystone.service[49916]: DEBUG keystone.server.flask.request_processing.req_logging [None req-93022523-c200-4bd7-bfe6-17a990ea8d16 None admin] SCRIPT_NAME: `/identity` {{(pid=49916) log_request_info /opt/stack/keystone/keystone/server/flask/request_processing/req_logging.py:27}}
Aug 17 17:26:03 devstack devstack@keystone.service[49916]: DEBUG keystone.server.flask.request_processing.req_logging [None req-93022523-c200-4bd7-bfe6-17a990ea8d16 None admin] PATH_INFO: `/v3/roles` {{(pid=49916) log_request_info /opt/stack/keystone/keystone/server/flask/request_processing/req_logging.py:28}}
Aug 17 17:26:03 devstack devstack@keystone.service[49916]: DEBUG keystone.common.rbac_enforcer.enforcer [None req-93022523-c200-4bd7-bfe6-17a990ea8d16 None admin] RBAC: Authorizing `identity:create_role()` {{(pid=49916) enforce_call /opt/stack/keystone/keystone/common/rbac_enforcer/enforcer.py:501}}
Aug 17 17:26:03 devstack devstack@keystone.service[49916]: DEBUG keystone.common.rbac_enforcer.enforcer [None req-93022523-c200-4bd7-bfe6-17a990ea8d16 None admin] RBAC: Authorization granted {{(pid=49916) enforce_call /opt/stack/keystone/keystone/common/rbac_enforcer/enforcer.py:512}}
Aug 17 17:26:03 devstack devstack@keystone.service[49916]: [pid: 49916|app: 0|req: 18/37] 192.168.122.200 () {60 vars in 1176 bytes} [Mon Aug 17 17:26:03 2026] POST /identity/v3/roles => generated 229 bytes in 212 msecs (HTTP/1.1 201) 5 headers in 182 bytes (1 switches on core 0)
Aug 17 17:26:03 devstack devstack@keystone.service[49916]: DEBUG keystone.server.flask.request_processing.middleware.auth_context [None req-93022523-c200-4bd7-bfe6-17a990ea8d16 None admin] Authenticating user token {{(pid=49916) process_request /opt/stack/data/venv/lib/python3.12/site-packages/keystonemiddleware/auth_token/__init__.py:406}}
Aug 17 17:26:03 devstack devstack@keystone.service[49916]: DEBUG keystone.server.flask.request_processing.middleware.auth_context [None req-93022523-c200-4bd7-bfe6-17a990ea8d16 None admin] Validating token access rules against request {{(pid=49916) validate_allowed_request /opt/stack/data/venv/lib/python3.12/site-packages/keystonemiddleware/auth_token/__init__.py:544}}
Aug 17 17:26:03 devstack devstack@keystone.service[49915]: DEBUG keystone.server.flask.request_processing.middleware.auth_context [None req-4c6e94c7-7f10-4224-b848-25002a835d93 None None] Validating token access rules against request {{(pid=49915) validate_allowed_request /opt/stack/data/venv/lib/python3.12/site-packages/keystonemiddleware/auth_token/__init__.py:544}}
Aug 17 17:26:03 devstack devstack@keystone.service[49916]: DEBUG keystone.server.flask.request_processing.middleware.auth_context [None req-728febeb-c928-420c-aaa9-1cf19ac37152 None admin] RBAC: auth_context: {'token': , 'domain_id': None, 'trust_id': None, 'trustor_id': None, 'trustee_id': None, 'domain_name': None, 'group_ids': [], 'user_id': '62e7afa0527243558fc629ee20f755c1', 'user_domain_id': 'default', 'system_scope': 'all', 'project_id': None, 'project_domain_id': None, 'roles': ['admin', 'manager', 'member', 'reader'], 'is_admin_project': True, 'service_user_id': None, 'service_user_domain_id': None, 'service_project_id': None, 'service_project_domain_id': None, 'service_roles': []} {{(pid=49916) fill_context /opt/stack/keystone/keystone/server/flask/request_processing/middleware/auth_context.py:516}}
Aug 17 17:26:03 devstack devstack@keystone.service[49916]: DEBUG keystone.server.flask.request_processing.req_logging [None req-728febeb-c928-420c-aaa9-1cf19ac37152 None admin] REQUEST_METHOD: `GET` {{(pid=49916) log_request_info /opt/stack/keystone/keystone/server/flask/request_processing/req_logging.py:26}}
Aug 17 17:26:03 devstack devstack@keystone.service[49916]: DEBUG keystone.server.flask.request_processing.req_logging [None req-728febeb-c928-420c-aaa9-1cf19ac37152 None admin] SCRIPT_NAME: `/identity` {{(pid=49916) log_request_info /opt/stack/keystone/keystone/server/flask/request_processing/req_logging.py:27}}
Aug 17 17:26:03 devstack devstack@keystone.service[49916]: DEBUG keystone.server.flask.request_processing.req_logging [None req-728febeb-c928-420c-aaa9-1cf19ac37152 None admin] PATH_INFO: `/v3/domains/default` {{(pid=49916) log_request_info /opt/stack/keystone/keystone/server/flask/request_processing/req_logging.py:28}}
Aug 17 17:26:03 devstack devstack@keystone.service[49916]: DEBUG keystone.common.rbac_enforcer.enforcer [None req-728febeb-c928-420c-aaa9-1cf19ac37152 None admin] RBAC: Authorizing `identity:get_domain(domain_id=default)` {{(pid=49916) enforce_call /opt/stack/keystone/keystone/common/rbac_enforcer/enforcer.py:501}}
Aug 17 17:26:03 devstack devstack@keystone.service[49916]: DEBUG keystone.common.rbac_enforcer.enforcer [None req-728febeb-c928-420c-aaa9-1cf19ac37152 None admin] RBAC: Authorization granted {{(pid=49916) enforce_call /opt/stack/keystone/keystone/common/rbac_enforcer/enforcer.py:512}}
Aug 17 17:26:03 devstack devstack@keystone.service[49916]: [pid: 49916|app: 0|req: 19/38] 192.168.122.200 () {56 vars in 1153 bytes} [Mon Aug 17 17:26:03 2026] GET /identity/v3/domains/default => generated 203 bytes in 179 msecs (HTTP/1.1 200) 5 headers in 177 bytes (1 switches on core 0)
Aug 17 17:26:03 devstack devstack@keystone.service[49916]: DEBUG keystone.server.flask.request_processing.middleware.auth_context [None req-728febeb-c928-420c-aaa9-1cf19ac37152 None admin] Authenticating user token {{(pid=49916) process_request /opt/stack/data/venv/lib/python3.12/site-packages/keystonemiddleware/auth_token/__init__.py:406}}
Aug 17 17:26:03 devstack devstack@keystone.service[49915]: DEBUG keystone.server.flask.request_processing.middleware.auth_context [None req-8fbe35c4-5659-4bf3-ada5-9c1bc41de6f5 None admin] RBAC: auth_context: {'token': , 'domain_id': None, 'trust_id': None, 'trustor_id': None, 'trustee_id': None, 'domain_name': None, 'group_ids': [], 'user_id': '62e7afa0527243558fc629ee20f755c1', 'user_domain_id': 'default', 'system_scope': 'all', 'project_id': None, 'project_domain_id': None, 'roles': ['admin', 'manager', 'member', 'reader'], 'is_admin_project': True, 'service_user_id': None, 'service_user_domain_id': None, 'service_project_id': None, 'service_project_domain_id': None, 'service_roles': []} {{(pid=49915) fill_context /opt/stack/keystone/keystone/server/flask/request_processing/middleware/auth_context.py:516}}
Aug 17 17:26:03 devstack devstack@keystone.service[49915]: DEBUG keystone.server.flask.request_processing.req_logging [None req-8fbe35c4-5659-4bf3-ada5-9c1bc41de6f5 None admin] REQUEST_METHOD: `POST` {{(pid=49915) log_request_info /opt/stack/keystone/keystone/server/flask/request_processing/req_logging.py:26}}
Aug 17 17:26:03 devstack devstack@keystone.service[49915]: DEBUG keystone.server.flask.request_processing.req_logging [None req-8fbe35c4-5659-4bf3-ada5-9c1bc41de6f5 None admin] SCRIPT_NAME: `/identity` {{(pid=49915) log_request_info /opt/stack/keystone/keystone/server/flask/request_processing/req_logging.py:27}}
Aug 17 17:26:03 devstack devstack@keystone.service[49915]: DEBUG keystone.server.flask.request_processing.req_logging [None req-8fbe35c4-5659-4bf3-ada5-9c1bc41de6f5 None admin] PATH_INFO: `/v3/projects` {{(pid=49915) log_request_info /opt/stack/keystone/keystone/server/flask/request_processing/req_logging.py:28}}
Aug 17 17:26:03 devstack devstack@keystone.service[49915]: DEBUG keystone.common.rbac_enforcer.enforcer [None req-8fbe35c4-5659-4bf3-ada5-9c1bc41de6f5 None admin] RBAC: Authorizing `identity:create_project()` {{(pid=49915) enforce_call /opt/stack/keystone/keystone/common/rbac_enforcer/enforcer.py:501}}
Aug 17 17:26:03 devstack devstack@keystone.service[49915]: DEBUG keystone.common.rbac_enforcer.enforcer [None req-8fbe35c4-5659-4bf3-ada5-9c1bc41de6f5 None admin] RBAC: Authorization granted {{(pid=49915) enforce_call /opt/stack/keystone/keystone/common/rbac_enforcer/enforcer.py:512}}
Aug 17 17:26:03 devstack devstack@keystone.service[49916]: DEBUG keystone.server.flask.request_processing.middleware.auth_context [None req-728febeb-c928-420c-aaa9-1cf19ac37152 None admin] Validating token access rules against request {{(pid=49916) validate_allowed_request /opt/stack/data/venv/lib/python3.12/site-packages/keystonemiddleware/auth_token/__init__.py:544}}
Aug 17 17:26:03 devstack devstack@keystone.service[49916]: DEBUG keystone.server.flask.request_processing.middleware.auth_context [None req-ae4a3211-647b-404c-9206-1d658340db5f None admin] RBAC: auth_context: {'token': , 'domain_id': None, 'trust_id': None, 'trustor_id': None, 'trustee_id': None, 'domain_name': None, 'group_ids': [], 'user_id': '62e7afa0527243558fc629ee20f755c1', 'user_domain_id': 'default', 'system_scope': 'all', 'project_id': None, 'project_domain_id': None, 'roles': ['admin', 'manager', 'member', 'reader'], 'is_admin_project': True, 'service_user_id': None, 'service_user_domain_id': None, 'service_project_id': None, 'service_project_domain_id': None, 'service_roles': []} {{(pid=49916) fill_context /opt/stack/keystone/keystone/server/flask/request_processing/middleware/auth_context.py:516}}
Aug 17 17:26:03 devstack devstack@keystone.service[49916]: DEBUG keystone.server.flask.request_processing.req_logging [None req-ae4a3211-647b-404c-9206-1d658340db5f None admin] REQUEST_METHOD: `POST` {{(pid=49916) log_request_info /opt/stack/keystone/keystone/server/flask/request_processing/req_logging.py:26}}
Aug 17 17:26:03 devstack devstack@keystone.service[49916]: DEBUG keystone.server.flask.request_processing.req_logging [None req-ae4a3211-647b-404c-9206-1d658340db5f None admin] SCRIPT_NAME: `/identity` {{(pid=49916) log_request_info /opt/stack/keystone/keystone/server/flask/request_processing/req_logging.py:27}}
Aug 17 17:26:03 devstack devstack@keystone.service[49916]: DEBUG keystone.server.flask.request_processing.req_logging [None req-ae4a3211-647b-404c-9206-1d658340db5f None admin] PATH_INFO: `/v3/projects` {{(pid=49916) log_request_info /opt/stack/keystone/keystone/server/flask/request_processing/req_logging.py:28}}
Aug 17 17:26:03 devstack devstack@keystone.service[49916]: DEBUG keystone.common.rbac_enforcer.enforcer [None req-ae4a3211-647b-404c-9206-1d658340db5f None admin] RBAC: Authorizing `identity:create_project()` {{(pid=49916) enforce_call /opt/stack/keystone/keystone/common/rbac_enforcer/enforcer.py:501}}
Aug 17 17:26:03 devstack devstack@keystone.service[49916]: DEBUG keystone.common.rbac_enforcer.enforcer [None req-ae4a3211-647b-404c-9206-1d658340db5f None admin] RBAC: Authorization granted {{(pid=49916) enforce_call /opt/stack/keystone/keystone/common/rbac_enforcer/enforcer.py:512}}
Aug 17 17:26:04 devstack devstack@keystone.service[49916]: [pid: 49916|app: 0|req: 20/39] 192.168.122.200 () {60 vars in 1185 bytes} [Mon Aug 17 17:26:03 2026] POST /identity/v3/projects => generated 316 bytes in 243 msecs (HTTP/1.1 201) 5 headers in 182 bytes (1 switches on core 0)
Aug 17 17:26:04 devstack devstack@keystone.service[49916]: DEBUG keystone.server.flask.request_processing.middleware.auth_context [None req-ae4a3211-647b-404c-9206-1d658340db5f None admin] Authenticating user token {{(pid=49916) process_request /opt/stack/data/venv/lib/python3.12/site-packages/keystonemiddleware/auth_token/__init__.py:406}}
Aug 17 17:26:04 devstack devstack@keystone.service[49915]: [pid: 49915|app: 0|req: 20/40] 192.168.122.200 () {60 vars in 1185 bytes} [Mon Aug 17 17:26:03 2026] POST /identity/v3/projects => generated 305 bytes in 609 msecs (HTTP/1.1 201) 5 headers in 182 bytes (1 switches on core 0)
Aug 17 17:26:04 devstack devstack@keystone.service[49915]: DEBUG keystone.server.flask.request_processing.middleware.auth_context [None req-8fbe35c4-5659-4bf3-ada5-9c1bc41de6f5 None admin] Authenticating user token {{(pid=49915) process_request /opt/stack/data/venv/lib/python3.12/site-packages/keystonemiddleware/auth_token/__init__.py:406}}
Aug 17 17:26:04 devstack devstack@keystone.service[49916]: DEBUG keystone.server.flask.request_processing.middleware.auth_context [None req-ae4a3211-647b-404c-9206-1d658340db5f None admin] Validating token access rules against request {{(pid=49916) validate_allowed_request /opt/stack/data/venv/lib/python3.12/site-packages/keystonemiddleware/auth_token/__init__.py:544}}
Aug 17 17:26:04 devstack devstack@keystone.service[49916]: DEBUG keystone.server.flask.request_processing.middleware.auth_context [None req-dd7c3655-4caf-459a-bae8-06443115917d None admin] RBAC: auth_context: {'token': , 'domain_id': None, 'trust_id': None, 'trustor_id': None, 'trustee_id': None, 'domain_name': None, 'group_ids': [], 'user_id': '62e7afa0527243558fc629ee20f755c1', 'user_domain_id': 'default', 'system_scope': 'all', 'project_id': None, 'project_domain_id': None, 'roles': ['admin', 'manager', 'member', 'reader'], 'is_admin_project': True, 'service_user_id': None, 'service_user_domain_id': None, 'service_project_id': None, 'service_project_domain_id': None, 'service_roles': []} {{(pid=49916) fill_context /opt/stack/keystone/keystone/server/flask/request_processing/middleware/auth_context.py:516}}
Aug 17 17:26:04 devstack devstack@keystone.service[49916]: DEBUG keystone.server.flask.request_processing.req_logging [None req-dd7c3655-4caf-459a-bae8-06443115917d None admin] REQUEST_METHOD: `GET` {{(pid=49916) log_request_info /opt/stack/keystone/keystone/server/flask/request_processing/req_logging.py:26}}
Aug 17 17:26:04 devstack devstack@keystone.service[49916]: DEBUG keystone.server.flask.request_processing.req_logging [None req-dd7c3655-4caf-459a-bae8-06443115917d None admin] SCRIPT_NAME: `/identity` {{(pid=49916) log_request_info /opt/stack/keystone/keystone/server/flask/request_processing/req_logging.py:27}}
Aug 17 17:26:04 devstack devstack@keystone.service[49916]: DEBUG keystone.server.flask.request_processing.req_logging [None req-dd7c3655-4caf-459a-bae8-06443115917d None admin] PATH_INFO: `/v3/roles/admin` {{(pid=49916) log_request_info /opt/stack/keystone/keystone/server/flask/request_processing/req_logging.py:28}}
Aug 17 17:26:04 devstack devstack@keystone.service[49916]: DEBUG keystone.common.rbac_enforcer.enforcer [None req-dd7c3655-4caf-459a-bae8-06443115917d None admin] Extracting inferred target data resulted in "NOT FOUND (404)". {{(pid=49916) enforce_call /opt/stack/keystone/keystone/common/rbac_enforcer/enforcer.py:445}}
Aug 17 17:26:04 devstack devstack@keystone.service[49916]: DEBUG keystone.server.flask.application [None req-dd7c3655-4caf-459a-bae8-06443115917d None admin] Could not find role: admin. {{(pid=49916) _handle_keystone_exception /opt/stack/keystone/keystone/server/flask/application.py:146}}
Aug 17 17:26:04 devstack devstack@keystone.service[49916]: [pid: 49916|app: 0|req: 21/41] 192.168.122.200 () {56 vars in 1141 bytes} [Mon Aug 17 17:26:04 2026] GET /identity/v3/roles/admin => generated 83 bytes in 224 msecs (HTTP/1.1 404) 5 headers in 183 bytes (1 switches on core 0)
Aug 17 17:26:04 devstack devstack@keystone.service[49916]: DEBUG keystone.server.flask.request_processing.middleware.auth_context [None req-dd7c3655-4caf-459a-bae8-06443115917d None admin] Authenticating user token {{(pid=49916) process_request /opt/stack/data/venv/lib/python3.12/site-packages/keystonemiddleware/auth_token/__init__.py:406}}
Aug 17 17:26:04 devstack devstack@keystone.service[49915]: DEBUG keystone.server.flask.request_processing.middleware.auth_context [None req-8fbe35c4-5659-4bf3-ada5-9c1bc41de6f5 None admin] Validating token access rules against request {{(pid=49915) validate_allowed_request /opt/stack/data/venv/lib/python3.12/site-packages/keystonemiddleware/auth_token/__init__.py:544}}
Aug 17 17:26:04 devstack devstack@keystone.service[49915]: DEBUG keystone.server.flask.request_processing.middleware.auth_context [None req-cf27bf74-ec34-4323-aed6-500025e9c4a8 None admin] RBAC: auth_context: {'token': , 'domain_id': None, 'trust_id': None, 'trustor_id': None, 'trustee_id': None, 'domain_name': None, 'group_ids': [], 'user_id': '62e7afa0527243558fc629ee20f755c1', 'user_domain_id': 'default', 'system_scope': 'all', 'project_id': None, 'project_domain_id': None, 'roles': ['admin', 'manager', 'member', 'reader'], 'is_admin_project': True, 'service_user_id': None, 'service_user_domain_id': None, 'service_project_id': None, 'service_project_domain_id': None, 'service_roles': []} {{(pid=49915) fill_context /opt/stack/keystone/keystone/server/flask/request_processing/middleware/auth_context.py:516}}
Aug 17 17:26:04 devstack devstack@keystone.service[49915]: DEBUG keystone.server.flask.request_processing.req_logging [None req-cf27bf74-ec34-4323-aed6-500025e9c4a8 None admin] REQUEST_METHOD: `POST` {{(pid=49915) log_request_info /opt/stack/keystone/keystone/server/flask/request_processing/req_logging.py:26}}
Aug 17 17:26:04 devstack devstack@keystone.service[49915]: DEBUG keystone.server.flask.request_processing.req_logging [None req-cf27bf74-ec34-4323-aed6-500025e9c4a8 None admin] SCRIPT_NAME: `/identity` {{(pid=49915) log_request_info /opt/stack/keystone/keystone/server/flask/request_processing/req_logging.py:27}}
Aug 17 17:26:04 devstack devstack@keystone.service[49915]: DEBUG keystone.server.flask.request_processing.req_logging [None req-cf27bf74-ec34-4323-aed6-500025e9c4a8 None admin] PATH_INFO: `/v3/roles` {{(pid=49915) log_request_info /opt/stack/keystone/keystone/server/flask/request_processing/req_logging.py:28}}
Aug 17 17:26:04 devstack devstack@keystone.service[49915]: DEBUG keystone.common.rbac_enforcer.enforcer [None req-cf27bf74-ec34-4323-aed6-500025e9c4a8 None admin] RBAC: Authorizing `identity:create_role()` {{(pid=49915) enforce_call /opt/stack/keystone/keystone/common/rbac_enforcer/enforcer.py:501}}
Aug 17 17:26:04 devstack devstack@keystone.service[49915]: DEBUG keystone.common.rbac_enforcer.enforcer [None req-cf27bf74-ec34-4323-aed6-500025e9c4a8 None admin] RBAC: Authorization granted {{(pid=49915) enforce_call /opt/stack/keystone/keystone/common/rbac_enforcer/enforcer.py:512}}
Aug 17 17:26:04 devstack devstack@keystone.service[49915]: DEBUG keystone.common.sql.core [None req-cf27bf74-ec34-4323-aed6-500025e9c4a8 None admin] Conflict role: (pymysql.err.IntegrityError) (1062, "Duplicate entry 'service-<>' for key 'role.ixu_role_name_domain_id'")
Aug 17 17:26:04 devstack devstack@keystone.service[49915]: [SQL: INSERT INTO `role` (id, name, description, extra) VALUES (%(id)s, %(name)s, %(description)s, %(extra)s)]
Aug 17 17:26:04 devstack devstack@keystone.service[49915]: [parameters: {'id': '734ac937e684446c925a8cea82280985', 'name': 'service', 'description': None, 'extra': '{}'}]
Aug 17 17:26:04 devstack devstack@keystone.service[49915]: (Background on this error at: https://sqlalche.me/e/20/gkpj) {{(pid=49915) wrapper /opt/stack/keystone/keystone/common/sql/core.py:580}}
Aug 17 17:26:04 devstack devstack@keystone.service[49916]: DEBUG keystone.server.flask.request_processing.middleware.auth_context [None req-dd7c3655-4caf-459a-bae8-06443115917d None admin] Validating token access rules against request {{(pid=49916) validate_allowed_request /opt/stack/data/venv/lib/python3.12/site-packages/keystonemiddleware/auth_token/__init__.py:544}}
Aug 17 17:26:04 devstack devstack@keystone.service[49915]: ERROR keystone.server.flask.application [None req-cf27bf74-ec34-4323-aed6-500025e9c4a8 None admin] Conflict occurred attempting to store role - Duplicate entry found with name service.: keystone.exception.Conflict: Conflict occurred attempting to store role - Duplicate entry found with name service.
Aug 17 17:26:04 devstack devstack@keystone.service[49915]: ERROR keystone.server.flask.application
Traceback (most recent call last):
Aug 17 17:26:04 devstack devstack@keystone.service[49915]: ERROR keystone.server.flask.application
File "/opt/stack/data/venv/lib/python3.12/site-packages/sqlalchemy/engine/base.py", line 1969, in _exec_single_context
Aug 17 17:26:04 devstack devstack@keystone.service[49915]: ERROR keystone.server.flask.application self.dialect.do_execute(
Aug 17 17:26:04 devstack devstack@keystone.service[49915]: ERROR keystone.server.flask.application
File "/opt/stack/data/venv/lib/python3.12/site-packages/sqlalchemy/engine/default.py", line 952, in do_execute
Aug 17 17:26:04 devstack devstack@keystone.service[49915]: ERROR keystone.server.flask.application cursor.execute(statement, parameters)
Aug 17 17:26:04 devstack devstack@keystone.service[49915]: ERROR keystone.server.flask.application
File "/opt/stack/data/venv/lib/python3.12/site-packages/pymysql/cursors.py", line 159, in execute
Aug 17 17:26:04 devstack devstack@keystone.service[49915]: ERROR keystone.server.flask.application result = self._query(query)
Aug 17 17:26:04 devstack devstack@keystone.service[49915]: ERROR keystone.server.flask.application ^^^^^^^^^^^^^^^^^^
Aug 17 17:26:04 devstack devstack@keystone.service[49915]: ERROR keystone.server.flask.application
File "/opt/stack/data/venv/lib/python3.12/site-packages/pymysql/cursors.py", line 330, in _query
Aug 17 17:26:04 devstack devstack@keystone.service[49915]: ERROR keystone.server.flask.application conn.query(q)
Aug 17 17:26:04 devstack devstack@keystone.service[49915]: ERROR keystone.server.flask.application
File "/opt/stack/data/venv/lib/python3.12/site-packages/pymysql/connections.py", line 582, in query
Aug 17 17:26:04 devstack devstack@keystone.service[49915]: ERROR keystone.server.flask.application self._affected_rows = self._read_query_result(unbuffered=unbuffered)
Aug 17 17:26:04 devstack devstack@keystone.service[49915]: ERROR keystone.server.flask.application ^^^^^^^^^^^^^^^^^^^^^^^^^^^^^^^^^^^^^^^^^^^^^^
Aug 17 17:26:04 devstack devstack@keystone.service[49915]: ERROR keystone.server.flask.application
File "/opt/stack/data/venv/lib/python3.12/site-packages/pymysql/connections.py", line 847, in _read_query_result
Aug 17 17:26:04 devstack devstack@keystone.service[49915]: ERROR keystone.server.flask.application result.read()
Aug 17 17:26:04 devstack devstack@keystone.service[49915]: ERROR keystone.server.flask.application
File "/opt/stack/data/venv/lib/python3.12/site-packages/pymysql/connections.py", line 1245, in read
Aug 17 17:26:04 devstack devstack@keystone.service[49915]: ERROR keystone.server.flask.application first_packet = self.connection._read_packet()
Aug 17 17:26:04 devstack devstack@keystone.service[49915]: ERROR keystone.server.flask.application ^^^^^^^^^^^^^^^^^^^^^^^^^^^^^^
Aug 17 17:26:04 devstack devstack@keystone.service[49915]: ERROR keystone.server.flask.application
File "/opt/stack/data/venv/lib/python3.12/site-packages/pymysql/connections.py", line 803, in _read_packet
Aug 17 17:26:04 devstack devstack@keystone.service[49915]: ERROR keystone.server.flask.application packet.raise_for_error()
Aug 17 17:26:04 devstack devstack@keystone.service[49915]: ERROR keystone.server.flask.application
File "/opt/stack/data/venv/lib/python3.12/site-packages/pymysql/protocol.py", line 219, in raise_for_error
Aug 17 17:26:04 devstack devstack@keystone.service[49915]: ERROR keystone.server.flask.application err.raise_mysql_exception(self._data)
Aug 17 17:26:04 devstack devstack@keystone.service[49915]: ERROR keystone.server.flask.application
File "/opt/stack/data/venv/lib/python3.12/site-packages/pymysql/err.py", line 154, in raise_mysql_exception
Aug 17 17:26:04 devstack devstack@keystone.service[49915]: ERROR keystone.server.flask.application raise errorclass(errno, errval, sqlstate=sqlstate)
Aug 17 17:26:04 devstack devstack@keystone.service[49915]: ERROR keystone.server.flask.application pymysql.err.IntegrityError: (1062, "Duplicate entry 'service-<>' for key 'role.ixu_role_name_domain_id'")
Aug 17 17:26:04 devstack devstack@keystone.service[49915]: ERROR keystone.server.flask.application
Aug 17 17:26:04 devstack devstack@keystone.service[49915]: ERROR keystone.server.flask.application The above exception was the direct cause of the following exception:
Aug 17 17:26:04 devstack devstack@keystone.service[49915]: ERROR keystone.server.flask.application
Aug 17 17:26:04 devstack devstack@keystone.service[49915]: ERROR keystone.server.flask.application
Traceback (most recent call last):
Aug 17 17:26:04 devstack devstack@keystone.service[49915]: ERROR keystone.server.flask.application
File "/opt/stack/keystone/keystone/common/sql/core.py", line 575, in wrapper
Aug 17 17:26:04 devstack devstack@keystone.service[49915]: ERROR keystone.server.flask.application return method(*args, **kwargs)
Aug 17 17:26:04 devstack devstack@keystone.service[49915]: ERROR keystone.server.flask.application ^^^^^^^^^^^^^^^^^^^^^^^
Aug 17 17:26:04 devstack devstack@keystone.service[49915]: ERROR keystone.server.flask.application
File "/opt/stack/keystone/keystone/assignment/role_backends/sql.py", line 25, in create_role
Aug 17 17:26:04 devstack devstack@keystone.service[49915]: ERROR keystone.server.flask.application with sql.session_for_write() as session:
Aug 17 17:26:04 devstack devstack@keystone.service[49915]: ERROR keystone.server.flask.application
File "/usr/lib/python3.12/contextlib.py", line 144, in __exit__
Aug 17 17:26:04 devstack devstack@keystone.service[49915]: ERROR keystone.server.flask.application next(self.gen)
Aug 17 17:26:04 devstack devstack@keystone.service[49915]: ERROR keystone.server.flask.application
File "/opt/stack/data/venv/lib/python3.12/site-packages/oslo_db/sqlalchemy/enginefacade.py", line 1175, in _transaction_scope
Aug 17 17:26:04 devstack devstack@keystone.service[49915]: ERROR keystone.server.flask.application with current._produce_block(
Aug 17 17:26:04 devstack devstack@keystone.service[49915]: ERROR keystone.server.flask.application
File "/usr/lib/python3.12/contextlib.py", line 144, in __exit__
Aug 17 17:26:04 devstack devstack@keystone.service[49915]: ERROR keystone.server.flask.application next(self.gen)
Aug 17 17:26:04 devstack devstack@keystone.service[49915]: ERROR keystone.server.flask.application
File "/opt/stack/data/venv/lib/python3.12/site-packages/oslo_db/sqlalchemy/enginefacade.py", line 837, in _session
Aug 17 17:26:04 devstack devstack@keystone.service[49915]: ERROR keystone.server.flask.application with excutils.save_and_reraise_exception():
Aug 17 17:26:04 devstack devstack@keystone.service[49915]: ERROR keystone.server.flask.application
File "/opt/stack/data/venv/lib/python3.12/site-packages/oslo_utils/excutils.py", line 266, in __exit__
Aug 17 17:26:04 devstack devstack@keystone.service[49915]: ERROR keystone.server.flask.application self.force_reraise()
