Jun 12 07:55:34 devstack cinder-volume[92145]: DEBUG cinder.volume.manager [None req-9541b7dc-6b4e-4d99-91b5-aa76a1417443 tempest-GroupSnapshotsTest-325563747 None] Task 'cinder.volume.flows.manager.create_volume.CreateVolumeOnFinishTask;volume:create, create.end' (4ab0f8a3-a83d-4c34-8f09-c703d7abaa32) transitioned into state 'SUCCESS' from state 'RUNNING' with result 'None' {{(pid=92145) _task_receiver /opt/stack/data/venv/lib/python3.12/site-packages/taskflow/listeners/logging.py:182}}
Jun 12 07:55:34 devstack cinder-volume[92145]: DEBUG cinder.volume.manager [None req-9541b7dc-6b4e-4d99-91b5-aa76a1417443 tempest-GroupSnapshotsTest-325563747 None] Flow 'volume_create_manager' (bb5b7e59-873f-4b04-82c2-8f218329aced) transitioned into state 'SUCCESS' from state 'RUNNING' {{(pid=92145) _flow_receiver /opt/stack/data/venv/lib/python3.12/site-packages/taskflow/listeners/logging.py:145}}
Jun 12 07:55:34 devstack cinder-volume[92145]: INFO cinder.volume.manager [None req-9541b7dc-6b4e-4d99-91b5-aa76a1417443 tempest-GroupSnapshotsTest-325563747 None] Created volume successfully.
Jun 12 07:55:35 devstack sudo[95123]: pam_unix(sudo:session): session closed for user root
Jun 12 07:55:35 devstack cinder-volume[92145]: DEBUG oslo_concurrency.processutils [None req-b6f0bf7b-7bd5-4b0f-8616-b14890787a63 tempest-VolumesAdminNegativeTest-1654869088 None] CMD "sudo cinder-rootwrap /etc/cinder/rootwrap.conf qemu-img create -f qcow2 -o preallocation=metadata /opt/stack/data/cinder/mnt/eee956c477219673d5ee3fa4bfc3a426/volume-24ab18d7-ae97-49f2-9941-6d185e59da33 1073741824" returned: 0 in 1.006s {{(pid=92145) execute /opt/stack/data/venv/lib/python3.12/site-packages/oslo_concurrency/processutils.py:468}}
Jun 12 07:55:35 devstack cinder-volume[92145]: DEBUG oslo_concurrency.processutils [None req-b6f0bf7b-7bd5-4b0f-8616-b14890787a63 tempest-VolumesAdminNegativeTest-1654869088 None] Running cmd (subprocess): sudo cinder-rootwrap /etc/cinder/rootwrap.conf chmod ugo+rw /opt/stack/data/cinder/mnt/eee956c477219673d5ee3fa4bfc3a426/volume-24ab18d7-ae97-49f2-9941-6d185e59da33 {{(pid=92145) execute /opt/stack/data/venv/lib/python3.12/site-packages/oslo_concurrency/processutils.py:440}}
Jun 12 07:55:35 devstack sudo[95193]: quobyte : PWD=/ ; USER=root ; COMMAND=/opt/stack/data/venv/bin/cinder-rootwrap /etc/cinder/rootwrap.conf chmod ugo+rw /opt/stack/data/cinder/mnt/eee956c477219673d5ee3fa4bfc3a426/volume-24ab18d7-ae97-49f2-9941-6d185e59da33
Jun 12 07:55:35 devstack sudo[95193]: pam_unix(sudo:session): session opened for user root(uid=0) by (uid=1000)
Jun 12 07:55:35 devstack cinder-volume[92145]: INFO cinder.volume.manager [None req-dad412a7-7501-4c6d-a3ce-25f07055826a tempest-GroupSnapshotsTest-325563747 None] Update group completed successfully.
Jun 12 07:55:36 devstack sudo[95193]: pam_unix(sudo:session): session closed for user root
Jun 12 07:55:36 devstack cinder-volume[92145]: DEBUG oslo_concurrency.processutils [None req-b6f0bf7b-7bd5-4b0f-8616-b14890787a63 tempest-VolumesAdminNegativeTest-1654869088 None] CMD "sudo cinder-rootwrap /etc/cinder/rootwrap.conf chmod ugo+rw /opt/stack/data/cinder/mnt/eee956c477219673d5ee3fa4bfc3a426/volume-24ab18d7-ae97-49f2-9941-6d185e59da33" returned: 0 in 0.978s {{(pid=92145) execute /opt/stack/data/venv/lib/python3.12/site-packages/oslo_concurrency/processutils.py:468}}
Jun 12 07:55:36 devstack cinder-volume[92145]: DEBUG cinder.volume.drivers.quobyte [None req-b6f0bf7b-7bd5-4b0f-8616-b14890787a63 tempest-VolumesAdminNegativeTest-1654869088 None] <== create_volume: return (2035ms) {'provider_location': 'osci02.corp.quobyte.com/cinder-vol-f874243d-1680-4919-90ca-189be5dcc3b4'} {{(pid=92145) trace_logging_wrapper /opt/stack/cinder/cinder/volume/volume_utils.py:1523}}
Jun 12 07:55:36 devstack cinder-volume[92145]: DEBUG oslo_concurrency.lockutils [None req-b6f0bf7b-7bd5-4b0f-8616-b14890787a63 tempest-VolumesAdminNegativeTest-1654869088 None] Lock "quobyte" "released" by "cinder.volume.drivers.quobyte.QuobyteDriver.create_volume" :: held 2.038s {{(pid=92145) inner /opt/stack/data/venv/lib/python3.12/site-packages/oslo_concurrency/lockutils.py:538}}
Jun 12 07:55:36 devstack cinder-volume[92145]: DEBUG cinder.volume.manager [None req-b6f0bf7b-7bd5-4b0f-8616-b14890787a63 tempest-VolumesAdminNegativeTest-1654869088 None] Task 'cinder.volume.flows.manager.create_volume.CreateVolumeFromSpecTask;volume:create' (24ac0064-64b1-4e38-9849-8abec70275b2) transitioned into state 'SUCCESS' from state 'RUNNING' with result '{'status': 'creating', 'volume_name': 'volume-24ab18d7-ae97-49f2-9941-6d185e59da33', 'volume_size': 1}' {{(pid=92145) _task_receiver /opt/stack/data/venv/lib/python3.12/site-packages/taskflow/listeners/logging.py:182}}
Jun 12 07:55:36 devstack cinder-volume[92145]: DEBUG cinder.volume.manager [None req-b6f0bf7b-7bd5-4b0f-8616-b14890787a63 tempest-VolumesAdminNegativeTest-1654869088 None] Task 'cinder.volume.flows.manager.create_volume.CreateVolumeOnFinishTask;volume:create, create.end' (da6407fd-f71c-42d6-8691-ab3a55d85229) transitioned into state 'RUNNING' from state 'PENDING' {{(pid=92145) _task_receiver /opt/stack/data/venv/lib/python3.12/site-packages/taskflow/listeners/logging.py:194}}
Jun 12 07:55:36 devstack cinder-volume[92145]: INFO cinder.volume.flows.manager.create_volume [None req-b6f0bf7b-7bd5-4b0f-8616-b14890787a63 tempest-VolumesAdminNegativeTest-1654869088 None] Volume volume-24ab18d7-ae97-49f2-9941-6d185e59da33 (24ab18d7-ae97-49f2-9941-6d185e59da33): created successfully
Jun 12 07:55:36 devstack cinder-volume[92145]: DEBUG cinder.volume.manager [None req-b6f0bf7b-7bd5-4b0f-8616-b14890787a63 tempest-VolumesAdminNegativeTest-1654869088 None] Task 'cinder.volume.flows.manager.create_volume.CreateVolumeOnFinishTask;volume:create, create.end' (da6407fd-f71c-42d6-8691-ab3a55d85229) transitioned into state 'SUCCESS' from state 'RUNNING' with result 'None' {{(pid=92145) _task_receiver /opt/stack/data/venv/lib/python3.12/site-packages/taskflow/listeners/logging.py:182}}
Jun 12 07:55:36 devstack cinder-volume[92145]: DEBUG cinder.volume.manager [None req-b6f0bf7b-7bd5-4b0f-8616-b14890787a63 tempest-VolumesAdminNegativeTest-1654869088 None] Flow 'volume_create_manager' (c575042b-3bd1-4f5d-9826-f605e8ed281f) transitioned into state 'SUCCESS' from state 'RUNNING' {{(pid=92145) _flow_receiver /opt/stack/data/venv/lib/python3.12/site-packages/taskflow/listeners/logging.py:145}}
Jun 12 07:55:36 devstack cinder-volume[92145]: INFO cinder.volume.manager [None req-b6f0bf7b-7bd5-4b0f-8616-b14890787a63 tempest-VolumesAdminNegativeTest-1654869088 None] Created volume successfully.
Jun 12 07:55:37 devstack cinder-volume[92145]: INFO cinder.volume.manager [None req-41e0010f-6e3b-423c-a4e4-93a2bd1d3d27 tempest-GroupSnapshotsTest-325563747 None] Update group completed successfully.
Jun 12 07:55:37 devstack cinder-volume[92145]: DEBUG cinder.coordination [None req-95981491-2473-4756-9bcb-253d3e883f5c tempest-VolumesAdminNegativeTest-1654869088 None] Acquiring lock "cinder-24ab18d7-ae97-49f2-9941-6d185e59da33-delete_volume" by "delete_volume" {{(pid=92145) __acquire /opt/stack/cinder/cinder/coordination.py:138}}
Jun 12 07:55:37 devstack cinder-volume[92145]: DEBUG cinder.coordination [None req-95981491-2473-4756-9bcb-253d3e883f5c tempest-VolumesAdminNegativeTest-1654869088 None] Lock "cinder-24ab18d7-ae97-49f2-9941-6d185e59da33-delete_volume" acquired by "delete_volume" :: waited 0.032s {{(pid=92145) __acquire /opt/stack/cinder/cinder/coordination.py:141}}
Jun 12 07:55:37 devstack cinder-volume[92145]: DEBUG cinder.coordination [None req-95981491-2473-4756-9bcb-253d3e883f5c tempest-VolumesAdminNegativeTest-1654869088 None] Acquiring lock "cinder-quobyte-24ab18d7-ae97-49f2-9941-6d185e59da33" by "delete_volume" {{(pid=92145) __acquire /opt/stack/cinder/cinder/coordination.py:138}}
Jun 12 07:55:37 devstack cinder-volume[92145]: DEBUG cinder.coordination [None req-95981491-2473-4756-9bcb-253d3e883f5c tempest-VolumesAdminNegativeTest-1654869088 None] Lock "cinder-quobyte-24ab18d7-ae97-49f2-9941-6d185e59da33" acquired by "delete_volume" :: waited 0.016s {{(pid=92145) __acquire /opt/stack/cinder/cinder/coordination.py:141}}
Jun 12 07:55:37 devstack cinder-volume[92145]: DEBUG oslo.privsep.daemon [-] privsep: reply[93a4b499-328e-4827-9d6d-6c944fccdd6b]: (4, 'qcow2') {{(pid=93138) _call_back /opt/stack/data/venv/lib/python3.12/site-packages/oslo_privsep/daemon.py:573}}
Jun 12 07:55:37 devstack cinder-volume[92145]: DEBUG oslo_concurrency.processutils [None req-95981491-2473-4756-9bcb-253d3e883f5c tempest-VolumesAdminNegativeTest-1654869088 None] Running cmd (subprocess): /opt/stack/data/venv/bin/python3.12 -m oslo_concurrency.prlimit --as=1073741824 --cpu=60 -- sudo cinder-rootwrap /etc/cinder/rootwrap.conf env LC_ALL=C qemu-img info -f qcow2 --output=json --force-share /opt/stack/data/cinder/mnt/eee956c477219673d5ee3fa4bfc3a426/volume-24ab18d7-ae97-49f2-9941-6d185e59da33 {{(pid=92145) execute /opt/stack/data/venv/lib/python3.12/site-packages/oslo_concurrency/processutils.py:440}}
Jun 12 07:55:37 devstack sudo[95220]: quobyte : PWD=/ ; USER=root ; COMMAND=/opt/stack/data/venv/bin/cinder-rootwrap /etc/cinder/rootwrap.conf env LC_ALL=C qemu-img info -f qcow2 --output=json --force-share /opt/stack/data/cinder/mnt/eee956c477219673d5ee3fa4bfc3a426/volume-24ab18d7-ae97-49f2-9941-6d185e59da33
Jun 12 07:55:37 devstack sudo[95220]: pam_unix(sudo:session): session opened for user root(uid=0) by (uid=1000)
Jun 12 07:55:38 devstack cinder-volume[92145]: INFO cinder.volume.manager [None req-9476474c-2b32-44f1-aa9f-2ab6345e48fb tempest-GroupSnapshotsTest-325563747 None] Update group completed successfully.
Jun 12 07:55:38 devstack sudo[95220]: pam_unix(sudo:session): session closed for user root
Jun 12 07:55:38 devstack cinder-volume[92145]: DEBUG oslo_concurrency.processutils [None req-95981491-2473-4756-9bcb-253d3e883f5c tempest-VolumesAdminNegativeTest-1654869088 None] CMD "/opt/stack/data/venv/bin/python3.12 -m oslo_concurrency.prlimit --as=1073741824 --cpu=60 -- sudo cinder-rootwrap /etc/cinder/rootwrap.conf env LC_ALL=C qemu-img info -f qcow2 --output=json --force-share /opt/stack/data/cinder/mnt/eee956c477219673d5ee3fa4bfc3a426/volume-24ab18d7-ae97-49f2-9941-6d185e59da33" returned: 0 in 1.041s {{(pid=92145) execute /opt/stack/data/venv/lib/python3.12/site-packages/oslo_concurrency/processutils.py:468}}
Jun 12 07:55:38 devstack cinder-volume[92145]: DEBUG oslo_concurrency.processutils [None req-95981491-2473-4756-9bcb-253d3e883f5c tempest-VolumesAdminNegativeTest-1654869088 None] Running cmd (subprocess): sudo cinder-rootwrap /etc/cinder/rootwrap.conf rm -f /opt/stack/data/cinder/mnt/eee956c477219673d5ee3fa4bfc3a426/volume-24ab18d7-ae97-49f2-9941-6d185e59da33 {{(pid=92145) execute /opt/stack/data/venv/lib/python3.12/site-packages/oslo_concurrency/processutils.py:440}}
Jun 12 07:55:38 devstack sudo[95576]: quobyte : PWD=/ ; USER=root ; COMMAND=/opt/stack/data/venv/bin/cinder-rootwrap /etc/cinder/rootwrap.conf rm -f /opt/stack/data/cinder/mnt/eee956c477219673d5ee3fa4bfc3a426/volume-24ab18d7-ae97-49f2-9941-6d185e59da33
Jun 12 07:55:38 devstack sudo[95576]: pam_unix(sudo:session): session opened for user root(uid=0) by (uid=1000)
Jun 12 07:55:39 devstack cinder-volume[92145]: INFO cinder.volume.manager [None req-71101ff8-d069-4bde-847c-b12b9835adcd tempest-GroupSnapshotsTest-325563747 None] Update group completed successfully.
Jun 12 07:55:40 devstack sudo[95576]: pam_unix(sudo:session): session closed for user root
Jun 12 07:55:40 devstack cinder-volume[92145]: DEBUG oslo_concurrency.processutils [None req-95981491-2473-4756-9bcb-253d3e883f5c tempest-VolumesAdminNegativeTest-1654869088 None] CMD "sudo cinder-rootwrap /etc/cinder/rootwrap.conf rm -f /opt/stack/data/cinder/mnt/eee956c477219673d5ee3fa4bfc3a426/volume-24ab18d7-ae97-49f2-9941-6d185e59da33" returned: 0 in 1.345s {{(pid=92145) execute /opt/stack/data/venv/lib/python3.12/site-packages/oslo_concurrency/processutils.py:468}}
Jun 12 07:55:40 devstack cinder-volume[92145]: DEBUG cinder.coordination [None req-95981491-2473-4756-9bcb-253d3e883f5c tempest-VolumesAdminNegativeTest-1654869088 None] Lock "cinder-quobyte-24ab18d7-ae97-49f2-9941-6d185e59da33" released by "delete_volume" :: held 2.430s {{(pid=92145) __release /opt/stack/cinder/cinder/coordination.py:152}}
Jun 12 07:55:40 devstack cinder-volume[92145]: DEBUG cinder.quota [None req-95981491-2473-4756-9bcb-253d3e883f5c tempest-VolumesAdminNegativeTest-1654869088 None] Created reservations ['d4040611-865a-4bde-9f3e-24bb29f830e8', 'b2b4c17f-64fe-43e5-988b-e844d4abc11c', '9c712ded-f82e-429e-ae41-bc97f31f0edd', '69d86bbe-537e-4a6a-b715-430a8527a8d4'] {{(pid=92145) reserve /opt/stack/cinder/cinder/quota.py:752}}
Jun 12 07:55:40 devstack cinder-volume[92145]: DEBUG oslo_concurrency.lockutils [None req-95981491-2473-4756-9bcb-253d3e883f5c tempest-VolumesAdminNegativeTest-1654869088 None] Acquiring lock "quobyte_ensure" by "cinder.volume.drivers.quobyte.QuobyteDriver._ensure_shares_mounted" {{(pid=92145) inner /opt/stack/data/venv/lib/python3.12/site-packages/oslo_concurrency/lockutils.py:506}}
Jun 12 07:55:40 devstack cinder-volume[92145]: DEBUG oslo_concurrency.lockutils [None req-95981491-2473-4756-9bcb-253d3e883f5c tempest-VolumesAdminNegativeTest-1654869088 None] Lock "quobyte_ensure" acquired by "cinder.volume.drivers.quobyte.QuobyteDriver._ensure_shares_mounted" :: waited 0.001s {{(pid=92145) inner /opt/stack/data/venv/lib/python3.12/site-packages/oslo_concurrency/lockutils.py:519}}
Jun 12 07:55:40 devstack cinder-volume[92145]: DEBUG cinder.volume.drivers.quobyte [None req-95981491-2473-4756-9bcb-253d3e883f5c tempest-VolumesAdminNegativeTest-1654869088 None] Quobyte Volume URL set to: {'osci02.corp.quobyte.com/cinder-vol-f874243d-1680-4919-90ca-189be5dcc3b4': None} {{(pid=92145) _load_shares_config /opt/stack/cinder/cinder/volume/drivers/quobyte.py:617}}
Jun 12 07:55:40 devstack cinder-volume[92145]: DEBUG cinder.volume.drivers.quobyte [None req-95981491-2473-4756-9bcb-253d3e883f5c tempest-VolumesAdminNegativeTest-1654869088 None] Available shares ['osci02.corp.quobyte.com/cinder-vol-f874243d-1680-4919-90ca-189be5dcc3b4'] {{(pid=92145) _ensure_shares_mounted /opt/stack/cinder/cinder/volume/drivers/quobyte.py:647}}
Jun 12 07:55:40 devstack cinder-volume[92145]: DEBUG oslo_concurrency.lockutils [None req-95981491-2473-4756-9bcb-253d3e883f5c tempest-VolumesAdminNegativeTest-1654869088 None] Lock "quobyte_ensure" "released" by "cinder.volume.drivers.quobyte.QuobyteDriver._ensure_shares_mounted" :: held 0.012s {{(pid=92145) inner /opt/stack/data/venv/lib/python3.12/site-packages/oslo_concurrency/lockutils.py:538}}
Jun 12 07:55:40 devstack cinder-volume[92145]: DEBUG oslo_concurrency.processutils [None req-95981491-2473-4756-9bcb-253d3e883f5c tempest-VolumesAdminNegativeTest-1654869088 None] Running cmd (subprocess): sudo cinder-rootwrap /etc/cinder/rootwrap.conf df --portability --block-size 1 /opt/stack/data/cinder/mnt/eee956c477219673d5ee3fa4bfc3a426 {{(pid=92145) execute /opt/stack/data/venv/lib/python3.12/site-packages/oslo_concurrency/processutils.py:440}}
Jun 12 07:55:40 devstack sudo[95602]: quobyte : PWD=/ ; USER=root ; COMMAND=/opt/stack/data/venv/bin/cinder-rootwrap /etc/cinder/rootwrap.conf df --portability --block-size 1 /opt/stack/data/cinder/mnt/eee956c477219673d5ee3fa4bfc3a426
Jun 12 07:55:40 devstack sudo[95602]: pam_unix(sudo:session): session opened for user root(uid=0) by (uid=1000)
Jun 12 07:55:41 devstack sudo[95602]: pam_unix(sudo:session): session closed for user root
Jun 12 07:55:41 devstack cinder-volume[92145]: DEBUG oslo_concurrency.processutils [None req-95981491-2473-4756-9bcb-253d3e883f5c tempest-VolumesAdminNegativeTest-1654869088 None] CMD "sudo cinder-rootwrap /etc/cinder/rootwrap.conf df --portability --block-size 1 /opt/stack/data/cinder/mnt/eee956c477219673d5ee3fa4bfc3a426" returned: 0 in 0.974s {{(pid=92145) execute /opt/stack/data/venv/lib/python3.12/site-packages/oslo_concurrency/processutils.py:468}}
Jun 12 07:55:41 devstack cinder-volume[92145]: DEBUG cinder.manager [None req-95981491-2473-4756-9bcb-253d3e883f5c tempest-VolumesAdminNegativeTest-1654869088 None] Notifying Schedulers of capabilities ... {{(pid=92145) _publish_service_capabilities /opt/stack/cinder/cinder/manager.py:202}}
Jun 12 07:55:41 devstack cinder-volume[92145]: INFO cinder.volume.manager [None req-95981491-2473-4756-9bcb-253d3e883f5c tempest-VolumesAdminNegativeTest-1654869088 None] Deleted volume successfully.
Jun 12 07:55:41 devstack cinder-volume[92145]: DEBUG cinder.coordination [None req-95981491-2473-4756-9bcb-253d3e883f5c tempest-VolumesAdminNegativeTest-1654869088 None] Lock "cinder-24ab18d7-ae97-49f2-9941-6d185e59da33-delete_volume" released by "delete_volume" :: held 3.739s {{(pid=92145) __release /opt/stack/cinder/cinder/coordination.py:152}}
Jun 12 07:55:41 devstack cinder-volume[92145]: INFO cinder.volume.manager [None req-7e77f718-3f5a-4598-9194-705e4dea0d2e tempest-GroupSnapshotsTest-325563747 None] GroupSnapshot d3c74d5e-539a-4ce8-96ca-4e1796c860ed: creating.
Jun 12 07:55:41 devstack cinder-volume[92145]: DEBUG cinder.volume.manager [None req-7e77f718-3f5a-4598-9194-705e4dea0d2e tempest-GroupSnapshotsTest-325563747 None] Group snapshot d3c74d5e-539a-4ce8-96ca-4e1796c860ed: creating. {{(pid=92145) create_group_snapshot /opt/stack/cinder/cinder/volume/manager.py:4175}}
Jun 12 07:55:41 devstack cinder-volume[92145]: DEBUG oslo_concurrency.lockutils [None req-7e77f718-3f5a-4598-9194-705e4dea0d2e tempest-GroupSnapshotsTest-325563747 None] Acquiring lock "quobyte" by "cinder.volume.drivers.quobyte.QuobyteDriver.create_snapshot" {{(pid=92145) inner /opt/stack/data/venv/lib/python3.12/site-packages/oslo_concurrency/lockutils.py:506}}
Jun 12 07:55:41 devstack cinder-volume[92145]: DEBUG oslo_concurrency.lockutils [None req-7e77f718-3f5a-4598-9194-705e4dea0d2e tempest-GroupSnapshotsTest-325563747 None] Lock "quobyte" acquired by "cinder.volume.drivers.quobyte.QuobyteDriver.create_snapshot" :: waited 0.001s {{(pid=92145) inner /opt/stack/data/venv/lib/python3.12/site-packages/oslo_concurrency/lockutils.py:519}}
Jun 12 07:55:41 devstack cinder-volume[92145]: DEBUG cinder.volume.drivers.remotefs [None req-7e77f718-3f5a-4598-9194-705e4dea0d2e tempest-GroupSnapshotsTest-325563747 None] Creating offline snapshot 9135b723-7356-44dc-bee6-415fdfce9772 of volume f11b6661-af3a-4344-9786-5752b457e123 {{(pid=92145) _create_snapshot /opt/stack/cinder/cinder/volume/drivers/remotefs.py:1815}}
Jun 12 07:55:41 devstack cinder-volume[92145]: DEBUG oslo.privsep.daemon [-] privsep: reply[231dd45f-b0ae-4d8d-900c-b41021a10128]: (4, 'qcow2') {{(pid=93138) _call_back /opt/stack/data/venv/lib/python3.12/site-packages/oslo_privsep/daemon.py:573}}
Jun 12 07:55:41 devstack cinder-volume[92145]: DEBUG oslo_concurrency.processutils [None req-7e77f718-3f5a-4598-9194-705e4dea0d2e tempest-GroupSnapshotsTest-325563747 None] Running cmd (subprocess): /opt/stack/data/venv/bin/python3.12 -m oslo_concurrency.prlimit --as=1073741824 --cpu=60 -- sudo cinder-rootwrap /etc/cinder/rootwrap.conf env LC_ALL=C qemu-img info -f qcow2 --output=json --force-share /opt/stack/data/cinder/mnt/eee956c477219673d5ee3fa4bfc3a426/volume-f11b6661-af3a-4344-9786-5752b457e123 {{(pid=92145) execute /opt/stack/data/venv/lib/python3.12/site-packages/oslo_concurrency/processutils.py:440}}
Jun 12 07:55:42 devstack sudo[95606]: quobyte : PWD=/ ; USER=root ; COMMAND=/opt/stack/data/venv/bin/cinder-rootwrap /etc/cinder/rootwrap.conf env LC_ALL=C qemu-img info -f qcow2 --output=json --force-share /opt/stack/data/cinder/mnt/eee956c477219673d5ee3fa4bfc3a426/volume-f11b6661-af3a-4344-9786-5752b457e123
Jun 12 07:55:42 devstack sudo[95606]: pam_unix(sudo:session): session opened for user root(uid=0) by (uid=1000)
Jun 12 07:55:43 devstack sudo[95606]: pam_unix(sudo:session): session closed for user root
Jun 12 07:55:43 devstack cinder-volume[92145]: DEBUG oslo_concurrency.processutils [None req-7e77f718-3f5a-4598-9194-705e4dea0d2e tempest-GroupSnapshotsTest-325563747 None] CMD "/opt/stack/data/venv/bin/python3.12 -m oslo_concurrency.prlimit --as=1073741824 --cpu=60 -- sudo cinder-rootwrap /etc/cinder/rootwrap.conf env LC_ALL=C qemu-img info -f qcow2 --output=json --force-share /opt/stack/data/cinder/mnt/eee956c477219673d5ee3fa4bfc3a426/volume-f11b6661-af3a-4344-9786-5752b457e123" returned: 0 in 1.364s {{(pid=92145) execute /opt/stack/data/venv/lib/python3.12/site-packages/oslo_concurrency/processutils.py:468}}
Jun 12 07:55:43 devstack cinder-volume[92145]: DEBUG oslo_concurrency.processutils [None req-7e77f718-3f5a-4598-9194-705e4dea0d2e tempest-GroupSnapshotsTest-325563747 None] Running cmd (subprocess): sudo cinder-rootwrap /etc/cinder/rootwrap.conf qemu-img create -f qcow2 -o backing_file=/opt/stack/data/cinder/mnt/eee956c477219673d5ee3fa4bfc3a426/volume-f11b6661-af3a-4344-9786-5752b457e123,backing_fmt=qcow2 /opt/stack/data/cinder/mnt/eee956c477219673d5ee3fa4bfc3a426/volume-f11b6661-af3a-4344-9786-5752b457e123.9135b723-7356-44dc-bee6-415fdfce9772 1G {{(pid=92145) execute /opt/stack/data/venv/lib/python3.12/site-packages/oslo_concurrency/processutils.py:440}}
Jun 12 07:55:43 devstack sudo[95652]: quobyte : PWD=/ ; USER=root ; COMMAND=/opt/stack/data/venv/bin/cinder-rootwrap /etc/cinder/rootwrap.conf qemu-img create -f qcow2 -o backing_file=/opt/stack/data/cinder/mnt/eee956c477219673d5ee3fa4bfc3a426/volume-f11b6661-af3a-4344-9786-5752b457e123,backing_fmt=qcow2 /opt/stack/data/cinder/mnt/eee956c477219673d5ee3fa4bfc3a426/volume-f11b6661-af3a-4344-9786-5752b457e123.9135b723-7356-44dc-bee6-415fdfce9772 1G
Jun 12 07:55:43 devstack sudo[95652]: pam_unix(sudo:session): session opened for user root(uid=0) by (uid=1000)
Jun 12 07:55:44 devstack sudo[95652]: pam_unix(sudo:session): session closed for user root
Jun 12 07:55:44 devstack cinder-volume[92145]: DEBUG oslo_concurrency.processutils [None req-7e77f718-3f5a-4598-9194-705e4dea0d2e tempest-GroupSnapshotsTest-325563747 None] CMD "sudo cinder-rootwrap /etc/cinder/rootwrap.conf qemu-img create -f qcow2 -o backing_file=/opt/stack/data/cinder/mnt/eee956c477219673d5ee3fa4bfc3a426/volume-f11b6661-af3a-4344-9786-5752b457e123,backing_fmt=qcow2 /opt/stack/data/cinder/mnt/eee956c477219673d5ee3fa4bfc3a426/volume-f11b6661-af3a-4344-9786-5752b457e123.9135b723-7356-44dc-bee6-415fdfce9772 1G" returned: 0 in 1.223s {{(pid=92145) execute /opt/stack/data/venv/lib/python3.12/site-packages/oslo_concurrency/processutils.py:468}}
Jun 12 07:55:44 devstack cinder-volume[92145]: DEBUG oslo_concurrency.processutils [None req-7e77f718-3f5a-4598-9194-705e4dea0d2e tempest-GroupSnapshotsTest-325563747 None] Running cmd (subprocess): sudo cinder-rootwrap /etc/cinder/rootwrap.conf qemu-img rebase -u -b volume-f11b6661-af3a-4344-9786-5752b457e123 -F qcow2 /opt/stack/data/cinder/mnt/eee956c477219673d5ee3fa4bfc3a426/volume-f11b6661-af3a-4344-9786-5752b457e123.9135b723-7356-44dc-bee6-415fdfce9772 {{(pid=92145) execute /opt/stack/data/venv/lib/python3.12/site-packages/oslo_concurrency/processutils.py:440}}
Jun 12 07:55:44 devstack sudo[95691]: quobyte : PWD=/ ; USER=root ; COMMAND=/opt/stack/data/venv/bin/cinder-rootwrap /etc/cinder/rootwrap.conf qemu-img rebase -u -b volume-f11b6661-af3a-4344-9786-5752b457e123 -F qcow2 /opt/stack/data/cinder/mnt/eee956c477219673d5ee3fa4bfc3a426/volume-f11b6661-af3a-4344-9786-5752b457e123.9135b723-7356-44dc-bee6-415fdfce9772
Jun 12 07:55:44 devstack sudo[95691]: pam_unix(sudo:session): session opened for user root(uid=0) by (uid=1000)
Jun 12 07:55:45 devstack sudo[95691]: pam_unix(sudo:session): session closed for user root
Jun 12 07:55:45 devstack cinder-volume[92145]: DEBUG oslo_concurrency.processutils [None req-7e77f718-3f5a-4598-9194-705e4dea0d2e tempest-GroupSnapshotsTest-325563747 None] CMD "sudo cinder-rootwrap /etc/cinder/rootwrap.conf qemu-img rebase -u -b volume-f11b6661-af3a-4344-9786-5752b457e123 -F qcow2 /opt/stack/data/cinder/mnt/eee956c477219673d5ee3fa4bfc3a426/volume-f11b6661-af3a-4344-9786-5752b457e123.9135b723-7356-44dc-bee6-415fdfce9772" returned: 0 in 0.913s {{(pid=92145) execute /opt/stack/data/venv/lib/python3.12/site-packages/oslo_concurrency/processutils.py:468}}
Jun 12 07:55:45 devstack cinder-volume[92145]: WARNING cinder.volume.drivers.remotefs [None req-7e77f718-3f5a-4598-9194-705e4dea0d2e tempest-GroupSnapshotsTest-325563747 None] /opt/stack/data/cinder/mnt/eee956c477219673d5ee3fa4bfc3a426/volume-f11b6661-af3a-4344-9786-5752b457e123.9135b723-7356-44dc-bee6-415fdfce9772 is being set with open permissions: ugo+rw: NotImplementedError
Jun 12 07:55:45 devstack cinder-volume[92145]: DEBUG oslo_concurrency.processutils [None req-7e77f718-3f5a-4598-9194-705e4dea0d2e tempest-GroupSnapshotsTest-325563747 None] Running cmd (subprocess): sudo cinder-rootwrap /etc/cinder/rootwrap.conf chmod ugo+rw /opt/stack/data/cinder/mnt/eee956c477219673d5ee3fa4bfc3a426/volume-f11b6661-af3a-4344-9786-5752b457e123.9135b723-7356-44dc-bee6-415fdfce9772 {{(pid=92145) execute /opt/stack/data/venv/lib/python3.12/site-packages/oslo_concurrency/processutils.py:440}}
Jun 12 07:55:45 devstack sudo[95700]: quobyte : PWD=/ ; USER=root ; COMMAND=/opt/stack/data/venv/bin/cinder-rootwrap /etc/cinder/rootwrap.conf chmod ugo+rw /opt/stack/data/cinder/mnt/eee956c477219673d5ee3fa4bfc3a426/volume-f11b6661-af3a-4344-9786-5752b457e123.9135b723-7356-44dc-bee6-415fdfce9772
Jun 12 07:55:45 devstack sudo[95700]: pam_unix(sudo:session): session opened for user root(uid=0) by (uid=1000)
Jun 12 07:55:45 devstack sudo[95700]: pam_unix(sudo:session): session closed for user root
Jun 12 07:55:45 devstack cinder-volume[92145]: DEBUG oslo_concurrency.processutils [None req-7e77f718-3f5a-4598-9194-705e4dea0d2e tempest-GroupSnapshotsTest-325563747 None] CMD "sudo cinder-rootwrap /etc/cinder/rootwrap.conf chmod ugo+rw /opt/stack/data/cinder/mnt/eee956c477219673d5ee3fa4bfc3a426/volume-f11b6661-af3a-4344-9786-5752b457e123.9135b723-7356-44dc-bee6-415fdfce9772" returned: 0 in 0.594s {{(pid=92145) execute /opt/stack/data/venv/lib/python3.12/site-packages/oslo_concurrency/processutils.py:468}}
Jun 12 07:55:46 devstack cinder-volume[92145]: DEBUG oslo_concurrency.processutils [None req-7e77f718-3f5a-4598-9194-705e4dea0d2e tempest-GroupSnapshotsTest-325563747 None] Running cmd (subprocess): sudo cinder-rootwrap /etc/cinder/rootwrap.conf truncate -s0 /opt/stack/data/cinder/mnt/eee956c477219673d5ee3fa4bfc3a426/volume-f11b6661-af3a-4344-9786-5752b457e123.info {{(pid=92145) execute /opt/stack/data/venv/lib/python3.12/site-packages/oslo_concurrency/processutils.py:440}}
Jun 12 07:55:46 devstack sudo[95703]: quobyte : PWD=/ ; USER=root ; COMMAND=/opt/stack/data/venv/bin/cinder-rootwrap /etc/cinder/rootwrap.conf truncate -s0 /opt/stack/data/cinder/mnt/eee956c477219673d5ee3fa4bfc3a426/volume-f11b6661-af3a-4344-9786-5752b457e123.info
Jun 12 07:55:46 devstack sudo[95703]: pam_unix(sudo:session): session opened for user root(uid=0) by (uid=1000)
Jun 12 07:55:46 devstack sudo[95703]: pam_unix(sudo:session): session closed for user root
Jun 12 07:55:46 devstack cinder-volume[92145]: DEBUG oslo_concurrency.processutils [None req-7e77f718-3f5a-4598-9194-705e4dea0d2e tempest-GroupSnapshotsTest-325563747 None] CMD "sudo cinder-rootwrap /etc/cinder/rootwrap.conf truncate -s0 /opt/stack/data/cinder/mnt/eee956c477219673d5ee3fa4bfc3a426/volume-f11b6661-af3a-4344-9786-5752b457e123.info" returned: 0 in 0.770s {{(pid=92145) execute /opt/stack/data/venv/lib/python3.12/site-packages/oslo_concurrency/processutils.py:468}}
Jun 12 07:55:46 devstack cinder-volume[92145]: WARNING cinder.volume.drivers.remotefs [None req-7e77f718-3f5a-4598-9194-705e4dea0d2e tempest-GroupSnapshotsTest-325563747 None] /opt/stack/data/cinder/mnt/eee956c477219673d5ee3fa4bfc3a426/volume-f11b6661-af3a-4344-9786-5752b457e123.info is being set with open permissions: ugo+rw: NotImplementedError
Jun 12 07:55:46 devstack cinder-volume[92145]: DEBUG oslo_concurrency.processutils [None req-7e77f718-3f5a-4598-9194-705e4dea0d2e tempest-GroupSnapshotsTest-325563747 None] Running cmd (subprocess): sudo cinder-rootwrap /etc/cinder/rootwrap.conf chmod ugo+rw /opt/stack/data/cinder/mnt/eee956c477219673d5ee3fa4bfc3a426/volume-f11b6661-af3a-4344-9786-5752b457e123.info {{(pid=92145) execute /opt/stack/data/venv/lib/python3.12/site-packages/oslo_concurrency/processutils.py:440}}
Jun 12 07:55:46 devstack sudo[95708]: quobyte : PWD=/ ; USER=root ; COMMAND=/opt/stack/data/venv/bin/cinder-rootwrap /etc/cinder/rootwrap.conf chmod ugo+rw /opt/stack/data/cinder/mnt/eee956c477219673d5ee3fa4bfc3a426/volume-f11b6661-af3a-4344-9786-5752b457e123.info
Jun 12 07:55:46 devstack sudo[95708]: pam_unix(sudo:session): session opened for user root(uid=0) by (uid=1000)
Jun 12 07:55:47 devstack sudo[95708]: pam_unix(sudo:session): session closed for user root
Jun 12 07:55:47 devstack cinder-volume[92145]: DEBUG oslo_concurrency.processutils [None req-7e77f718-3f5a-4598-9194-705e4dea0d2e tempest-GroupSnapshotsTest-325563747 None] CMD "sudo cinder-rootwrap /etc/cinder/rootwrap.conf chmod ugo+rw /opt/stack/data/cinder/mnt/eee956c477219673d5ee3fa4bfc3a426/volume-f11b6661-af3a-4344-9786-5752b457e123.info" returned: 0 in 0.629s {{(pid=92145) execute /opt/stack/data/venv/lib/python3.12/site-packages/oslo_concurrency/processutils.py:468}}
Jun 12 07:55:47 devstack cinder-volume[92145]: DEBUG oslo_concurrency.lockutils [None req-7e77f718-3f5a-4598-9194-705e4dea0d2e tempest-GroupSnapshotsTest-325563747 None] Lock "quobyte" "released" by "cinder.volume.drivers.quobyte.QuobyteDriver.create_snapshot" :: held 5.631s {{(pid=92145) inner /opt/stack/data/venv/lib/python3.12/site-packages/oslo_concurrency/lockutils.py:538}}
Jun 12 07:55:47 devstack cinder-volume[92145]: DEBUG oslo_concurrency.lockutils [None req-7e77f718-3f5a-4598-9194-705e4dea0d2e tempest-GroupSnapshotsTest-325563747 None] Acquiring lock "quobyte" by "cinder.volume.drivers.quobyte.QuobyteDriver.create_snapshot" {{(pid=92145) inner /opt/stack/data/venv/lib/python3.12/site-packages/oslo_concurrency/lockutils.py:506}}
Jun 12 07:55:47 devstack cinder-volume[92145]: DEBUG oslo_concurrency.lockutils [None req-7e77f718-3f5a-4598-9194-705e4dea0d2e tempest-GroupSnapshotsTest-325563747 None] Lock "quobyte" acquired by "cinder.volume.drivers.quobyte.QuobyteDriver.create_snapshot" :: waited 0.001s {{(pid=92145) inner /opt/stack/data/venv/lib/python3.12/site-packages/oslo_concurrency/lockutils.py:519}}
Jun 12 07:55:47 devstack cinder-volume[92145]: DEBUG cinder.volume.drivers.remotefs [None req-7e77f718-3f5a-4598-9194-705e4dea0d2e tempest-GroupSnapshotsTest-325563747 None] Creating offline snapshot d52c4006-0348-45c7-9af0-52a749104481 of volume 624d490b-828c-4dd9-99f8-6ee4beb93773 {{(pid=92145) _create_snapshot /opt/stack/cinder/cinder/volume/drivers/remotefs.py:1815}}
Jun 12 07:55:47 devstack cinder-volume[92145]: DEBUG oslo.privsep.daemon [-] privsep: reply[7d933cde-3568-4422-89e8-b8fac2bb25a7]: (4, 'qcow2') {{(pid=93138) _call_back /opt/stack/data/venv/lib/python3.12/site-packages/oslo_privsep/daemon.py:573}}
Jun 12 07:55:47 devstack cinder-volume[92145]: DEBUG oslo_concurrency.processutils [None req-7e77f718-3f5a-4598-9194-705e4dea0d2e tempest-GroupSnapshotsTest-325563747 None] Running cmd (subprocess): /opt/stack/data/venv/bin/python3.12 -m oslo_concurrency.prlimit --as=1073741824 --cpu=60 -- sudo cinder-rootwrap /etc/cinder/rootwrap.conf env LC_ALL=C qemu-img info -f qcow2 --output=json --force-share /opt/stack/data/cinder/mnt/eee956c477219673d5ee3fa4bfc3a426/volume-624d490b-828c-4dd9-99f8-6ee4beb93773 {{(pid=92145) execute /opt/stack/data/venv/lib/python3.12/site-packages/oslo_concurrency/processutils.py:440}}
Jun 12 07:55:47 devstack sudo[95711]: quobyte : PWD=/ ; USER=root ; COMMAND=/opt/stack/data/venv/bin/cinder-rootwrap /etc/cinder/rootwrap.conf env LC_ALL=C qemu-img info -f qcow2 --output=json --force-share /opt/stack/data/cinder/mnt/eee956c477219673d5ee3fa4bfc3a426/volume-624d490b-828c-4dd9-99f8-6ee4beb93773
Jun 12 07:55:47 devstack sudo[95711]: pam_unix(sudo:session): session opened for user root(uid=0) by (uid=1000)
Jun 12 07:55:48 devstack sudo[95711]: pam_unix(sudo:session): session closed for user root
Jun 12 07:55:48 devstack cinder-volume[92145]: DEBUG oslo_concurrency.processutils [None req-7e77f718-3f5a-4598-9194-705e4dea0d2e tempest-GroupSnapshotsTest-325563747 None] CMD "/opt/stack/data/venv/bin/python3.12 -m oslo_concurrency.prlimit --as=1073741824 --cpu=60 -- sudo cinder-rootwrap /etc/cinder/rootwrap.conf env LC_ALL=C qemu-img info -f qcow2 --output=json --force-share /opt/stack/data/cinder/mnt/eee956c477219673d5ee3fa4bfc3a426/volume-624d490b-828c-4dd9-99f8-6ee4beb93773" returned: 0 in 0.780s {{(pid=92145) execute /opt/stack/data/venv/lib/python3.12/site-packages/oslo_concurrency/processutils.py:468}}
Jun 12 07:55:48 devstack cinder-volume[92145]: DEBUG oslo_concurrency.processutils [None req-7e77f718-3f5a-4598-9194-705e4dea0d2e tempest-GroupSnapshotsTest-325563747 None] Running cmd (subprocess): sudo cinder-rootwrap /etc/cinder/rootwrap.conf qemu-img create -f qcow2 -o backing_file=/opt/stack/data/cinder/mnt/eee956c477219673d5ee3fa4bfc3a426/volume-624d490b-828c-4dd9-99f8-6ee4beb93773,backing_fmt=qcow2 /opt/stack/data/cinder/mnt/eee956c477219673d5ee3fa4bfc3a426/volume-624d490b-828c-4dd9-99f8-6ee4beb93773.d52c4006-0348-45c7-9af0-52a749104481 1G {{(pid=92145) execute /opt/stack/data/venv/lib/python3.12/site-packages/oslo_concurrency/processutils.py:440}}
Jun 12 07:55:48 devstack sudo[95716]: quobyte : PWD=/ ; USER=root ; COMMAND=/opt/stack/data/venv/bin/cinder-rootwrap /etc/cinder/rootwrap.conf qemu-img create -f qcow2 -o backing_file=/opt/stack/data/cinder/mnt/eee956c477219673d5ee3fa4bfc3a426/volume-624d490b-828c-4dd9-99f8-6ee4beb93773,backing_fmt=qcow2 /opt/stack/data/cinder/mnt/eee956c477219673d5ee3fa4bfc3a426/volume-624d490b-828c-4dd9-99f8-6ee4beb93773.d52c4006-0348-45c7-9af0-52a749104481 1G
Jun 12 07:55:48 devstack sudo[95716]: pam_unix(sudo:session): session opened for user root(uid=0) by (uid=1000)
Jun 12 07:55:49 devstack sudo[95716]: pam_unix(sudo:session): session closed for user root
Jun 12 07:55:49 devstack cinder-volume[92145]: DEBUG oslo_concurrency.processutils [None req-7e77f718-3f5a-4598-9194-705e4dea0d2e tempest-GroupSnapshotsTest-325563747 None] CMD "sudo cinder-rootwrap /etc/cinder/rootwrap.conf qemu-img create -f qcow2 -o backing_file=/opt/stack/data/cinder/mnt/eee956c477219673d5ee3fa4bfc3a426/volume-624d490b-828c-4dd9-99f8-6ee4beb93773,backing_fmt=qcow2 /opt/stack/data/cinder/mnt/eee956c477219673d5ee3fa4bfc3a426/volume-624d490b-828c-4dd9-99f8-6ee4beb93773.d52c4006-0348-45c7-9af0-52a749104481 1G" returned: 0 in 0.887s {{(pid=92145) execute /opt/stack/data/venv/lib/python3.12/site-packages/oslo_concurrency/processutils.py:468}}
Jun 12 07:55:49 devstack cinder-volume[92145]: DEBUG oslo_concurrency.processutils [None req-7e77f718-3f5a-4598-9194-705e4dea0d2e tempest-GroupSnapshotsTest-325563747 None] Running cmd (subprocess): sudo cinder-rootwrap /etc/cinder/rootwrap.conf qemu-img rebase -u -b volume-624d490b-828c-4dd9-99f8-6ee4beb93773 -F qcow2 /opt/stack/data/cinder/mnt/eee956c477219673d5ee3fa4bfc3a426/volume-624d490b-828c-4dd9-99f8-6ee4beb93773.d52c4006-0348-45c7-9af0-52a749104481 {{(pid=92145) execute /opt/stack/data/venv/lib/python3.12/site-packages/oslo_concurrency/processutils.py:440}}
Jun 12 07:55:49 devstack sudo[95722]: quobyte : PWD=/ ; USER=root ; COMMAND=/opt/stack/data/venv/bin/cinder-rootwrap /etc/cinder/rootwrap.conf qemu-img rebase -u -b volume-624d490b-828c-4dd9-99f8-6ee4beb93773 -F qcow2 /opt/stack/data/cinder/mnt/eee956c477219673d5ee3fa4bfc3a426/volume-624d490b-828c-4dd9-99f8-6ee4beb93773.d52c4006-0348-45c7-9af0-52a749104481
Jun 12 07:55:49 devstack sudo[95722]: pam_unix(sudo:session): session opened for user root(uid=0) by (uid=1000)
Jun 12 07:55:49 devstack sudo[95722]: pam_unix(sudo:session): session closed for user root
Jun 12 07:55:49 devstack cinder-volume[92145]: DEBUG oslo_concurrency.processutils [None req-7e77f718-3f5a-4598-9194-705e4dea0d2e tempest-GroupSnapshotsTest-325563747 None] CMD "sudo cinder-rootwrap /etc/cinder/rootwrap.conf qemu-img rebase -u -b volume-624d490b-828c-4dd9-99f8-6ee4beb93773 -F qcow2 /opt/stack/data/cinder/mnt/eee956c477219673d5ee3fa4bfc3a426/volume-624d490b-828c-4dd9-99f8-6ee4beb93773.d52c4006-0348-45c7-9af0-52a749104481" returned: 0 in 0.719s {{(pid=92145) execute /opt/stack/data/venv/lib/python3.12/site-packages/oslo_concurrency/processutils.py:468}}
Jun 12 07:55:49 devstack cinder-volume[92145]: WARNING cinder.volume.drivers.remotefs [None req-7e77f718-3f5a-4598-9194-705e4dea0d2e tempest-GroupSnapshotsTest-325563747 None] /opt/stack/data/cinder/mnt/eee956c477219673d5ee3fa4bfc3a426/volume-624d490b-828c-4dd9-99f8-6ee4beb93773.d52c4006-0348-45c7-9af0-52a749104481 is being set with open permissions: ugo+rw: NotImplementedError
Jun 12 07:55:49 devstack cinder-volume[92145]: DEBUG oslo_concurrency.processutils [None req-7e77f718-3f5a-4598-9194-705e4dea0d2e tempest-GroupSnapshotsTest-325563747 None] Running cmd (subprocess): sudo cinder-rootwrap /etc/cinder/rootwrap.conf chmod ugo+rw /opt/stack/data/cinder/mnt/eee956c477219673d5ee3fa4bfc3a426/volume-624d490b-828c-4dd9-99f8-6ee4beb93773.d52c4006-0348-45c7-9af0-52a749104481 {{(pid=92145) execute /opt/stack/data/venv/lib/python3.12/site-packages/oslo_concurrency/processutils.py:440}}
Jun 12 07:55:49 devstack sudo[95727]: quobyte : PWD=/ ; USER=root ; COMMAND=/opt/stack/data/venv/bin/cinder-rootwrap /etc/cinder/rootwrap.conf chmod ugo+rw /opt/stack/data/cinder/mnt/eee956c477219673d5ee3fa4bfc3a426/volume-624d490b-828c-4dd9-99f8-6ee4beb93773.d52c4006-0348-45c7-9af0-52a749104481
Jun 12 07:55:49 devstack sudo[95727]: pam_unix(sudo:session): session opened for user root(uid=0) by (uid=1000)
Jun 12 07:55:50 devstack sudo[95727]: pam_unix(sudo:session): session closed for user root
Jun 12 07:55:50 devstack cinder-volume[92145]: DEBUG oslo_concurrency.processutils [None req-7e77f718-3f5a-4598-9194-705e4dea0d2e tempest-GroupSnapshotsTest-325563747 None] CMD "sudo cinder-rootwrap /etc/cinder/rootwrap.conf chmod ugo+rw /opt/stack/data/cinder/mnt/eee956c477219673d5ee3fa4bfc3a426/volume-624d490b-828c-4dd9-99f8-6ee4beb93773.d52c4006-0348-45c7-9af0-52a749104481" returned: 0 in 0.949s {{(pid=92145) execute /opt/stack/data/venv/lib/python3.12/site-packages/oslo_concurrency/processutils.py:468}}
Jun 12 07:55:50 devstack cinder-volume[92145]: DEBUG oslo_concurrency.processutils [None req-7e77f718-3f5a-4598-9194-705e4dea0d2e tempest-GroupSnapshotsTest-325563747 None] Running cmd (subprocess): sudo cinder-rootwrap /etc/cinder/rootwrap.conf truncate -s0 /opt/stack/data/cinder/mnt/eee956c477219673d5ee3fa4bfc3a426/volume-624d490b-828c-4dd9-99f8-6ee4beb93773.info {{(pid=92145) execute /opt/stack/data/venv/lib/python3.12/site-packages/oslo_concurrency/processutils.py:440}}
Jun 12 07:55:50 devstack sudo[95731]: quobyte : PWD=/ ; USER=root ; COMMAND=/opt/stack/data/venv/bin/cinder-rootwrap /etc/cinder/rootwrap.conf truncate -s0 /opt/stack/data/cinder/mnt/eee956c477219673d5ee3fa4bfc3a426/volume-624d490b-828c-4dd9-99f8-6ee4beb93773.info
Jun 12 07:55:50 devstack sudo[95731]: pam_unix(sudo:session): session opened for user root(uid=0) by (uid=1000)
Jun 12 07:55:51 devstack sudo[95731]: pam_unix(sudo:session): session closed for user root
Jun 12 07:55:51 devstack cinder-volume[92145]: DEBUG oslo_concurrency.processutils [None req-7e77f718-3f5a-4598-9194-705e4dea0d2e tempest-GroupSnapshotsTest-325563747 None] CMD "sudo cinder-rootwrap /etc/cinder/rootwrap.conf truncate -s0 /opt/stack/data/cinder/mnt/eee956c477219673d5ee3fa4bfc3a426/volume-624d490b-828c-4dd9-99f8-6ee4beb93773.info" returned: 0 in 0.907s {{(pid=92145) execute /opt/stack/data/venv/lib/python3.12/site-packages/oslo_concurrency/processutils.py:468}}
Jun 12 07:55:51 devstack cinder-volume[92145]: WARNING cinder.volume.drivers.remotefs [None req-7e77f718-3f5a-4598-9194-705e4dea0d2e tempest-GroupSnapshotsTest-325563747 None] /opt/stack/data/cinder/mnt/eee956c477219673d5ee3fa4bfc3a426/volume-624d490b-828c-4dd9-99f8-6ee4beb93773.info is being set with open permissions: ugo+rw: NotImplementedError
Jun 12 07:55:51 devstack cinder-volume[92145]: DEBUG oslo_concurrency.processutils [None req-7e77f718-3f5a-4598-9194-705e4dea0d2e tempest-GroupSnapshotsTest-325563747 None] Running cmd (subprocess): sudo cinder-rootwrap /etc/cinder/rootwrap.conf chmod ugo+rw /opt/stack/data/cinder/mnt/eee956c477219673d5ee3fa4bfc3a426/volume-624d490b-828c-4dd9-99f8-6ee4beb93773.info {{(pid=92145) execute /opt/stack/data/venv/lib/python3.12/site-packages/oslo_concurrency/processutils.py:440}}
Jun 12 07:55:51 devstack sudo[95734]: quobyte : PWD=/ ; USER=root ; COMMAND=/opt/stack/data/venv/bin/cinder-rootwrap /etc/cinder/rootwrap.conf chmod ugo+rw /opt/stack/data/cinder/mnt/eee956c477219673d5ee3fa4bfc3a426/volume-624d490b-828c-4dd9-99f8-6ee4beb93773.info
Jun 12 07:55:51 devstack sudo[95734]: pam_unix(sudo:session): session opened for user root(uid=0) by (uid=1000)
Jun 12 07:55:52 devstack sudo[95734]: pam_unix(sudo:session): session closed for user root
Jun 12 07:55:52 devstack cinder-volume[92145]: DEBUG oslo_concurrency.processutils [None req-7e77f718-3f5a-4598-9194-705e4dea0d2e tempest-GroupSnapshotsTest-325563747 None] CMD "sudo cinder-rootwrap /etc/cinder/rootwrap.conf chmod ugo+rw /opt/stack/data/cinder/mnt/eee956c477219673d5ee3fa4bfc3a426/volume-624d490b-828c-4dd9-99f8-6ee4beb93773.info" returned: 0 in 0.995s {{(pid=92145) execute /opt/stack/data/venv/lib/python3.12/site-packages/oslo_concurrency/processutils.py:468}}
Jun 12 07:55:52 devstack cinder-volume[92145]: DEBUG oslo_concurrency.lockutils [None req-7e77f718-3f5a-4598-9194-705e4dea0d2e tempest-GroupSnapshotsTest-325563747 None] Lock "quobyte" "released" by "cinder.volume.drivers.quobyte.QuobyteDriver.create_snapshot" :: held 5.359s {{(pid=92145) inner /opt/stack/data/venv/lib/python3.12/site-packages/oslo_concurrency/lockutils.py:538}}
Jun 12 07:55:52 devstack cinder-volume[92145]: DEBUG cinder.coordination [None req-dc1276c7-cd9f-4484-bcc9-e0b2abe7c872 tempest-TaggedAttachmentsTest-502218098 None] Acquiring lock "cinder-95e8097a-736a-41f3-a468-e41bc5e76784-delete_volume" by "delete_volume" {{(pid=92145) __acquire /opt/stack/cinder/cinder/coordination.py:138}}
Jun 12 07:55:52 devstack cinder-volume[92145]: DEBUG cinder.coordination [None req-dc1276c7-cd9f-4484-bcc9-e0b2abe7c872 tempest-TaggedAttachmentsTest-502218098 None] Lock "cinder-95e8097a-736a-41f3-a468-e41bc5e76784-delete_volume" acquired by "delete_volume" :: waited 0.035s {{(pid=92145) __acquire /opt/stack/cinder/cinder/coordination.py:141}}
Jun 12 07:55:53 devstack cinder-volume[92145]: INFO cinder.volume.manager [None req-7e77f718-3f5a-4598-9194-705e4dea0d2e tempest-GroupSnapshotsTest-325563747 None] group_snapshot d3c74d5e-539a-4ce8-96ca-4e1796c860ed: created successfully
Jun 12 07:55:53 devstack cinder-volume[92145]: DEBUG cinder.coordination [None req-dc1276c7-cd9f-4484-bcc9-e0b2abe7c872 tempest-TaggedAttachmentsTest-502218098 None] Acquiring lock "cinder-quobyte-95e8097a-736a-41f3-a468-e41bc5e76784" by "delete_volume" {{(pid=92145) __acquire /opt/stack/cinder/cinder/coordination.py:138}}
Jun 12 07:55:53 devstack cinder-volume[92145]: DEBUG cinder.coordination [None req-dc1276c7-cd9f-4484-bcc9-e0b2abe7c872 tempest-TaggedAttachmentsTest-502218098 None] Lock "cinder-quobyte-95e8097a-736a-41f3-a468-e41bc5e76784" acquired by "delete_volume" :: waited 0.024s {{(pid=92145) __acquire /opt/stack/cinder/cinder/coordination.py:141}}
Jun 12 07:55:53 devstack cinder-volume[92145]: DEBUG oslo.privsep.daemon [-] privsep: reply[75b7b7e9-e879-41ef-ab98-95bce034e8fd]: (4, 'qcow2') {{(pid=93138) _call_back /opt/stack/data/venv/lib/python3.12/site-packages/oslo_privsep/daemon.py:573}}
Jun 12 07:55:53 devstack cinder-volume[92145]: DEBUG oslo_concurrency.processutils [None req-dc1276c7-cd9f-4484-bcc9-e0b2abe7c872 tempest-TaggedAttachmentsTest-502218098 None] Running cmd (subprocess): /opt/stack/data/venv/bin/python3.12 -m oslo_concurrency.prlimit --as=1073741824 --cpu=60 -- sudo cinder-rootwrap /etc/cinder/rootwrap.conf env LC_ALL=C qemu-img info -f qcow2 --output=json --force-share /opt/stack/data/cinder/mnt/eee956c477219673d5ee3fa4bfc3a426/volume-95e8097a-736a-41f3-a468-e41bc5e76784 {{(pid=92145) execute /opt/stack/data/venv/lib/python3.12/site-packages/oslo_concurrency/processutils.py:440}}
Jun 12 07:55:53 devstack sudo[95738]: quobyte : PWD=/ ; USER=root ; COMMAND=/opt/stack/data/venv/bin/cinder-rootwrap /etc/cinder/rootwrap.conf env LC_ALL=C qemu-img info -f qcow2 --output=json --force-share /opt/stack/data/cinder/mnt/eee956c477219673d5ee3fa4bfc3a426/volume-95e8097a-736a-41f3-a468-e41bc5e76784
Jun 12 07:55:53 devstack sudo[95738]: pam_unix(sudo:session): session opened for user root(uid=0) by (uid=1000)
Jun 12 07:55:53 devstack cinder-volume[92145]: INFO cinder.volume.manager [None req-58fd02f8-387c-4c4a-93f4-1cd76e17d7b1 tempest-GroupSnapshotsTest-325563747 None] group_snapshot d3c74d5e-539a-4ce8-96ca-4e1796c860ed: deleting
Jun 12 07:55:53 devstack cinder-volume[92145]: DEBUG cinder.volume.manager [None req-58fd02f8-387c-4c4a-93f4-1cd76e17d7b1 tempest-GroupSnapshotsTest-325563747 None] group_snapshot d3c74d5e-539a-4ce8-96ca-4e1796c860ed: deleting {{(pid=92145) delete_group_snapshot /opt/stack/cinder/cinder/volume/manager.py:4350}}
Jun 12 07:55:53 devstack cinder-volume[92145]: DEBUG cinder.coordination [None req-58fd02f8-387c-4c4a-93f4-1cd76e17d7b1 tempest-GroupSnapshotsTest-325563747 None] Acquiring lock "cinder-quobyte-f11b6661-af3a-4344-9786-5752b457e123" by "delete_snapshot" {{(pid=92145) __acquire /opt/stack/cinder/cinder/coordination.py:138}}
Jun 12 07:55:53 devstack cinder-volume[92145]: DEBUG cinder.coordination [None req-58fd02f8-387c-4c4a-93f4-1cd76e17d7b1 tempest-GroupSnapshotsTest-325563747 None] Lock "cinder-quobyte-f11b6661-af3a-4344-9786-5752b457e123" acquired by "delete_snapshot" :: waited 0.027s {{(pid=92145) __acquire /opt/stack/cinder/cinder/coordination.py:141}}
Jun 12 07:55:53 devstack cinder-volume[92145]: DEBUG cinder.coordination [None req-58fd02f8-387c-4c4a-93f4-1cd76e17d7b1 tempest-GroupSnapshotsTest-325563747 None] Acquiring lock "cinder-quobyte-9135b723-7356-44dc-bee6-415fdfce9772" by "_delete_snapshot" {{(pid=92145) __acquire /opt/stack/cinder/cinder/coordination.py:138}}
Jun 12 07:55:53 devstack cinder-volume[92145]: DEBUG cinder.coordination [None req-58fd02f8-387c-4c4a-93f4-1cd76e17d7b1 tempest-GroupSnapshotsTest-325563747 None] Lock "cinder-quobyte-9135b723-7356-44dc-bee6-415fdfce9772" acquired by "_delete_snapshot" :: waited 0.031s {{(pid=92145) __acquire /opt/stack/cinder/cinder/coordination.py:141}}
Jun 12 07:55:53 devstack cinder-volume[92145]: DEBUG cinder.volume.drivers.remotefs [None req-58fd02f8-387c-4c4a-93f4-1cd76e17d7b1 tempest-GroupSnapshotsTest-325563747 None] Deleting offline snapshot 9135b723-7356-44dc-bee6-415fdfce9772 of volume f11b6661-af3a-4344-9786-5752b457e123 {{(pid=92145) _delete_snapshot /opt/stack/cinder/cinder/volume/drivers/remotefs.py:1288}}
Jun 12 07:55:53 devstack sudo[95738]: pam_unix(sudo:session): session closed for user root
Jun 12 07:55:53 devstack cinder-volume[92145]: DEBUG cinder.volume.drivers.remotefs [None req-58fd02f8-387c-4c4a-93f4-1cd76e17d7b1 tempest-GroupSnapshotsTest-325563747 None] snapshot_file for this snap is: volume-f11b6661-af3a-4344-9786-5752b457e123.9135b723-7356-44dc-bee6-415fdfce9772 {{(pid=92145) _delete_snapshot /opt/stack/cinder/cinder/volume/drivers/remotefs.py:1317}}
Jun 12 07:55:53 devstack cinder-volume[92145]: DEBUG oslo_concurrency.processutils [None req-dc1276c7-cd9f-4484-bcc9-e0b2abe7c872 tempest-TaggedAttachmentsTest-502218098 None] CMD "/opt/stack/data/venv/bin/python3.12 -m oslo_concurrency.prlimit --as=1073741824 --cpu=60 -- sudo cinder-rootwrap /etc/cinder/rootwrap.conf env LC_ALL=C qemu-img info -f qcow2 --output=json --force-share /opt/stack/data/cinder/mnt/eee956c477219673d5ee3fa4bfc3a426/volume-95e8097a-736a-41f3-a468-e41bc5e76784" returned: 0 in 0.915s {{(pid=92145) execute /opt/stack/data/venv/lib/python3.12/site-packages/oslo_concurrency/processutils.py:468}}
Jun 12 07:55:53 devstack cinder-volume[92145]: DEBUG oslo_concurrency.processutils [None req-dc1276c7-cd9f-4484-bcc9-e0b2abe7c872 tempest-TaggedAttachmentsTest-502218098 None] Running cmd (subprocess): sudo cinder-rootwrap /etc/cinder/rootwrap.conf rm -f /opt/stack/data/cinder/mnt/eee956c477219673d5ee3fa4bfc3a426/volume-95e8097a-736a-41f3-a468-e41bc5e76784 {{(pid=92145) execute /opt/stack/data/venv/lib/python3.12/site-packages/oslo_concurrency/processutils.py:440}}
Jun 12 07:55:54 devstack cinder-volume[92145]: DEBUG oslo.privsep.daemon [-] privsep: reply[6f0adf69-8baf-41fa-9d38-674d6ce7371f]: (4, 'qcow2') {{(pid=93138) _call_back /opt/stack/data/venv/lib/python3.12/site-packages/oslo_privsep/daemon.py:573}}
Jun 12 07:55:54 devstack cinder-volume[92145]: DEBUG oslo_concurrency.processutils [None req-58fd02f8-387c-4c4a-93f4-1cd76e17d7b1 tempest-GroupSnapshotsTest-325563747 None] Running cmd (subprocess): /opt/stack/data/venv/bin/python3.12 -m oslo_concurrency.prlimit --as=1073741824 --cpu=60 -- sudo cinder-rootwrap /etc/cinder/rootwrap.conf env LC_ALL=C qemu-img info -f qcow2 --output=json --force-share /opt/stack/data/cinder/mnt/eee956c477219673d5ee3fa4bfc3a426/volume-f11b6661-af3a-4344-9786-5752b457e123.9135b723-7356-44dc-bee6-415fdfce9772 {{(pid=92145) execute /opt/stack/data/venv/lib/python3.12/site-packages/oslo_concurrency/processutils.py:440}}
Jun 12 07:55:54 devstack sudo[95750]: quobyte : PWD=/ ; USER=root ; COMMAND=/opt/stack/data/venv/bin/cinder-rootwrap /etc/cinder/rootwrap.conf rm -f /opt/stack/data/cinder/mnt/eee956c477219673d5ee3fa4bfc3a426/volume-95e8097a-736a-41f3-a468-e41bc5e76784
Jun 12 07:55:54 devstack sudo[95750]: pam_unix(sudo:session): session opened for user root(uid=0) by (uid=1000)
