Feb 20 13:48:02 devstack cinder-volume[82059]: DEBUG oslo_concurrency.processutils [None req-3ffad2cb-5839-4bcd-b64c-4ebc1b434b62 tempest-SnapshotsActionsTest-883841442 None] CMD "/opt/stack/data/venv/bin/python3.10 -m oslo_concurrency.prlimit --as=1073741824 --cpu=60 -- sudo cinder-rootwrap /etc/cinder/rootwrap.conf env LC_ALL=C qemu-img info -f qcow2 --output=json --force-share /opt/stack/data/cinder/mnt/22e5f5b22cbcfa5580c3bcd3c2ac700d/volume-734acf7e-66cf-4cef-90a2-93fd698f88ec.9608c0a3-3475-43ce-9440-3504b9e3cc0c" returned: 0 in 0.670s {{(pid=82059) execute /opt/stack/data/venv/lib/python3.10/site-packages/oslo_concurrency/processutils.py:372}}
Feb 20 13:48:02 devstack cinder-volume[82059]: DEBUG cinder.volume.drivers.remotefs [None req-3ffad2cb-5839-4bcd-b64c-4ebc1b434b62 tempest-SnapshotsActionsTest-883841442 None] Fetching qemu-img info with special backing_file_template: (/opt/stack/data/cinder/mnt/[0-9a-f]+/)?(volume-734acf7e-66cf-4cef-90a2-93fd698f88ec(.(tmp-snap-)?[0-9a-f-]+)?|volume_from_snapshot_cache/(tmp-snap-)?[0-9a-f-]+(.(child-|parent-)[0-9a-f-]+)?)$ {{(pid=82059) _qemu_img_info_base /opt/stack/cinder/cinder/volume/drivers/remotefs.py:896}}
Feb 20 13:48:02 devstack cinder-volume[82059]: DEBUG oslo.privsep.daemon [-] privsep: reply[e4c5d1db-699c-489e-839d-ba18c813a771]: (4, 'qcow2') {{(pid=83017) _call_back /opt/stack/data/venv/lib/python3.10/site-packages/oslo_privsep/daemon.py:515}}
Feb 20 13:48:02 devstack cinder-volume[82059]: DEBUG oslo_concurrency.processutils [None req-3ffad2cb-5839-4bcd-b64c-4ebc1b434b62 tempest-SnapshotsActionsTest-883841442 None] Running cmd (subprocess): /opt/stack/data/venv/bin/python3.10 -m oslo_concurrency.prlimit --as=1073741824 --cpu=60 -- sudo cinder-rootwrap /etc/cinder/rootwrap.conf env LC_ALL=C qemu-img info -f qcow2 --output=json --force-share /opt/stack/data/cinder/mnt/22e5f5b22cbcfa5580c3bcd3c2ac700d/volume-734acf7e-66cf-4cef-90a2-93fd698f88ec.be41ee79-3582-491d-8864-00991e66890a {{(pid=82059) execute /opt/stack/data/venv/lib/python3.10/site-packages/oslo_concurrency/processutils.py:349}}
Feb 20 13:48:02 devstack sudo[84219]: quobyte : PWD=/ ; USER=root ; COMMAND=/opt/stack/data/venv/bin/cinder-rootwrap /etc/cinder/rootwrap.conf env LC_ALL=C qemu-img info -f qcow2 --output=json --force-share /opt/stack/data/cinder/mnt/22e5f5b22cbcfa5580c3bcd3c2ac700d/volume-734acf7e-66cf-4cef-90a2-93fd698f88ec.be41ee79-3582-491d-8864-00991e66890a
Feb 20 13:48:02 devstack sudo[84219]: pam_unix(sudo:session): session opened for user root(uid=0) by (uid=1000)
Feb 20 13:48:03 devstack sudo[84219]: pam_unix(sudo:session): session closed for user root
Feb 20 13:48:03 devstack cinder-volume[82059]: DEBUG oslo_concurrency.processutils [None req-3ffad2cb-5839-4bcd-b64c-4ebc1b434b62 tempest-SnapshotsActionsTest-883841442 None] CMD "/opt/stack/data/venv/bin/python3.10 -m oslo_concurrency.prlimit --as=1073741824 --cpu=60 -- sudo cinder-rootwrap /etc/cinder/rootwrap.conf env LC_ALL=C qemu-img info -f qcow2 --output=json --force-share /opt/stack/data/cinder/mnt/22e5f5b22cbcfa5580c3bcd3c2ac700d/volume-734acf7e-66cf-4cef-90a2-93fd698f88ec.be41ee79-3582-491d-8864-00991e66890a" returned: 0 in 0.694s {{(pid=82059) execute /opt/stack/data/venv/lib/python3.10/site-packages/oslo_concurrency/processutils.py:372}}
Feb 20 13:48:03 devstack cinder-volume[82059]: DEBUG cinder.volume.drivers.remotefs [None req-3ffad2cb-5839-4bcd-b64c-4ebc1b434b62 tempest-SnapshotsActionsTest-883841442 None] Fetching qemu-img info with special backing_file_template: (/opt/stack/data/cinder/mnt/[0-9a-f]+/)?(volume-734acf7e-66cf-4cef-90a2-93fd698f88ec(.(tmp-snap-)?[0-9a-f-]+)?|volume_from_snapshot_cache/(tmp-snap-)?[0-9a-f-]+(.(child-|parent-)[0-9a-f-]+)?)$ {{(pid=82059) _qemu_img_info_base /opt/stack/cinder/cinder/volume/drivers/remotefs.py:896}}
Feb 20 13:48:03 devstack cinder-volume[82059]: DEBUG oslo_concurrency.processutils [None req-3ffad2cb-5839-4bcd-b64c-4ebc1b434b62 tempest-SnapshotsActionsTest-883841442 None] Running cmd (subprocess): sudo cinder-rootwrap /etc/cinder/rootwrap.conf qemu-img commit -d /opt/stack/data/cinder/mnt/22e5f5b22cbcfa5580c3bcd3c2ac700d/volume-734acf7e-66cf-4cef-90a2-93fd698f88ec.9608c0a3-3475-43ce-9440-3504b9e3cc0c {{(pid=82059) execute /opt/stack/data/venv/lib/python3.10/site-packages/oslo_concurrency/processutils.py:349}}
Feb 20 13:48:03 devstack sudo[84225]: quobyte : PWD=/ ; USER=root ; COMMAND=/opt/stack/data/venv/bin/cinder-rootwrap /etc/cinder/rootwrap.conf qemu-img commit -d /opt/stack/data/cinder/mnt/22e5f5b22cbcfa5580c3bcd3c2ac700d/volume-734acf7e-66cf-4cef-90a2-93fd698f88ec.9608c0a3-3475-43ce-9440-3504b9e3cc0c
Feb 20 13:48:03 devstack sudo[84225]: pam_unix(sudo:session): session opened for user root(uid=0) by (uid=1000)
Feb 20 13:48:03 devstack cinder-volume[82059]: INFO cinder.volume.manager [None req-6e4bb0d8-8947-47b4-bfcd-f691d144b723 tempest-GroupSnapshotsTest-1849837471 None] GroupSnapshot 3937408a-66f8-4dd2-80f9-36006c5a49cc: creating.
Feb 20 13:48:03 devstack cinder-volume[82059]: WARNING cinder.volume.volume_utils [None req-6e4bb0d8-8947-47b4-bfcd-f691d144b723 tempest-GroupSnapshotsTest-1849837471 None] Volume driver (QuobyteDriver 1.1.14) is currently unsupported and may be removed in the next release of OpenStack. Use at your own risk.
Feb 20 13:48:03 devstack cinder-volume[82059]: DEBUG cinder.volume.manager [None req-6e4bb0d8-8947-47b4-bfcd-f691d144b723 tempest-GroupSnapshotsTest-1849837471 None] Group snapshot 3937408a-66f8-4dd2-80f9-36006c5a49cc: creating. {{(pid=82059) create_group_snapshot /opt/stack/cinder/cinder/volume/manager.py:4175}}
Feb 20 13:48:03 devstack cinder-volume[82059]: DEBUG oslo_concurrency.lockutils [None req-6e4bb0d8-8947-47b4-bfcd-f691d144b723 tempest-GroupSnapshotsTest-1849837471 None] Acquiring lock "quobyte" by "cinder.volume.drivers.quobyte.QuobyteDriver.create_snapshot" {{(pid=82059) inner /opt/stack/data/venv/lib/python3.10/site-packages/oslo_concurrency/lockutils.py:405}}
Feb 20 13:48:03 devstack cinder-volume[82059]: DEBUG oslo_concurrency.lockutils [None req-6e4bb0d8-8947-47b4-bfcd-f691d144b723 tempest-GroupSnapshotsTest-1849837471 None] Lock "quobyte" acquired by "cinder.volume.drivers.quobyte.QuobyteDriver.create_snapshot" :: waited 0.001s {{(pid=82059) inner /opt/stack/data/venv/lib/python3.10/site-packages/oslo_concurrency/lockutils.py:410}}
Feb 20 13:48:03 devstack cinder-volume[82059]: DEBUG cinder.volume.drivers.remotefs [None req-6e4bb0d8-8947-47b4-bfcd-f691d144b723 tempest-GroupSnapshotsTest-1849837471 None] Creating offline snapshot 5180b710-0502-4958-9ed1-a9db788f6c1e of volume 5595a758-aefb-42fc-a538-d7f85f1b90b1 {{(pid=82059) _create_snapshot /opt/stack/cinder/cinder/volume/drivers/remotefs.py:1815}}
Feb 20 13:48:03 devstack cinder-volume[82059]: DEBUG oslo.privsep.daemon [-] privsep: reply[2818ac58-c292-4b10-8561-fbbcd0e82b72]: (4, 'qcow2') {{(pid=83017) _call_back /opt/stack/data/venv/lib/python3.10/site-packages/oslo_privsep/daemon.py:515}}
Feb 20 13:48:03 devstack cinder-volume[82059]: DEBUG oslo_concurrency.processutils [None req-6e4bb0d8-8947-47b4-bfcd-f691d144b723 tempest-GroupSnapshotsTest-1849837471 None] Running cmd (subprocess): /opt/stack/data/venv/bin/python3.10 -m oslo_concurrency.prlimit --as=1073741824 --cpu=60 -- sudo cinder-rootwrap /etc/cinder/rootwrap.conf env LC_ALL=C qemu-img info -f qcow2 --output=json --force-share /opt/stack/data/cinder/mnt/22e5f5b22cbcfa5580c3bcd3c2ac700d/volume-5595a758-aefb-42fc-a538-d7f85f1b90b1 {{(pid=82059) execute /opt/stack/data/venv/lib/python3.10/site-packages/oslo_concurrency/processutils.py:349}}
Feb 20 13:48:04 devstack sudo[84227]: quobyte : PWD=/ ; USER=root ; COMMAND=/opt/stack/data/venv/bin/cinder-rootwrap /etc/cinder/rootwrap.conf env LC_ALL=C qemu-img info -f qcow2 --output=json --force-share /opt/stack/data/cinder/mnt/22e5f5b22cbcfa5580c3bcd3c2ac700d/volume-5595a758-aefb-42fc-a538-d7f85f1b90b1
Feb 20 13:48:04 devstack sudo[84227]: pam_unix(sudo:session): session opened for user root(uid=0) by (uid=1000)
Feb 20 13:48:04 devstack sudo[84225]: pam_unix(sudo:session): session closed for user root
Feb 20 13:48:04 devstack cinder-volume[82059]: DEBUG oslo_concurrency.processutils [None req-3ffad2cb-5839-4bcd-b64c-4ebc1b434b62 tempest-SnapshotsActionsTest-883841442 None] CMD "sudo cinder-rootwrap /etc/cinder/rootwrap.conf qemu-img commit -d /opt/stack/data/cinder/mnt/22e5f5b22cbcfa5580c3bcd3c2ac700d/volume-734acf7e-66cf-4cef-90a2-93fd698f88ec.9608c0a3-3475-43ce-9440-3504b9e3cc0c" returned: 0 in 0.755s {{(pid=82059) execute /opt/stack/data/venv/lib/python3.10/site-packages/oslo_concurrency/processutils.py:372}}
Feb 20 13:48:04 devstack cinder-volume[82059]: DEBUG oslo_concurrency.processutils [None req-3ffad2cb-5839-4bcd-b64c-4ebc1b434b62 tempest-SnapshotsActionsTest-883841442 None] Running cmd (subprocess): sudo cinder-rootwrap /etc/cinder/rootwrap.conf rm -f /opt/stack/data/cinder/mnt/22e5f5b22cbcfa5580c3bcd3c2ac700d/volume-734acf7e-66cf-4cef-90a2-93fd698f88ec.9608c0a3-3475-43ce-9440-3504b9e3cc0c {{(pid=82059) execute /opt/stack/data/venv/lib/python3.10/site-packages/oslo_concurrency/processutils.py:349}}
Feb 20 13:48:04 devstack sudo[84236]: quobyte : PWD=/ ; USER=root ; COMMAND=/opt/stack/data/venv/bin/cinder-rootwrap /etc/cinder/rootwrap.conf rm -f /opt/stack/data/cinder/mnt/22e5f5b22cbcfa5580c3bcd3c2ac700d/volume-734acf7e-66cf-4cef-90a2-93fd698f88ec.9608c0a3-3475-43ce-9440-3504b9e3cc0c
Feb 20 13:48:04 devstack sudo[84236]: pam_unix(sudo:session): session opened for user root(uid=0) by (uid=1000)
Feb 20 13:48:04 devstack sudo[84227]: pam_unix(sudo:session): session closed for user root
Feb 20 13:48:04 devstack cinder-volume[82059]: DEBUG oslo_concurrency.processutils [None req-6e4bb0d8-8947-47b4-bfcd-f691d144b723 tempest-GroupSnapshotsTest-1849837471 None] CMD "/opt/stack/data/venv/bin/python3.10 -m oslo_concurrency.prlimit --as=1073741824 --cpu=60 -- sudo cinder-rootwrap /etc/cinder/rootwrap.conf env LC_ALL=C qemu-img info -f qcow2 --output=json --force-share /opt/stack/data/cinder/mnt/22e5f5b22cbcfa5580c3bcd3c2ac700d/volume-5595a758-aefb-42fc-a538-d7f85f1b90b1" returned: 0 in 0.805s {{(pid=82059) execute /opt/stack/data/venv/lib/python3.10/site-packages/oslo_concurrency/processutils.py:372}}
Feb 20 13:48:04 devstack cinder-volume[82059]: DEBUG oslo_concurrency.processutils [None req-6e4bb0d8-8947-47b4-bfcd-f691d144b723 tempest-GroupSnapshotsTest-1849837471 None] Running cmd (subprocess): sudo cinder-rootwrap /etc/cinder/rootwrap.conf qemu-img create -f qcow2 -o backing_file=/opt/stack/data/cinder/mnt/22e5f5b22cbcfa5580c3bcd3c2ac700d/volume-5595a758-aefb-42fc-a538-d7f85f1b90b1,backing_fmt=qcow2 /opt/stack/data/cinder/mnt/22e5f5b22cbcfa5580c3bcd3c2ac700d/volume-5595a758-aefb-42fc-a538-d7f85f1b90b1.5180b710-0502-4958-9ed1-a9db788f6c1e 1G {{(pid=82059) execute /opt/stack/data/venv/lib/python3.10/site-packages/oslo_concurrency/processutils.py:349}}
Feb 20 13:48:04 devstack sudo[84247]: quobyte : PWD=/ ; USER=root ; COMMAND=/opt/stack/data/venv/bin/cinder-rootwrap /etc/cinder/rootwrap.conf qemu-img create -f qcow2 -o backing_file=/opt/stack/data/cinder/mnt/22e5f5b22cbcfa5580c3bcd3c2ac700d/volume-5595a758-aefb-42fc-a538-d7f85f1b90b1,backing_fmt=qcow2 /opt/stack/data/cinder/mnt/22e5f5b22cbcfa5580c3bcd3c2ac700d/volume-5595a758-aefb-42fc-a538-d7f85f1b90b1.5180b710-0502-4958-9ed1-a9db788f6c1e 1G
Feb 20 13:48:04 devstack sudo[84247]: pam_unix(sudo:session): session opened for user root(uid=0) by (uid=1000)
Feb 20 13:48:04 devstack cinder-volume[82059]: WARNING cinder.volume.volume_utils [None req-18efe672-2bad-4c83-b7ca-55312ad64397 tempest-GroupSnapshotsV319Test-530334096 None] Volume driver (QuobyteDriver 1.1.14) is currently unsupported and may be removed in the next release of OpenStack. Use at your own risk.
Feb 20 13:48:04 devstack cinder-volume[82059]: INFO cinder.volume.manager [None req-18efe672-2bad-4c83-b7ca-55312ad64397 tempest-GroupSnapshotsV319Test-530334096 None] Group tempest-GroupSnapshotsV319Test-Group-2134857657: creating
Feb 20 13:48:04 devstack cinder-volume[82059]: INFO cinder.volume.manager [None req-18efe672-2bad-4c83-b7ca-55312ad64397 tempest-GroupSnapshotsV319Test-530334096 None] Group tempest-GroupSnapshotsV319Test-Group-2134857657: created successfully
Feb 20 13:48:04 devstack cinder-volume[82059]: INFO cinder.volume.manager [None req-18efe672-2bad-4c83-b7ca-55312ad64397 tempest-GroupSnapshotsV319Test-530334096 None] Create group completed successfully.
Feb 20 13:48:04 devstack sudo[84236]: pam_unix(sudo:session): session closed for user root
Feb 20 13:48:04 devstack cinder-volume[82059]: DEBUG oslo_concurrency.processutils [None req-3ffad2cb-5839-4bcd-b64c-4ebc1b434b62 tempest-SnapshotsActionsTest-883841442 None] CMD "sudo cinder-rootwrap /etc/cinder/rootwrap.conf rm -f /opt/stack/data/cinder/mnt/22e5f5b22cbcfa5580c3bcd3c2ac700d/volume-734acf7e-66cf-4cef-90a2-93fd698f88ec.9608c0a3-3475-43ce-9440-3504b9e3cc0c" returned: 0 in 0.609s {{(pid=82059) execute /opt/stack/data/venv/lib/python3.10/site-packages/oslo_concurrency/processutils.py:372}}
Feb 20 13:48:04 devstack cinder-volume[82059]: DEBUG cinder.coordination [None req-3ffad2cb-5839-4bcd-b64c-4ebc1b434b62 tempest-SnapshotsActionsTest-883841442 None] Lock "cinder-quobyte-9608c0a3-3475-43ce-9440-3504b9e3cc0c" released by "_delete_snapshot" :: held 2.795s {{(pid=82059) __release /opt/stack/cinder/cinder/coordination.py:152}}
Feb 20 13:48:04 devstack cinder-volume[82059]: DEBUG cinder.coordination [None req-3ffad2cb-5839-4bcd-b64c-4ebc1b434b62 tempest-SnapshotsActionsTest-883841442 None] Lock "cinder-quobyte-734acf7e-66cf-4cef-90a2-93fd698f88ec" released by "delete_snapshot" :: held 2.811s {{(pid=82059) __release /opt/stack/cinder/cinder/coordination.py:152}}
Feb 20 13:48:04 devstack cinder-volume[82059]: DEBUG cinder.quota [None req-3ffad2cb-5839-4bcd-b64c-4ebc1b434b62 tempest-SnapshotsActionsTest-883841442 None] Created reservations ['d814d9c0-8706-4769-a462-568095daf630', '98c08bb2-3a00-40d1-9671-0df3866030aa', 'df522cd4-376b-420e-b2e3-889da397e272', 'f4414700-2aa6-4336-b8c3-2dc0e10da58c'] {{(pid=82059) reserve /opt/stack/cinder/cinder/quota.py:752}}
Feb 20 13:48:04 devstack cinder-volume[82059]: INFO cinder.volume.manager [None req-3ffad2cb-5839-4bcd-b64c-4ebc1b434b62 tempest-SnapshotsActionsTest-883841442 None] Delete snapshot completed successfully.
Feb 20 13:48:04 devstack cinder-volume[82059]: DEBUG cinder.coordination [None req-3ffad2cb-5839-4bcd-b64c-4ebc1b434b62 tempest-SnapshotsActionsTest-883841442 None] Lock "cinder-9608c0a3-3475-43ce-9440-3504b9e3cc0c-delete_snapshot" released by "delete_snapshot" :: held 2.907s {{(pid=82059) __release /opt/stack/cinder/cinder/coordination.py:152}}
Feb 20 13:48:05 devstack sudo[84247]: pam_unix(sudo:session): session closed for user root
Feb 20 13:48:05 devstack cinder-volume[82059]: DEBUG oslo_concurrency.processutils [None req-6e4bb0d8-8947-47b4-bfcd-f691d144b723 tempest-GroupSnapshotsTest-1849837471 None] CMD "sudo cinder-rootwrap /etc/cinder/rootwrap.conf qemu-img create -f qcow2 -o backing_file=/opt/stack/data/cinder/mnt/22e5f5b22cbcfa5580c3bcd3c2ac700d/volume-5595a758-aefb-42fc-a538-d7f85f1b90b1,backing_fmt=qcow2 /opt/stack/data/cinder/mnt/22e5f5b22cbcfa5580c3bcd3c2ac700d/volume-5595a758-aefb-42fc-a538-d7f85f1b90b1.5180b710-0502-4958-9ed1-a9db788f6c1e 1G" returned: 0 in 0.597s {{(pid=82059) execute /opt/stack/data/venv/lib/python3.10/site-packages/oslo_concurrency/processutils.py:372}}
Feb 20 13:48:05 devstack cinder-volume[82059]: DEBUG oslo_concurrency.processutils [None req-6e4bb0d8-8947-47b4-bfcd-f691d144b723 tempest-GroupSnapshotsTest-1849837471 None] Running cmd (subprocess): sudo cinder-rootwrap /etc/cinder/rootwrap.conf qemu-img rebase -u -b volume-5595a758-aefb-42fc-a538-d7f85f1b90b1 -F qcow2 /opt/stack/data/cinder/mnt/22e5f5b22cbcfa5580c3bcd3c2ac700d/volume-5595a758-aefb-42fc-a538-d7f85f1b90b1.5180b710-0502-4958-9ed1-a9db788f6c1e {{(pid=82059) execute /opt/stack/data/venv/lib/python3.10/site-packages/oslo_concurrency/processutils.py:349}}
Feb 20 13:48:05 devstack sudo[84252]: quobyte : PWD=/ ; USER=root ; COMMAND=/opt/stack/data/venv/bin/cinder-rootwrap /etc/cinder/rootwrap.conf qemu-img rebase -u -b volume-5595a758-aefb-42fc-a538-d7f85f1b90b1 -F qcow2 /opt/stack/data/cinder/mnt/22e5f5b22cbcfa5580c3bcd3c2ac700d/volume-5595a758-aefb-42fc-a538-d7f85f1b90b1.5180b710-0502-4958-9ed1-a9db788f6c1e
Feb 20 13:48:05 devstack sudo[84252]: pam_unix(sudo:session): session opened for user root(uid=0) by (uid=1000)
Feb 20 13:48:05 devstack cinder-volume[82059]: WARNING cinder.volume.volume_utils [None req-d6e9e47d-c527-4ab9-8179-deac4dbc32be tempest-SnapshotsActionsTest-24461166 None] Volume driver (QuobyteDriver 1.1.14) is currently unsupported and may be removed in the next release of OpenStack. Use at your own risk.
Feb 20 13:48:05 devstack cinder-volume[82059]: DEBUG oslo_concurrency.lockutils [None req-d6e9e47d-c527-4ab9-8179-deac4dbc32be tempest-SnapshotsActionsTest-24461166 None] Acquiring lock "quobyte" by "cinder.volume.drivers.quobyte.QuobyteDriver.create_snapshot" {{(pid=82059) inner /opt/stack/data/venv/lib/python3.10/site-packages/oslo_concurrency/lockutils.py:405}}
Feb 20 13:48:06 devstack sudo[84252]: pam_unix(sudo:session): session closed for user root
Feb 20 13:48:06 devstack cinder-volume[82059]: DEBUG oslo_concurrency.processutils [None req-6e4bb0d8-8947-47b4-bfcd-f691d144b723 tempest-GroupSnapshotsTest-1849837471 None] CMD "sudo cinder-rootwrap /etc/cinder/rootwrap.conf qemu-img rebase -u -b volume-5595a758-aefb-42fc-a538-d7f85f1b90b1 -F qcow2 /opt/stack/data/cinder/mnt/22e5f5b22cbcfa5580c3bcd3c2ac700d/volume-5595a758-aefb-42fc-a538-d7f85f1b90b1.5180b710-0502-4958-9ed1-a9db788f6c1e" returned: 0 in 0.901s {{(pid=82059) execute /opt/stack/data/venv/lib/python3.10/site-packages/oslo_concurrency/processutils.py:372}}
Feb 20 13:48:06 devstack cinder-volume[82059]: WARNING cinder.volume.drivers.remotefs [None req-6e4bb0d8-8947-47b4-bfcd-f691d144b723 tempest-GroupSnapshotsTest-1849837471 None] /opt/stack/data/cinder/mnt/22e5f5b22cbcfa5580c3bcd3c2ac700d/volume-5595a758-aefb-42fc-a538-d7f85f1b90b1.5180b710-0502-4958-9ed1-a9db788f6c1e is being set with open permissions: ugo+rw: NotImplementedError
Feb 20 13:48:06 devstack cinder-volume[82059]: DEBUG oslo_concurrency.processutils [None req-6e4bb0d8-8947-47b4-bfcd-f691d144b723 tempest-GroupSnapshotsTest-1849837471 None] Running cmd (subprocess): sudo cinder-rootwrap /etc/cinder/rootwrap.conf chmod ugo+rw /opt/stack/data/cinder/mnt/22e5f5b22cbcfa5580c3bcd3c2ac700d/volume-5595a758-aefb-42fc-a538-d7f85f1b90b1.5180b710-0502-4958-9ed1-a9db788f6c1e {{(pid=82059) execute /opt/stack/data/venv/lib/python3.10/site-packages/oslo_concurrency/processutils.py:349}}
Feb 20 13:48:06 devstack sudo[84335]: quobyte : PWD=/ ; USER=root ; COMMAND=/opt/stack/data/venv/bin/cinder-rootwrap /etc/cinder/rootwrap.conf chmod ugo+rw /opt/stack/data/cinder/mnt/22e5f5b22cbcfa5580c3bcd3c2ac700d/volume-5595a758-aefb-42fc-a538-d7f85f1b90b1.5180b710-0502-4958-9ed1-a9db788f6c1e
Feb 20 13:48:06 devstack sudo[84335]: pam_unix(sudo:session): session opened for user root(uid=0) by (uid=1000)
Feb 20 13:48:06 devstack cinder-volume[82059]: WARNING cinder.volume.volume_utils [None req-c686c724-8b0d-4ad8-ad29-6c7deb8bab6a tempest-GroupSnapshotsV319Test-530334096 None] Volume driver (QuobyteDriver 1.1.14) is currently unsupported and may be removed in the next release of OpenStack. Use at your own risk.
Feb 20 13:48:06 devstack cinder-volume[82059]: DEBUG cinder.volume.flows.manager.create_volume [None req-c686c724-8b0d-4ad8-ad29-6c7deb8bab6a tempest-GroupSnapshotsV319Test-530334096 None] Volume reschedule parameters: True retry: {'num_attempts': 1, 'backends': ['devstack@QuobyteHD#QuobyteHD'], 'hosts': ['devstack@QuobyteHD#QuobyteHD']} {{(pid=82059) get_flow /opt/stack/cinder/cinder/volume/flows/manager/create_volume.py:1388}}
Feb 20 13:48:06 devstack cinder-volume[82059]: DEBUG cinder.volume.manager [None req-c686c724-8b0d-4ad8-ad29-6c7deb8bab6a tempest-GroupSnapshotsV319Test-530334096 None] Flow 'volume_create_manager' (8168c704-9fef-4450-9ee5-1c2d67ddb757) transitioned into state 'RUNNING' from state 'PENDING' {{(pid=82059) _flow_receiver /opt/stack/data/venv/lib/python3.10/site-packages/taskflow/listeners/logging.py:145}}
Feb 20 13:48:06 devstack cinder-volume[82059]: DEBUG cinder.volume.manager [None req-c686c724-8b0d-4ad8-ad29-6c7deb8bab6a tempest-GroupSnapshotsV319Test-530334096 None] Task 'cinder.volume.flows.manager.create_volume.ExtractVolumeRefTask;volume:create' (e26ccce5-39bc-4aae-8d26-b58f183cc595) transitioned into state 'RUNNING' from state 'PENDING' {{(pid=82059) _task_receiver /opt/stack/data/venv/lib/python3.10/site-packages/taskflow/listeners/logging.py:194}}
Feb 20 13:48:06 devstack cinder-volume[82059]: DEBUG cinder.volume.manager [None req-c686c724-8b0d-4ad8-ad29-6c7deb8bab6a tempest-GroupSnapshotsV319Test-530334096 None] Task 'cinder.volume.flows.manager.create_volume.ExtractVolumeRefTask;volume:create' (e26ccce5-39bc-4aae-8d26-b58f183cc595) transitioned into state 'SUCCESS' from state 'RUNNING' with result 'Volume(_name_id=None,admin_metadata=,attach_status='detached',availability_zone='nova',bootable=False,cluster=,cluster_name=None,consistencygroup=,consistencygroup_id=None,created_at=2026-02-20T12:48:06Z,deleted=False,deleted_at=None,display_description=None,display_name='tempest-volume-1289722909',ec2_id=None,encryption_key_id=None,glance_metadata=,group=,group_id=b2c506d5-85dc-47e2-ba2d-1ee9ca074aad,host='devstack@QuobyteHD#QuobyteHD',id=82bb7f47-fc1e-49ba-b96c-8c12e566c563,launched_at=None,metadata={},migration_status=None,multiattach=False,previous_status=None,project_id='8d2ac028a7eb4115b70e8637e3b0f4b4',provider_auth=None,provider_geometry=None,provider_id=None,provider_location=None,replication_driver_data=None,replication_extended_status=None,replication_status=None,scheduled_at=2026-02-20T12:48:07Z,service_uuid=None,shared_targets=True,size=1,snapshot_id=None,snapshots=,source_volid=None,status='creating',terminated_at=None,updated_at=2026-02-20T12:48:07Z,use_quota=True,user_id='286da28e2ba94be0ae1239ea3c0fced5',volume_attachment=VolumeAttachmentList,volume_type=VolumeType(dfda97a9-7220-4723-a8ca-bfa99c7897be),volume_type_id=dfda97a9-7220-4723-a8ca-bfa99c7897be)' {{(pid=82059) _task_receiver /opt/stack/data/venv/lib/python3.10/site-packages/taskflow/listeners/logging.py:182}}
Feb 20 13:48:06 devstack cinder-volume[82059]: DEBUG cinder.volume.manager [None req-c686c724-8b0d-4ad8-ad29-6c7deb8bab6a tempest-GroupSnapshotsV319Test-530334096 None] Task 'cinder.volume.flows.manager.create_volume.OnFailureRescheduleTask;volume:create' (f5346e1d-8ba4-4969-a8f7-70fee18527cb) transitioned into state 'RUNNING' from state 'PENDING' {{(pid=82059) _task_receiver /opt/stack/data/venv/lib/python3.10/site-packages/taskflow/listeners/logging.py:194}}
Feb 20 13:48:06 devstack cinder-volume[82059]: DEBUG cinder.volume.manager [None req-c686c724-8b0d-4ad8-ad29-6c7deb8bab6a tempest-GroupSnapshotsV319Test-530334096 None] Task 'cinder.volume.flows.manager.create_volume.OnFailureRescheduleTask;volume:create' (f5346e1d-8ba4-4969-a8f7-70fee18527cb) transitioned into state 'SUCCESS' from state 'RUNNING' with result 'None' {{(pid=82059) _task_receiver /opt/stack/data/venv/lib/python3.10/site-packages/taskflow/listeners/logging.py:182}}
Feb 20 13:48:06 devstack cinder-volume[82059]: DEBUG cinder.volume.manager [None req-c686c724-8b0d-4ad8-ad29-6c7deb8bab6a tempest-GroupSnapshotsV319Test-530334096 None] Task 'cinder.volume.flows.manager.create_volume.ExtractVolumeSpecTask;volume:create' (f78c3ac4-1f30-4605-b080-12b57964f020) transitioned into state 'RUNNING' from state 'PENDING' {{(pid=82059) _task_receiver /opt/stack/data/venv/lib/python3.10/site-packages/taskflow/listeners/logging.py:194}}
Feb 20 13:48:06 devstack cinder-volume[82059]: DEBUG cinder.volume.manager [None req-c686c724-8b0d-4ad8-ad29-6c7deb8bab6a tempest-GroupSnapshotsV319Test-530334096 None] Task 'cinder.volume.flows.manager.create_volume.ExtractVolumeSpecTask;volume:create' (f78c3ac4-1f30-4605-b080-12b57964f020) transitioned into state 'SUCCESS' from state 'RUNNING' with result '{'status': 'creating', 'type': 'raw', 'volume_id': '82bb7f47-fc1e-49ba-b96c-8c12e566c563', 'volume_name': 'volume-82bb7f47-fc1e-49ba-b96c-8c12e566c563', 'volume_size': 1}' {{(pid=82059) _task_receiver /opt/stack/data/venv/lib/python3.10/site-packages/taskflow/listeners/logging.py:182}}
Feb 20 13:48:06 devstack cinder-volume[82059]: DEBUG cinder.volume.manager [None req-c686c724-8b0d-4ad8-ad29-6c7deb8bab6a tempest-GroupSnapshotsV319Test-530334096 None] Task 'cinder.volume.flows.manager.create_volume.NotifyVolumeActionTask;volume:create, create.start' (1d68abcc-7c4c-4365-a459-d77ba0ff42f3) transitioned into state 'RUNNING' from state 'PENDING' {{(pid=82059) _task_receiver /opt/stack/data/venv/lib/python3.10/site-packages/taskflow/listeners/logging.py:194}}
Feb 20 13:48:06 devstack cinder-volume[82059]: DEBUG cinder.volume.manager [None req-c686c724-8b0d-4ad8-ad29-6c7deb8bab6a tempest-GroupSnapshotsV319Test-530334096 None] Task 'cinder.volume.flows.manager.create_volume.NotifyVolumeActionTask;volume:create, create.start' (1d68abcc-7c4c-4365-a459-d77ba0ff42f3) transitioned into state 'SUCCESS' from state 'RUNNING' with result 'None' {{(pid=82059) _task_receiver /opt/stack/data/venv/lib/python3.10/site-packages/taskflow/listeners/logging.py:182}}
Feb 20 13:48:06 devstack cinder-volume[82059]: DEBUG cinder.volume.manager [None req-c686c724-8b0d-4ad8-ad29-6c7deb8bab6a tempest-GroupSnapshotsV319Test-530334096 None] Task 'cinder.volume.flows.manager.create_volume.CreateVolumeFromSpecTask;volume:create' (fdff5f6d-34e5-44f5-8ad0-b49a32b19114) transitioned into state 'RUNNING' from state 'PENDING' {{(pid=82059) _task_receiver /opt/stack/data/venv/lib/python3.10/site-packages/taskflow/listeners/logging.py:194}}
Feb 20 13:48:06 devstack cinder-volume[82059]: INFO cinder.volume.flows.manager.create_volume [None req-c686c724-8b0d-4ad8-ad29-6c7deb8bab6a tempest-GroupSnapshotsV319Test-530334096 None] Volume 82bb7f47-fc1e-49ba-b96c-8c12e566c563: being created as raw with specification: {'status': 'creating', 'volume_name': 'volume-82bb7f47-fc1e-49ba-b96c-8c12e566c563', 'volume_size': 1}
Feb 20 13:48:06 devstack cinder-volume[82059]: DEBUG oslo_concurrency.lockutils [None req-c686c724-8b0d-4ad8-ad29-6c7deb8bab6a tempest-GroupSnapshotsV319Test-530334096 None] Acquiring lock "quobyte" by "cinder.volume.drivers.quobyte.QuobyteDriver.create_volume" {{(pid=82059) inner /opt/stack/data/venv/lib/python3.10/site-packages/oslo_concurrency/lockutils.py:405}}
Feb 20 13:48:07 devstack sudo[84335]: pam_unix(sudo:session): session closed for user root
Feb 20 13:48:07 devstack cinder-volume[82059]: DEBUG oslo_concurrency.processutils [None req-6e4bb0d8-8947-47b4-bfcd-f691d144b723 tempest-GroupSnapshotsTest-1849837471 None] CMD "sudo cinder-rootwrap /etc/cinder/rootwrap.conf chmod ugo+rw /opt/stack/data/cinder/mnt/22e5f5b22cbcfa5580c3bcd3c2ac700d/volume-5595a758-aefb-42fc-a538-d7f85f1b90b1.5180b710-0502-4958-9ed1-a9db788f6c1e" returned: 0 in 0.762s {{(pid=82059) execute /opt/stack/data/venv/lib/python3.10/site-packages/oslo_concurrency/processutils.py:372}}
Feb 20 13:48:07 devstack cinder-volume[82059]: DEBUG oslo_concurrency.processutils [None req-6e4bb0d8-8947-47b4-bfcd-f691d144b723 tempest-GroupSnapshotsTest-1849837471 None] Running cmd (subprocess): sudo cinder-rootwrap /etc/cinder/rootwrap.conf truncate -s0 /opt/stack/data/cinder/mnt/22e5f5b22cbcfa5580c3bcd3c2ac700d/volume-5595a758-aefb-42fc-a538-d7f85f1b90b1.info {{(pid=82059) execute /opt/stack/data/venv/lib/python3.10/site-packages/oslo_concurrency/processutils.py:349}}
Feb 20 13:48:07 devstack sudo[84356]: quobyte : PWD=/ ; USER=root ; COMMAND=/opt/stack/data/venv/bin/cinder-rootwrap /etc/cinder/rootwrap.conf truncate -s0 /opt/stack/data/cinder/mnt/22e5f5b22cbcfa5580c3bcd3c2ac700d/volume-5595a758-aefb-42fc-a538-d7f85f1b90b1.info
Feb 20 13:48:07 devstack sudo[84356]: pam_unix(sudo:session): session opened for user root(uid=0) by (uid=1000)
Feb 20 13:48:07 devstack sudo[84356]: pam_unix(sudo:session): session closed for user root
Feb 20 13:48:07 devstack cinder-volume[82059]: DEBUG oslo_concurrency.processutils [None req-6e4bb0d8-8947-47b4-bfcd-f691d144b723 tempest-GroupSnapshotsTest-1849837471 None] CMD "sudo cinder-rootwrap /etc/cinder/rootwrap.conf truncate -s0 /opt/stack/data/cinder/mnt/22e5f5b22cbcfa5580c3bcd3c2ac700d/volume-5595a758-aefb-42fc-a538-d7f85f1b90b1.info" returned: 0 in 0.491s {{(pid=82059) execute /opt/stack/data/venv/lib/python3.10/site-packages/oslo_concurrency/processutils.py:372}}
Feb 20 13:48:07 devstack cinder-volume[82059]: WARNING cinder.volume.drivers.remotefs [None req-6e4bb0d8-8947-47b4-bfcd-f691d144b723 tempest-GroupSnapshotsTest-1849837471 None] /opt/stack/data/cinder/mnt/22e5f5b22cbcfa5580c3bcd3c2ac700d/volume-5595a758-aefb-42fc-a538-d7f85f1b90b1.info is being set with open permissions: ugo+rw: NotImplementedError
Feb 20 13:48:07 devstack cinder-volume[82059]: DEBUG oslo_concurrency.processutils [None req-6e4bb0d8-8947-47b4-bfcd-f691d144b723 tempest-GroupSnapshotsTest-1849837471 None] Running cmd (subprocess): sudo cinder-rootwrap /etc/cinder/rootwrap.conf chmod ugo+rw /opt/stack/data/cinder/mnt/22e5f5b22cbcfa5580c3bcd3c2ac700d/volume-5595a758-aefb-42fc-a538-d7f85f1b90b1.info {{(pid=82059) execute /opt/stack/data/venv/lib/python3.10/site-packages/oslo_concurrency/processutils.py:349}}
Feb 20 13:48:07 devstack sudo[84360]: quobyte : PWD=/ ; USER=root ; COMMAND=/opt/stack/data/venv/bin/cinder-rootwrap /etc/cinder/rootwrap.conf chmod ugo+rw /opt/stack/data/cinder/mnt/22e5f5b22cbcfa5580c3bcd3c2ac700d/volume-5595a758-aefb-42fc-a538-d7f85f1b90b1.info
Feb 20 13:48:07 devstack sudo[84360]: pam_unix(sudo:session): session opened for user root(uid=0) by (uid=1000)
Feb 20 13:48:08 devstack sudo[84360]: pam_unix(sudo:session): session closed for user root
Feb 20 13:48:08 devstack cinder-volume[82059]: DEBUG oslo_concurrency.processutils [None req-6e4bb0d8-8947-47b4-bfcd-f691d144b723 tempest-GroupSnapshotsTest-1849837471 None] CMD "sudo cinder-rootwrap /etc/cinder/rootwrap.conf chmod ugo+rw /opt/stack/data/cinder/mnt/22e5f5b22cbcfa5580c3bcd3c2ac700d/volume-5595a758-aefb-42fc-a538-d7f85f1b90b1.info" returned: 0 in 0.457s {{(pid=82059) execute /opt/stack/data/venv/lib/python3.10/site-packages/oslo_concurrency/processutils.py:372}}
Feb 20 13:48:08 devstack cinder-volume[82059]: DEBUG oslo_concurrency.lockutils [None req-6e4bb0d8-8947-47b4-bfcd-f691d144b723 tempest-GroupSnapshotsTest-1849837471 None] Lock "quobyte" "released" by "cinder.volume.drivers.quobyte.QuobyteDriver.create_snapshot" :: held 4.082s {{(pid=82059) inner /opt/stack/data/venv/lib/python3.10/site-packages/oslo_concurrency/lockutils.py:424}}
Feb 20 13:48:08 devstack cinder-volume[82059]: DEBUG oslo_concurrency.lockutils [None req-6e4bb0d8-8947-47b4-bfcd-f691d144b723 tempest-GroupSnapshotsTest-1849837471 None] Acquiring lock "quobyte" by "cinder.volume.drivers.quobyte.QuobyteDriver.create_snapshot" {{(pid=82059) inner /opt/stack/data/venv/lib/python3.10/site-packages/oslo_concurrency/lockutils.py:405}}
Feb 20 13:48:08 devstack cinder-volume[82059]: DEBUG oslo_concurrency.lockutils [None req-6e4bb0d8-8947-47b4-bfcd-f691d144b723 tempest-GroupSnapshotsTest-1849837471 None] Lock "quobyte" acquired by "cinder.volume.drivers.quobyte.QuobyteDriver.create_snapshot" :: waited 0.000s {{(pid=82059) inner /opt/stack/data/venv/lib/python3.10/site-packages/oslo_concurrency/lockutils.py:410}}
Feb 20 13:48:08 devstack cinder-volume[82059]: DEBUG cinder.volume.drivers.remotefs [None req-6e4bb0d8-8947-47b4-bfcd-f691d144b723 tempest-GroupSnapshotsTest-1849837471 None] Creating offline snapshot bd225267-86f2-4bcf-a829-0ef0affb2781 of volume 770d2cd8-353d-4a12-854a-9221023aea1d {{(pid=82059) _create_snapshot /opt/stack/cinder/cinder/volume/drivers/remotefs.py:1815}}
Feb 20 13:48:08 devstack cinder-volume[82059]: DEBUG oslo.privsep.daemon [-] privsep: reply[1313c5c1-3c3b-4450-aa77-46904b705aae]: (4, 'qcow2') {{(pid=83017) _call_back /opt/stack/data/venv/lib/python3.10/site-packages/oslo_privsep/daemon.py:515}}
Feb 20 13:48:08 devstack cinder-volume[82059]: DEBUG oslo_concurrency.processutils [None req-6e4bb0d8-8947-47b4-bfcd-f691d144b723 tempest-GroupSnapshotsTest-1849837471 None] Running cmd (subprocess): /opt/stack/data/venv/bin/python3.10 -m oslo_concurrency.prlimit --as=1073741824 --cpu=60 -- sudo cinder-rootwrap /etc/cinder/rootwrap.conf env LC_ALL=C qemu-img info -f qcow2 --output=json --force-share /opt/stack/data/cinder/mnt/22e5f5b22cbcfa5580c3bcd3c2ac700d/volume-770d2cd8-353d-4a12-854a-9221023aea1d {{(pid=82059) execute /opt/stack/data/venv/lib/python3.10/site-packages/oslo_concurrency/processutils.py:349}}
Feb 20 13:48:08 devstack sudo[84363]: quobyte : PWD=/ ; USER=root ; COMMAND=/opt/stack/data/venv/bin/cinder-rootwrap /etc/cinder/rootwrap.conf env LC_ALL=C qemu-img info -f qcow2 --output=json --force-share /opt/stack/data/cinder/mnt/22e5f5b22cbcfa5580c3bcd3c2ac700d/volume-770d2cd8-353d-4a12-854a-9221023aea1d
Feb 20 13:48:08 devstack sudo[84363]: pam_unix(sudo:session): session opened for user root(uid=0) by (uid=1000)
Feb 20 13:48:08 devstack sudo[84363]: pam_unix(sudo:session): session closed for user root
Feb 20 13:48:08 devstack cinder-volume[82059]: DEBUG oslo_concurrency.processutils [None req-6e4bb0d8-8947-47b4-bfcd-f691d144b723 tempest-GroupSnapshotsTest-1849837471 None] CMD "/opt/stack/data/venv/bin/python3.10 -m oslo_concurrency.prlimit --as=1073741824 --cpu=60 -- sudo cinder-rootwrap /etc/cinder/rootwrap.conf env LC_ALL=C qemu-img info -f qcow2 --output=json --force-share /opt/stack/data/cinder/mnt/22e5f5b22cbcfa5580c3bcd3c2ac700d/volume-770d2cd8-353d-4a12-854a-9221023aea1d" returned: 0 in 0.733s {{(pid=82059) execute /opt/stack/data/venv/lib/python3.10/site-packages/oslo_concurrency/processutils.py:372}}
Feb 20 13:48:08 devstack cinder-volume[82059]: DEBUG oslo_concurrency.processutils [None req-6e4bb0d8-8947-47b4-bfcd-f691d144b723 tempest-GroupSnapshotsTest-1849837471 None] Running cmd (subprocess): sudo cinder-rootwrap /etc/cinder/rootwrap.conf qemu-img create -f qcow2 -o backing_file=/opt/stack/data/cinder/mnt/22e5f5b22cbcfa5580c3bcd3c2ac700d/volume-770d2cd8-353d-4a12-854a-9221023aea1d,backing_fmt=qcow2 /opt/stack/data/cinder/mnt/22e5f5b22cbcfa5580c3bcd3c2ac700d/volume-770d2cd8-353d-4a12-854a-9221023aea1d.bd225267-86f2-4bcf-a829-0ef0affb2781 1G {{(pid=82059) execute /opt/stack/data/venv/lib/python3.10/site-packages/oslo_concurrency/processutils.py:349}}
Feb 20 13:48:08 devstack sudo[84368]: quobyte : PWD=/ ; USER=root ; COMMAND=/opt/stack/data/venv/bin/cinder-rootwrap /etc/cinder/rootwrap.conf qemu-img create -f qcow2 -o backing_file=/opt/stack/data/cinder/mnt/22e5f5b22cbcfa5580c3bcd3c2ac700d/volume-770d2cd8-353d-4a12-854a-9221023aea1d,backing_fmt=qcow2 /opt/stack/data/cinder/mnt/22e5f5b22cbcfa5580c3bcd3c2ac700d/volume-770d2cd8-353d-4a12-854a-9221023aea1d.bd225267-86f2-4bcf-a829-0ef0affb2781 1G
Feb 20 13:48:08 devstack sudo[84368]: pam_unix(sudo:session): session opened for user root(uid=0) by (uid=1000)
Feb 20 13:48:09 devstack sudo[84368]: pam_unix(sudo:session): session closed for user root
Feb 20 13:48:09 devstack cinder-volume[82059]: DEBUG oslo_concurrency.processutils [None req-6e4bb0d8-8947-47b4-bfcd-f691d144b723 tempest-GroupSnapshotsTest-1849837471 None] CMD "sudo cinder-rootwrap /etc/cinder/rootwrap.conf qemu-img create -f qcow2 -o backing_file=/opt/stack/data/cinder/mnt/22e5f5b22cbcfa5580c3bcd3c2ac700d/volume-770d2cd8-353d-4a12-854a-9221023aea1d,backing_fmt=qcow2 /opt/stack/data/cinder/mnt/22e5f5b22cbcfa5580c3bcd3c2ac700d/volume-770d2cd8-353d-4a12-854a-9221023aea1d.bd225267-86f2-4bcf-a829-0ef0affb2781 1G" returned: 0 in 0.575s {{(pid=82059) execute /opt/stack/data/venv/lib/python3.10/site-packages/oslo_concurrency/processutils.py:372}}
Feb 20 13:48:09 devstack cinder-volume[82059]: DEBUG oslo_concurrency.processutils [None req-6e4bb0d8-8947-47b4-bfcd-f691d144b723 tempest-GroupSnapshotsTest-1849837471 None] Running cmd (subprocess): sudo cinder-rootwrap /etc/cinder/rootwrap.conf qemu-img rebase -u -b volume-770d2cd8-353d-4a12-854a-9221023aea1d -F qcow2 /opt/stack/data/cinder/mnt/22e5f5b22cbcfa5580c3bcd3c2ac700d/volume-770d2cd8-353d-4a12-854a-9221023aea1d.bd225267-86f2-4bcf-a829-0ef0affb2781 {{(pid=82059) execute /opt/stack/data/venv/lib/python3.10/site-packages/oslo_concurrency/processutils.py:349}}
Feb 20 13:48:09 devstack sudo[84373]: quobyte : PWD=/ ; USER=root ; COMMAND=/opt/stack/data/venv/bin/cinder-rootwrap /etc/cinder/rootwrap.conf qemu-img rebase -u -b volume-770d2cd8-353d-4a12-854a-9221023aea1d -F qcow2 /opt/stack/data/cinder/mnt/22e5f5b22cbcfa5580c3bcd3c2ac700d/volume-770d2cd8-353d-4a12-854a-9221023aea1d.bd225267-86f2-4bcf-a829-0ef0affb2781
Feb 20 13:48:09 devstack sudo[84373]: pam_unix(sudo:session): session opened for user root(uid=0) by (uid=1000)
Feb 20 13:48:10 devstack sudo[84373]: pam_unix(sudo:session): session closed for user root
Feb 20 13:48:10 devstack cinder-volume[82059]: DEBUG oslo_concurrency.processutils [None req-6e4bb0d8-8947-47b4-bfcd-f691d144b723 tempest-GroupSnapshotsTest-1849837471 None] CMD "sudo cinder-rootwrap /etc/cinder/rootwrap.conf qemu-img rebase -u -b volume-770d2cd8-353d-4a12-854a-9221023aea1d -F qcow2 /opt/stack/data/cinder/mnt/22e5f5b22cbcfa5580c3bcd3c2ac700d/volume-770d2cd8-353d-4a12-854a-9221023aea1d.bd225267-86f2-4bcf-a829-0ef0affb2781" returned: 0 in 0.671s {{(pid=82059) execute /opt/stack/data/venv/lib/python3.10/site-packages/oslo_concurrency/processutils.py:372}}
Feb 20 13:48:10 devstack cinder-volume[82059]: WARNING cinder.volume.drivers.remotefs [None req-6e4bb0d8-8947-47b4-bfcd-f691d144b723 tempest-GroupSnapshotsTest-1849837471 None] /opt/stack/data/cinder/mnt/22e5f5b22cbcfa5580c3bcd3c2ac700d/volume-770d2cd8-353d-4a12-854a-9221023aea1d.bd225267-86f2-4bcf-a829-0ef0affb2781 is being set with open permissions: ugo+rw: NotImplementedError
Feb 20 13:48:10 devstack cinder-volume[82059]: DEBUG oslo_concurrency.processutils [None req-6e4bb0d8-8947-47b4-bfcd-f691d144b723 tempest-GroupSnapshotsTest-1849837471 None] Running cmd (subprocess): sudo cinder-rootwrap /etc/cinder/rootwrap.conf chmod ugo+rw /opt/stack/data/cinder/mnt/22e5f5b22cbcfa5580c3bcd3c2ac700d/volume-770d2cd8-353d-4a12-854a-9221023aea1d.bd225267-86f2-4bcf-a829-0ef0affb2781 {{(pid=82059) execute /opt/stack/data/venv/lib/python3.10/site-packages/oslo_concurrency/processutils.py:349}}
Feb 20 13:48:10 devstack sudo[84378]: quobyte : PWD=/ ; USER=root ; COMMAND=/opt/stack/data/venv/bin/cinder-rootwrap /etc/cinder/rootwrap.conf chmod ugo+rw /opt/stack/data/cinder/mnt/22e5f5b22cbcfa5580c3bcd3c2ac700d/volume-770d2cd8-353d-4a12-854a-9221023aea1d.bd225267-86f2-4bcf-a829-0ef0affb2781
Feb 20 13:48:10 devstack sudo[84378]: pam_unix(sudo:session): session opened for user root(uid=0) by (uid=1000)
Feb 20 13:48:10 devstack sudo[84378]: pam_unix(sudo:session): session closed for user root
Feb 20 13:48:10 devstack cinder-volume[82059]: DEBUG oslo_concurrency.processutils [None req-6e4bb0d8-8947-47b4-bfcd-f691d144b723 tempest-GroupSnapshotsTest-1849837471 None] CMD "sudo cinder-rootwrap /etc/cinder/rootwrap.conf chmod ugo+rw /opt/stack/data/cinder/mnt/22e5f5b22cbcfa5580c3bcd3c2ac700d/volume-770d2cd8-353d-4a12-854a-9221023aea1d.bd225267-86f2-4bcf-a829-0ef0affb2781" returned: 0 in 0.480s {{(pid=82059) execute /opt/stack/data/venv/lib/python3.10/site-packages/oslo_concurrency/processutils.py:372}}
Feb 20 13:48:10 devstack cinder-volume[82059]: DEBUG oslo_concurrency.processutils [None req-6e4bb0d8-8947-47b4-bfcd-f691d144b723 tempest-GroupSnapshotsTest-1849837471 None] Running cmd (subprocess): sudo cinder-rootwrap /etc/cinder/rootwrap.conf truncate -s0 /opt/stack/data/cinder/mnt/22e5f5b22cbcfa5580c3bcd3c2ac700d/volume-770d2cd8-353d-4a12-854a-9221023aea1d.info {{(pid=82059) execute /opt/stack/data/venv/lib/python3.10/site-packages/oslo_concurrency/processutils.py:349}}
Feb 20 13:48:10 devstack sudo[84382]: quobyte : PWD=/ ; USER=root ; COMMAND=/opt/stack/data/venv/bin/cinder-rootwrap /etc/cinder/rootwrap.conf truncate -s0 /opt/stack/data/cinder/mnt/22e5f5b22cbcfa5580c3bcd3c2ac700d/volume-770d2cd8-353d-4a12-854a-9221023aea1d.info
Feb 20 13:48:10 devstack sudo[84382]: pam_unix(sudo:session): session opened for user root(uid=0) by (uid=1000)
Feb 20 13:48:11 devstack sudo[84382]: pam_unix(sudo:session): session closed for user root
Feb 20 13:48:11 devstack cinder-volume[82059]: DEBUG oslo_concurrency.processutils [None req-6e4bb0d8-8947-47b4-bfcd-f691d144b723 tempest-GroupSnapshotsTest-1849837471 None] CMD "sudo cinder-rootwrap /etc/cinder/rootwrap.conf truncate -s0 /opt/stack/data/cinder/mnt/22e5f5b22cbcfa5580c3bcd3c2ac700d/volume-770d2cd8-353d-4a12-854a-9221023aea1d.info" returned: 0 in 0.499s {{(pid=82059) execute /opt/stack/data/venv/lib/python3.10/site-packages/oslo_concurrency/processutils.py:372}}
Feb 20 13:48:11 devstack cinder-volume[82059]: WARNING cinder.volume.drivers.remotefs [None req-6e4bb0d8-8947-47b4-bfcd-f691d144b723 tempest-GroupSnapshotsTest-1849837471 None] /opt/stack/data/cinder/mnt/22e5f5b22cbcfa5580c3bcd3c2ac700d/volume-770d2cd8-353d-4a12-854a-9221023aea1d.info is being set with open permissions: ugo+rw: NotImplementedError
Feb 20 13:48:11 devstack cinder-volume[82059]: DEBUG oslo_concurrency.processutils [None req-6e4bb0d8-8947-47b4-bfcd-f691d144b723 tempest-GroupSnapshotsTest-1849837471 None] Running cmd (subprocess): sudo cinder-rootwrap /etc/cinder/rootwrap.conf chmod ugo+rw /opt/stack/data/cinder/mnt/22e5f5b22cbcfa5580c3bcd3c2ac700d/volume-770d2cd8-353d-4a12-854a-9221023aea1d.info {{(pid=82059) execute /opt/stack/data/venv/lib/python3.10/site-packages/oslo_concurrency/processutils.py:349}}
Feb 20 13:48:11 devstack sudo[84385]: quobyte : PWD=/ ; USER=root ; COMMAND=/opt/stack/data/venv/bin/cinder-rootwrap /etc/cinder/rootwrap.conf chmod ugo+rw /opt/stack/data/cinder/mnt/22e5f5b22cbcfa5580c3bcd3c2ac700d/volume-770d2cd8-353d-4a12-854a-9221023aea1d.info
Feb 20 13:48:11 devstack sudo[84385]: pam_unix(sudo:session): session opened for user root(uid=0) by (uid=1000)
Feb 20 13:48:11 devstack sudo[84385]: pam_unix(sudo:session): session closed for user root
Feb 20 13:48:11 devstack cinder-volume[82059]: DEBUG oslo_concurrency.processutils [None req-6e4bb0d8-8947-47b4-bfcd-f691d144b723 tempest-GroupSnapshotsTest-1849837471 None] CMD "sudo cinder-rootwrap /etc/cinder/rootwrap.conf chmod ugo+rw /opt/stack/data/cinder/mnt/22e5f5b22cbcfa5580c3bcd3c2ac700d/volume-770d2cd8-353d-4a12-854a-9221023aea1d.info" returned: 0 in 0.464s {{(pid=82059) execute /opt/stack/data/venv/lib/python3.10/site-packages/oslo_concurrency/processutils.py:372}}
Feb 20 13:48:11 devstack cinder-volume[82059]: DEBUG oslo_concurrency.lockutils [None req-6e4bb0d8-8947-47b4-bfcd-f691d144b723 tempest-GroupSnapshotsTest-1849837471 None] Lock "quobyte" "released" by "cinder.volume.drivers.quobyte.QuobyteDriver.create_snapshot" :: held 3.510s {{(pid=82059) inner /opt/stack/data/venv/lib/python3.10/site-packages/oslo_concurrency/lockutils.py:424}}
Feb 20 13:48:11 devstack cinder-volume[82059]: DEBUG oslo_concurrency.lockutils [None req-c686c724-8b0d-4ad8-ad29-6c7deb8bab6a tempest-GroupSnapshotsV319Test-530334096 None] Lock "quobyte" acquired by "cinder.volume.drivers.quobyte.QuobyteDriver.create_volume" :: waited 4.809s {{(pid=82059) inner /opt/stack/data/venv/lib/python3.10/site-packages/oslo_concurrency/lockutils.py:410}}
Feb 20 13:48:11 devstack cinder-volume[82059]: DEBUG cinder.volume.drivers.quobyte [None req-c686c724-8b0d-4ad8-ad29-6c7deb8bab6a tempest-GroupSnapshotsV319Test-530334096 None] ==> create_volume: call "{'self': , 'volume': Volume(_name_id=None,admin_metadata=,attach_status='detached',availability_zone='nova',bootable=False,cluster=,cluster_name=None,consistencygroup=,consistencygroup_id=b2c506d5-85dc-47e2-ba2d-1ee9ca074aad,created_at=2026-02-20T12:48:06Z,deleted=False,deleted_at=None,display_description=None,display_name='tempest-volume-1289722909',ec2_id=None,encryption_key_id=None,glance_metadata=,group=,group_id=b2c506d5-85dc-47e2-ba2d-1ee9ca074aad,host='devstack@QuobyteHD#QuobyteHD',id=82bb7f47-fc1e-49ba-b96c-8c12e566c563,launched_at=None,metadata={},migration_status=None,multiattach=False,previous_status=None,project_id='8d2ac028a7eb4115b70e8637e3b0f4b4',provider_auth=None,provider_geometry=None,provider_id=None,provider_location=None,replication_driver_data=None,replication_extended_status=None,replication_status=None,scheduled_at=2026-02-20T12:48:07Z,service_uuid=None,shared_targets=True,size=1,snapshot_id=None,snapshots=,source_volid=None,status='creating',terminated_at=None,updated_at=2026-02-20T12:48:07Z,use_quota=True,user_id='286da28e2ba94be0ae1239ea3c0fced5',volume_attachment=VolumeAttachmentList,volume_type=VolumeType(dfda97a9-7220-4723-a8ca-bfa99c7897be),volume_type_id=dfda97a9-7220-4723-a8ca-bfa99c7897be)}" {{(pid=82059) trace_logging_wrapper /opt/stack/cinder/cinder/volume/volume_utils.py:1498}}
Feb 20 13:48:11 devstack cinder-volume[82059]: DEBUG cinder.volume.drivers.remotefs [None req-c686c724-8b0d-4ad8-ad29-6c7deb8bab6a tempest-GroupSnapshotsV319Test-530334096 None] Creating volume 82bb7f47-fc1e-49ba-b96c-8c12e566c563 {{(pid=82059) create_volume /opt/stack/cinder/cinder/volume/drivers/remotefs.py:292}}
Feb 20 13:48:11 devstack cinder-volume[82059]: DEBUG oslo_concurrency.lockutils [None req-c686c724-8b0d-4ad8-ad29-6c7deb8bab6a tempest-GroupSnapshotsV319Test-530334096 None] Acquiring lock "quobyte_ensure" by "cinder.volume.drivers.quobyte.QuobyteDriver._ensure_shares_mounted" {{(pid=82059) inner /opt/stack/data/venv/lib/python3.10/site-packages/oslo_concurrency/lockutils.py:405}}
Feb 20 13:48:11 devstack cinder-volume[82059]: DEBUG oslo_concurrency.lockutils [None req-c686c724-8b0d-4ad8-ad29-6c7deb8bab6a tempest-GroupSnapshotsV319Test-530334096 None] Lock "quobyte_ensure" acquired by "cinder.volume.drivers.quobyte.QuobyteDriver._ensure_shares_mounted" :: waited 0.000s {{(pid=82059) inner /opt/stack/data/venv/lib/python3.10/site-packages/oslo_concurrency/lockutils.py:410}}
Feb 20 13:48:11 devstack cinder-volume[82059]: DEBUG cinder.volume.drivers.quobyte [None req-c686c724-8b0d-4ad8-ad29-6c7deb8bab6a tempest-GroupSnapshotsV319Test-530334096 None] Quobyte Volume URL set to: {'osci02.corp.quobyte.com/cinder-vol-a5535160-57b0-4576-a207-fb820d2de55d': None} {{(pid=82059) _load_shares_config /opt/stack/cinder/cinder/volume/drivers/quobyte.py:620}}
Feb 20 13:48:11 devstack cinder-volume[82059]: DEBUG cinder.volume.drivers.quobyte [None req-c686c724-8b0d-4ad8-ad29-6c7deb8bab6a tempest-GroupSnapshotsV319Test-530334096 None] Available shares ['osci02.corp.quobyte.com/cinder-vol-a5535160-57b0-4576-a207-fb820d2de55d'] {{(pid=82059) _ensure_shares_mounted /opt/stack/cinder/cinder/volume/drivers/quobyte.py:650}}
Feb 20 13:48:11 devstack cinder-volume[82059]: DEBUG oslo_concurrency.lockutils [None req-c686c724-8b0d-4ad8-ad29-6c7deb8bab6a tempest-GroupSnapshotsV319Test-530334096 None] Lock "quobyte_ensure" "released" by "cinder.volume.drivers.quobyte.QuobyteDriver._ensure_shares_mounted" :: held 0.011s {{(pid=82059) inner /opt/stack/data/venv/lib/python3.10/site-packages/oslo_concurrency/lockutils.py:424}}
Feb 20 13:48:11 devstack cinder-volume[82059]: DEBUG cinder.volume.drivers.quobyte [None req-c686c724-8b0d-4ad8-ad29-6c7deb8bab6a tempest-GroupSnapshotsV319Test-530334096 None] Selected osci02.corp.quobyte.com/cinder-vol-a5535160-57b0-4576-a207-fb820d2de55d as target Quobyte volume. {{(pid=82059) _find_share /opt/stack/cinder/cinder/volume/drivers/quobyte.py:671}}
Feb 20 13:48:11 devstack cinder-volume[82059]: INFO cinder.volume.drivers.remotefs [None req-c686c724-8b0d-4ad8-ad29-6c7deb8bab6a tempest-GroupSnapshotsV319Test-530334096 None] casted to osci02.corp.quobyte.com/cinder-vol-a5535160-57b0-4576-a207-fb820d2de55d
Feb 20 13:48:11 devstack cinder-volume[82059]: DEBUG oslo_concurrency.processutils [None req-c686c724-8b0d-4ad8-ad29-6c7deb8bab6a tempest-GroupSnapshotsV319Test-530334096 None] Running cmd (subprocess): sudo cinder-rootwrap /etc/cinder/rootwrap.conf qemu-img create -f qcow2 -o preallocation=metadata /opt/stack/data/cinder/mnt/22e5f5b22cbcfa5580c3bcd3c2ac700d/volume-82bb7f47-fc1e-49ba-b96c-8c12e566c563 1073741824 {{(pid=82059) execute /opt/stack/data/venv/lib/python3.10/site-packages/oslo_concurrency/processutils.py:349}}
Feb 20 13:48:11 devstack sudo[84388]: quobyte : PWD=/ ; USER=root ; COMMAND=/opt/stack/data/venv/bin/cinder-rootwrap /etc/cinder/rootwrap.conf qemu-img create -f qcow2 -o preallocation=metadata /opt/stack/data/cinder/mnt/22e5f5b22cbcfa5580c3bcd3c2ac700d/volume-82bb7f47-fc1e-49ba-b96c-8c12e566c563 1073741824
Feb 20 13:48:11 devstack sudo[84388]: pam_unix(sudo:session): session opened for user root(uid=0) by (uid=1000)
Feb 20 13:48:12 devstack sudo[84388]: pam_unix(sudo:session): session closed for user root
Feb 20 13:48:12 devstack cinder-volume[82059]: DEBUG oslo_concurrency.processutils [None req-c686c724-8b0d-4ad8-ad29-6c7deb8bab6a tempest-GroupSnapshotsV319Test-530334096 None] CMD "sudo cinder-rootwrap /etc/cinder/rootwrap.conf qemu-img create -f qcow2 -o preallocation=metadata /opt/stack/data/cinder/mnt/22e5f5b22cbcfa5580c3bcd3c2ac700d/volume-82bb7f47-fc1e-49ba-b96c-8c12e566c563 1073741824" returned: 0 in 0.644s {{(pid=82059) execute /opt/stack/data/venv/lib/python3.10/site-packages/oslo_concurrency/processutils.py:372}}
Feb 20 13:48:12 devstack cinder-volume[82059]: INFO cinder.volume.manager [None req-6e4bb0d8-8947-47b4-bfcd-f691d144b723 tempest-GroupSnapshotsTest-1849837471 None] group_snapshot 3937408a-66f8-4dd2-80f9-36006c5a49cc: created successfully
