Aug 09 12:36:41 devstack devstack@g-api.service[78940]: DEBUG glance.common.config [None req-268099e7-fee2-42c5-80c6-9547c233a251 None None] barbican_service_user.cafile = None {{(pid=78940) log_opt_values /opt/stack/data/venv/lib/python3.12/site-packages/oslo_config/cfg.py:3545}}
Aug 09 12:36:41 devstack devstack@g-api.service[78940]: DEBUG glance.common.config [None req-268099e7-fee2-42c5-80c6-9547c233a251 None None] barbican_service_user.certfile = None {{(pid=78940) log_opt_values /opt/stack/data/venv/lib/python3.12/site-packages/oslo_config/cfg.py:3545}}
Aug 09 12:36:41 devstack devstack@g-api.service[78940]: DEBUG glance.common.config [None req-268099e7-fee2-42c5-80c6-9547c233a251 None None] barbican_service_user.collect_timing = False {{(pid=78940) log_opt_values /opt/stack/data/venv/lib/python3.12/site-packages/oslo_config/cfg.py:3545}}
Aug 09 12:36:41 devstack devstack@g-api.service[78940]: DEBUG glance.common.config [None req-268099e7-fee2-42c5-80c6-9547c233a251 None None] barbican_service_user.insecure = False {{(pid=78940) log_opt_values /opt/stack/data/venv/lib/python3.12/site-packages/oslo_config/cfg.py:3545}}
Aug 09 12:36:41 devstack devstack@g-api.service[78940]: DEBUG glance.common.config [None req-268099e7-fee2-42c5-80c6-9547c233a251 None None] barbican_service_user.keyfile = None {{(pid=78940) log_opt_values /opt/stack/data/venv/lib/python3.12/site-packages/oslo_config/cfg.py:3545}}
Aug 09 12:36:41 devstack devstack@g-api.service[78940]: DEBUG glance.common.config [None req-268099e7-fee2-42c5-80c6-9547c233a251 None None] barbican_service_user.split_loggers = False {{(pid=78940) log_opt_values /opt/stack/data/venv/lib/python3.12/site-packages/oslo_config/cfg.py:3545}}
Aug 09 12:36:41 devstack devstack@g-api.service[78940]: DEBUG glance.common.config [None req-268099e7-fee2-42c5-80c6-9547c233a251 None None] barbican_service_user.timeout = None {{(pid=78940) log_opt_values /opt/stack/data/venv/lib/python3.12/site-packages/oslo_config/cfg.py:3545}}
Aug 09 12:36:41 devstack devstack@g-api.service[78940]: DEBUG glance.common.config [None req-268099e7-fee2-42c5-80c6-9547c233a251 None None] database.asyncio_connection = **** {{(pid=78940) log_opt_values /opt/stack/data/venv/lib/python3.12/site-packages/oslo_config/cfg.py:3545}}
Aug 09 12:36:41 devstack devstack@g-api.service[78940]: DEBUG glance.common.config [None req-268099e7-fee2-42c5-80c6-9547c233a251 None None] database.asyncio_slave_connection = **** {{(pid=78940) log_opt_values /opt/stack/data/venv/lib/python3.12/site-packages/oslo_config/cfg.py:3545}}
Aug 09 12:36:41 devstack devstack@g-api.service[78940]: DEBUG glance.common.config [None req-268099e7-fee2-42c5-80c6-9547c233a251 None None] database.backend = sqlalchemy {{(pid=78940) log_opt_values /opt/stack/data/venv/lib/python3.12/site-packages/oslo_config/cfg.py:3545}}
Aug 09 12:36:41 devstack devstack@g-api.service[78940]: DEBUG glance.common.config [None req-268099e7-fee2-42c5-80c6-9547c233a251 None None] database.connection = **** {{(pid=78940) log_opt_values /opt/stack/data/venv/lib/python3.12/site-packages/oslo_config/cfg.py:3545}}
Aug 09 12:36:41 devstack devstack@g-api.service[78940]: DEBUG glance.common.config [None req-268099e7-fee2-42c5-80c6-9547c233a251 None None] database.connection_debug = 0 {{(pid=78940) log_opt_values /opt/stack/data/venv/lib/python3.12/site-packages/oslo_config/cfg.py:3545}}
Aug 09 12:36:41 devstack devstack@g-api.service[78940]: DEBUG glance.common.config [None req-268099e7-fee2-42c5-80c6-9547c233a251 None None] database.connection_parameters = {{(pid=78940) log_opt_values /opt/stack/data/venv/lib/python3.12/site-packages/oslo_config/cfg.py:3545}}
Aug 09 12:36:41 devstack devstack@g-api.service[78940]: DEBUG glance.common.config [None req-268099e7-fee2-42c5-80c6-9547c233a251 None None] database.connection_recycle_time = 3600 {{(pid=78940) log_opt_values /opt/stack/data/venv/lib/python3.12/site-packages/oslo_config/cfg.py:3545}}
Aug 09 12:36:41 devstack devstack@g-api.service[78940]: DEBUG glance.common.config [None req-268099e7-fee2-42c5-80c6-9547c233a251 None None] database.connection_trace = False {{(pid=78940) log_opt_values /opt/stack/data/venv/lib/python3.12/site-packages/oslo_config/cfg.py:3545}}
Aug 09 12:36:41 devstack devstack@g-api.service[78940]: DEBUG glance.common.config [None req-268099e7-fee2-42c5-80c6-9547c233a251 None None] database.db_inc_retry_interval = True {{(pid=78940) log_opt_values /opt/stack/data/venv/lib/python3.12/site-packages/oslo_config/cfg.py:3545}}
Aug 09 12:36:41 devstack devstack@g-api.service[78940]: DEBUG glance.common.config [None req-268099e7-fee2-42c5-80c6-9547c233a251 None None] database.db_max_retries = 20 {{(pid=78940) log_opt_values /opt/stack/data/venv/lib/python3.12/site-packages/oslo_config/cfg.py:3545}}
Aug 09 12:36:41 devstack devstack@g-api.service[78940]: DEBUG glance.common.config [None req-268099e7-fee2-42c5-80c6-9547c233a251 None None] database.db_max_retry_interval = 10 {{(pid=78940) log_opt_values /opt/stack/data/venv/lib/python3.12/site-packages/oslo_config/cfg.py:3545}}
Aug 09 12:36:41 devstack devstack@g-api.service[78940]: DEBUG glance.common.config [None req-268099e7-fee2-42c5-80c6-9547c233a251 None None] database.db_retry_interval = 1 {{(pid=78940) log_opt_values /opt/stack/data/venv/lib/python3.12/site-packages/oslo_config/cfg.py:3545}}
Aug 09 12:36:41 devstack devstack@g-api.service[78940]: DEBUG glance.common.config [None req-268099e7-fee2-42c5-80c6-9547c233a251 None None] database.max_overflow = 50 {{(pid=78940) log_opt_values /opt/stack/data/venv/lib/python3.12/site-packages/oslo_config/cfg.py:3545}}
Aug 09 12:36:41 devstack devstack@g-api.service[78940]: DEBUG glance.common.config [None req-268099e7-fee2-42c5-80c6-9547c233a251 None None] database.max_pool_size = 5 {{(pid=78940) log_opt_values /opt/stack/data/venv/lib/python3.12/site-packages/oslo_config/cfg.py:3545}}
Aug 09 12:36:41 devstack devstack@g-api.service[78940]: DEBUG glance.common.config [None req-268099e7-fee2-42c5-80c6-9547c233a251 None None] database.max_retries = 10 {{(pid=78940) log_opt_values /opt/stack/data/venv/lib/python3.12/site-packages/oslo_config/cfg.py:3545}}
Aug 09 12:36:41 devstack devstack@g-api.service[78940]: DEBUG glance.common.config [None req-268099e7-fee2-42c5-80c6-9547c233a251 None None] database.mysql_sql_mode = TRADITIONAL {{(pid=78940) log_opt_values /opt/stack/data/venv/lib/python3.12/site-packages/oslo_config/cfg.py:3545}}
Aug 09 12:36:41 devstack devstack@g-api.service[78940]: DEBUG glance.common.config [None req-268099e7-fee2-42c5-80c6-9547c233a251 None None] database.mysql_wsrep_sync_wait = None {{(pid=78940) log_opt_values /opt/stack/data/venv/lib/python3.12/site-packages/oslo_config/cfg.py:3545}}
Aug 09 12:36:41 devstack devstack@g-api.service[78940]: DEBUG glance.common.config [None req-268099e7-fee2-42c5-80c6-9547c233a251 None None] database.pool_timeout = None {{(pid=78940) log_opt_values /opt/stack/data/venv/lib/python3.12/site-packages/oslo_config/cfg.py:3545}}
Aug 09 12:36:41 devstack devstack@g-api.service[78940]: DEBUG glance.common.config [None req-268099e7-fee2-42c5-80c6-9547c233a251 None None] database.retry_interval = 10 {{(pid=78940) log_opt_values /opt/stack/data/venv/lib/python3.12/site-packages/oslo_config/cfg.py:3545}}
Aug 09 12:36:41 devstack devstack@g-api.service[78940]: DEBUG glance.common.config [None req-268099e7-fee2-42c5-80c6-9547c233a251 None None] database.slave_connection = **** {{(pid=78940) log_opt_values /opt/stack/data/venv/lib/python3.12/site-packages/oslo_config/cfg.py:3545}}
Aug 09 12:36:41 devstack devstack@g-api.service[78940]: DEBUG glance.common.config [None req-268099e7-fee2-42c5-80c6-9547c233a251 None None] database.sqlite_synchronous = True {{(pid=78940) log_opt_values /opt/stack/data/venv/lib/python3.12/site-packages/oslo_config/cfg.py:3545}}
Aug 09 12:36:41 devstack devstack@g-api.service[78940]: DEBUG glance.common.config [None req-268099e7-fee2-42c5-80c6-9547c233a251 None None] database.synchronous_reader = True {{(pid=78940) log_opt_values /opt/stack/data/venv/lib/python3.12/site-packages/oslo_config/cfg.py:3545}}
Aug 09 12:36:41 devstack devstack@g-api.service[78940]: DEBUG glance.common.config [None req-268099e7-fee2-42c5-80c6-9547c233a251 None None] database.use_db_reconnect = False {{(pid=78940) log_opt_values /opt/stack/data/venv/lib/python3.12/site-packages/oslo_config/cfg.py:3545}}
Aug 09 12:36:41 devstack devstack@g-api.service[78940]: DEBUG glance.common.config [None req-268099e7-fee2-42c5-80c6-9547c233a251 None None] healthcheck.allowed_source_ranges = [] {{(pid=78940) log_opt_values /opt/stack/data/venv/lib/python3.12/site-packages/oslo_config/cfg.py:3545}}
Aug 09 12:36:41 devstack devstack@g-api.service[78940]: DEBUG glance.common.config [None req-268099e7-fee2-42c5-80c6-9547c233a251 None None] healthcheck.backends = ['disable_by_file'] {{(pid=78940) log_opt_values /opt/stack/data/venv/lib/python3.12/site-packages/oslo_config/cfg.py:3545}}
Aug 09 12:36:41 devstack devstack@g-api.service[78940]: DEBUG glance.common.config [None req-268099e7-fee2-42c5-80c6-9547c233a251 None None] healthcheck.detailed = False {{(pid=78940) log_opt_values /opt/stack/data/venv/lib/python3.12/site-packages/oslo_config/cfg.py:3545}}
Aug 09 12:36:41 devstack devstack@g-api.service[78940]: DEBUG glance.common.config [None req-268099e7-fee2-42c5-80c6-9547c233a251 None None] healthcheck.disable_by_file_path = None {{(pid=78940) log_opt_values /opt/stack/data/venv/lib/python3.12/site-packages/oslo_config/cfg.py:3545}}
Aug 09 12:36:41 devstack devstack@g-api.service[78940]: DEBUG glance.common.config [None req-268099e7-fee2-42c5-80c6-9547c233a251 None None] healthcheck.ignore_proxied_requests = False {{(pid=78940) log_opt_values /opt/stack/data/venv/lib/python3.12/site-packages/oslo_config/cfg.py:3545}}
Aug 09 12:36:41 devstack devstack@g-api.service[78940]: DEBUG glance.common.config [None req-268099e7-fee2-42c5-80c6-9547c233a251 None None] ******************************************************************************** {{(pid=78940) log_opt_values /opt/stack/data/venv/lib/python3.12/site-packages/oslo_config/cfg.py:3552}}
Aug 09 12:36:41 devstack devstack@g-api.service[78940]: WSGI app 0 (mountpoint='') ready in 5 seconds on interpreter 0x7bff578a4668 pid: 78940 (default app)
Aug 09 12:36:45 devstack devstack@g-api.service[78941]: DEBUG glance.api.middleware.version_negotiation [None req-a6889e75-c0ba-4c5f-b7be-f2f79d38e176 None None] Determining version of request: GET / Accept: application/json {{(pid=78941) process_request /opt/stack/glance/glance/api/middleware/version_negotiation.py:44}}
Aug 09 12:36:45 devstack devstack@g-api.service[78941]: DEBUG glance.api.middleware.version_negotiation [None req-a6889e75-c0ba-4c5f-b7be-f2f79d38e176 None None] Using url versioning {{(pid=78941) process_request /opt/stack/glance/glance/api/middleware/version_negotiation.py:57}}
Aug 09 12:36:45 devstack devstack@g-api.service[78941]: DEBUG glance.api.middleware.version_negotiation [None req-a6889e75-c0ba-4c5f-b7be-f2f79d38e176 None None] Unknown version. Returning version choices. {{(pid=78941) process_request /opt/stack/glance/glance/api/middleware/version_negotiation.py:64}}
Aug 09 12:36:45 devstack devstack@g-api.service[78941]: [pid: 78941|app: 0|req: 2/2] 127.0.0.1 () {34 vars in 513 bytes} [Sun Aug 9 12:36:45 2026] GET / => generated 1543 bytes in 2 msecs (HTTP/1.1 300) 3 headers in 106 bytes (1 switches on core 0)
Aug 09 12:36:45 devstack devstack@g-api.service[78940]: DEBUG glance.api.middleware.version_negotiation [None req-268099e7-fee2-42c5-80c6-9547c233a251 None None] Determining version of request: POST /v2/images Accept: */* {{(pid=78940) process_request /opt/stack/glance/glance/api/middleware/version_negotiation.py:44}}
Aug 09 12:36:45 devstack devstack@g-api.service[78940]: DEBUG glance.api.middleware.version_negotiation [None req-268099e7-fee2-42c5-80c6-9547c233a251 None None] Using url versioning {{(pid=78940) process_request /opt/stack/glance/glance/api/middleware/version_negotiation.py:57}}
Aug 09 12:36:45 devstack devstack@g-api.service[78940]: DEBUG glance.api.middleware.version_negotiation [None req-268099e7-fee2-42c5-80c6-9547c233a251 None None] Matched version: v2 {{(pid=78940) process_request /opt/stack/glance/glance/api/middleware/version_negotiation.py:69}}
Aug 09 12:36:45 devstack devstack@g-api.service[78940]: DEBUG glance.api.middleware.version_negotiation [None req-268099e7-fee2-42c5-80c6-9547c233a251 None None] new path /v2/images {{(pid=78940) process_request /opt/stack/glance/glance/api/middleware/version_negotiation.py:70}}
Aug 09 12:36:46 devstack devstack@g-api.service[78940]: [pid: 78940|app: 0|req: 1/3] 127.0.0.1 () {40 vars in 776 bytes} [Sun Aug 9 12:36:45 2026] POST /v2/images => generated 807 bytes in 1132 msecs (HTTP/1.1 201) 6 headers in 314 bytes (1 switches on core 0)
Aug 09 12:36:46 devstack devstack@g-api.service[78941]: DEBUG glance.api.middleware.version_negotiation [None req-a6889e75-c0ba-4c5f-b7be-f2f79d38e176 None None] Determining version of request: PUT /v2/images/edd103c7-208a-494c-8e8e-975b743b3cc4/file Accept: {{(pid=78941) process_request /opt/stack/glance/glance/api/middleware/version_negotiation.py:44}}
Aug 09 12:36:46 devstack devstack@g-api.service[78941]: DEBUG glance.api.middleware.version_negotiation [None req-a6889e75-c0ba-4c5f-b7be-f2f79d38e176 None None] Using url versioning {{(pid=78941) process_request /opt/stack/glance/glance/api/middleware/version_negotiation.py:57}}
Aug 09 12:36:46 devstack devstack@g-api.service[78941]: DEBUG glance.api.middleware.version_negotiation [None req-a6889e75-c0ba-4c5f-b7be-f2f79d38e176 None None] Matched version: v2 {{(pid=78941) process_request /opt/stack/glance/glance/api/middleware/version_negotiation.py:69}}
Aug 09 12:36:46 devstack devstack@g-api.service[78941]: DEBUG glance.api.middleware.version_negotiation [None req-a6889e75-c0ba-4c5f-b7be-f2f79d38e176 None None] new path /v2/images/edd103c7-208a-494c-8e8e-975b743b3cc4/file {{(pid=78941) process_request /opt/stack/glance/glance/api/middleware/version_negotiation.py:70}}
Aug 09 12:36:47 devstack devstack@g-api.service[78941]: INFO glance.api.v2.image_data [None req-04c972e2-2de3-4ded-86c0-45eeebc16054 admin admin] Unable to create trust: no such option collect_timing in group [keystone_authtoken] Use the existing user token.
Aug 09 12:36:48 devstack devstack@g-api.service[78941]: DEBUG glance.location [None req-04c972e2-2de3-4ded-86c0-45eeebc16054 admin admin] Enabling in-flight format inspection for qcow2 {{(pid=78941) set_data /opt/stack/glance/glance/location.py:596}}
Aug 09 12:36:48 devstack devstack@g-api.service[78941]: DEBUG oslo_utils.imageutils.format_inspector [None req-04c972e2-2de3-4ded-86c0-45eeebc16054 admin admin] Format inspector for vmdk does not match, excluding from consideration (Signature KDMV not found: b'QFI\xfb') {{(pid=78941) _process_chunk /opt/stack/data/venv/lib/python3.12/site-packages/oslo_utils/imageutils/format_inspector.py:1758}}
Aug 09 12:36:48 devstack devstack@g-api.service[78941]: DEBUG oslo_utils.imageutils.format_inspector [None req-04c972e2-2de3-4ded-86c0-45eeebc16054 admin admin] Format inspector for vhdx does not match, excluding from consideration (Region signature not found at 30000) {{(pid=78941) _process_chunk /opt/stack/data/venv/lib/python3.12/site-packages/oslo_utils/imageutils/format_inspector.py:1758}}
Aug 09 12:36:48 devstack devstack@g-api.service[78941]: DEBUG glance_store._drivers.filesystem [None req-04c972e2-2de3-4ded-86c0-45eeebc16054 admin admin] Wrote 21692416 bytes to /opt/stack/data/glance/images/edd103c7-208a-494c-8e8e-975b743b3cc4 with checksum 87617e24a5e30cb3b87fda8c0764838f and multihash 9a9bce0083a00939ec17c11febbfc767aa211aaa54f51e75c5a8b271a9b5637c77205a518b7a2007cb391d23cceb01e0e4e8d64832317151bc85b734b92a7be0 {{(pid=78941) add /opt/stack/data/venv/lib/python3.12/site-packages/glance_store/_drivers/filesystem.py:899}}
Aug 09 12:36:48 devstack devstack@g-api.service[78941]: INFO glance.location [None req-04c972e2-2de3-4ded-86c0-45eeebc16054 admin admin] Image format matched and virtual size computed: 117440512
Aug 09 12:36:48 devstack devstack@g-api.service[78941]: DEBUG glance_store.backend [None req-04c972e2-2de3-4ded-86c0-45eeebc16054 admin admin] Skipping store.set_acls... not implemented. {{(pid=78941) set_acls /opt/stack/data/venv/lib/python3.12/site-packages/glance_store/backend.py:507}}
Aug 09 12:36:48 devstack devstack@g-api.service[78941]: [pid: 78941|app: 0|req: 3/4] 127.0.0.1 () {42 vars in 908 bytes} [Sun Aug 9 12:36:46 2026] PUT /v2/images/edd103c7-208a-494c-8e8e-975b743b3cc4/file => generated 0 bytes in 1710 msecs (HTTP/1.1 204) 4 headers in 171 bytes (1 switches on core 0)
Aug 09 12:36:48 devstack devstack@g-api.service[78940]: DEBUG glance.api.middleware.version_negotiation [None req-4b79fe39-060f-4604-88b7-32d229dfb8ab admin admin] Determining version of request: GET /v2/images/edd103c7-208a-494c-8e8e-975b743b3cc4 Accept: */* {{(pid=78940) process_request /opt/stack/glance/glance/api/middleware/version_negotiation.py:44}}
Aug 09 12:36:48 devstack devstack@g-api.service[78940]: DEBUG glance.api.middleware.version_negotiation [None req-4b79fe39-060f-4604-88b7-32d229dfb8ab admin admin] Using url versioning {{(pid=78940) process_request /opt/stack/glance/glance/api/middleware/version_negotiation.py:57}}
Aug 09 12:36:48 devstack devstack@g-api.service[78940]: DEBUG glance.api.middleware.version_negotiation [None req-4b79fe39-060f-4604-88b7-32d229dfb8ab admin admin] Matched version: v2 {{(pid=78940) process_request /opt/stack/glance/glance/api/middleware/version_negotiation.py:69}}
Aug 09 12:36:48 devstack devstack@g-api.service[78940]: DEBUG glance.api.middleware.version_negotiation [None req-4b79fe39-060f-4604-88b7-32d229dfb8ab admin admin] new path /v2/images/edd103c7-208a-494c-8e8e-975b743b3cc4 {{(pid=78940) process_request /opt/stack/glance/glance/api/middleware/version_negotiation.py:70}}
Aug 09 12:36:48 devstack devstack@g-api.service[78940]: [pid: 78940|app: 0|req: 2/5] 127.0.0.1 () {36 vars in 796 bytes} [Sun Aug 9 12:36:48 2026] GET /v2/images/edd103c7-208a-494c-8e8e-975b743b3cc4 => generated 976 bytes in 25 msecs (HTTP/1.1 200) 4 headers in 157 bytes (1 switches on core 0)
Aug 09 12:36:58 devstack devstack@g-api.service[78941]: DEBUG dbcounter [-] [78941] Writing DB stats glance:INSERT=5,glance:SELECT=16,glance:UPDATE=2 {{(pid=78941) stat_writer /opt/stack/data/venv/lib/python3.12/site-packages/dbcounter.py:115}}
Aug 09 12:36:58 devstack devstack@g-api.service[78940]: DEBUG dbcounter [-] [78940] Writing DB stats glance:INSERT=9,glance:SELECT=6 {{(pid=78940) stat_writer /opt/stack/data/venv/lib/python3.12/site-packages/dbcounter.py:115}}
Aug 09 12:37:32 devstack devstack@g-api.service[78941]: DEBUG glance.api.middleware.version_negotiation [None req-04c972e2-2de3-4ded-86c0-45eeebc16054 admin admin] Determining version of request: GET / Accept: application/json {{(pid=78941) process_request /opt/stack/glance/glance/api/middleware/version_negotiation.py:44}}
Aug 09 12:37:32 devstack devstack@g-api.service[78941]: DEBUG glance.api.middleware.version_negotiation [None req-04c972e2-2de3-4ded-86c0-45eeebc16054 admin admin] Using url versioning {{(pid=78941) process_request /opt/stack/glance/glance/api/middleware/version_negotiation.py:57}}
Aug 09 12:37:32 devstack devstack@g-api.service[78941]: DEBUG glance.api.middleware.version_negotiation [None req-04c972e2-2de3-4ded-86c0-45eeebc16054 admin admin] Unknown version. Returning version choices. {{(pid=78941) process_request /opt/stack/glance/glance/api/middleware/version_negotiation.py:64}}
Aug 09 12:37:32 devstack devstack@g-api.service[78941]: [pid: 78941|app: 0|req: 4/6] 127.0.0.1 () {34 vars in 513 bytes} [Sun Aug 9 12:37:32 2026] GET / => generated 1543 bytes in 2 msecs (HTTP/1.1 300) 3 headers in 106 bytes (1 switches on core 0)
Aug 09 12:37:32 devstack devstack@g-api.service[78940]: DEBUG glance.api.middleware.version_negotiation [None req-3d4dae97-268f-4b83-94ba-13e3aaee2ae5 admin admin] Determining version of request: GET /v2/images Accept: application/json {{(pid=78940) process_request /opt/stack/glance/glance/api/middleware/version_negotiation.py:44}}
Aug 09 12:37:32 devstack devstack@g-api.service[78940]: DEBUG glance.api.middleware.version_negotiation [None req-3d4dae97-268f-4b83-94ba-13e3aaee2ae5 admin admin] Using url versioning {{(pid=78940) process_request /opt/stack/glance/glance/api/middleware/version_negotiation.py:57}}
Aug 09 12:37:32 devstack devstack@g-api.service[78940]: DEBUG glance.api.middleware.version_negotiation [None req-3d4dae97-268f-4b83-94ba-13e3aaee2ae5 admin admin] Matched version: v2 {{(pid=78940) process_request /opt/stack/glance/glance/api/middleware/version_negotiation.py:69}}
Aug 09 12:37:32 devstack devstack@g-api.service[78940]: DEBUG glance.api.middleware.version_negotiation [None req-3d4dae97-268f-4b83-94ba-13e3aaee2ae5 admin admin] new path /v2/images {{(pid=78940) process_request /opt/stack/glance/glance/api/middleware/version_negotiation.py:70}}
Aug 09 12:37:32 devstack devstack@g-api.service[78940]: [pid: 78940|app: 0|req: 3/7] 127.0.0.1 () {36 vars in 735 bytes} [Sun Aug 9 12:37:32 2026] GET /v2/images => generated 1045 bytes in 92 msecs (HTTP/1.1 200) 4 headers in 158 bytes (1 switches on core 0)
Aug 09 12:37:41 devstack devstack@g-api.service[78941]: DEBUG glance.api.middleware.version_negotiation [None req-04c972e2-2de3-4ded-86c0-45eeebc16054 admin admin] Determining version of request: GET / Accept: application/json {{(pid=78941) process_request /opt/stack/glance/glance/api/middleware/version_negotiation.py:44}}
Aug 09 12:37:41 devstack devstack@g-api.service[78941]: DEBUG glance.api.middleware.version_negotiation [None req-04c972e2-2de3-4ded-86c0-45eeebc16054 admin admin] Using url versioning {{(pid=78941) process_request /opt/stack/glance/glance/api/middleware/version_negotiation.py:57}}
Aug 09 12:37:41 devstack devstack@g-api.service[78941]: DEBUG glance.api.middleware.version_negotiation [None req-04c972e2-2de3-4ded-86c0-45eeebc16054 admin admin] Unknown version. Returning version choices. {{(pid=78941) process_request /opt/stack/glance/glance/api/middleware/version_negotiation.py:64}}
Aug 09 12:37:41 devstack devstack@g-api.service[78941]: [pid: 78941|app: 0|req: 5/8] 127.0.0.1 () {34 vars in 513 bytes} [Sun Aug 9 12:37:41 2026] GET / => generated 1543 bytes in 2 msecs (HTTP/1.1 300) 3 headers in 106 bytes (1 switches on core 0)
Aug 09 12:37:41 devstack devstack@g-api.service[78940]: DEBUG glance.api.middleware.version_negotiation [None req-451802a5-1096-43fb-bc66-aa95fa547b3d admin admin] Determining version of request: GET /v2/images/edd103c7-208a-494c-8e8e-975b743b3cc4 Accept: */* {{(pid=78940) process_request /opt/stack/glance/glance/api/middleware/version_negotiation.py:44}}
Aug 09 12:37:41 devstack devstack@g-api.service[78940]: DEBUG glance.api.middleware.version_negotiation [None req-451802a5-1096-43fb-bc66-aa95fa547b3d admin admin] Using url versioning {{(pid=78940) process_request /opt/stack/glance/glance/api/middleware/version_negotiation.py:57}}
Aug 09 12:37:41 devstack devstack@g-api.service[78940]: DEBUG glance.api.middleware.version_negotiation [None req-451802a5-1096-43fb-bc66-aa95fa547b3d admin admin] Matched version: v2 {{(pid=78940) process_request /opt/stack/glance/glance/api/middleware/version_negotiation.py:69}}
Aug 09 12:37:41 devstack devstack@g-api.service[78940]: DEBUG glance.api.middleware.version_negotiation [None req-451802a5-1096-43fb-bc66-aa95fa547b3d admin admin] new path /v2/images/edd103c7-208a-494c-8e8e-975b743b3cc4 {{(pid=78940) process_request /opt/stack/glance/glance/api/middleware/version_negotiation.py:70}}
Aug 09 12:37:42 devstack devstack@g-api.service[78940]: [pid: 78940|app: 0|req: 4/9] 127.0.0.1 () {36 vars in 796 bytes} [Sun Aug 9 12:37:41 2026] GET /v2/images/edd103c7-208a-494c-8e8e-975b743b3cc4 => generated 976 bytes in 71 msecs (HTTP/1.1 200) 4 headers in 157 bytes (1 switches on core 0)
Aug 09 12:37:48 devstack devstack@g-api.service[78941]: DEBUG glance.api.middleware.version_negotiation [None req-04c972e2-2de3-4ded-86c0-45eeebc16054 admin admin] Determining version of request: GET / Accept: application/json {{(pid=78941) process_request /opt/stack/glance/glance/api/middleware/version_negotiation.py:44}}
Aug 09 12:37:48 devstack devstack@g-api.service[78941]: DEBUG glance.api.middleware.version_negotiation [None req-04c972e2-2de3-4ded-86c0-45eeebc16054 admin admin] Using url versioning {{(pid=78941) process_request /opt/stack/glance/glance/api/middleware/version_negotiation.py:57}}
Aug 09 12:37:48 devstack devstack@g-api.service[78941]: DEBUG glance.api.middleware.version_negotiation [None req-04c972e2-2de3-4ded-86c0-45eeebc16054 admin admin] Unknown version. Returning version choices. {{(pid=78941) process_request /opt/stack/glance/glance/api/middleware/version_negotiation.py:64}}
Aug 09 12:37:48 devstack devstack@g-api.service[78941]: [pid: 78941|app: 0|req: 6/10] 127.0.0.1 () {34 vars in 513 bytes} [Sun Aug 9 12:37:48 2026] GET / => generated 1543 bytes in 2 msecs (HTTP/1.1 300) 3 headers in 106 bytes (1 switches on core 0)
Aug 09 12:37:48 devstack devstack@g-api.service[78940]: DEBUG glance.api.middleware.version_negotiation [None req-8fee7d08-5961-4408-ae85-8c1ac0a651bb admin admin] Determining version of request: GET /v2/images/edd103c7-208a-494c-8e8e-975b743b3cc4 Accept: */* {{(pid=78940) process_request /opt/stack/glance/glance/api/middleware/version_negotiation.py:44}}
Aug 09 12:37:48 devstack devstack@g-api.service[78940]: DEBUG glance.api.middleware.version_negotiation [None req-8fee7d08-5961-4408-ae85-8c1ac0a651bb admin admin] Using url versioning {{(pid=78940) process_request /opt/stack/glance/glance/api/middleware/version_negotiation.py:57}}
Aug 09 12:37:48 devstack devstack@g-api.service[78940]: DEBUG glance.api.middleware.version_negotiation [None req-8fee7d08-5961-4408-ae85-8c1ac0a651bb admin admin] Matched version: v2 {{(pid=78940) process_request /opt/stack/glance/glance/api/middleware/version_negotiation.py:69}}
Aug 09 12:37:48 devstack devstack@g-api.service[78940]: DEBUG glance.api.middleware.version_negotiation [None req-8fee7d08-5961-4408-ae85-8c1ac0a651bb admin admin] new path /v2/images/edd103c7-208a-494c-8e8e-975b743b3cc4 {{(pid=78940) process_request /opt/stack/glance/glance/api/middleware/version_negotiation.py:70}}
Aug 09 12:37:48 devstack devstack@g-api.service[78940]: [pid: 78940|app: 0|req: 5/11] 127.0.0.1 () {36 vars in 796 bytes} [Sun Aug 9 12:37:48 2026] GET /v2/images/edd103c7-208a-494c-8e8e-975b743b3cc4 => generated 976 bytes in 72 msecs (HTTP/1.1 200) 4 headers in 157 bytes (1 switches on core 0)
Aug 09 12:37:58 devstack devstack@g-api.service[78940]: DEBUG dbcounter [-] [78940] Writing DB stats glance:SELECT=5 {{(pid=78940) stat_writer /opt/stack/data/venv/lib/python3.12/site-packages/dbcounter.py:115}}
Aug 09 12:39:03 devstack devstack@g-api.service[78941]: DEBUG glance.api.middleware.version_negotiation [None req-04c972e2-2de3-4ded-86c0-45eeebc16054 admin admin] Determining version of request: GET / Accept: application/json {{(pid=78941) process_request /opt/stack/glance/glance/api/middleware/version_negotiation.py:44}}
Aug 09 12:39:03 devstack devstack@g-api.service[78941]: DEBUG glance.api.middleware.version_negotiation [None req-04c972e2-2de3-4ded-86c0-45eeebc16054 admin admin] Using url versioning {{(pid=78941) process_request /opt/stack/glance/glance/api/middleware/version_negotiation.py:57}}
Aug 09 12:39:03 devstack devstack@g-api.service[78941]: DEBUG glance.api.middleware.version_negotiation [None req-04c972e2-2de3-4ded-86c0-45eeebc16054 admin admin] Unknown version. Returning version choices. {{(pid=78941) process_request /opt/stack/glance/glance/api/middleware/version_negotiation.py:64}}
Aug 09 12:39:03 devstack devstack@g-api.service[78941]: [pid: 78941|app: 0|req: 7/12] 127.0.0.1 () {36 vars in 482 bytes} [Sun Aug 9 12:39:03 2026] GET / => generated 1543 bytes in 2 msecs (HTTP/1.1 300) 3 headers in 106 bytes (1 switches on core 0)
Aug 09 12:42:02 devstack devstack@g-api.service[78940]: DEBUG glance.api.middleware.version_negotiation [None req-8453febe-d805-4fb4-94b8-8d156b7f5d24 admin admin] Determining version of request: GET / Accept: application/json {{(pid=78940) process_request /opt/stack/glance/glance/api/middleware/version_negotiation.py:44}}
Aug 09 12:42:02 devstack devstack@g-api.service[78940]: DEBUG glance.api.middleware.version_negotiation [None req-8453febe-d805-4fb4-94b8-8d156b7f5d24 admin admin] Using url versioning {{(pid=78940) process_request /opt/stack/glance/glance/api/middleware/version_negotiation.py:57}}
Aug 09 12:42:02 devstack devstack@g-api.service[78940]: DEBUG glance.api.middleware.version_negotiation [None req-8453febe-d805-4fb4-94b8-8d156b7f5d24 admin admin] Unknown version. Returning version choices. {{(pid=78940) process_request /opt/stack/glance/glance/api/middleware/version_negotiation.py:64}}
Aug 09 12:42:02 devstack devstack@g-api.service[78940]: [pid: 78940|app: 0|req: 6/13] 127.0.0.1 () {34 vars in 499 bytes} [Sun Aug 9 12:42:02 2026] GET / => generated 1543 bytes in 4 msecs (HTTP/1.1 300) 3 headers in 106 bytes (1 switches on core 0)
Aug 09 12:42:02 devstack devstack@g-api.service[78941]: DEBUG glance.api.middleware.version_negotiation [None req-04c972e2-2de3-4ded-86c0-45eeebc16054 admin admin] Determining version of request: GET /v2/images/edd103c7-208a-494c-8e8e-975b743b3cc4 Accept: */* {{(pid=78941) process_request /opt/stack/glance/glance/api/middleware/version_negotiation.py:44}}
Aug 09 12:42:02 devstack devstack@g-api.service[78941]: DEBUG glance.api.middleware.version_negotiation [None req-04c972e2-2de3-4ded-86c0-45eeebc16054 admin admin] Using url versioning {{(pid=78941) process_request /opt/stack/glance/glance/api/middleware/version_negotiation.py:57}}
Aug 09 12:42:02 devstack devstack@g-api.service[78941]: DEBUG glance.api.middleware.version_negotiation [None req-04c972e2-2de3-4ded-86c0-45eeebc16054 admin admin] Matched version: v2 {{(pid=78941) process_request /opt/stack/glance/glance/api/middleware/version_negotiation.py:69}}
Aug 09 12:42:02 devstack devstack@g-api.service[78941]: DEBUG glance.api.middleware.version_negotiation [None req-04c972e2-2de3-4ded-86c0-45eeebc16054 admin admin] new path /v2/images/edd103c7-208a-494c-8e8e-975b743b3cc4 {{(pid=78941) process_request /opt/stack/glance/glance/api/middleware/version_negotiation.py:70}}
Aug 09 12:42:02 devstack devstack@g-api.service[78941]: [pid: 78941|app: 0|req: 8/14] 127.0.0.1 () {42 vars in 1055 bytes} [Sun Aug 9 12:42:02 2026] GET /v2/images/edd103c7-208a-494c-8e8e-975b743b3cc4 => generated 976 bytes in 323 msecs (HTTP/1.1 200) 4 headers in 157 bytes (1 switches on core 0)
Aug 09 12:42:02 devstack devstack@g-api.service[78940]: DEBUG glance.api.middleware.version_negotiation [None req-8453febe-d805-4fb4-94b8-8d156b7f5d24 admin admin] Determining version of request: GET /v2/schemas/image Accept: */* {{(pid=78940) process_request /opt/stack/glance/glance/api/middleware/version_negotiation.py:44}}
Aug 09 12:42:02 devstack devstack@g-api.service[78940]: DEBUG glance.api.middleware.version_negotiation [None req-8453febe-d805-4fb4-94b8-8d156b7f5d24 admin admin] Using url versioning {{(pid=78940) process_request /opt/stack/glance/glance/api/middleware/version_negotiation.py:57}}
Aug 09 12:42:02 devstack devstack@g-api.service[78940]: DEBUG glance.api.middleware.version_negotiation [None req-8453febe-d805-4fb4-94b8-8d156b7f5d24 admin admin] Matched version: v2 {{(pid=78940) process_request /opt/stack/glance/glance/api/middleware/version_negotiation.py:69}}
Aug 09 12:42:02 devstack devstack@g-api.service[78940]: DEBUG glance.api.middleware.version_negotiation [None req-8453febe-d805-4fb4-94b8-8d156b7f5d24 admin admin] new path /v2/schemas/image {{(pid=78940) process_request /opt/stack/glance/glance/api/middleware/version_negotiation.py:70}}
Aug 09 12:42:02 devstack devstack@g-api.service[78940]: [pid: 78940|app: 0|req: 7/15] 127.0.0.1 () {42 vars in 995 bytes} [Sun Aug 9 12:42:02 2026] GET /v2/schemas/image => generated 6083 bytes in 11 msecs (HTTP/1.1 200) 4 headers in 158 bytes (1 switches on core 0)
Aug 09 12:42:10 devstack devstack@g-api.service[78941]: DEBUG glance.api.middleware.version_negotiation [None req-f1d38b80-d32a-4fb0-9678-70b3704b95f9 tempest-DeleteServersTestJSON-54010947 tempest-DeleteServersTestJSON-54010947-project-member] Determining version of request: GET / Accept: application/json {{(pid=78941) process_request /opt/stack/glance/glance/api/middleware/version_negotiation.py:44}}
Aug 09 12:42:10 devstack devstack@g-api.service[78941]: DEBUG glance.api.middleware.version_negotiation [None req-f1d38b80-d32a-4fb0-9678-70b3704b95f9 tempest-DeleteServersTestJSON-54010947 tempest-DeleteServersTestJSON-54010947-project-member] Using url versioning {{(pid=78941) process_request /opt/stack/glance/glance/api/middleware/version_negotiation.py:57}}
Aug 09 12:42:10 devstack devstack@g-api.service[78941]: DEBUG glance.api.middleware.version_negotiation [None req-f1d38b80-d32a-4fb0-9678-70b3704b95f9 tempest-DeleteServersTestJSON-54010947 tempest-DeleteServersTestJSON-54010947-project-member] Unknown version. Returning version choices. {{(pid=78941) process_request /opt/stack/glance/glance/api/middleware/version_negotiation.py:64}}
Aug 09 12:42:10 devstack devstack@g-api.service[78941]: [pid: 78941|app: 0|req: 9/16] 127.0.0.1 () {34 vars in 499 bytes} [Sun Aug 9 12:42:10 2026] GET / => generated 1543 bytes in 3 msecs (HTTP/1.1 300) 3 headers in 106 bytes (1 switches on core 0)
Aug 09 12:42:10 devstack devstack@g-api.service[78940]: DEBUG glance.api.middleware.version_negotiation [None req-f1d38b80-d32a-4fb0-9678-70b3704b95f9 tempest-DeleteServersTestJSON-54010947 tempest-DeleteServersTestJSON-54010947-project-member] Determining version of request: GET /v2/images/edd103c7-208a-494c-8e8e-975b743b3cc4 Accept: */* {{(pid=78940) process_request /opt/stack/glance/glance/api/middleware/version_negotiation.py:44}}
Aug 09 12:42:10 devstack devstack@g-api.service[78940]: DEBUG glance.api.middleware.version_negotiation [None req-f1d38b80-d32a-4fb0-9678-70b3704b95f9 tempest-DeleteServersTestJSON-54010947 tempest-DeleteServersTestJSON-54010947-project-member] Using url versioning {{(pid=78940) process_request /opt/stack/glance/glance/api/middleware/version_negotiation.py:57}}
Aug 09 12:42:10 devstack devstack@g-api.service[78940]: DEBUG glance.api.middleware.version_negotiation [None req-f1d38b80-d32a-4fb0-9678-70b3704b95f9 tempest-DeleteServersTestJSON-54010947 tempest-DeleteServersTestJSON-54010947-project-member] Matched version: v2 {{(pid=78940) process_request /opt/stack/glance/glance/api/middleware/version_negotiation.py:69}}
Aug 09 12:42:10 devstack devstack@g-api.service[78940]: DEBUG glance.api.middleware.version_negotiation [None req-f1d38b80-d32a-4fb0-9678-70b3704b95f9 tempest-DeleteServersTestJSON-54010947 tempest-DeleteServersTestJSON-54010947-project-member] new path /v2/images/edd103c7-208a-494c-8e8e-975b743b3cc4 {{(pid=78940) process_request /opt/stack/glance/glance/api/middleware/version_negotiation.py:70}}
Aug 09 12:42:10 devstack devstack@g-api.service[78940]: [pid: 78940|app: 0|req: 8/17] 127.0.0.1 () {42 vars in 1055 bytes} [Sun Aug 9 12:42:10 2026] GET /v2/images/edd103c7-208a-494c-8e8e-975b743b3cc4 => generated 976 bytes in 144 msecs (HTTP/1.1 200) 4 headers in 157 bytes (1 switches on core 0)
Aug 09 12:42:10 devstack devstack@g-api.service[78941]: DEBUG glance.api.middleware.version_negotiation [None req-f1d38b80-d32a-4fb0-9678-70b3704b95f9 tempest-DeleteServersTestJSON-54010947 tempest-DeleteServersTestJSON-54010947-project-member] Determining version of request: GET /v2/schemas/image Accept: */* {{(pid=78941) process_request /opt/stack/glance/glance/api/middleware/version_negotiation.py:44}}
Aug 09 12:42:10 devstack devstack@g-api.service[78941]: DEBUG glance.api.middleware.version_negotiation [None req-f1d38b80-d32a-4fb0-9678-70b3704b95f9 tempest-DeleteServersTestJSON-54010947 tempest-DeleteServersTestJSON-54010947-project-member] Using url versioning {{(pid=78941) process_request /opt/stack/glance/glance/api/middleware/version_negotiation.py:57}}
Aug 09 12:42:10 devstack devstack@g-api.service[78941]: DEBUG glance.api.middleware.version_negotiation [None req-f1d38b80-d32a-4fb0-9678-70b3704b95f9 tempest-DeleteServersTestJSON-54010947 tempest-DeleteServersTestJSON-54010947-project-member] Matched version: v2 {{(pid=78941) process_request /opt/stack/glance/glance/api/middleware/version_negotiation.py:69}}
Aug 09 12:42:10 devstack devstack@g-api.service[78941]: DEBUG glance.api.middleware.version_negotiation [None req-f1d38b80-d32a-4fb0-9678-70b3704b95f9 tempest-DeleteServersTestJSON-54010947 tempest-DeleteServersTestJSON-54010947-project-member] new path /v2/schemas/image {{(pid=78941) process_request /opt/stack/glance/glance/api/middleware/version_negotiation.py:70}}
Aug 09 12:42:10 devstack devstack@g-api.service[78941]: [pid: 78941|app: 0|req: 10/18] 127.0.0.1 () {42 vars in 995 bytes} [Sun Aug 9 12:42:10 2026] GET /v2/schemas/image => generated 6083 bytes in 7 msecs (HTTP/1.1 200) 4 headers in 158 bytes (1 switches on core 0)
Aug 09 12:42:12 devstack devstack@g-api.service[78941]: DEBUG dbcounter [-] [78941] Writing DB stats glance:SELECT=2 {{(pid=78941) stat_writer /opt/stack/data/venv/lib/python3.12/site-packages/dbcounter.py:115}}
Aug 09 12:42:18 devstack devstack@g-api.service[78940]: DEBUG glance.api.middleware.version_negotiation [None req-a1ff84d5-d3c2-41a2-961d-51af690d0ad3 tempest-AttachVolumeTestJSON-1680535427 tempest-AttachVolumeTestJSON-1680535427-project-member] Determining version of request: GET /v2/images/edd103c7-208a-494c-8e8e-975b743b3cc4 Accept: */* {{(pid=78940) process_request /opt/stack/glance/glance/api/middleware/version_negotiation.py:44}}
Aug 09 12:42:18 devstack devstack@g-api.service[78940]: DEBUG glance.api.middleware.version_negotiation [None req-a1ff84d5-d3c2-41a2-961d-51af690d0ad3 tempest-AttachVolumeTestJSON-1680535427 tempest-AttachVolumeTestJSON-1680535427-project-member] Using url versioning {{(pid=78940) process_request /opt/stack/glance/glance/api/middleware/version_negotiation.py:57}}
Aug 09 12:42:18 devstack devstack@g-api.service[78940]: DEBUG glance.api.middleware.version_negotiation [None req-a1ff84d5-d3c2-41a2-961d-51af690d0ad3 tempest-AttachVolumeTestJSON-1680535427 tempest-AttachVolumeTestJSON-1680535427-project-member] Matched version: v2 {{(pid=78940) process_request /opt/stack/glance/glance/api/middleware/version_negotiation.py:69}}
Aug 09 12:42:18 devstack devstack@g-api.service[78940]: DEBUG glance.api.middleware.version_negotiation [None req-a1ff84d5-d3c2-41a2-961d-51af690d0ad3 tempest-AttachVolumeTestJSON-1680535427 tempest-AttachVolumeTestJSON-1680535427-project-member] new path /v2/images/edd103c7-208a-494c-8e8e-975b743b3cc4 {{(pid=78940) process_request /opt/stack/glance/glance/api/middleware/version_negotiation.py:70}}
Aug 09 12:42:19 devstack devstack@g-api.service[78940]: [pid: 78940|app: 0|req: 9/19] 127.0.0.1 () {42 vars in 1055 bytes} [Sun Aug 9 12:42:18 2026] GET /v2/images/edd103c7-208a-494c-8e8e-975b743b3cc4 => generated 976 bytes in 265 msecs (HTTP/1.1 200) 4 headers in 157 bytes (1 switches on core 0)
Aug 09 12:42:19 devstack devstack@g-api.service[78941]: DEBUG glance.api.middleware.version_negotiation [None req-a1ff84d5-d3c2-41a2-961d-51af690d0ad3 tempest-AttachVolumeTestJSON-1680535427 tempest-AttachVolumeTestJSON-1680535427-project-member] Determining version of request: GET /v2/images/edd103c7-208a-494c-8e8e-975b743b3cc4/file Accept: */* {{(pid=78941) process_request /opt/stack/glance/glance/api/middleware/version_negotiation.py:44}}
Aug 09 12:42:19 devstack devstack@g-api.service[78941]: DEBUG glance.api.middleware.version_negotiation [None req-a1ff84d5-d3c2-41a2-961d-51af690d0ad3 tempest-AttachVolumeTestJSON-1680535427 tempest-AttachVolumeTestJSON-1680535427-project-member] Using url versioning {{(pid=78941) process_request /opt/stack/glance/glance/api/middleware/version_negotiation.py:57}}
Aug 09 12:42:19 devstack devstack@g-api.service[78941]: DEBUG glance.api.middleware.version_negotiation [None req-a1ff84d5-d3c2-41a2-961d-51af690d0ad3 tempest-AttachVolumeTestJSON-1680535427 tempest-AttachVolumeTestJSON-1680535427-project-member] Matched version: v2 {{(pid=78941) process_request /opt/stack/glance/glance/api/middleware/version_negotiation.py:69}}
Aug 09 12:42:19 devstack devstack@g-api.service[78941]: DEBUG glance.api.middleware.version_negotiation [None req-a1ff84d5-d3c2-41a2-961d-51af690d0ad3 tempest-AttachVolumeTestJSON-1680535427 tempest-AttachVolumeTestJSON-1680535427-project-member] new path /v2/images/edd103c7-208a-494c-8e8e-975b743b3cc4/file {{(pid=78941) process_request /opt/stack/glance/glance/api/middleware/version_negotiation.py:70}}
Aug 09 12:42:19 devstack devstack@g-api.service[78941]: DEBUG glance_store._drivers.filesystem [None req-f1d38b80-d32a-4fb0-9678-70b3704b95f9 tempest-DeleteServersTestJSON-54010947 tempest-DeleteServersTestJSON-54010947-project-member] Found image at /opt/stack/data/glance/images/edd103c7-208a-494c-8e8e-975b743b3cc4. Returning in ChunkedFile. {{(pid=78941) get /opt/stack/data/venv/lib/python3.12/site-packages/glance_store/_drivers/filesystem.py:724}}
Aug 09 12:42:19 devstack devstack@g-api.service[78941]: DEBUG glance.image_cache [None req-f1d38b80-d32a-4fb0-9678-70b3704b95f9 tempest-DeleteServersTestJSON-54010947 tempest-DeleteServersTestJSON-54010947-project-member] Tee'ing image 'edd103c7-208a-494c-8e8e-975b743b3cc4' into cache {{(pid=78941) get_caching_iter /opt/stack/glance/glance/image_cache/__init__.py:356}}
Aug 09 12:42:19 devstack devstack@g-api.service[78941]: DEBUG glance.image_cache.drivers.centralized_db [None req-f1d38b80-d32a-4fb0-9678-70b3704b95f9 tempest-DeleteServersTestJSON-54010947 tempest-DeleteServersTestJSON-54010947-project-member] Fetch finished, moving '/opt/stack/data/glance/cache/incomplete/edd103c7-208a-494c-8e8e-975b743b3cc4' to '/opt/stack/data/glance/cache/edd103c7-208a-494c-8e8e-975b743b3cc4' {{(pid=78941) commit /opt/stack/glance/glance/image_cache/drivers/centralized_db.py:243}}
Aug 09 12:42:19 devstack devstack@g-api.service[78941]: DEBUG glance.image_cache.drivers.centralized_db [None req-f1d38b80-d32a-4fb0-9678-70b3704b95f9 tempest-DeleteServersTestJSON-54010947 tempest-DeleteServersTestJSON-54010947-project-member] Image cached successfully. {{(pid=78941) commit /opt/stack/glance/glance/image_cache/drivers/centralized_db.py:258}}
Aug 09 12:42:19 devstack devstack@g-api.service[78941]: [pid: 78941|app: 0|req: 11/20] 127.0.0.1 () {42 vars in 1065 bytes} [Sun Aug 9 12:42:19 2026] GET /v2/images/edd103c7-208a-494c-8e8e-975b743b3cc4/file => generated 21692416 bytes in 615 msecs (HTTP/1.1 200) 4 headers in 191 bytes (338 switches on core 0)
Aug 09 12:42:19 devstack devstack@g-api.service[78940]: DEBUG glance.api.middleware.version_negotiation [None req-f1d38b80-d32a-4fb0-9678-70b3704b95f9 tempest-DeleteServersTestJSON-54010947 tempest-DeleteServersTestJSON-54010947-project-member] Determining version of request: GET /v2/images/edd103c7-208a-494c-8e8e-975b743b3cc4 Accept: */* {{(pid=78940) process_request /opt/stack/glance/glance/api/middleware/version_negotiation.py:44}}
Aug 09 12:42:19 devstack devstack@g-api.service[78940]: DEBUG glance.api.middleware.version_negotiation [None req-f1d38b80-d32a-4fb0-9678-70b3704b95f9 tempest-DeleteServersTestJSON-54010947 tempest-DeleteServersTestJSON-54010947-project-member] Using url versioning {{(pid=78940) process_request /opt/stack/glance/glance/api/middleware/version_negotiation.py:57}}
Aug 09 12:42:19 devstack devstack@g-api.service[78940]: DEBUG glance.api.middleware.version_negotiation [None req-f1d38b80-d32a-4fb0-9678-70b3704b95f9 tempest-DeleteServersTestJSON-54010947 tempest-DeleteServersTestJSON-54010947-project-member] Matched version: v2 {{(pid=78940) process_request /opt/stack/glance/glance/api/middleware/version_negotiation.py:69}}
Aug 09 12:42:19 devstack devstack@g-api.service[78940]: DEBUG glance.api.middleware.version_negotiation [None req-f1d38b80-d32a-4fb0-9678-70b3704b95f9 tempest-DeleteServersTestJSON-54010947 tempest-DeleteServersTestJSON-54010947-project-member] new path /v2/images/edd103c7-208a-494c-8e8e-975b743b3cc4 {{(pid=78940) process_request /opt/stack/glance/glance/api/middleware/version_negotiation.py:70}}
Aug 09 12:42:20 devstack devstack@g-api.service[78940]: [pid: 78940|app: 0|req: 10/21] 127.0.0.1 () {42 vars in 1055 bytes} [Sun Aug 9 12:42:19 2026] GET /v2/images/edd103c7-208a-494c-8e8e-975b743b3cc4 => generated 976 bytes in 42 msecs (HTTP/1.1 200) 4 headers in 157 bytes (1 switches on core 0)
Aug 09 12:42:20 devstack devstack@g-api.service[78941]: DEBUG glance.api.middleware.version_negotiation [None req-f1d38b80-d32a-4fb0-9678-70b3704b95f9 tempest-DeleteServersTestJSON-54010947 tempest-DeleteServersTestJSON-54010947-project-member] Determining version of request: GET /v2/schemas/image Accept: */* {{(pid=78941) process_request /opt/stack/glance/glance/api/middleware/version_negotiation.py:44}}
Aug 09 12:42:20 devstack devstack@g-api.service[78941]: DEBUG glance.api.middleware.version_negotiation [None req-f1d38b80-d32a-4fb0-9678-70b3704b95f9 tempest-DeleteServersTestJSON-54010947 tempest-DeleteServersTestJSON-54010947-project-member] Using url versioning {{(pid=78941) process_request /opt/stack/glance/glance/api/middleware/version_negotiation.py:57}}
Aug 09 12:42:20 devstack devstack@g-api.service[78941]: DEBUG glance.api.middleware.version_negotiation [None req-f1d38b80-d32a-4fb0-9678-70b3704b95f9 tempest-DeleteServersTestJSON-54010947 tempest-DeleteServersTestJSON-54010947-project-member] Matched version: v2 {{(pid=78941) process_request /opt/stack/glance/glance/api/middleware/version_negotiation.py:69}}
Aug 09 12:42:20 devstack devstack@g-api.service[78941]: DEBUG glance.api.middleware.version_negotiation [None req-f1d38b80-d32a-4fb0-9678-70b3704b95f9 tempest-DeleteServersTestJSON-54010947 tempest-DeleteServersTestJSON-54010947-project-member] new path /v2/schemas/image {{(pid=78941) process_request /opt/stack/glance/glance/api/middleware/version_negotiation.py:70}}
Aug 09 12:42:20 devstack devstack@g-api.service[78941]: [pid: 78941|app: 0|req: 12/22] 127.0.0.1 () {42 vars in 995 bytes} [Sun Aug 9 12:42:20 2026] GET /v2/schemas/image => generated 6083 bytes in 9 msecs (HTTP/1.1 200) 4 headers in 158 bytes (1 switches on core 0)
Aug 09 12:42:29 devstack devstack@g-api.service[78941]: DEBUG dbcounter [-] [78941] Writing DB stats glance:SELECT=5,glance:INSERT=1 {{(pid=78941) stat_writer /opt/stack/data/venv/lib/python3.12/site-packages/dbcounter.py:115}}
Aug 09 12:42:30 devstack devstack@g-api.service[78940]: DEBUG dbcounter [-] [78940] Writing DB stats glance:SELECT=6 {{(pid=78940) stat_writer /opt/stack/data/venv/lib/python3.12/site-packages/dbcounter.py:115}}
Aug 09 12:42:43 devstack devstack@g-api.service[78940]: DEBUG glance.api.middleware.version_negotiation [None req-f1d38b80-d32a-4fb0-9678-70b3704b95f9 tempest-DeleteServersTestJSON-54010947 tempest-DeleteServersTestJSON-54010947-project-member] Determining version of request: GET /v2/images/edd103c7-208a-494c-8e8e-975b743b3cc4 Accept: */* {{(pid=78940) process_request /opt/stack/glance/glance/api/middleware/version_negotiation.py:44}}
Aug 09 12:42:43 devstack devstack@g-api.service[78940]: DEBUG glance.api.middleware.version_negotiation [None req-f1d38b80-d32a-4fb0-9678-70b3704b95f9 tempest-DeleteServersTestJSON-54010947 tempest-DeleteServersTestJSON-54010947-project-member] Using url versioning {{(pid=78940) process_request /opt/stack/glance/glance/api/middleware/version_negotiation.py:57}}
Aug 09 12:42:43 devstack devstack@g-api.service[78940]: DEBUG glance.api.middleware.version_negotiation [None req-f1d38b80-d32a-4fb0-9678-70b3704b95f9 tempest-DeleteServersTestJSON-54010947 tempest-DeleteServersTestJSON-54010947-project-member] Matched version: v2 {{(pid=78940) process_request /opt/stack/glance/glance/api/middleware/version_negotiation.py:69}}
Aug 09 12:42:43 devstack devstack@g-api.service[78940]: DEBUG glance.api.middleware.version_negotiation [None req-f1d38b80-d32a-4fb0-9678-70b3704b95f9 tempest-DeleteServersTestJSON-54010947 tempest-DeleteServersTestJSON-54010947-project-member] new path /v2/images/edd103c7-208a-494c-8e8e-975b743b3cc4 {{(pid=78940) process_request /opt/stack/glance/glance/api/middleware/version_negotiation.py:70}}
Aug 09 12:42:43 devstack devstack@g-api.service[78940]: [pid: 78940|app: 0|req: 11/23] 127.0.0.1 () {42 vars in 1055 bytes} [Sun Aug 9 12:42:43 2026] GET /v2/images/edd103c7-208a-494c-8e8e-975b743b3cc4 => generated 976 bytes in 72 msecs (HTTP/1.1 200) 4 headers in 157 bytes (1 switches on core 0)
Aug 09 12:42:43 devstack devstack@g-api.service[78941]: DEBUG glance.api.middleware.version_negotiation [None req-f1d38b80-d32a-4fb0-9678-70b3704b95f9 tempest-DeleteServersTestJSON-54010947 tempest-DeleteServersTestJSON-54010947-project-member] Determining version of request: GET /v2/schemas/image Accept: */* {{(pid=78941) process_request /opt/stack/glance/glance/api/middleware/version_negotiation.py:44}}
Aug 09 12:42:43 devstack devstack@g-api.service[78941]: DEBUG glance.api.middleware.version_negotiation [None req-f1d38b80-d32a-4fb0-9678-70b3704b95f9 tempest-DeleteServersTestJSON-54010947 tempest-DeleteServersTestJSON-54010947-project-member] Using url versioning {{(pid=78941) process_request /opt/stack/glance/glance/api/middleware/version_negotiation.py:57}}
