Jul 14 17:43:47 devstack devstack@g-api.service[77044]: DEBUG glance.common.config [None req-83d259f8-fc92-4746-9df9-74afcdb36e98 None None] database.connection_debug = 0 {{(pid=77044) log_opt_values /opt/stack/data/venv/lib/python3.12/site-packages/oslo_config/cfg.py:3253}}
Jul 14 17:43:47 devstack devstack@g-api.service[77043]: DEBUG glance.api.middleware.version_negotiation [None req-e6261c51-ba30-419e-a6e4-619804cd2e70 None None] Unknown version. Returning version choices. {{(pid=77043) process_request /opt/stack/glance/glance/api/middleware/version_negotiation.py:64}}
Jul 14 17:43:47 devstack devstack@g-api.service[77044]: DEBUG glance.common.config [None req-83d259f8-fc92-4746-9df9-74afcdb36e98 None None] database.connection_parameters = {{(pid=77044) log_opt_values /opt/stack/data/venv/lib/python3.12/site-packages/oslo_config/cfg.py:3253}}
Jul 14 17:43:47 devstack devstack@g-api.service[77044]: DEBUG glance.common.config [None req-83d259f8-fc92-4746-9df9-74afcdb36e98 None None] database.connection_recycle_time = 3600 {{(pid=77044) log_opt_values /opt/stack/data/venv/lib/python3.12/site-packages/oslo_config/cfg.py:3253}}
Jul 14 17:43:47 devstack devstack@g-api.service[77044]: DEBUG glance.common.config [None req-83d259f8-fc92-4746-9df9-74afcdb36e98 None None] database.connection_trace = False {{(pid=77044) log_opt_values /opt/stack/data/venv/lib/python3.12/site-packages/oslo_config/cfg.py:3253}}
Jul 14 17:43:47 devstack devstack@g-api.service[77044]: DEBUG glance.common.config [None req-83d259f8-fc92-4746-9df9-74afcdb36e98 None None] database.db_inc_retry_interval = True {{(pid=77044) log_opt_values /opt/stack/data/venv/lib/python3.12/site-packages/oslo_config/cfg.py:3253}}
Jul 14 17:43:47 devstack devstack@g-api.service[77043]: [pid: 77043|app: 0|req: 1/1] 127.0.0.1 () {32 vars in 401 bytes} [Tue Jul 14 17:43:47 2026] GET / => generated 1571 bytes in 3 msecs (HTTP/1.1 300) 3 headers in 106 bytes (1 switches on core 0)
Jul 14 17:43:47 devstack devstack@g-api.service[77044]: DEBUG glance.common.config [None req-83d259f8-fc92-4746-9df9-74afcdb36e98 None None] database.db_max_retries = 20 {{(pid=77044) log_opt_values /opt/stack/data/venv/lib/python3.12/site-packages/oslo_config/cfg.py:3253}}
Jul 14 17:43:47 devstack devstack@g-api.service[77044]: DEBUG glance.common.config [None req-83d259f8-fc92-4746-9df9-74afcdb36e98 None None] database.db_max_retry_interval = 10 {{(pid=77044) log_opt_values /opt/stack/data/venv/lib/python3.12/site-packages/oslo_config/cfg.py:3253}}
Jul 14 17:43:47 devstack devstack@g-api.service[77044]: DEBUG glance.common.config [None req-83d259f8-fc92-4746-9df9-74afcdb36e98 None None] database.db_retry_interval = 1 {{(pid=77044) log_opt_values /opt/stack/data/venv/lib/python3.12/site-packages/oslo_config/cfg.py:3253}}
Jul 14 17:43:47 devstack devstack@g-api.service[77044]: DEBUG glance.common.config [None req-83d259f8-fc92-4746-9df9-74afcdb36e98 None None] database.max_overflow = 50 {{(pid=77044) log_opt_values /opt/stack/data/venv/lib/python3.12/site-packages/oslo_config/cfg.py:3253}}
Jul 14 17:43:47 devstack devstack@g-api.service[77044]: DEBUG glance.common.config [None req-83d259f8-fc92-4746-9df9-74afcdb36e98 None None] database.max_pool_size = 5 {{(pid=77044) log_opt_values /opt/stack/data/venv/lib/python3.12/site-packages/oslo_config/cfg.py:3253}}
Jul 14 17:43:47 devstack devstack@g-api.service[77044]: DEBUG glance.common.config [None req-83d259f8-fc92-4746-9df9-74afcdb36e98 None None] database.max_retries = 10 {{(pid=77044) log_opt_values /opt/stack/data/venv/lib/python3.12/site-packages/oslo_config/cfg.py:3253}}
Jul 14 17:43:47 devstack devstack@g-api.service[77044]: DEBUG glance.common.config [None req-83d259f8-fc92-4746-9df9-74afcdb36e98 None None] database.mysql_sql_mode = TRADITIONAL {{(pid=77044) log_opt_values /opt/stack/data/venv/lib/python3.12/site-packages/oslo_config/cfg.py:3253}}
Jul 14 17:43:47 devstack devstack@g-api.service[77044]: DEBUG glance.common.config [None req-83d259f8-fc92-4746-9df9-74afcdb36e98 None None] database.mysql_wsrep_sync_wait = None {{(pid=77044) log_opt_values /opt/stack/data/venv/lib/python3.12/site-packages/oslo_config/cfg.py:3253}}
Jul 14 17:43:47 devstack devstack@g-api.service[77044]: DEBUG glance.common.config [None req-83d259f8-fc92-4746-9df9-74afcdb36e98 None None] database.pool_timeout = None {{(pid=77044) log_opt_values /opt/stack/data/venv/lib/python3.12/site-packages/oslo_config/cfg.py:3253}}
Jul 14 17:43:47 devstack devstack@g-api.service[77044]: DEBUG glance.common.config [None req-83d259f8-fc92-4746-9df9-74afcdb36e98 None None] database.retry_interval = 10 {{(pid=77044) log_opt_values /opt/stack/data/venv/lib/python3.12/site-packages/oslo_config/cfg.py:3253}}
Jul 14 17:43:47 devstack devstack@g-api.service[77044]: DEBUG glance.common.config [None req-83d259f8-fc92-4746-9df9-74afcdb36e98 None None] database.slave_connection = **** {{(pid=77044) log_opt_values /opt/stack/data/venv/lib/python3.12/site-packages/oslo_config/cfg.py:3253}}
Jul 14 17:43:47 devstack devstack@g-api.service[77044]: DEBUG glance.common.config [None req-83d259f8-fc92-4746-9df9-74afcdb36e98 None None] database.sqlite_synchronous = True {{(pid=77044) log_opt_values /opt/stack/data/venv/lib/python3.12/site-packages/oslo_config/cfg.py:3253}}
Jul 14 17:43:47 devstack devstack@g-api.service[77044]: DEBUG glance.common.config [None req-83d259f8-fc92-4746-9df9-74afcdb36e98 None None] database.synchronous_reader = True {{(pid=77044) log_opt_values /opt/stack/data/venv/lib/python3.12/site-packages/oslo_config/cfg.py:3253}}
Jul 14 17:43:47 devstack devstack@g-api.service[77044]: DEBUG glance.common.config [None req-83d259f8-fc92-4746-9df9-74afcdb36e98 None None] database.use_db_reconnect = False {{(pid=77044) log_opt_values /opt/stack/data/venv/lib/python3.12/site-packages/oslo_config/cfg.py:3253}}
Jul 14 17:43:47 devstack devstack@g-api.service[77044]: DEBUG glance.common.config [None req-83d259f8-fc92-4746-9df9-74afcdb36e98 None None] healthcheck.allowed_source_ranges = [] {{(pid=77044) log_opt_values /opt/stack/data/venv/lib/python3.12/site-packages/oslo_config/cfg.py:3253}}
Jul 14 17:43:47 devstack devstack@g-api.service[77044]: DEBUG glance.common.config [None req-83d259f8-fc92-4746-9df9-74afcdb36e98 None None] healthcheck.backends = ['disable_by_file'] {{(pid=77044) log_opt_values /opt/stack/data/venv/lib/python3.12/site-packages/oslo_config/cfg.py:3253}}
Jul 14 17:43:47 devstack devstack@g-api.service[77044]: DEBUG glance.common.config [None req-83d259f8-fc92-4746-9df9-74afcdb36e98 None None] healthcheck.detailed = False {{(pid=77044) log_opt_values /opt/stack/data/venv/lib/python3.12/site-packages/oslo_config/cfg.py:3253}}
Jul 14 17:43:47 devstack devstack@g-api.service[77044]: DEBUG glance.common.config [None req-83d259f8-fc92-4746-9df9-74afcdb36e98 None None] healthcheck.disable_by_file_path = None {{(pid=77044) log_opt_values /opt/stack/data/venv/lib/python3.12/site-packages/oslo_config/cfg.py:3253}}
Jul 14 17:43:47 devstack devstack@g-api.service[77044]: DEBUG glance.common.config [None req-83d259f8-fc92-4746-9df9-74afcdb36e98 None None] healthcheck.ignore_proxied_requests = False {{(pid=77044) log_opt_values /opt/stack/data/venv/lib/python3.12/site-packages/oslo_config/cfg.py:3253}}
Jul 14 17:43:47 devstack devstack@g-api.service[77044]: DEBUG glance.common.config [None req-83d259f8-fc92-4746-9df9-74afcdb36e98 None None] ******************************************************************************** {{(pid=77044) log_opt_values /opt/stack/data/venv/lib/python3.12/site-packages/oslo_config/cfg.py:3260}}
Jul 14 17:43:47 devstack devstack@g-api.service[77044]: WSGI app 0 (mountpoint='') ready in 6 seconds on interpreter 0x7380562a4668 pid: 77044 (default app)
Jul 14 17:43:51 devstack devstack@g-api.service[77043]: DEBUG glance.api.middleware.version_negotiation [None req-e6261c51-ba30-419e-a6e4-619804cd2e70 None None] Determining version of request: GET / Accept: application/json {{(pid=77043) process_request /opt/stack/glance/glance/api/middleware/version_negotiation.py:44}}
Jul 14 17:43:51 devstack devstack@g-api.service[77043]: DEBUG glance.api.middleware.version_negotiation [None req-e6261c51-ba30-419e-a6e4-619804cd2e70 None None] Using url versioning {{(pid=77043) process_request /opt/stack/glance/glance/api/middleware/version_negotiation.py:57}}
Jul 14 17:43:51 devstack devstack@g-api.service[77043]: DEBUG glance.api.middleware.version_negotiation [None req-e6261c51-ba30-419e-a6e4-619804cd2e70 None None] Unknown version. Returning version choices. {{(pid=77043) process_request /opt/stack/glance/glance/api/middleware/version_negotiation.py:64}}
Jul 14 17:43:51 devstack devstack@g-api.service[77043]: [pid: 77043|app: 0|req: 2/2] 127.0.0.1 () {34 vars in 519 bytes} [Tue Jul 14 17:43:51 2026] GET / => generated 1571 bytes in 3 msecs (HTTP/1.1 300) 3 headers in 106 bytes (1 switches on core 0)
Jul 14 17:43:51 devstack devstack@g-api.service[77044]: DEBUG glance.api.middleware.version_negotiation [None req-83d259f8-fc92-4746-9df9-74afcdb36e98 None None] Determining version of request: POST /v2/images Accept: */* {{(pid=77044) process_request /opt/stack/glance/glance/api/middleware/version_negotiation.py:44}}
Jul 14 17:43:51 devstack devstack@g-api.service[77044]: DEBUG glance.api.middleware.version_negotiation [None req-83d259f8-fc92-4746-9df9-74afcdb36e98 None None] Using url versioning {{(pid=77044) process_request /opt/stack/glance/glance/api/middleware/version_negotiation.py:57}}
Jul 14 17:43:51 devstack devstack@g-api.service[77044]: DEBUG glance.api.middleware.version_negotiation [None req-83d259f8-fc92-4746-9df9-74afcdb36e98 None None] Matched version: v2 {{(pid=77044) process_request /opt/stack/glance/glance/api/middleware/version_negotiation.py:69}}
Jul 14 17:43:51 devstack devstack@g-api.service[77044]: DEBUG glance.api.middleware.version_negotiation [None req-83d259f8-fc92-4746-9df9-74afcdb36e98 None None] new path /v2/images {{(pid=77044) process_request /opt/stack/glance/glance/api/middleware/version_negotiation.py:70}}
Jul 14 17:43:52 devstack devstack@g-api.service[77044]: [pid: 77044|app: 0|req: 1/3] 127.0.0.1 () {40 vars in 782 bytes} [Tue Jul 14 17:43:51 2026] POST /v2/images => generated 807 bytes in 1131 msecs (HTTP/1.1 201) 6 headers in 314 bytes (1 switches on core 0)
Jul 14 17:43:52 devstack devstack@g-api.service[77043]: DEBUG glance.api.middleware.version_negotiation [None req-e6261c51-ba30-419e-a6e4-619804cd2e70 None None] Determining version of request: PUT /v2/images/af3eef7b-9b54-4ea1-a240-6be757f56381/file Accept: {{(pid=77043) process_request /opt/stack/glance/glance/api/middleware/version_negotiation.py:44}}
Jul 14 17:43:52 devstack devstack@g-api.service[77043]: DEBUG glance.api.middleware.version_negotiation [None req-e6261c51-ba30-419e-a6e4-619804cd2e70 None None] Using url versioning {{(pid=77043) process_request /opt/stack/glance/glance/api/middleware/version_negotiation.py:57}}
Jul 14 17:43:52 devstack devstack@g-api.service[77043]: DEBUG glance.api.middleware.version_negotiation [None req-e6261c51-ba30-419e-a6e4-619804cd2e70 None None] Matched version: v2 {{(pid=77043) process_request /opt/stack/glance/glance/api/middleware/version_negotiation.py:69}}
Jul 14 17:43:52 devstack devstack@g-api.service[77043]: DEBUG glance.api.middleware.version_negotiation [None req-e6261c51-ba30-419e-a6e4-619804cd2e70 None None] new path /v2/images/af3eef7b-9b54-4ea1-a240-6be757f56381/file {{(pid=77043) process_request /opt/stack/glance/glance/api/middleware/version_negotiation.py:70}}
Jul 14 17:43:52 devstack devstack@g-api.service[77043]: INFO glance.api.v2.image_data [None req-7e98140d-3d70-4373-819d-82a962482a93 admin admin] Unable to create trust: no such option collect_timing in group [keystone_authtoken] Use the existing user token.
Jul 14 17:43:53 devstack devstack@g-api.service[77043]: DEBUG glance.location [None req-7e98140d-3d70-4373-819d-82a962482a93 admin admin] Enabling in-flight format inspection for qcow2 {{(pid=77043) set_data /opt/stack/glance/glance/location.py:596}}
Jul 14 17:43:53 devstack devstack@g-api.service[77043]: DEBUG oslo_utils.imageutils.format_inspector [None req-7e98140d-3d70-4373-819d-82a962482a93 admin admin] Format inspector for vmdk does not match, excluding from consideration (Signature KDMV not found: b'QFI\xfb') {{(pid=77043) _process_chunk /opt/stack/data/venv/lib/python3.12/site-packages/oslo_utils/imageutils/format_inspector.py:1758}}
Jul 14 17:43:53 devstack devstack@g-api.service[77043]: DEBUG oslo_utils.imageutils.format_inspector [None req-7e98140d-3d70-4373-819d-82a962482a93 admin admin] Format inspector for vhdx does not match, excluding from consideration (Region signature not found at 30000) {{(pid=77043) _process_chunk /opt/stack/data/venv/lib/python3.12/site-packages/oslo_utils/imageutils/format_inspector.py:1758}}
Jul 14 17:43:53 devstack devstack@g-api.service[77043]: DEBUG glance_store._drivers.filesystem [None req-7e98140d-3d70-4373-819d-82a962482a93 admin admin] Wrote 21692416 bytes to /opt/stack/data/glance/images/af3eef7b-9b54-4ea1-a240-6be757f56381 with checksum 87617e24a5e30cb3b87fda8c0764838f and multihash 9a9bce0083a00939ec17c11febbfc767aa211aaa54f51e75c5a8b271a9b5637c77205a518b7a2007cb391d23cceb01e0e4e8d64832317151bc85b734b92a7be0 {{(pid=77043) add /opt/stack/data/venv/lib/python3.12/site-packages/glance_store/_drivers/filesystem.py:899}}
Jul 14 17:43:53 devstack devstack@g-api.service[77043]: INFO glance.location [None req-7e98140d-3d70-4373-819d-82a962482a93 admin admin] Image format matched and virtual size computed: 117440512
Jul 14 17:43:53 devstack devstack@g-api.service[77043]: DEBUG glance_store.backend [None req-7e98140d-3d70-4373-819d-82a962482a93 admin admin] Skipping store.set_acls... not implemented. {{(pid=77043) set_acls /opt/stack/data/venv/lib/python3.12/site-packages/glance_store/backend.py:507}}
Jul 14 17:43:53 devstack devstack@g-api.service[77043]: [pid: 77043|app: 0|req: 3/4] 127.0.0.1 () {40 vars in 875 bytes} [Tue Jul 14 17:43:52 2026] PUT /v2/images/af3eef7b-9b54-4ea1-a240-6be757f56381/file => generated 0 bytes in 1659 msecs (HTTP/1.1 204) 4 headers in 171 bytes (1 switches on core 0)
Jul 14 17:43:53 devstack devstack@g-api.service[77044]: DEBUG glance.api.middleware.version_negotiation [None req-c5bb19e6-770a-443d-9471-ab0be872d345 admin admin] Determining version of request: GET /v2/images/af3eef7b-9b54-4ea1-a240-6be757f56381 Accept: */* {{(pid=77044) process_request /opt/stack/glance/glance/api/middleware/version_negotiation.py:44}}
Jul 14 17:43:53 devstack devstack@g-api.service[77044]: DEBUG glance.api.middleware.version_negotiation [None req-c5bb19e6-770a-443d-9471-ab0be872d345 admin admin] Using url versioning {{(pid=77044) process_request /opt/stack/glance/glance/api/middleware/version_negotiation.py:57}}
Jul 14 17:43:53 devstack devstack@g-api.service[77044]: DEBUG glance.api.middleware.version_negotiation [None req-c5bb19e6-770a-443d-9471-ab0be872d345 admin admin] Matched version: v2 {{(pid=77044) process_request /opt/stack/glance/glance/api/middleware/version_negotiation.py:69}}
Jul 14 17:43:53 devstack devstack@g-api.service[77044]: DEBUG glance.api.middleware.version_negotiation [None req-c5bb19e6-770a-443d-9471-ab0be872d345 admin admin] new path /v2/images/af3eef7b-9b54-4ea1-a240-6be757f56381 {{(pid=77044) process_request /opt/stack/glance/glance/api/middleware/version_negotiation.py:70}}
Jul 14 17:43:53 devstack devstack@g-api.service[77044]: [pid: 77044|app: 0|req: 2/5] 127.0.0.1 () {36 vars in 802 bytes} [Tue Jul 14 17:43:53 2026] GET /v2/images/af3eef7b-9b54-4ea1-a240-6be757f56381 => generated 976 bytes in 21 msecs (HTTP/1.1 200) 4 headers in 157 bytes (1 switches on core 0)
Jul 14 17:44:03 devstack devstack@g-api.service[77043]: DEBUG dbcounter [-] [77043] Writing DB stats glance:INSERT=5,glance:SELECT=16,glance:UPDATE=2 {{(pid=77043) stat_writer /opt/stack/data/venv/lib/python3.12/site-packages/dbcounter.py:115}}
Jul 14 17:44:03 devstack devstack@g-api.service[77044]: DEBUG dbcounter [-] [77044] Writing DB stats glance:INSERT=9,glance:SELECT=6 {{(pid=77044) stat_writer /opt/stack/data/venv/lib/python3.12/site-packages/dbcounter.py:115}}
Jul 14 17:44:41 devstack devstack@g-api.service[77043]: DEBUG glance.api.middleware.version_negotiation [None req-7e98140d-3d70-4373-819d-82a962482a93 admin admin] Determining version of request: GET / Accept: application/json {{(pid=77043) process_request /opt/stack/glance/glance/api/middleware/version_negotiation.py:44}}
Jul 14 17:44:41 devstack devstack@g-api.service[77043]: DEBUG glance.api.middleware.version_negotiation [None req-7e98140d-3d70-4373-819d-82a962482a93 admin admin] Using url versioning {{(pid=77043) process_request /opt/stack/glance/glance/api/middleware/version_negotiation.py:57}}
Jul 14 17:44:41 devstack devstack@g-api.service[77043]: DEBUG glance.api.middleware.version_negotiation [None req-7e98140d-3d70-4373-819d-82a962482a93 admin admin] Unknown version. Returning version choices. {{(pid=77043) process_request /opt/stack/glance/glance/api/middleware/version_negotiation.py:64}}
Jul 14 17:44:41 devstack devstack@g-api.service[77043]: [pid: 77043|app: 0|req: 4/6] 127.0.0.1 () {34 vars in 519 bytes} [Tue Jul 14 17:44:41 2026] GET / => generated 1571 bytes in 2 msecs (HTTP/1.1 300) 3 headers in 106 bytes (1 switches on core 0)
Jul 14 17:44:41 devstack devstack@g-api.service[77044]: DEBUG glance.api.middleware.version_negotiation [None req-b262d465-8838-4eed-bb45-c522ddf7c52d admin admin] Determining version of request: GET /v2/images Accept: application/json {{(pid=77044) process_request /opt/stack/glance/glance/api/middleware/version_negotiation.py:44}}
Jul 14 17:44:41 devstack devstack@g-api.service[77044]: DEBUG glance.api.middleware.version_negotiation [None req-b262d465-8838-4eed-bb45-c522ddf7c52d admin admin] Using url versioning {{(pid=77044) process_request /opt/stack/glance/glance/api/middleware/version_negotiation.py:57}}
Jul 14 17:44:41 devstack devstack@g-api.service[77044]: DEBUG glance.api.middleware.version_negotiation [None req-b262d465-8838-4eed-bb45-c522ddf7c52d admin admin] Matched version: v2 {{(pid=77044) process_request /opt/stack/glance/glance/api/middleware/version_negotiation.py:69}}
Jul 14 17:44:41 devstack devstack@g-api.service[77044]: DEBUG glance.api.middleware.version_negotiation [None req-b262d465-8838-4eed-bb45-c522ddf7c52d admin admin] new path /v2/images {{(pid=77044) process_request /opt/stack/glance/glance/api/middleware/version_negotiation.py:70}}
Jul 14 17:44:41 devstack devstack@g-api.service[77044]: [pid: 77044|app: 0|req: 3/7] 127.0.0.1 () {36 vars in 741 bytes} [Tue Jul 14 17:44:41 2026] GET /v2/images => generated 1045 bytes in 89 msecs (HTTP/1.1 200) 4 headers in 158 bytes (1 switches on core 0)
Jul 14 17:44:51 devstack devstack@g-api.service[77044]: DEBUG dbcounter [-] [77044] Writing DB stats glance:SELECT=1 {{(pid=77044) stat_writer /opt/stack/data/venv/lib/python3.12/site-packages/dbcounter.py:115}}
Jul 14 17:44:51 devstack devstack@g-api.service[77043]: DEBUG glance.api.middleware.version_negotiation [None req-7e98140d-3d70-4373-819d-82a962482a93 admin admin] Determining version of request: GET / Accept: application/json {{(pid=77043) process_request /opt/stack/glance/glance/api/middleware/version_negotiation.py:44}}
Jul 14 17:44:51 devstack devstack@g-api.service[77043]: DEBUG glance.api.middleware.version_negotiation [None req-7e98140d-3d70-4373-819d-82a962482a93 admin admin] Using url versioning {{(pid=77043) process_request /opt/stack/glance/glance/api/middleware/version_negotiation.py:57}}
Jul 14 17:44:51 devstack devstack@g-api.service[77043]: DEBUG glance.api.middleware.version_negotiation [None req-7e98140d-3d70-4373-819d-82a962482a93 admin admin] Unknown version. Returning version choices. {{(pid=77043) process_request /opt/stack/glance/glance/api/middleware/version_negotiation.py:64}}
Jul 14 17:44:51 devstack devstack@g-api.service[77043]: [pid: 77043|app: 0|req: 5/8] 127.0.0.1 () {34 vars in 519 bytes} [Tue Jul 14 17:44:51 2026] GET / => generated 1571 bytes in 2 msecs (HTTP/1.1 300) 3 headers in 106 bytes (1 switches on core 0)
Jul 14 17:44:51 devstack devstack@g-api.service[77044]: DEBUG glance.api.middleware.version_negotiation [None req-97024d86-7d3b-4b60-857d-02c32bc4e4fe admin admin] Determining version of request: GET /v2/images/af3eef7b-9b54-4ea1-a240-6be757f56381 Accept: */* {{(pid=77044) process_request /opt/stack/glance/glance/api/middleware/version_negotiation.py:44}}
Jul 14 17:44:51 devstack devstack@g-api.service[77044]: DEBUG glance.api.middleware.version_negotiation [None req-97024d86-7d3b-4b60-857d-02c32bc4e4fe admin admin] Using url versioning {{(pid=77044) process_request /opt/stack/glance/glance/api/middleware/version_negotiation.py:57}}
Jul 14 17:44:51 devstack devstack@g-api.service[77044]: DEBUG glance.api.middleware.version_negotiation [None req-97024d86-7d3b-4b60-857d-02c32bc4e4fe admin admin] Matched version: v2 {{(pid=77044) process_request /opt/stack/glance/glance/api/middleware/version_negotiation.py:69}}
Jul 14 17:44:51 devstack devstack@g-api.service[77044]: DEBUG glance.api.middleware.version_negotiation [None req-97024d86-7d3b-4b60-857d-02c32bc4e4fe admin admin] new path /v2/images/af3eef7b-9b54-4ea1-a240-6be757f56381 {{(pid=77044) process_request /opt/stack/glance/glance/api/middleware/version_negotiation.py:70}}
Jul 14 17:44:52 devstack devstack@g-api.service[77044]: [pid: 77044|app: 0|req: 4/9] 127.0.0.1 () {36 vars in 802 bytes} [Tue Jul 14 17:44:51 2026] GET /v2/images/af3eef7b-9b54-4ea1-a240-6be757f56381 => generated 976 bytes in 77 msecs (HTTP/1.1 200) 4 headers in 157 bytes (1 switches on core 0)
Jul 14 17:44:59 devstack devstack@g-api.service[77043]: DEBUG glance.api.middleware.version_negotiation [None req-7e98140d-3d70-4373-819d-82a962482a93 admin admin] Determining version of request: GET / Accept: application/json {{(pid=77043) process_request /opt/stack/glance/glance/api/middleware/version_negotiation.py:44}}
Jul 14 17:44:59 devstack devstack@g-api.service[77043]: DEBUG glance.api.middleware.version_negotiation [None req-7e98140d-3d70-4373-819d-82a962482a93 admin admin] Using url versioning {{(pid=77043) process_request /opt/stack/glance/glance/api/middleware/version_negotiation.py:57}}
Jul 14 17:44:59 devstack devstack@g-api.service[77043]: DEBUG glance.api.middleware.version_negotiation [None req-7e98140d-3d70-4373-819d-82a962482a93 admin admin] Unknown version. Returning version choices. {{(pid=77043) process_request /opt/stack/glance/glance/api/middleware/version_negotiation.py:64}}
Jul 14 17:44:59 devstack devstack@g-api.service[77043]: [pid: 77043|app: 0|req: 6/10] 127.0.0.1 () {34 vars in 519 bytes} [Tue Jul 14 17:44:59 2026] GET / => generated 1571 bytes in 2 msecs (HTTP/1.1 300) 3 headers in 106 bytes (1 switches on core 0)
Jul 14 17:44:59 devstack devstack@g-api.service[77044]: DEBUG glance.api.middleware.version_negotiation [None req-d2de7e65-a32f-404b-b418-3ccabedaf406 admin admin] Determining version of request: GET /v2/images/af3eef7b-9b54-4ea1-a240-6be757f56381 Accept: */* {{(pid=77044) process_request /opt/stack/glance/glance/api/middleware/version_negotiation.py:44}}
Jul 14 17:44:59 devstack devstack@g-api.service[77044]: DEBUG glance.api.middleware.version_negotiation [None req-d2de7e65-a32f-404b-b418-3ccabedaf406 admin admin] Using url versioning {{(pid=77044) process_request /opt/stack/glance/glance/api/middleware/version_negotiation.py:57}}
Jul 14 17:44:59 devstack devstack@g-api.service[77044]: DEBUG glance.api.middleware.version_negotiation [None req-d2de7e65-a32f-404b-b418-3ccabedaf406 admin admin] Matched version: v2 {{(pid=77044) process_request /opt/stack/glance/glance/api/middleware/version_negotiation.py:69}}
Jul 14 17:44:59 devstack devstack@g-api.service[77044]: DEBUG glance.api.middleware.version_negotiation [None req-d2de7e65-a32f-404b-b418-3ccabedaf406 admin admin] new path /v2/images/af3eef7b-9b54-4ea1-a240-6be757f56381 {{(pid=77044) process_request /opt/stack/glance/glance/api/middleware/version_negotiation.py:70}}
Jul 14 17:44:59 devstack devstack@g-api.service[77044]: [pid: 77044|app: 0|req: 5/11] 127.0.0.1 () {36 vars in 802 bytes} [Tue Jul 14 17:44:59 2026] GET /v2/images/af3eef7b-9b54-4ea1-a240-6be757f56381 => generated 976 bytes in 69 msecs (HTTP/1.1 200) 4 headers in 157 bytes (1 switches on core 0)
Jul 14 17:45:09 devstack devstack@g-api.service[77044]: DEBUG dbcounter [-] [77044] Writing DB stats glance:SELECT=4 {{(pid=77044) stat_writer /opt/stack/data/venv/lib/python3.12/site-packages/dbcounter.py:115}}
Jul 14 17:46:16 devstack devstack@g-api.service[77043]: DEBUG glance.api.middleware.version_negotiation [None req-7e98140d-3d70-4373-819d-82a962482a93 admin admin] Determining version of request: GET / Accept: application/json {{(pid=77043) process_request /opt/stack/glance/glance/api/middleware/version_negotiation.py:44}}
Jul 14 17:46:16 devstack devstack@g-api.service[77043]: DEBUG glance.api.middleware.version_negotiation [None req-7e98140d-3d70-4373-819d-82a962482a93 admin admin] Using url versioning {{(pid=77043) process_request /opt/stack/glance/glance/api/middleware/version_negotiation.py:57}}
Jul 14 17:46:16 devstack devstack@g-api.service[77043]: DEBUG glance.api.middleware.version_negotiation [None req-7e98140d-3d70-4373-819d-82a962482a93 admin admin] Unknown version. Returning version choices. {{(pid=77043) process_request /opt/stack/glance/glance/api/middleware/version_negotiation.py:64}}
Jul 14 17:46:16 devstack devstack@g-api.service[77043]: [pid: 77043|app: 0|req: 7/12] 127.0.0.1 () {36 vars in 488 bytes} [Tue Jul 14 17:46:16 2026] GET / => generated 1571 bytes in 4 msecs (HTTP/1.1 300) 3 headers in 106 bytes (1 switches on core 0)
Jul 14 17:49:11 devstack devstack@g-api.service[77044]: DEBUG glance.api.middleware.version_negotiation [None req-0cee9acb-066b-4d52-a56a-03396315d1a2 admin admin] Determining version of request: GET / Accept: application/json {{(pid=77044) process_request /opt/stack/glance/glance/api/middleware/version_negotiation.py:44}}
Jul 14 17:49:11 devstack devstack@g-api.service[77044]: DEBUG glance.api.middleware.version_negotiation [None req-0cee9acb-066b-4d52-a56a-03396315d1a2 admin admin] Using url versioning {{(pid=77044) process_request /opt/stack/glance/glance/api/middleware/version_negotiation.py:57}}
Jul 14 17:49:11 devstack devstack@g-api.service[77044]: DEBUG glance.api.middleware.version_negotiation [None req-0cee9acb-066b-4d52-a56a-03396315d1a2 admin admin] Unknown version. Returning version choices. {{(pid=77044) process_request /opt/stack/glance/glance/api/middleware/version_negotiation.py:64}}
Jul 14 17:49:11 devstack devstack@g-api.service[77044]: [pid: 77044|app: 0|req: 6/13] 127.0.0.1 () {34 vars in 505 bytes} [Tue Jul 14 17:49:11 2026] GET / => generated 1571 bytes in 8 msecs (HTTP/1.1 300) 3 headers in 106 bytes (1 switches on core 0)
Jul 14 17:49:11 devstack devstack@g-api.service[77043]: DEBUG glance.api.middleware.version_negotiation [None req-7e98140d-3d70-4373-819d-82a962482a93 admin admin] Determining version of request: GET /v2/images/af3eef7b-9b54-4ea1-a240-6be757f56381 Accept: */* {{(pid=77043) process_request /opt/stack/glance/glance/api/middleware/version_negotiation.py:44}}
Jul 14 17:49:11 devstack devstack@g-api.service[77043]: DEBUG glance.api.middleware.version_negotiation [None req-7e98140d-3d70-4373-819d-82a962482a93 admin admin] Using url versioning {{(pid=77043) process_request /opt/stack/glance/glance/api/middleware/version_negotiation.py:57}}
Jul 14 17:49:11 devstack devstack@g-api.service[77043]: DEBUG glance.api.middleware.version_negotiation [None req-7e98140d-3d70-4373-819d-82a962482a93 admin admin] Matched version: v2 {{(pid=77043) process_request /opt/stack/glance/glance/api/middleware/version_negotiation.py:69}}
Jul 14 17:49:11 devstack devstack@g-api.service[77043]: DEBUG glance.api.middleware.version_negotiation [None req-7e98140d-3d70-4373-819d-82a962482a93 admin admin] new path /v2/images/af3eef7b-9b54-4ea1-a240-6be757f56381 {{(pid=77043) process_request /opt/stack/glance/glance/api/middleware/version_negotiation.py:70}}
Jul 14 17:49:12 devstack devstack@g-api.service[77043]: [pid: 77043|app: 0|req: 8/14] 127.0.0.1 () {42 vars in 1061 bytes} [Tue Jul 14 17:49:11 2026] GET /v2/images/af3eef7b-9b54-4ea1-a240-6be757f56381 => generated 976 bytes in 357 msecs (HTTP/1.1 200) 4 headers in 157 bytes (1 switches on core 0)
Jul 14 17:49:12 devstack devstack@g-api.service[77044]: DEBUG glance.api.middleware.version_negotiation [None req-0cee9acb-066b-4d52-a56a-03396315d1a2 admin admin] Determining version of request: GET /v2/schemas/image Accept: */* {{(pid=77044) process_request /opt/stack/glance/glance/api/middleware/version_negotiation.py:44}}
Jul 14 17:49:12 devstack devstack@g-api.service[77044]: DEBUG glance.api.middleware.version_negotiation [None req-0cee9acb-066b-4d52-a56a-03396315d1a2 admin admin] Using url versioning {{(pid=77044) process_request /opt/stack/glance/glance/api/middleware/version_negotiation.py:57}}
Jul 14 17:49:12 devstack devstack@g-api.service[77044]: DEBUG glance.api.middleware.version_negotiation [None req-0cee9acb-066b-4d52-a56a-03396315d1a2 admin admin] Matched version: v2 {{(pid=77044) process_request /opt/stack/glance/glance/api/middleware/version_negotiation.py:69}}
Jul 14 17:49:12 devstack devstack@g-api.service[77044]: DEBUG glance.api.middleware.version_negotiation [None req-0cee9acb-066b-4d52-a56a-03396315d1a2 admin admin] new path /v2/schemas/image {{(pid=77044) process_request /opt/stack/glance/glance/api/middleware/version_negotiation.py:70}}
Jul 14 17:49:12 devstack devstack@g-api.service[77044]: [pid: 77044|app: 0|req: 7/15] 127.0.0.1 () {42 vars in 1001 bytes} [Tue Jul 14 17:49:12 2026] GET /v2/schemas/image => generated 6083 bytes in 10 msecs (HTTP/1.1 200) 4 headers in 158 bytes (1 switches on core 0)
Jul 14 17:49:16 devstack devstack@g-api.service[77043]: DEBUG glance.api.middleware.version_negotiation [None req-9c163de2-a287-4a2a-bd3a-e2d24f0c5630 tempest-DeleteServersTestJSON-382434531 tempest-DeleteServersTestJSON-382434531-project-member] Determining version of request: GET / Accept: application/json {{(pid=77043) process_request /opt/stack/glance/glance/api/middleware/version_negotiation.py:44}}
Jul 14 17:49:16 devstack devstack@g-api.service[77043]: DEBUG glance.api.middleware.version_negotiation [None req-9c163de2-a287-4a2a-bd3a-e2d24f0c5630 tempest-DeleteServersTestJSON-382434531 tempest-DeleteServersTestJSON-382434531-project-member] Using url versioning {{(pid=77043) process_request /opt/stack/glance/glance/api/middleware/version_negotiation.py:57}}
Jul 14 17:49:16 devstack devstack@g-api.service[77043]: DEBUG glance.api.middleware.version_negotiation [None req-9c163de2-a287-4a2a-bd3a-e2d24f0c5630 tempest-DeleteServersTestJSON-382434531 tempest-DeleteServersTestJSON-382434531-project-member] Unknown version. Returning version choices. {{(pid=77043) process_request /opt/stack/glance/glance/api/middleware/version_negotiation.py:64}}
Jul 14 17:49:16 devstack devstack@g-api.service[77043]: [pid: 77043|app: 0|req: 9/16] 127.0.0.1 () {34 vars in 505 bytes} [Tue Jul 14 17:49:16 2026] GET / => generated 1571 bytes in 6 msecs (HTTP/1.1 300) 3 headers in 106 bytes (1 switches on core 0)
Jul 14 17:49:16 devstack devstack@g-api.service[77044]: DEBUG glance.api.middleware.version_negotiation [None req-9c163de2-a287-4a2a-bd3a-e2d24f0c5630 tempest-DeleteServersTestJSON-382434531 tempest-DeleteServersTestJSON-382434531-project-member] Determining version of request: GET /v2/images/af3eef7b-9b54-4ea1-a240-6be757f56381 Accept: */* {{(pid=77044) process_request /opt/stack/glance/glance/api/middleware/version_negotiation.py:44}}
Jul 14 17:49:16 devstack devstack@g-api.service[77044]: DEBUG glance.api.middleware.version_negotiation [None req-9c163de2-a287-4a2a-bd3a-e2d24f0c5630 tempest-DeleteServersTestJSON-382434531 tempest-DeleteServersTestJSON-382434531-project-member] Using url versioning {{(pid=77044) process_request /opt/stack/glance/glance/api/middleware/version_negotiation.py:57}}
Jul 14 17:49:16 devstack devstack@g-api.service[77044]: DEBUG glance.api.middleware.version_negotiation [None req-9c163de2-a287-4a2a-bd3a-e2d24f0c5630 tempest-DeleteServersTestJSON-382434531 tempest-DeleteServersTestJSON-382434531-project-member] Matched version: v2 {{(pid=77044) process_request /opt/stack/glance/glance/api/middleware/version_negotiation.py:69}}
Jul 14 17:49:16 devstack devstack@g-api.service[77044]: DEBUG glance.api.middleware.version_negotiation [None req-9c163de2-a287-4a2a-bd3a-e2d24f0c5630 tempest-DeleteServersTestJSON-382434531 tempest-DeleteServersTestJSON-382434531-project-member] new path /v2/images/af3eef7b-9b54-4ea1-a240-6be757f56381 {{(pid=77044) process_request /opt/stack/glance/glance/api/middleware/version_negotiation.py:70}}
Jul 14 17:49:16 devstack devstack@g-api.service[77044]: [pid: 77044|app: 0|req: 8/17] 127.0.0.1 () {42 vars in 1061 bytes} [Tue Jul 14 17:49:16 2026] GET /v2/images/af3eef7b-9b54-4ea1-a240-6be757f56381 => generated 976 bytes in 177 msecs (HTTP/1.1 200) 4 headers in 157 bytes (1 switches on core 0)
Jul 14 17:49:16 devstack devstack@g-api.service[77043]: DEBUG glance.api.middleware.version_negotiation [None req-9c163de2-a287-4a2a-bd3a-e2d24f0c5630 tempest-DeleteServersTestJSON-382434531 tempest-DeleteServersTestJSON-382434531-project-member] Determining version of request: GET /v2/schemas/image Accept: */* {{(pid=77043) process_request /opt/stack/glance/glance/api/middleware/version_negotiation.py:44}}
Jul 14 17:49:16 devstack devstack@g-api.service[77043]: DEBUG glance.api.middleware.version_negotiation [None req-9c163de2-a287-4a2a-bd3a-e2d24f0c5630 tempest-DeleteServersTestJSON-382434531 tempest-DeleteServersTestJSON-382434531-project-member] Using url versioning {{(pid=77043) process_request /opt/stack/glance/glance/api/middleware/version_negotiation.py:57}}
Jul 14 17:49:16 devstack devstack@g-api.service[77043]: DEBUG glance.api.middleware.version_negotiation [None req-9c163de2-a287-4a2a-bd3a-e2d24f0c5630 tempest-DeleteServersTestJSON-382434531 tempest-DeleteServersTestJSON-382434531-project-member] Matched version: v2 {{(pid=77043) process_request /opt/stack/glance/glance/api/middleware/version_negotiation.py:69}}
Jul 14 17:49:16 devstack devstack@g-api.service[77043]: DEBUG glance.api.middleware.version_negotiation [None req-9c163de2-a287-4a2a-bd3a-e2d24f0c5630 tempest-DeleteServersTestJSON-382434531 tempest-DeleteServersTestJSON-382434531-project-member] new path /v2/schemas/image {{(pid=77043) process_request /opt/stack/glance/glance/api/middleware/version_negotiation.py:70}}
Jul 14 17:49:16 devstack devstack@g-api.service[77043]: [pid: 77043|app: 0|req: 10/18] 127.0.0.1 () {42 vars in 1001 bytes} [Tue Jul 14 17:49:16 2026] GET /v2/schemas/image => generated 6083 bytes in 6 msecs (HTTP/1.1 200) 4 headers in 158 bytes (1 switches on core 0)
Jul 14 17:49:22 devstack devstack@g-api.service[77043]: DEBUG dbcounter [-] [77043] Writing DB stats glance:SELECT=2 {{(pid=77043) stat_writer /opt/stack/data/venv/lib/python3.12/site-packages/dbcounter.py:115}}
Jul 14 17:49:23 devstack devstack@g-api.service[77044]: DEBUG glance.api.middleware.version_negotiation [None req-bf052c38-30d3-467a-a987-7f724e968c22 tempest-AttachVolumeShelveTestJSON-856956706 tempest-AttachVolumeShelveTestJSON-856956706-project-member] Determining version of request: GET /v2/images/af3eef7b-9b54-4ea1-a240-6be757f56381 Accept: */* {{(pid=77044) process_request /opt/stack/glance/glance/api/middleware/version_negotiation.py:44}}
Jul 14 17:49:23 devstack devstack@g-api.service[77044]: DEBUG glance.api.middleware.version_negotiation [None req-bf052c38-30d3-467a-a987-7f724e968c22 tempest-AttachVolumeShelveTestJSON-856956706 tempest-AttachVolumeShelveTestJSON-856956706-project-member] Using url versioning {{(pid=77044) process_request /opt/stack/glance/glance/api/middleware/version_negotiation.py:57}}
Jul 14 17:49:23 devstack devstack@g-api.service[77044]: DEBUG glance.api.middleware.version_negotiation [None req-bf052c38-30d3-467a-a987-7f724e968c22 tempest-AttachVolumeShelveTestJSON-856956706 tempest-AttachVolumeShelveTestJSON-856956706-project-member] Matched version: v2 {{(pid=77044) process_request /opt/stack/glance/glance/api/middleware/version_negotiation.py:69}}
Jul 14 17:49:23 devstack devstack@g-api.service[77044]: DEBUG glance.api.middleware.version_negotiation [None req-bf052c38-30d3-467a-a987-7f724e968c22 tempest-AttachVolumeShelveTestJSON-856956706 tempest-AttachVolumeShelveTestJSON-856956706-project-member] new path /v2/images/af3eef7b-9b54-4ea1-a240-6be757f56381 {{(pid=77044) process_request /opt/stack/glance/glance/api/middleware/version_negotiation.py:70}}
Jul 14 17:49:23 devstack devstack@g-api.service[77044]: [pid: 77044|app: 0|req: 9/19] 127.0.0.1 () {42 vars in 1061 bytes} [Tue Jul 14 17:49:23 2026] GET /v2/images/af3eef7b-9b54-4ea1-a240-6be757f56381 => generated 976 bytes in 102 msecs (HTTP/1.1 200) 4 headers in 157 bytes (1 switches on core 0)
Jul 14 17:49:23 devstack devstack@g-api.service[77043]: DEBUG glance.api.middleware.version_negotiation [None req-bf052c38-30d3-467a-a987-7f724e968c22 tempest-AttachVolumeShelveTestJSON-856956706 tempest-AttachVolumeShelveTestJSON-856956706-project-member] Determining version of request: GET /v2/images/af3eef7b-9b54-4ea1-a240-6be757f56381/file Accept: */* {{(pid=77043) process_request /opt/stack/glance/glance/api/middleware/version_negotiation.py:44}}
Jul 14 17:49:23 devstack devstack@g-api.service[77043]: DEBUG glance.api.middleware.version_negotiation [None req-bf052c38-30d3-467a-a987-7f724e968c22 tempest-AttachVolumeShelveTestJSON-856956706 tempest-AttachVolumeShelveTestJSON-856956706-project-member] Using url versioning {{(pid=77043) process_request /opt/stack/glance/glance/api/middleware/version_negotiation.py:57}}
Jul 14 17:49:23 devstack devstack@g-api.service[77043]: DEBUG glance.api.middleware.version_negotiation [None req-bf052c38-30d3-467a-a987-7f724e968c22 tempest-AttachVolumeShelveTestJSON-856956706 tempest-AttachVolumeShelveTestJSON-856956706-project-member] Matched version: v2 {{(pid=77043) process_request /opt/stack/glance/glance/api/middleware/version_negotiation.py:69}}
Jul 14 17:49:23 devstack devstack@g-api.service[77043]: DEBUG glance.api.middleware.version_negotiation [None req-bf052c38-30d3-467a-a987-7f724e968c22 tempest-AttachVolumeShelveTestJSON-856956706 tempest-AttachVolumeShelveTestJSON-856956706-project-member] new path /v2/images/af3eef7b-9b54-4ea1-a240-6be757f56381/file {{(pid=77043) process_request /opt/stack/glance/glance/api/middleware/version_negotiation.py:70}}
Jul 14 17:49:23 devstack devstack@g-api.service[77043]: DEBUG glance_store._drivers.filesystem [None req-9c163de2-a287-4a2a-bd3a-e2d24f0c5630 tempest-DeleteServersTestJSON-382434531 tempest-DeleteServersTestJSON-382434531-project-member] Found image at /opt/stack/data/glance/images/af3eef7b-9b54-4ea1-a240-6be757f56381. Returning in ChunkedFile. {{(pid=77043) get /opt/stack/data/venv/lib/python3.12/site-packages/glance_store/_drivers/filesystem.py:724}}
Jul 14 17:49:23 devstack devstack@g-api.service[77043]: DEBUG glance.image_cache [None req-9c163de2-a287-4a2a-bd3a-e2d24f0c5630 tempest-DeleteServersTestJSON-382434531 tempest-DeleteServersTestJSON-382434531-project-member] Tee'ing image 'af3eef7b-9b54-4ea1-a240-6be757f56381' into cache {{(pid=77043) get_caching_iter /opt/stack/glance/glance/image_cache/__init__.py:356}}
Jul 14 17:49:24 devstack devstack@g-api.service[77043]: DEBUG glance.image_cache.drivers.centralized_db [None req-9c163de2-a287-4a2a-bd3a-e2d24f0c5630 tempest-DeleteServersTestJSON-382434531 tempest-DeleteServersTestJSON-382434531-project-member] Fetch finished, moving '/opt/stack/data/glance/cache/incomplete/af3eef7b-9b54-4ea1-a240-6be757f56381' to '/opt/stack/data/glance/cache/af3eef7b-9b54-4ea1-a240-6be757f56381' {{(pid=77043) commit /opt/stack/glance/glance/image_cache/drivers/centralized_db.py:243}}
Jul 14 17:49:24 devstack devstack@g-api.service[77043]: DEBUG glance.image_cache.drivers.centralized_db [None req-9c163de2-a287-4a2a-bd3a-e2d24f0c5630 tempest-DeleteServersTestJSON-382434531 tempest-DeleteServersTestJSON-382434531-project-member] Image cached successfully. {{(pid=77043) commit /opt/stack/glance/glance/image_cache/drivers/centralized_db.py:258}}
Jul 14 17:49:24 devstack devstack@g-api.service[77043]: [pid: 77043|app: 0|req: 11/20] 127.0.0.1 () {42 vars in 1071 bytes} [Tue Jul 14 17:49:23 2026] GET /v2/images/af3eef7b-9b54-4ea1-a240-6be757f56381/file => generated 21692416 bytes in 455 msecs (HTTP/1.1 200) 4 headers in 191 bytes (337 switches on core 0)
Jul 14 17:49:24 devstack devstack@g-api.service[77044]: DEBUG glance.api.middleware.version_negotiation [None req-9c163de2-a287-4a2a-bd3a-e2d24f0c5630 tempest-DeleteServersTestJSON-382434531 tempest-DeleteServersTestJSON-382434531-project-member] Determining version of request: GET /v2/images/af3eef7b-9b54-4ea1-a240-6be757f56381 Accept: */* {{(pid=77044) process_request /opt/stack/glance/glance/api/middleware/version_negotiation.py:44}}
Jul 14 17:49:24 devstack devstack@g-api.service[77044]: DEBUG glance.api.middleware.version_negotiation [None req-9c163de2-a287-4a2a-bd3a-e2d24f0c5630 tempest-DeleteServersTestJSON-382434531 tempest-DeleteServersTestJSON-382434531-project-member] Using url versioning {{(pid=77044) process_request /opt/stack/glance/glance/api/middleware/version_negotiation.py:57}}
Jul 14 17:49:24 devstack devstack@g-api.service[77044]: DEBUG glance.api.middleware.version_negotiation [None req-9c163de2-a287-4a2a-bd3a-e2d24f0c5630 tempest-DeleteServersTestJSON-382434531 tempest-DeleteServersTestJSON-382434531-project-member] Matched version: v2 {{(pid=77044) process_request /opt/stack/glance/glance/api/middleware/version_negotiation.py:69}}
Jul 14 17:49:24 devstack devstack@g-api.service[77044]: DEBUG glance.api.middleware.version_negotiation [None req-9c163de2-a287-4a2a-bd3a-e2d24f0c5630 tempest-DeleteServersTestJSON-382434531 tempest-DeleteServersTestJSON-382434531-project-member] new path /v2/images/af3eef7b-9b54-4ea1-a240-6be757f56381 {{(pid=77044) process_request /opt/stack/glance/glance/api/middleware/version_negotiation.py:70}}
Jul 14 17:49:24 devstack devstack@g-api.service[77044]: [pid: 77044|app: 0|req: 10/21] 127.0.0.1 () {42 vars in 1061 bytes} [Tue Jul 14 17:49:24 2026] GET /v2/images/af3eef7b-9b54-4ea1-a240-6be757f56381 => generated 976 bytes in 35 msecs (HTTP/1.1 200) 4 headers in 157 bytes (1 switches on core 0)
Jul 14 17:49:24 devstack devstack@g-api.service[77043]: DEBUG glance.api.middleware.version_negotiation [None req-9c163de2-a287-4a2a-bd3a-e2d24f0c5630 tempest-DeleteServersTestJSON-382434531 tempest-DeleteServersTestJSON-382434531-project-member] Determining version of request: GET /v2/schemas/image Accept: */* {{(pid=77043) process_request /opt/stack/glance/glance/api/middleware/version_negotiation.py:44}}
Jul 14 17:49:24 devstack devstack@g-api.service[77043]: DEBUG glance.api.middleware.version_negotiation [None req-9c163de2-a287-4a2a-bd3a-e2d24f0c5630 tempest-DeleteServersTestJSON-382434531 tempest-DeleteServersTestJSON-382434531-project-member] Using url versioning {{(pid=77043) process_request /opt/stack/glance/glance/api/middleware/version_negotiation.py:57}}
Jul 14 17:49:24 devstack devstack@g-api.service[77043]: DEBUG glance.api.middleware.version_negotiation [None req-9c163de2-a287-4a2a-bd3a-e2d24f0c5630 tempest-DeleteServersTestJSON-382434531 tempest-DeleteServersTestJSON-382434531-project-member] Matched version: v2 {{(pid=77043) process_request /opt/stack/glance/glance/api/middleware/version_negotiation.py:69}}
Jul 14 17:49:24 devstack devstack@g-api.service[77043]: DEBUG glance.api.middleware.version_negotiation [None req-9c163de2-a287-4a2a-bd3a-e2d24f0c5630 tempest-DeleteServersTestJSON-382434531 tempest-DeleteServersTestJSON-382434531-project-member] new path /v2/schemas/image {{(pid=77043) process_request /opt/stack/glance/glance/api/middleware/version_negotiation.py:70}}
Jul 14 17:49:24 devstack devstack@g-api.service[77043]: [pid: 77043|app: 0|req: 12/22] 127.0.0.1 () {42 vars in 1001 bytes} [Tue Jul 14 17:49:24 2026] GET /v2/schemas/image => generated 6083 bytes in 10 msecs (HTTP/1.1 200) 4 headers in 158 bytes (1 switches on core 0)
Jul 14 17:49:34 devstack devstack@g-api.service[77043]: DEBUG dbcounter [-] [77043] Writing DB stats glance:SELECT=5,glance:INSERT=1 {{(pid=77043) stat_writer /opt/stack/data/venv/lib/python3.12/site-packages/dbcounter.py:115}}
Jul 14 17:49:34 devstack devstack@g-api.service[77044]: DEBUG dbcounter [-] [77044] Writing DB stats glance:SELECT=6 {{(pid=77044) stat_writer /opt/stack/data/venv/lib/python3.12/site-packages/dbcounter.py:115}}
Jul 14 17:49:54 devstack devstack@g-api.service[77044]: DEBUG glance.api.middleware.version_negotiation [None req-9c163de2-a287-4a2a-bd3a-e2d24f0c5630 tempest-DeleteServersTestJSON-382434531 tempest-DeleteServersTestJSON-382434531-project-member] Determining version of request: GET /v2/images/af3eef7b-9b54-4ea1-a240-6be757f56381 Accept: */* {{(pid=77044) process_request /opt/stack/glance/glance/api/middleware/version_negotiation.py:44}}
Jul 14 17:49:54 devstack devstack@g-api.service[77044]: DEBUG glance.api.middleware.version_negotiation [None req-9c163de2-a287-4a2a-bd3a-e2d24f0c5630 tempest-DeleteServersTestJSON-382434531 tempest-DeleteServersTestJSON-382434531-project-member] Using url versioning {{(pid=77044) process_request /opt/stack/glance/glance/api/middleware/version_negotiation.py:57}}
Jul 14 17:49:54 devstack devstack@g-api.service[77044]: DEBUG glance.api.middleware.version_negotiation [None req-9c163de2-a287-4a2a-bd3a-e2d24f0c5630 tempest-DeleteServersTestJSON-382434531 tempest-DeleteServersTestJSON-382434531-project-member] Matched version: v2 {{(pid=77044) process_request /opt/stack/glance/glance/api/middleware/version_negotiation.py:69}}
Jul 14 17:49:54 devstack devstack@g-api.service[77044]: DEBUG glance.api.middleware.version_negotiation [None req-9c163de2-a287-4a2a-bd3a-e2d24f0c5630 tempest-DeleteServersTestJSON-382434531 tempest-DeleteServersTestJSON-382434531-project-member] new path /v2/images/af3eef7b-9b54-4ea1-a240-6be757f56381 {{(pid=77044) process_request /opt/stack/glance/glance/api/middleware/version_negotiation.py:70}}
Jul 14 17:49:54 devstack devstack@g-api.service[77044]: [pid: 77044|app: 0|req: 11/23] 127.0.0.1 () {42 vars in 1061 bytes} [Tue Jul 14 17:49:54 2026] GET /v2/images/af3eef7b-9b54-4ea1-a240-6be757f56381 => generated 976 bytes in 42 msecs (HTTP/1.1 200) 4 headers in 157 bytes (1 switches on core 0)
Jul 14 17:49:54 devstack devstack@g-api.service[77043]: DEBUG glance.api.middleware.version_negotiation [None req-9c163de2-a287-4a2a-bd3a-e2d24f0c5630 tempest-DeleteServersTestJSON-382434531 tempest-DeleteServersTestJSON-382434531-project-member] Determining version of request: GET /v2/schemas/image Accept: */* {{(pid=77043) process_request /opt/stack/glance/glance/api/middleware/version_negotiation.py:44}}
Jul 14 17:49:54 devstack devstack@g-api.service[77043]: DEBUG glance.api.middleware.version_negotiation [None req-9c163de2-a287-4a2a-bd3a-e2d24f0c5630 tempest-DeleteServersTestJSON-382434531 tempest-DeleteServersTestJSON-382434531-project-member] Using url versioning {{(pid=77043) process_request /opt/stack/glance/glance/api/middleware/version_negotiation.py:57}}
Jul 14 17:49:54 devstack devstack@g-api.service[77043]: DEBUG glance.api.middleware.version_negotiation [None req-9c163de2-a287-4a2a-bd3a-e2d24f0c5630 tempest-DeleteServersTestJSON-382434531 tempest-DeleteServersTestJSON-382434531-project-member] Matched version: v2 {{(pid=77043) process_request /opt/stack/glance/glance/api/middleware/version_negotiation.py:69}}
Jul 14 17:49:54 devstack devstack@g-api.service[77043]: DEBUG glance.api.middleware.version_negotiation [None req-9c163de2-a287-4a2a-bd3a-e2d24f0c5630 tempest-DeleteServersTestJSON-382434531 tempest-DeleteServersTestJSON-382434531-project-member] new path /v2/schemas/image {{(pid=77043) process_request /opt/stack/glance/glance/api/middleware/version_negotiation.py:70}}
Jul 14 17:49:54 devstack devstack@g-api.service[77043]: [pid: 77043|app: 0|req: 13/24] 127.0.0.1 () {42 vars in 1001 bytes} [Tue Jul 14 17:49:54 2026] GET /v2/schemas/image => generated 6083 bytes in 21 msecs (HTTP/1.1 200) 4 headers in 158 bytes (1 switches on core 0)
Jul 14 17:50:04 devstack devstack@g-api.service[77044]: DEBUG dbcounter [-] [77044] Writing DB stats glance:SELECT=2 {{(pid=77044) stat_writer /opt/stack/data/venv/lib/python3.12/site-packages/dbcounter.py:115}}
Jul 14 17:50:14 devstack devstack@g-api.service[77044]: DEBUG glance.api.middleware.version_negotiation [None req-6f4b88a4-6daf-4fc0-9f8e-7ec93448d8d7 tempest-TaggedAttachmentsTest-1151472070 tempest-TaggedAttachmentsTest-1151472070-project-member] Determining version of request: GET /v2/schemas/image Accept: */* {{(pid=77044) process_request /opt/stack/glance/glance/api/middleware/version_negotiation.py:44}}
Jul 14 17:50:14 devstack devstack@g-api.service[77044]: DEBUG glance.api.middleware.version_negotiation [None req-6f4b88a4-6daf-4fc0-9f8e-7ec93448d8d7 tempest-TaggedAttachmentsTest-1151472070 tempest-TaggedAttachmentsTest-1151472070-project-member] Using url versioning {{(pid=77044) process_request /opt/stack/glance/glance/api/middleware/version_negotiation.py:57}}
Jul 14 17:50:14 devstack devstack@g-api.service[77044]: DEBUG glance.api.middleware.version_negotiation [None req-6f4b88a4-6daf-4fc0-9f8e-7ec93448d8d7 tempest-TaggedAttachmentsTest-1151472070 tempest-TaggedAttachmentsTest-1151472070-project-member] Matched version: v2 {{(pid=77044) process_request /opt/stack/glance/glance/api/middleware/version_negotiation.py:69}}
