Sep 01 01:42:29 devstack cinder-volume[87212]: DEBUG oslo_concurrency.processutils [None req-f61fe942-4d69-4d05-9d14-88039e9c71a9 tempest-VolumesDeleteCascade-891798718 None] CMD "sudo cinder-rootwrap /etc/cinder/rootwrap.conf qemu-img create -f qcow2 -o preallocation=metadata /opt/stack/data/cinder/mnt/b12893a57d9264d840e771541475c4a1/volume-d77c1c99-bcea-4f23-a18c-107284a4929e 1073741824" returned: 0 in 0.446s {{(pid=87212) execute /opt/stack/data/venv/lib/python3.12/site-packages/oslo_concurrency/processutils.py:468}}
Sep 01 01:42:29 devstack cinder-volume[87212]: DEBUG oslo_concurrency.processutils [None req-f61fe942-4d69-4d05-9d14-88039e9c71a9 tempest-VolumesDeleteCascade-891798718 None] Running cmd (subprocess): sudo cinder-rootwrap /etc/cinder/rootwrap.conf chmod ugo+rw /opt/stack/data/cinder/mnt/b12893a57d9264d840e771541475c4a1/volume-d77c1c99-bcea-4f23-a18c-107284a4929e {{(pid=87212) execute /opt/stack/data/venv/lib/python3.12/site-packages/oslo_concurrency/processutils.py:440}}
Sep 01 01:42:29 devstack sudo[94094]: quobyte : PWD=/ ; USER=root ; COMMAND=/opt/stack/data/venv/bin/cinder-rootwrap /etc/cinder/rootwrap.conf chmod ugo+rw /opt/stack/data/cinder/mnt/b12893a57d9264d840e771541475c4a1/volume-d77c1c99-bcea-4f23-a18c-107284a4929e
Sep 01 01:42:29 devstack sudo[94094]: pam_unix(sudo:session): session opened for user root(uid=0) by (uid=1000)
Sep 01 01:42:30 devstack sudo[94094]: pam_unix(sudo:session): session closed for user root
Sep 01 01:42:30 devstack cinder-volume[87212]: DEBUG oslo_concurrency.processutils [None req-f61fe942-4d69-4d05-9d14-88039e9c71a9 tempest-VolumesDeleteCascade-891798718 None] CMD "sudo cinder-rootwrap /etc/cinder/rootwrap.conf chmod ugo+rw /opt/stack/data/cinder/mnt/b12893a57d9264d840e771541475c4a1/volume-d77c1c99-bcea-4f23-a18c-107284a4929e" returned: 0 in 0.317s {{(pid=87212) execute /opt/stack/data/venv/lib/python3.12/site-packages/oslo_concurrency/processutils.py:468}}
Sep 01 01:42:30 devstack cinder-volume[87212]: DEBUG cinder.volume.drivers.quobyte [None req-f61fe942-4d69-4d05-9d14-88039e9c71a9 tempest-VolumesDeleteCascade-891798718 None] <== create_volume: return (805ms) {'provider_location': 'osci02.corp.quobyte.com/cinder-vol-2f34a89a-4c63-4c7c-95bf-150fee38a7d1'} {{(pid=87212) trace_logging_wrapper /opt/stack/cinder/cinder/volume/volume_utils.py:1522}}
Sep 01 01:42:30 devstack cinder-volume[87212]: DEBUG oslo_concurrency.lockutils [None req-f61fe942-4d69-4d05-9d14-88039e9c71a9 tempest-VolumesDeleteCascade-891798718 None] Lock "quobyte" "released" by "cinder.volume.drivers.quobyte.QuobyteDriver.create_volume" :: held 0.809s {{(pid=87212) inner /opt/stack/data/venv/lib/python3.12/site-packages/oslo_concurrency/lockutils.py:544}}
Sep 01 01:42:30 devstack cinder-volume[87212]: DEBUG cinder.volume.manager [None req-f61fe942-4d69-4d05-9d14-88039e9c71a9 tempest-VolumesDeleteCascade-891798718 None] Task 'cinder.volume.flows.manager.create_volume.CreateVolumeFromSpecTask;volume:create' (2a7424a5-0907-4ddb-9cff-9fb2c1d10543) transitioned into state 'SUCCESS' from state 'RUNNING' with result '{'status': 'creating', 'volume_name': 'volume-d77c1c99-bcea-4f23-a18c-107284a4929e', 'volume_size': 1}' {{(pid=87212) _task_receiver /opt/stack/data/venv/lib/python3.12/site-packages/taskflow/listeners/logging.py:218}}
Sep 01 01:42:30 devstack cinder-volume[87212]: DEBUG cinder.volume.manager [None req-f61fe942-4d69-4d05-9d14-88039e9c71a9 tempest-VolumesDeleteCascade-891798718 None] Task 'cinder.volume.flows.manager.create_volume.CreateVolumeOnFinishTask;volume:create, create.end' (5b19c4a7-00e7-49c9-acaf-35161a03486e) transitioned into state 'RUNNING' from state 'PENDING' {{(pid=87212) _task_receiver /opt/stack/data/venv/lib/python3.12/site-packages/taskflow/listeners/logging.py:242}}
Sep 01 01:42:30 devstack cinder-volume[87212]: INFO cinder.volume.flows.manager.create_volume [None req-f61fe942-4d69-4d05-9d14-88039e9c71a9 tempest-VolumesDeleteCascade-891798718 None] Volume volume-d77c1c99-bcea-4f23-a18c-107284a4929e (d77c1c99-bcea-4f23-a18c-107284a4929e): created successfully
Sep 01 01:42:30 devstack cinder-volume[87212]: DEBUG cinder.volume.manager [None req-f61fe942-4d69-4d05-9d14-88039e9c71a9 tempest-VolumesDeleteCascade-891798718 None] Task 'cinder.volume.flows.manager.create_volume.CreateVolumeOnFinishTask;volume:create, create.end' (5b19c4a7-00e7-49c9-acaf-35161a03486e) transitioned into state 'SUCCESS' from state 'RUNNING' with result 'None' {{(pid=87212) _task_receiver /opt/stack/data/venv/lib/python3.12/site-packages/taskflow/listeners/logging.py:218}}
Sep 01 01:42:30 devstack cinder-volume[87212]: DEBUG cinder.volume.manager [None req-f61fe942-4d69-4d05-9d14-88039e9c71a9 tempest-VolumesDeleteCascade-891798718 None] Flow 'volume_create_manager' (0261ed4b-5e16-4993-86b9-1122a982d83a) transitioned into state 'SUCCESS' from state 'RUNNING' {{(pid=87212) _flow_receiver /opt/stack/data/venv/lib/python3.12/site-packages/taskflow/listeners/logging.py:160}}
Sep 01 01:42:30 devstack cinder-volume[87212]: INFO cinder.volume.manager [None req-f61fe942-4d69-4d05-9d14-88039e9c71a9 tempest-VolumesDeleteCascade-891798718 None] Created volume successfully.
Sep 01 01:42:30 devstack cinder-volume[87212]: INFO cinder.volume.manager [None req-fab84282-e54f-4890-b974-51c744bb0c2b tempest-GroupSnapshotsTest-313661701 None] GroupSnapshot 3f8513f5-68b8-4fa3-bda0-c9da10b9f750: creating.
Sep 01 01:42:30 devstack cinder-volume[87212]: DEBUG cinder.volume.manager [None req-fab84282-e54f-4890-b974-51c744bb0c2b tempest-GroupSnapshotsTest-313661701 None] Group snapshot 3f8513f5-68b8-4fa3-bda0-c9da10b9f750: creating. {{(pid=87212) create_group_snapshot /opt/stack/cinder/cinder/volume/manager.py:4175}}
Sep 01 01:42:30 devstack cinder-volume[87212]: DEBUG oslo_concurrency.lockutils [None req-fab84282-e54f-4890-b974-51c744bb0c2b tempest-GroupSnapshotsTest-313661701 None] Acquiring lock "quobyte" by "cinder.volume.drivers.quobyte.QuobyteDriver.create_snapshot" {{(pid=87212) inner /opt/stack/data/venv/lib/python3.12/site-packages/oslo_concurrency/lockutils.py:512}}
Sep 01 01:42:30 devstack cinder-volume[87212]: DEBUG oslo_concurrency.lockutils [None req-fab84282-e54f-4890-b974-51c744bb0c2b tempest-GroupSnapshotsTest-313661701 None] Lock "quobyte" acquired by "cinder.volume.drivers.quobyte.QuobyteDriver.create_snapshot" :: waited 0.001s {{(pid=87212) inner /opt/stack/data/venv/lib/python3.12/site-packages/oslo_concurrency/lockutils.py:525}}
Sep 01 01:42:30 devstack cinder-volume[87212]: DEBUG cinder.volume.drivers.remotefs [None req-fab84282-e54f-4890-b974-51c744bb0c2b tempest-GroupSnapshotsTest-313661701 None] Creating offline snapshot a16e1c43-e98e-4b2b-92b6-f575f9e147c2 of volume 9352c97d-9d55-4025-bfe2-8aa5eb0000de {{(pid=87212) _create_snapshot /opt/stack/cinder/cinder/volume/drivers/remotefs.py:1816}}
Sep 01 01:42:30 devstack cinder-volume[87212]: DEBUG oslo.privsep.daemon [-] privsep: reply[7d543d56-3ab0-428f-b8df-cfa3d5a05871]: (4, 'qcow2') {{(pid=88472) _call_back /opt/stack/data/venv/lib/python3.12/site-packages/oslo_privsep/daemon.py:580}}
Sep 01 01:42:30 devstack cinder-volume[87212]: DEBUG oslo_concurrency.processutils [None req-fab84282-e54f-4890-b974-51c744bb0c2b tempest-GroupSnapshotsTest-313661701 None] Running cmd (subprocess): /opt/stack/data/venv/bin/python3.12 -m oslo_concurrency.prlimit --as=1073741824 --cpu=60 -- sudo cinder-rootwrap /etc/cinder/rootwrap.conf env LC_ALL=C qemu-img info -f qcow2 --output=json --force-share /opt/stack/data/cinder/mnt/b12893a57d9264d840e771541475c4a1/volume-9352c97d-9d55-4025-bfe2-8aa5eb0000de {{(pid=87212) execute /opt/stack/data/venv/lib/python3.12/site-packages/oslo_concurrency/processutils.py:440}}
Sep 01 01:42:30 devstack sudo[94111]: quobyte : PWD=/ ; USER=root ; COMMAND=/opt/stack/data/venv/bin/cinder-rootwrap /etc/cinder/rootwrap.conf env LC_ALL=C qemu-img info -f qcow2 --output=json --force-share /opt/stack/data/cinder/mnt/b12893a57d9264d840e771541475c4a1/volume-9352c97d-9d55-4025-bfe2-8aa5eb0000de
Sep 01 01:42:30 devstack sudo[94111]: pam_unix(sudo:session): session opened for user root(uid=0) by (uid=1000)
Sep 01 01:42:31 devstack sudo[94111]: pam_unix(sudo:session): session closed for user root
Sep 01 01:42:31 devstack cinder-volume[87212]: DEBUG oslo_concurrency.processutils [None req-fab84282-e54f-4890-b974-51c744bb0c2b tempest-GroupSnapshotsTest-313661701 None] CMD "/opt/stack/data/venv/bin/python3.12 -m oslo_concurrency.prlimit --as=1073741824 --cpu=60 -- sudo cinder-rootwrap /etc/cinder/rootwrap.conf env LC_ALL=C qemu-img info -f qcow2 --output=json --force-share /opt/stack/data/cinder/mnt/b12893a57d9264d840e771541475c4a1/volume-9352c97d-9d55-4025-bfe2-8aa5eb0000de" returned: 0 in 0.410s {{(pid=87212) execute /opt/stack/data/venv/lib/python3.12/site-packages/oslo_concurrency/processutils.py:468}}
Sep 01 01:42:31 devstack cinder-volume[87212]: DEBUG oslo_concurrency.processutils [None req-fab84282-e54f-4890-b974-51c744bb0c2b tempest-GroupSnapshotsTest-313661701 None] Running cmd (subprocess): sudo cinder-rootwrap /etc/cinder/rootwrap.conf qemu-img create -f qcow2 -o backing_file=/opt/stack/data/cinder/mnt/b12893a57d9264d840e771541475c4a1/volume-9352c97d-9d55-4025-bfe2-8aa5eb0000de,backing_fmt=qcow2 /opt/stack/data/cinder/mnt/b12893a57d9264d840e771541475c4a1/volume-9352c97d-9d55-4025-bfe2-8aa5eb0000de.a16e1c43-e98e-4b2b-92b6-f575f9e147c2 1G {{(pid=87212) execute /opt/stack/data/venv/lib/python3.12/site-packages/oslo_concurrency/processutils.py:440}}
Sep 01 01:42:31 devstack sudo[94117]: quobyte : PWD=/ ; USER=root ; COMMAND=/opt/stack/data/venv/bin/cinder-rootwrap /etc/cinder/rootwrap.conf qemu-img create -f qcow2 -o backing_file=/opt/stack/data/cinder/mnt/b12893a57d9264d840e771541475c4a1/volume-9352c97d-9d55-4025-bfe2-8aa5eb0000de,backing_fmt=qcow2 /opt/stack/data/cinder/mnt/b12893a57d9264d840e771541475c4a1/volume-9352c97d-9d55-4025-bfe2-8aa5eb0000de.a16e1c43-e98e-4b2b-92b6-f575f9e147c2 1G
Sep 01 01:42:31 devstack sudo[94117]: pam_unix(sudo:session): session opened for user root(uid=0) by (uid=1000)
Sep 01 01:42:31 devstack cinder-volume[87212]: DEBUG oslo_concurrency.lockutils [None req-b6d70d87-a03f-4082-b92b-39397ef09b7c tempest-VolumesDeleteCascade-891798718 None] Acquiring lock "quobyte" by "cinder.volume.drivers.quobyte.QuobyteDriver.create_snapshot" {{(pid=87212) inner /opt/stack/data/venv/lib/python3.12/site-packages/oslo_concurrency/lockutils.py:512}}
Sep 01 01:42:31 devstack sudo[94117]: pam_unix(sudo:session): session closed for user root
Sep 01 01:42:31 devstack cinder-volume[87212]: DEBUG oslo_concurrency.processutils [None req-fab84282-e54f-4890-b974-51c744bb0c2b tempest-GroupSnapshotsTest-313661701 None] CMD "sudo cinder-rootwrap /etc/cinder/rootwrap.conf qemu-img create -f qcow2 -o backing_file=/opt/stack/data/cinder/mnt/b12893a57d9264d840e771541475c4a1/volume-9352c97d-9d55-4025-bfe2-8aa5eb0000de,backing_fmt=qcow2 /opt/stack/data/cinder/mnt/b12893a57d9264d840e771541475c4a1/volume-9352c97d-9d55-4025-bfe2-8aa5eb0000de.a16e1c43-e98e-4b2b-92b6-f575f9e147c2 1G" returned: 0 in 0.583s {{(pid=87212) execute /opt/stack/data/venv/lib/python3.12/site-packages/oslo_concurrency/processutils.py:468}}
Sep 01 01:42:31 devstack cinder-volume[87212]: DEBUG oslo_concurrency.processutils [None req-fab84282-e54f-4890-b974-51c744bb0c2b tempest-GroupSnapshotsTest-313661701 None] Running cmd (subprocess): sudo cinder-rootwrap /etc/cinder/rootwrap.conf qemu-img rebase -u -b volume-9352c97d-9d55-4025-bfe2-8aa5eb0000de -F qcow2 /opt/stack/data/cinder/mnt/b12893a57d9264d840e771541475c4a1/volume-9352c97d-9d55-4025-bfe2-8aa5eb0000de.a16e1c43-e98e-4b2b-92b6-f575f9e147c2 {{(pid=87212) execute /opt/stack/data/venv/lib/python3.12/site-packages/oslo_concurrency/processutils.py:440}}
Sep 01 01:42:31 devstack sudo[94149]: quobyte : PWD=/ ; USER=root ; COMMAND=/opt/stack/data/venv/bin/cinder-rootwrap /etc/cinder/rootwrap.conf qemu-img rebase -u -b volume-9352c97d-9d55-4025-bfe2-8aa5eb0000de -F qcow2 /opt/stack/data/cinder/mnt/b12893a57d9264d840e771541475c4a1/volume-9352c97d-9d55-4025-bfe2-8aa5eb0000de.a16e1c43-e98e-4b2b-92b6-f575f9e147c2
Sep 01 01:42:31 devstack sudo[94149]: pam_unix(sudo:session): session opened for user root(uid=0) by (uid=1000)
Sep 01 01:42:32 devstack sudo[94149]: pam_unix(sudo:session): session closed for user root
Sep 01 01:42:32 devstack cinder-volume[87212]: DEBUG oslo_concurrency.processutils [None req-fab84282-e54f-4890-b974-51c744bb0c2b tempest-GroupSnapshotsTest-313661701 None] CMD "sudo cinder-rootwrap /etc/cinder/rootwrap.conf qemu-img rebase -u -b volume-9352c97d-9d55-4025-bfe2-8aa5eb0000de -F qcow2 /opt/stack/data/cinder/mnt/b12893a57d9264d840e771541475c4a1/volume-9352c97d-9d55-4025-bfe2-8aa5eb0000de.a16e1c43-e98e-4b2b-92b6-f575f9e147c2" returned: 0 in 0.316s {{(pid=87212) execute /opt/stack/data/venv/lib/python3.12/site-packages/oslo_concurrency/processutils.py:468}}
Sep 01 01:42:32 devstack cinder-volume[87212]: WARNING cinder.volume.drivers.remotefs [None req-fab84282-e54f-4890-b974-51c744bb0c2b tempest-GroupSnapshotsTest-313661701 None] /opt/stack/data/cinder/mnt/b12893a57d9264d840e771541475c4a1/volume-9352c97d-9d55-4025-bfe2-8aa5eb0000de.a16e1c43-e98e-4b2b-92b6-f575f9e147c2 is being set with open permissions: ugo+rw: NotImplementedError
Sep 01 01:42:32 devstack cinder-volume[87212]: DEBUG oslo_concurrency.processutils [None req-fab84282-e54f-4890-b974-51c744bb0c2b tempest-GroupSnapshotsTest-313661701 None] Running cmd (subprocess): sudo cinder-rootwrap /etc/cinder/rootwrap.conf chmod ugo+rw /opt/stack/data/cinder/mnt/b12893a57d9264d840e771541475c4a1/volume-9352c97d-9d55-4025-bfe2-8aa5eb0000de.a16e1c43-e98e-4b2b-92b6-f575f9e147c2 {{(pid=87212) execute /opt/stack/data/venv/lib/python3.12/site-packages/oslo_concurrency/processutils.py:440}}
Sep 01 01:42:32 devstack sudo[94154]: quobyte : PWD=/ ; USER=root ; COMMAND=/opt/stack/data/venv/bin/cinder-rootwrap /etc/cinder/rootwrap.conf chmod ugo+rw /opt/stack/data/cinder/mnt/b12893a57d9264d840e771541475c4a1/volume-9352c97d-9d55-4025-bfe2-8aa5eb0000de.a16e1c43-e98e-4b2b-92b6-f575f9e147c2
Sep 01 01:42:32 devstack sudo[94154]: pam_unix(sudo:session): session opened for user root(uid=0) by (uid=1000)
Sep 01 01:42:32 devstack sudo[94154]: pam_unix(sudo:session): session closed for user root
Sep 01 01:42:32 devstack cinder-volume[87212]: DEBUG oslo_concurrency.processutils [None req-fab84282-e54f-4890-b974-51c744bb0c2b tempest-GroupSnapshotsTest-313661701 None] CMD "sudo cinder-rootwrap /etc/cinder/rootwrap.conf chmod ugo+rw /opt/stack/data/cinder/mnt/b12893a57d9264d840e771541475c4a1/volume-9352c97d-9d55-4025-bfe2-8aa5eb0000de.a16e1c43-e98e-4b2b-92b6-f575f9e147c2" returned: 0 in 0.246s {{(pid=87212) execute /opt/stack/data/venv/lib/python3.12/site-packages/oslo_concurrency/processutils.py:468}}
Sep 01 01:42:32 devstack cinder-volume[87212]: DEBUG oslo_concurrency.processutils [None req-fab84282-e54f-4890-b974-51c744bb0c2b tempest-GroupSnapshotsTest-313661701 None] Running cmd (subprocess): sudo cinder-rootwrap /etc/cinder/rootwrap.conf truncate -s0 /opt/stack/data/cinder/mnt/b12893a57d9264d840e771541475c4a1/volume-9352c97d-9d55-4025-bfe2-8aa5eb0000de.info {{(pid=87212) execute /opt/stack/data/venv/lib/python3.12/site-packages/oslo_concurrency/processutils.py:440}}
Sep 01 01:42:32 devstack sudo[94157]: quobyte : PWD=/ ; USER=root ; COMMAND=/opt/stack/data/venv/bin/cinder-rootwrap /etc/cinder/rootwrap.conf truncate -s0 /opt/stack/data/cinder/mnt/b12893a57d9264d840e771541475c4a1/volume-9352c97d-9d55-4025-bfe2-8aa5eb0000de.info
Sep 01 01:42:32 devstack sudo[94157]: pam_unix(sudo:session): session opened for user root(uid=0) by (uid=1000)
Sep 01 01:42:32 devstack sudo[94157]: pam_unix(sudo:session): session closed for user root
Sep 01 01:42:32 devstack cinder-volume[87212]: DEBUG oslo_concurrency.processutils [None req-fab84282-e54f-4890-b974-51c744bb0c2b tempest-GroupSnapshotsTest-313661701 None] CMD "sudo cinder-rootwrap /etc/cinder/rootwrap.conf truncate -s0 /opt/stack/data/cinder/mnt/b12893a57d9264d840e771541475c4a1/volume-9352c97d-9d55-4025-bfe2-8aa5eb0000de.info" returned: 0 in 0.285s {{(pid=87212) execute /opt/stack/data/venv/lib/python3.12/site-packages/oslo_concurrency/processutils.py:468}}
Sep 01 01:42:32 devstack cinder-volume[87212]: WARNING cinder.volume.drivers.remotefs [None req-fab84282-e54f-4890-b974-51c744bb0c2b tempest-GroupSnapshotsTest-313661701 None] /opt/stack/data/cinder/mnt/b12893a57d9264d840e771541475c4a1/volume-9352c97d-9d55-4025-bfe2-8aa5eb0000de.info is being set with open permissions: ugo+rw: NotImplementedError
Sep 01 01:42:32 devstack cinder-volume[87212]: DEBUG oslo_concurrency.processutils [None req-fab84282-e54f-4890-b974-51c744bb0c2b tempest-GroupSnapshotsTest-313661701 None] Running cmd (subprocess): sudo cinder-rootwrap /etc/cinder/rootwrap.conf chmod ugo+rw /opt/stack/data/cinder/mnt/b12893a57d9264d840e771541475c4a1/volume-9352c97d-9d55-4025-bfe2-8aa5eb0000de.info {{(pid=87212) execute /opt/stack/data/venv/lib/python3.12/site-packages/oslo_concurrency/processutils.py:440}}
Sep 01 01:42:32 devstack sudo[94160]: quobyte : PWD=/ ; USER=root ; COMMAND=/opt/stack/data/venv/bin/cinder-rootwrap /etc/cinder/rootwrap.conf chmod ugo+rw /opt/stack/data/cinder/mnt/b12893a57d9264d840e771541475c4a1/volume-9352c97d-9d55-4025-bfe2-8aa5eb0000de.info
Sep 01 01:42:32 devstack sudo[94160]: pam_unix(sudo:session): session opened for user root(uid=0) by (uid=1000)
Sep 01 01:42:32 devstack sudo[94160]: pam_unix(sudo:session): session closed for user root
Sep 01 01:42:32 devstack cinder-volume[87212]: DEBUG oslo_concurrency.processutils [None req-fab84282-e54f-4890-b974-51c744bb0c2b tempest-GroupSnapshotsTest-313661701 None] CMD "sudo cinder-rootwrap /etc/cinder/rootwrap.conf chmod ugo+rw /opt/stack/data/cinder/mnt/b12893a57d9264d840e771541475c4a1/volume-9352c97d-9d55-4025-bfe2-8aa5eb0000de.info" returned: 0 in 0.275s {{(pid=87212) execute /opt/stack/data/venv/lib/python3.12/site-packages/oslo_concurrency/processutils.py:468}}
Sep 01 01:42:32 devstack cinder-volume[87212]: DEBUG oslo_concurrency.lockutils [None req-fab84282-e54f-4890-b974-51c744bb0c2b tempest-GroupSnapshotsTest-313661701 None] Lock "quobyte" "released" by "cinder.volume.drivers.quobyte.QuobyteDriver.create_snapshot" :: held 2.203s {{(pid=87212) inner /opt/stack/data/venv/lib/python3.12/site-packages/oslo_concurrency/lockutils.py:544}}
Sep 01 01:42:32 devstack cinder-volume[87212]: DEBUG oslo_concurrency.lockutils [None req-b6d70d87-a03f-4082-b92b-39397ef09b7c tempest-VolumesDeleteCascade-891798718 None] Lock "quobyte" acquired by "cinder.volume.drivers.quobyte.QuobyteDriver.create_snapshot" :: waited 1.360s {{(pid=87212) inner /opt/stack/data/venv/lib/python3.12/site-packages/oslo_concurrency/lockutils.py:525}}
Sep 01 01:42:32 devstack cinder-volume[87212]: DEBUG cinder.volume.drivers.remotefs [None req-b6d70d87-a03f-4082-b92b-39397ef09b7c tempest-VolumesDeleteCascade-891798718 None] Creating offline snapshot f40678bf-41a2-46b5-86f2-f592fe542100 of volume d77c1c99-bcea-4f23-a18c-107284a4929e {{(pid=87212) _create_snapshot /opt/stack/cinder/cinder/volume/drivers/remotefs.py:1816}}
Sep 01 01:42:32 devstack cinder-volume[87212]: DEBUG oslo.privsep.daemon [-] privsep: reply[0b416cc4-2f6c-4c3f-a578-3e8ea55a06dd]: (4, 'qcow2') {{(pid=88472) _call_back /opt/stack/data/venv/lib/python3.12/site-packages/oslo_privsep/daemon.py:580}}
Sep 01 01:42:32 devstack cinder-volume[87212]: DEBUG oslo_concurrency.processutils [None req-b6d70d87-a03f-4082-b92b-39397ef09b7c tempest-VolumesDeleteCascade-891798718 None] Running cmd (subprocess): /opt/stack/data/venv/bin/python3.12 -m oslo_concurrency.prlimit --as=1073741824 --cpu=60 -- sudo cinder-rootwrap /etc/cinder/rootwrap.conf env LC_ALL=C qemu-img info -f qcow2 --output=json --force-share /opt/stack/data/cinder/mnt/b12893a57d9264d840e771541475c4a1/volume-d77c1c99-bcea-4f23-a18c-107284a4929e {{(pid=87212) execute /opt/stack/data/venv/lib/python3.12/site-packages/oslo_concurrency/processutils.py:440}}
Sep 01 01:42:33 devstack cinder-volume[87212]: INFO cinder.volume.manager [None req-fab84282-e54f-4890-b974-51c744bb0c2b tempest-GroupSnapshotsTest-313661701 None] group_snapshot 3f8513f5-68b8-4fa3-bda0-c9da10b9f750: created successfully
Sep 01 01:42:33 devstack sudo[94163]: quobyte : PWD=/ ; USER=root ; COMMAND=/opt/stack/data/venv/bin/cinder-rootwrap /etc/cinder/rootwrap.conf env LC_ALL=C qemu-img info -f qcow2 --output=json --force-share /opt/stack/data/cinder/mnt/b12893a57d9264d840e771541475c4a1/volume-d77c1c99-bcea-4f23-a18c-107284a4929e
Sep 01 01:42:33 devstack sudo[94163]: pam_unix(sudo:session): session opened for user root(uid=0) by (uid=1000)
Sep 01 01:42:33 devstack sudo[94163]: pam_unix(sudo:session): session closed for user root
Sep 01 01:42:33 devstack cinder-volume[87212]: DEBUG oslo_concurrency.processutils [None req-b6d70d87-a03f-4082-b92b-39397ef09b7c tempest-VolumesDeleteCascade-891798718 None] CMD "/opt/stack/data/venv/bin/python3.12 -m oslo_concurrency.prlimit --as=1073741824 --cpu=60 -- sudo cinder-rootwrap /etc/cinder/rootwrap.conf env LC_ALL=C qemu-img info -f qcow2 --output=json --force-share /opt/stack/data/cinder/mnt/b12893a57d9264d840e771541475c4a1/volume-d77c1c99-bcea-4f23-a18c-107284a4929e" returned: 0 in 0.402s {{(pid=87212) execute /opt/stack/data/venv/lib/python3.12/site-packages/oslo_concurrency/processutils.py:468}}
Sep 01 01:42:33 devstack cinder-volume[87212]: DEBUG oslo_concurrency.processutils [None req-b6d70d87-a03f-4082-b92b-39397ef09b7c tempest-VolumesDeleteCascade-891798718 None] Running cmd (subprocess): sudo cinder-rootwrap /etc/cinder/rootwrap.conf qemu-img create -f qcow2 -o backing_file=/opt/stack/data/cinder/mnt/b12893a57d9264d840e771541475c4a1/volume-d77c1c99-bcea-4f23-a18c-107284a4929e,backing_fmt=qcow2 /opt/stack/data/cinder/mnt/b12893a57d9264d840e771541475c4a1/volume-d77c1c99-bcea-4f23-a18c-107284a4929e.f40678bf-41a2-46b5-86f2-f592fe542100 1G {{(pid=87212) execute /opt/stack/data/venv/lib/python3.12/site-packages/oslo_concurrency/processutils.py:440}}
Sep 01 01:42:33 devstack sudo[94168]: quobyte : PWD=/ ; USER=root ; COMMAND=/opt/stack/data/venv/bin/cinder-rootwrap /etc/cinder/rootwrap.conf qemu-img create -f qcow2 -o backing_file=/opt/stack/data/cinder/mnt/b12893a57d9264d840e771541475c4a1/volume-d77c1c99-bcea-4f23-a18c-107284a4929e,backing_fmt=qcow2 /opt/stack/data/cinder/mnt/b12893a57d9264d840e771541475c4a1/volume-d77c1c99-bcea-4f23-a18c-107284a4929e.f40678bf-41a2-46b5-86f2-f592fe542100 1G
Sep 01 01:42:33 devstack sudo[94168]: pam_unix(sudo:session): session opened for user root(uid=0) by (uid=1000)
Sep 01 01:42:33 devstack sudo[94168]: pam_unix(sudo:session): session closed for user root
Sep 01 01:42:33 devstack cinder-volume[87212]: DEBUG oslo_concurrency.processutils [None req-b6d70d87-a03f-4082-b92b-39397ef09b7c tempest-VolumesDeleteCascade-891798718 None] CMD "sudo cinder-rootwrap /etc/cinder/rootwrap.conf qemu-img create -f qcow2 -o backing_file=/opt/stack/data/cinder/mnt/b12893a57d9264d840e771541475c4a1/volume-d77c1c99-bcea-4f23-a18c-107284a4929e,backing_fmt=qcow2 /opt/stack/data/cinder/mnt/b12893a57d9264d840e771541475c4a1/volume-d77c1c99-bcea-4f23-a18c-107284a4929e.f40678bf-41a2-46b5-86f2-f592fe542100 1G" returned: 0 in 0.431s {{(pid=87212) execute /opt/stack/data/venv/lib/python3.12/site-packages/oslo_concurrency/processutils.py:468}}
Sep 01 01:42:33 devstack cinder-volume[87212]: DEBUG oslo_concurrency.processutils [None req-b6d70d87-a03f-4082-b92b-39397ef09b7c tempest-VolumesDeleteCascade-891798718 None] Running cmd (subprocess): sudo cinder-rootwrap /etc/cinder/rootwrap.conf qemu-img rebase -u -b volume-d77c1c99-bcea-4f23-a18c-107284a4929e -F qcow2 /opt/stack/data/cinder/mnt/b12893a57d9264d840e771541475c4a1/volume-d77c1c99-bcea-4f23-a18c-107284a4929e.f40678bf-41a2-46b5-86f2-f592fe542100 {{(pid=87212) execute /opt/stack/data/venv/lib/python3.12/site-packages/oslo_concurrency/processutils.py:440}}
Sep 01 01:42:33 devstack sudo[94174]: quobyte : PWD=/ ; USER=root ; COMMAND=/opt/stack/data/venv/bin/cinder-rootwrap /etc/cinder/rootwrap.conf qemu-img rebase -u -b volume-d77c1c99-bcea-4f23-a18c-107284a4929e -F qcow2 /opt/stack/data/cinder/mnt/b12893a57d9264d840e771541475c4a1/volume-d77c1c99-bcea-4f23-a18c-107284a4929e.f40678bf-41a2-46b5-86f2-f592fe542100
Sep 01 01:42:33 devstack sudo[94174]: pam_unix(sudo:session): session opened for user root(uid=0) by (uid=1000)
Sep 01 01:42:34 devstack sudo[94174]: pam_unix(sudo:session): session closed for user root
Sep 01 01:42:34 devstack cinder-volume[87212]: DEBUG oslo_concurrency.processutils [None req-b6d70d87-a03f-4082-b92b-39397ef09b7c tempest-VolumesDeleteCascade-891798718 None] CMD "sudo cinder-rootwrap /etc/cinder/rootwrap.conf qemu-img rebase -u -b volume-d77c1c99-bcea-4f23-a18c-107284a4929e -F qcow2 /opt/stack/data/cinder/mnt/b12893a57d9264d840e771541475c4a1/volume-d77c1c99-bcea-4f23-a18c-107284a4929e.f40678bf-41a2-46b5-86f2-f592fe542100" returned: 0 in 0.331s {{(pid=87212) execute /opt/stack/data/venv/lib/python3.12/site-packages/oslo_concurrency/processutils.py:468}}
Sep 01 01:42:34 devstack cinder-volume[87212]: WARNING cinder.volume.drivers.remotefs [None req-b6d70d87-a03f-4082-b92b-39397ef09b7c tempest-VolumesDeleteCascade-891798718 None] /opt/stack/data/cinder/mnt/b12893a57d9264d840e771541475c4a1/volume-d77c1c99-bcea-4f23-a18c-107284a4929e.f40678bf-41a2-46b5-86f2-f592fe542100 is being set with open permissions: ugo+rw
Sep 01 01:42:34 devstack cinder-volume[87212]: DEBUG oslo_concurrency.processutils [None req-b6d70d87-a03f-4082-b92b-39397ef09b7c tempest-VolumesDeleteCascade-891798718 None] Running cmd (subprocess): sudo cinder-rootwrap /etc/cinder/rootwrap.conf chmod ugo+rw /opt/stack/data/cinder/mnt/b12893a57d9264d840e771541475c4a1/volume-d77c1c99-bcea-4f23-a18c-107284a4929e.f40678bf-41a2-46b5-86f2-f592fe542100 {{(pid=87212) execute /opt/stack/data/venv/lib/python3.12/site-packages/oslo_concurrency/processutils.py:440}}
Sep 01 01:42:34 devstack sudo[94179]: quobyte : PWD=/ ; USER=root ; COMMAND=/opt/stack/data/venv/bin/cinder-rootwrap /etc/cinder/rootwrap.conf chmod ugo+rw /opt/stack/data/cinder/mnt/b12893a57d9264d840e771541475c4a1/volume-d77c1c99-bcea-4f23-a18c-107284a4929e.f40678bf-41a2-46b5-86f2-f592fe542100
Sep 01 01:42:34 devstack sudo[94179]: pam_unix(sudo:session): session opened for user root(uid=0) by (uid=1000)
Sep 01 01:42:34 devstack sudo[94179]: pam_unix(sudo:session): session closed for user root
Sep 01 01:42:34 devstack cinder-volume[87212]: DEBUG oslo_concurrency.processutils [None req-b6d70d87-a03f-4082-b92b-39397ef09b7c tempest-VolumesDeleteCascade-891798718 None] CMD "sudo cinder-rootwrap /etc/cinder/rootwrap.conf chmod ugo+rw /opt/stack/data/cinder/mnt/b12893a57d9264d840e771541475c4a1/volume-d77c1c99-bcea-4f23-a18c-107284a4929e.f40678bf-41a2-46b5-86f2-f592fe542100" returned: 0 in 0.285s {{(pid=87212) execute /opt/stack/data/venv/lib/python3.12/site-packages/oslo_concurrency/processutils.py:468}}
Sep 01 01:42:34 devstack cinder-volume[87212]: DEBUG oslo_concurrency.processutils [None req-b6d70d87-a03f-4082-b92b-39397ef09b7c tempest-VolumesDeleteCascade-891798718 None] Running cmd (subprocess): sudo cinder-rootwrap /etc/cinder/rootwrap.conf truncate -s0 /opt/stack/data/cinder/mnt/b12893a57d9264d840e771541475c4a1/volume-d77c1c99-bcea-4f23-a18c-107284a4929e.info {{(pid=87212) execute /opt/stack/data/venv/lib/python3.12/site-packages/oslo_concurrency/processutils.py:440}}
Sep 01 01:42:34 devstack sudo[94182]: quobyte : PWD=/ ; USER=root ; COMMAND=/opt/stack/data/venv/bin/cinder-rootwrap /etc/cinder/rootwrap.conf truncate -s0 /opt/stack/data/cinder/mnt/b12893a57d9264d840e771541475c4a1/volume-d77c1c99-bcea-4f23-a18c-107284a4929e.info
Sep 01 01:42:34 devstack sudo[94182]: pam_unix(sudo:session): session opened for user root(uid=0) by (uid=1000)
Sep 01 01:42:34 devstack cinder-volume[87212]: DEBUG oslo_concurrency.lockutils [None req-cc9edd5d-fbde-4184-9487-13e2931614f1 tempest-GroupSnapshotsTest-313661701 None] Acquiring lock "quobyte" by "cinder.volume.drivers.quobyte.QuobyteDriver.create_volume_from_snapshot" {{(pid=87212) inner /opt/stack/data/venv/lib/python3.12/site-packages/oslo_concurrency/lockutils.py:512}}
Sep 01 01:42:34 devstack sudo[94182]: pam_unix(sudo:session): session closed for user root
Sep 01 01:42:34 devstack cinder-volume[87212]: DEBUG oslo_concurrency.processutils [None req-b6d70d87-a03f-4082-b92b-39397ef09b7c tempest-VolumesDeleteCascade-891798718 None] CMD "sudo cinder-rootwrap /etc/cinder/rootwrap.conf truncate -s0 /opt/stack/data/cinder/mnt/b12893a57d9264d840e771541475c4a1/volume-d77c1c99-bcea-4f23-a18c-107284a4929e.info" returned: 0 in 0.318s {{(pid=87212) execute /opt/stack/data/venv/lib/python3.12/site-packages/oslo_concurrency/processutils.py:468}}
Sep 01 01:42:34 devstack cinder-volume[87212]: WARNING cinder.volume.drivers.remotefs [None req-b6d70d87-a03f-4082-b92b-39397ef09b7c tempest-VolumesDeleteCascade-891798718 None] /opt/stack/data/cinder/mnt/b12893a57d9264d840e771541475c4a1/volume-d77c1c99-bcea-4f23-a18c-107284a4929e.info is being set with open permissions: ugo+rw
Sep 01 01:42:34 devstack cinder-volume[87212]: DEBUG oslo_concurrency.processutils [None req-b6d70d87-a03f-4082-b92b-39397ef09b7c tempest-VolumesDeleteCascade-891798718 None] Running cmd (subprocess): sudo cinder-rootwrap /etc/cinder/rootwrap.conf chmod ugo+rw /opt/stack/data/cinder/mnt/b12893a57d9264d840e771541475c4a1/volume-d77c1c99-bcea-4f23-a18c-107284a4929e.info {{(pid=87212) execute /opt/stack/data/venv/lib/python3.12/site-packages/oslo_concurrency/processutils.py:440}}
Sep 01 01:42:34 devstack sudo[94185]: quobyte : PWD=/ ; USER=root ; COMMAND=/opt/stack/data/venv/bin/cinder-rootwrap /etc/cinder/rootwrap.conf chmod ugo+rw /opt/stack/data/cinder/mnt/b12893a57d9264d840e771541475c4a1/volume-d77c1c99-bcea-4f23-a18c-107284a4929e.info
Sep 01 01:42:34 devstack sudo[94185]: pam_unix(sudo:session): session opened for user root(uid=0) by (uid=1000)
Sep 01 01:42:35 devstack sudo[94185]: pam_unix(sudo:session): session closed for user root
Sep 01 01:42:35 devstack cinder-volume[87212]: DEBUG oslo_concurrency.processutils [None req-b6d70d87-a03f-4082-b92b-39397ef09b7c tempest-VolumesDeleteCascade-891798718 None] CMD "sudo cinder-rootwrap /etc/cinder/rootwrap.conf chmod ugo+rw /opt/stack/data/cinder/mnt/b12893a57d9264d840e771541475c4a1/volume-d77c1c99-bcea-4f23-a18c-107284a4929e.info" returned: 0 in 0.272s {{(pid=87212) execute /opt/stack/data/venv/lib/python3.12/site-packages/oslo_concurrency/processutils.py:468}}
Sep 01 01:42:35 devstack cinder-volume[87212]: DEBUG oslo_concurrency.lockutils [None req-b6d70d87-a03f-4082-b92b-39397ef09b7c tempest-VolumesDeleteCascade-891798718 None] Lock "quobyte" "released" by "cinder.volume.drivers.quobyte.QuobyteDriver.create_snapshot" :: held 2.145s {{(pid=87212) inner /opt/stack/data/venv/lib/python3.12/site-packages/oslo_concurrency/lockutils.py:544}}
Sep 01 01:42:35 devstack cinder-volume[87212]: DEBUG oslo_concurrency.lockutils [None req-cc9edd5d-fbde-4184-9487-13e2931614f1 tempest-GroupSnapshotsTest-313661701 None] Lock "quobyte" acquired by "cinder.volume.drivers.quobyte.QuobyteDriver.create_volume_from_snapshot" :: waited 0.516s {{(pid=87212) inner /opt/stack/data/venv/lib/python3.12/site-packages/oslo_concurrency/lockutils.py:525}}
Sep 01 01:42:35 devstack cinder-volume[87212]: DEBUG cinder.coordination [None req-cc9edd5d-fbde-4184-9487-13e2931614f1 tempest-GroupSnapshotsTest-313661701 None] Acquiring lock "cinder-quobyte-a16e1c43-e98e-4b2b-92b6-f575f9e147c2-e88c4852-1dc1-487c-8705-f6f83cf933a6" by "_create_volume_from_snapshot" {{(pid=87212) __acquire /opt/stack/cinder/cinder/coordination.py:138}}
Sep 01 01:42:35 devstack cinder-volume[87212]: DEBUG cinder.coordination [None req-cc9edd5d-fbde-4184-9487-13e2931614f1 tempest-GroupSnapshotsTest-313661701 None] Lock "cinder-quobyte-a16e1c43-e98e-4b2b-92b6-f575f9e147c2-e88c4852-1dc1-487c-8705-f6f83cf933a6" acquired by "_create_volume_from_snapshot" :: waited 0.029s {{(pid=87212) __acquire /opt/stack/cinder/cinder/coordination.py:141}}
Sep 01 01:42:35 devstack cinder-volume[87212]: DEBUG cinder.volume.drivers.quobyte [None req-cc9edd5d-fbde-4184-9487-13e2931614f1 tempest-GroupSnapshotsTest-313661701 None] Creating volume e88c4852-1dc1-487c-8705-f6f83cf933a6 from snapshot a16e1c43-e98e-4b2b-92b6-f575f9e147c2 {{(pid=87212) _create_volume_from_snapshot /opt/stack/cinder/cinder/volume/drivers/quobyte.py:355}}
Sep 01 01:42:35 devstack cinder-volume[87212]: DEBUG oslo_concurrency.lockutils [None req-cc9edd5d-fbde-4184-9487-13e2931614f1 tempest-GroupSnapshotsTest-313661701 None] Acquiring lock "quobyte_ensure" by "cinder.volume.drivers.quobyte.QuobyteDriver._ensure_shares_mounted" {{(pid=87212) inner /opt/stack/data/venv/lib/python3.12/site-packages/oslo_concurrency/lockutils.py:512}}
Sep 01 01:42:35 devstack cinder-volume[87212]: DEBUG oslo_concurrency.lockutils [None req-cc9edd5d-fbde-4184-9487-13e2931614f1 tempest-GroupSnapshotsTest-313661701 None] Lock "quobyte_ensure" acquired by "cinder.volume.drivers.quobyte.QuobyteDriver._ensure_shares_mounted" :: waited 0.001s {{(pid=87212) inner /opt/stack/data/venv/lib/python3.12/site-packages/oslo_concurrency/lockutils.py:525}}
Sep 01 01:42:35 devstack cinder-volume[87212]: DEBUG cinder.volume.drivers.quobyte [None req-cc9edd5d-fbde-4184-9487-13e2931614f1 tempest-GroupSnapshotsTest-313661701 None] Quobyte Volume URL set to: {'osci02.corp.quobyte.com/cinder-vol-2f34a89a-4c63-4c7c-95bf-150fee38a7d1': None} {{(pid=87212) _load_shares_config /opt/stack/cinder/cinder/volume/drivers/quobyte.py:662}}
Sep 01 01:42:35 devstack cinder-volume[87212]: DEBUG cinder.volume.drivers.quobyte [None req-cc9edd5d-fbde-4184-9487-13e2931614f1 tempest-GroupSnapshotsTest-313661701 None] Available shares ['osci02.corp.quobyte.com/cinder-vol-2f34a89a-4c63-4c7c-95bf-150fee38a7d1'] {{(pid=87212) _ensure_shares_mounted /opt/stack/cinder/cinder/volume/drivers/quobyte.py:692}}
Sep 01 01:42:35 devstack cinder-volume[87212]: DEBUG oslo_concurrency.lockutils [None req-cc9edd5d-fbde-4184-9487-13e2931614f1 tempest-GroupSnapshotsTest-313661701 None] Lock "quobyte_ensure" "released" by "cinder.volume.drivers.quobyte.QuobyteDriver._ensure_shares_mounted" :: held 0.007s {{(pid=87212) inner /opt/stack/data/venv/lib/python3.12/site-packages/oslo_concurrency/lockutils.py:544}}
Sep 01 01:42:35 devstack cinder-volume[87212]: DEBUG cinder.volume.drivers.quobyte [None req-cc9edd5d-fbde-4184-9487-13e2931614f1 tempest-GroupSnapshotsTest-313661701 None] Selected osci02.corp.quobyte.com/cinder-vol-2f34a89a-4c63-4c7c-95bf-150fee38a7d1 as target Quobyte volume. {{(pid=87212) _find_share /opt/stack/cinder/cinder/volume/drivers/quobyte.py:713}}
Sep 01 01:42:35 devstack cinder-volume[87212]: DEBUG cinder.coordination [None req-cc9edd5d-fbde-4184-9487-13e2931614f1 tempest-GroupSnapshotsTest-313661701 None] Acquiring lock "cinder-quobyte-e88c4852-1dc1-487c-8705-f6f83cf933a6" by "_copy_volume_from_snapshot" {{(pid=87212) __acquire /opt/stack/cinder/cinder/coordination.py:138}}
Sep 01 01:42:35 devstack cinder-volume[87212]: INFO cinder.volume.manager [None req-b6d70d87-a03f-4082-b92b-39397ef09b7c tempest-VolumesDeleteCascade-891798718 None] Create snapshot completed successfully
Sep 01 01:42:35 devstack cinder-volume[87212]: DEBUG cinder.coordination [None req-cc9edd5d-fbde-4184-9487-13e2931614f1 tempest-GroupSnapshotsTest-313661701 None] Lock "cinder-quobyte-e88c4852-1dc1-487c-8705-f6f83cf933a6" acquired by "_copy_volume_from_snapshot" :: waited 0.019s {{(pid=87212) __acquire /opt/stack/cinder/cinder/coordination.py:141}}
Sep 01 01:42:35 devstack cinder-volume[87212]: DEBUG cinder.volume.drivers.quobyte [None req-cc9edd5d-fbde-4184-9487-13e2931614f1 tempest-GroupSnapshotsTest-313661701 None] snapshot: a16e1c43-e98e-4b2b-92b6-f575f9e147c2, volume: e88c4852-1dc1-487c-8705-f6f83cf933a6, {{(pid=87212) _copy_volume_from_snapshot /opt/stack/cinder/cinder/volume/drivers/quobyte.py:402}}
Sep 01 01:42:35 devstack cinder-volume[87212]: DEBUG oslo_concurrency.lockutils [None req-cc9edd5d-fbde-4184-9487-13e2931614f1 tempest-GroupSnapshotsTest-313661701 None] Acquiring lock "quobyte_ensure" by "cinder.volume.drivers.quobyte.QuobyteDriver._ensure_shares_mounted" {{(pid=87212) inner /opt/stack/data/venv/lib/python3.12/site-packages/oslo_concurrency/lockutils.py:512}}
Sep 01 01:42:35 devstack cinder-volume[87212]: DEBUG oslo_concurrency.lockutils [None req-cc9edd5d-fbde-4184-9487-13e2931614f1 tempest-GroupSnapshotsTest-313661701 None] Lock "quobyte_ensure" acquired by "cinder.volume.drivers.quobyte.QuobyteDriver._ensure_shares_mounted" :: waited 0.001s {{(pid=87212) inner /opt/stack/data/venv/lib/python3.12/site-packages/oslo_concurrency/lockutils.py:525}}
Sep 01 01:42:35 devstack cinder-volume[87212]: DEBUG cinder.volume.drivers.quobyte [None req-cc9edd5d-fbde-4184-9487-13e2931614f1 tempest-GroupSnapshotsTest-313661701 None] Quobyte Volume URL set to: {'osci02.corp.quobyte.com/cinder-vol-2f34a89a-4c63-4c7c-95bf-150fee38a7d1': None} {{(pid=87212) _load_shares_config /opt/stack/cinder/cinder/volume/drivers/quobyte.py:662}}
Sep 01 01:42:35 devstack cinder-volume[87212]: DEBUG cinder.volume.drivers.quobyte [None req-cc9edd5d-fbde-4184-9487-13e2931614f1 tempest-GroupSnapshotsTest-313661701 None] Available shares ['osci02.corp.quobyte.com/cinder-vol-2f34a89a-4c63-4c7c-95bf-150fee38a7d1'] {{(pid=87212) _ensure_shares_mounted /opt/stack/cinder/cinder/volume/drivers/quobyte.py:692}}
Sep 01 01:42:35 devstack cinder-volume[87212]: DEBUG oslo_concurrency.lockutils [None req-cc9edd5d-fbde-4184-9487-13e2931614f1 tempest-GroupSnapshotsTest-313661701 None] Lock "quobyte_ensure" "released" by "cinder.volume.drivers.quobyte.QuobyteDriver._ensure_shares_mounted" :: held 0.006s {{(pid=87212) inner /opt/stack/data/venv/lib/python3.12/site-packages/oslo_concurrency/lockutils.py:544}}
Sep 01 01:42:35 devstack cinder-volume[87212]: DEBUG oslo.privsep.daemon [-] privsep: reply[d2075ffe-2324-4c11-974f-ac8a33b5ee55]: (4, 'qcow2') {{(pid=88472) _call_back /opt/stack/data/venv/lib/python3.12/site-packages/oslo_privsep/daemon.py:580}}
Sep 01 01:42:35 devstack cinder-volume[87212]: DEBUG oslo_concurrency.processutils [None req-cc9edd5d-fbde-4184-9487-13e2931614f1 tempest-GroupSnapshotsTest-313661701 None] Running cmd (subprocess): /opt/stack/data/venv/bin/python3.12 -m oslo_concurrency.prlimit --as=1073741824 --cpu=60 -- sudo cinder-rootwrap /etc/cinder/rootwrap.conf env LC_ALL=C qemu-img info -f qcow2 --output=json --force-share /opt/stack/data/cinder/mnt/b12893a57d9264d840e771541475c4a1/volume-9352c97d-9d55-4025-bfe2-8aa5eb0000de.a16e1c43-e98e-4b2b-92b6-f575f9e147c2 {{(pid=87212) execute /opt/stack/data/venv/lib/python3.12/site-packages/oslo_concurrency/processutils.py:440}}
Sep 01 01:42:35 devstack sudo[94188]: quobyte : PWD=/ ; USER=root ; COMMAND=/opt/stack/data/venv/bin/cinder-rootwrap /etc/cinder/rootwrap.conf env LC_ALL=C qemu-img info -f qcow2 --output=json --force-share /opt/stack/data/cinder/mnt/b12893a57d9264d840e771541475c4a1/volume-9352c97d-9d55-4025-bfe2-8aa5eb0000de.a16e1c43-e98e-4b2b-92b6-f575f9e147c2
Sep 01 01:42:35 devstack sudo[94188]: pam_unix(sudo:session): session opened for user root(uid=0) by (uid=1000)
Sep 01 01:42:35 devstack sudo[94188]: pam_unix(sudo:session): session closed for user root
Sep 01 01:42:35 devstack cinder-volume[87212]: DEBUG oslo_concurrency.processutils [None req-cc9edd5d-fbde-4184-9487-13e2931614f1 tempest-GroupSnapshotsTest-313661701 None] CMD "/opt/stack/data/venv/bin/python3.12 -m oslo_concurrency.prlimit --as=1073741824 --cpu=60 -- sudo cinder-rootwrap /etc/cinder/rootwrap.conf env LC_ALL=C qemu-img info -f qcow2 --output=json --force-share /opt/stack/data/cinder/mnt/b12893a57d9264d840e771541475c4a1/volume-9352c97d-9d55-4025-bfe2-8aa5eb0000de.a16e1c43-e98e-4b2b-92b6-f575f9e147c2" returned: 0 in 0.376s {{(pid=87212) execute /opt/stack/data/venv/lib/python3.12/site-packages/oslo_concurrency/processutils.py:468}}
Sep 01 01:42:35 devstack cinder-volume[87212]: DEBUG cinder.volume.drivers.remotefs [None req-cc9edd5d-fbde-4184-9487-13e2931614f1 tempest-GroupSnapshotsTest-313661701 None] Fetching qemu-img info with special backing_file_template: (/opt/stack/data/cinder/mnt/[0-9a-f]+/)?(volume-9352c97d-9d55-4025-bfe2-8aa5eb0000de(.(tmp-snap-)?[0-9a-f-]+)?|volume_from_snapshot_cache/(tmp-snap-)?[0-9a-f-]+(.(child-|parent-)[0-9a-f-]+)?)$ {{(pid=87212) _qemu_img_info_base /opt/stack/cinder/cinder/volume/drivers/remotefs.py:896}}
Sep 01 01:42:35 devstack cinder-volume[87212]: DEBUG oslo.privsep.daemon [-] privsep: reply[312d4b45-8200-4f56-8662-bf4c7730c6a8]: (4, 'qcow2') {{(pid=88472) _call_back /opt/stack/data/venv/lib/python3.12/site-packages/oslo_privsep/daemon.py:580}}
Sep 01 01:42:35 devstack cinder-volume[87212]: DEBUG oslo_concurrency.processutils [None req-cc9edd5d-fbde-4184-9487-13e2931614f1 tempest-GroupSnapshotsTest-313661701 None] Running cmd (subprocess): /opt/stack/data/venv/bin/python3.12 -m oslo_concurrency.prlimit --as=1073741824 --cpu=60 -- sudo cinder-rootwrap /etc/cinder/rootwrap.conf env LC_ALL=C qemu-img info -f qcow2 --output=json --force-share /opt/stack/data/cinder/mnt/b12893a57d9264d840e771541475c4a1/volume-9352c97d-9d55-4025-bfe2-8aa5eb0000de {{(pid=87212) execute /opt/stack/data/venv/lib/python3.12/site-packages/oslo_concurrency/processutils.py:440}}
Sep 01 01:42:35 devstack sudo[94193]: quobyte : PWD=/ ; USER=root ; COMMAND=/opt/stack/data/venv/bin/cinder-rootwrap /etc/cinder/rootwrap.conf env LC_ALL=C qemu-img info -f qcow2 --output=json --force-share /opt/stack/data/cinder/mnt/b12893a57d9264d840e771541475c4a1/volume-9352c97d-9d55-4025-bfe2-8aa5eb0000de
Sep 01 01:42:35 devstack sudo[94193]: pam_unix(sudo:session): session opened for user root(uid=0) by (uid=1000)
Sep 01 01:42:35 devstack cinder-volume[87212]: DEBUG cinder.volume.flows.manager.create_volume [None req-a3d3028d-a308-42c6-bca4-822c9653860c tempest-AbsoluteLimitsTests-1467616243 None] Volume reschedule parameters: True retry: {'num_attempts': 1, 'backends': ['devstack@QuobyteHD#QuobyteHD'], 'hosts': ['devstack@QuobyteHD#QuobyteHD']} {{(pid=87212) get_flow /opt/stack/cinder/cinder/volume/flows/manager/create_volume.py:1397}}
Sep 01 01:42:35 devstack cinder-volume[87212]: DEBUG cinder.volume.manager [None req-a3d3028d-a308-42c6-bca4-822c9653860c tempest-AbsoluteLimitsTests-1467616243 None] Flow 'volume_create_manager' (cafa1670-32e3-4983-a0f4-691363f1e7b5) transitioned into state 'RUNNING' from state 'PENDING' {{(pid=87212) _flow_receiver /opt/stack/data/venv/lib/python3.12/site-packages/taskflow/listeners/logging.py:160}}
Sep 01 01:42:35 devstack cinder-volume[87212]: DEBUG cinder.volume.manager [None req-a3d3028d-a308-42c6-bca4-822c9653860c tempest-AbsoluteLimitsTests-1467616243 None] Task 'cinder.volume.flows.manager.create_volume.ExtractVolumeRefTask;volume:create' (bb387f60-952b-48dc-b8f8-21bcb700a93c) transitioned into state 'RUNNING' from state 'PENDING' {{(pid=87212) _task_receiver /opt/stack/data/venv/lib/python3.12/site-packages/taskflow/listeners/logging.py:242}}
Sep 01 01:42:35 devstack cinder-volume[87212]: DEBUG cinder.volume.manager [None req-a3d3028d-a308-42c6-bca4-822c9653860c tempest-AbsoluteLimitsTests-1467616243 None] Task 'cinder.volume.flows.manager.create_volume.ExtractVolumeRefTask;volume:create' (bb387f60-952b-48dc-b8f8-21bcb700a93c) transitioned into state 'SUCCESS' from state 'RUNNING' with result 'Volume(_name_id=None,admin_metadata=,attach_status='detached',availability_zone='nova',bootable=False,cluster=,cluster_name=None,consistencygroup=,consistencygroup_id=None,created_at=2026-08-31T23:42:35Z,deleted=False,deleted_at=None,display_description=None,display_name='tempest-AbsoluteLimitsTests-Volume-1945799091',ec2_id=None,encryption_key_id=None,glance_metadata=,group=,group_id=None,host='devstack@QuobyteHD#QuobyteHD',id=f647ff35-7dd0-428a-b412-2fe43b71855b,launched_at=None,metadata={},migration_status=None,multiattach=False,previous_status=None,project_id='b45fa6b377464c3492012ac0cc04fb46',provider_auth=None,provider_geometry=None,provider_id=None,provider_location=None,replication_driver_data=None,replication_extended_status=None,replication_status=None,scheduled_at=2026-08-31T23:42:36Z,service_uuid=None,shared_targets=True,size=1,snapshot_id=None,snapshots=,source_volid=None,status='creating',terminated_at=None,updated_at=2026-08-31T23:42:36Z,use_quota=True,user_id='04ce4d349fb8440290173a9dc29cd0b7',volume_attachment=VolumeAttachmentList,volume_type=VolumeType(89b3c90d-95e3-4d06-9c9f-9c6cd59603c9),volume_type_id=89b3c90d-95e3-4d06-9c9f-9c6cd59603c9)' {{(pid=87212) _task_receiver /opt/stack/data/venv/lib/python3.12/site-packages/taskflow/listeners/logging.py:218}}
Sep 01 01:42:35 devstack cinder-volume[87212]: DEBUG cinder.volume.manager [None req-a3d3028d-a308-42c6-bca4-822c9653860c tempest-AbsoluteLimitsTests-1467616243 None] Task 'cinder.volume.flows.manager.create_volume.OnFailureRescheduleTask;volume:create' (eb74bb99-d119-4969-b8f8-a7b12bb06ea9) transitioned into state 'RUNNING' from state 'PENDING' {{(pid=87212) _task_receiver /opt/stack/data/venv/lib/python3.12/site-packages/taskflow/listeners/logging.py:242}}
Sep 01 01:42:35 devstack cinder-volume[87212]: DEBUG cinder.volume.manager [None req-a3d3028d-a308-42c6-bca4-822c9653860c tempest-AbsoluteLimitsTests-1467616243 None] Task 'cinder.volume.flows.manager.create_volume.OnFailureRescheduleTask;volume:create' (eb74bb99-d119-4969-b8f8-a7b12bb06ea9) transitioned into state 'SUCCESS' from state 'RUNNING' with result 'None' {{(pid=87212) _task_receiver /opt/stack/data/venv/lib/python3.12/site-packages/taskflow/listeners/logging.py:218}}
Sep 01 01:42:35 devstack cinder-volume[87212]: DEBUG cinder.volume.manager [None req-a3d3028d-a308-42c6-bca4-822c9653860c tempest-AbsoluteLimitsTests-1467616243 None] Task 'cinder.volume.flows.manager.create_volume.ExtractVolumeSpecTask;volume:create' (67a62017-1660-4c85-b99f-47b956387fd2) transitioned into state 'RUNNING' from state 'PENDING' {{(pid=87212) _task_receiver /opt/stack/data/venv/lib/python3.12/site-packages/taskflow/listeners/logging.py:242}}
Sep 01 01:42:35 devstack cinder-volume[87212]: DEBUG cinder.volume.manager [None req-a3d3028d-a308-42c6-bca4-822c9653860c tempest-AbsoluteLimitsTests-1467616243 None] Task 'cinder.volume.flows.manager.create_volume.ExtractVolumeSpecTask;volume:create' (67a62017-1660-4c85-b99f-47b956387fd2) transitioned into state 'SUCCESS' from state 'RUNNING' with result '{'status': 'creating', 'type': 'raw', 'volume_id': 'f647ff35-7dd0-428a-b412-2fe43b71855b', 'volume_name': 'volume-f647ff35-7dd0-428a-b412-2fe43b71855b', 'volume_size': 1}' {{(pid=87212) _task_receiver /opt/stack/data/venv/lib/python3.12/site-packages/taskflow/listeners/logging.py:218}}
Sep 01 01:42:35 devstack cinder-volume[87212]: DEBUG cinder.volume.manager [None req-a3d3028d-a308-42c6-bca4-822c9653860c tempest-AbsoluteLimitsTests-1467616243 None] Task 'cinder.volume.flows.manager.create_volume.NotifyVolumeActionTask;volume:create, create.start' (518233bb-8fd5-42a2-a28c-aef5e791eae2) transitioned into state 'RUNNING' from state 'PENDING' {{(pid=87212) _task_receiver /opt/stack/data/venv/lib/python3.12/site-packages/taskflow/listeners/logging.py:242}}
Sep 01 01:42:35 devstack cinder-volume[87212]: DEBUG cinder.volume.manager [None req-a3d3028d-a308-42c6-bca4-822c9653860c tempest-AbsoluteLimitsTests-1467616243 None] Task 'cinder.volume.flows.manager.create_volume.NotifyVolumeActionTask;volume:create, create.start' (518233bb-8fd5-42a2-a28c-aef5e791eae2) transitioned into state 'SUCCESS' from state 'RUNNING' with result 'None' {{(pid=87212) _task_receiver /opt/stack/data/venv/lib/python3.12/site-packages/taskflow/listeners/logging.py:218}}
Sep 01 01:42:35 devstack cinder-volume[87212]: DEBUG cinder.volume.manager [None req-a3d3028d-a308-42c6-bca4-822c9653860c tempest-AbsoluteLimitsTests-1467616243 None] Task 'cinder.volume.flows.manager.create_volume.CreateVolumeFromSpecTask;volume:create' (fc377f43-b811-4e70-8925-28fa7e8fa38d) transitioned into state 'RUNNING' from state 'PENDING' {{(pid=87212) _task_receiver /opt/stack/data/venv/lib/python3.12/site-packages/taskflow/listeners/logging.py:242}}
Sep 01 01:42:35 devstack cinder-volume[87212]: INFO cinder.volume.flows.manager.create_volume [None req-a3d3028d-a308-42c6-bca4-822c9653860c tempest-AbsoluteLimitsTests-1467616243 None] Volume f647ff35-7dd0-428a-b412-2fe43b71855b: being created as raw with specification: {'status': 'creating', 'volume_name': 'volume-f647ff35-7dd0-428a-b412-2fe43b71855b', 'volume_size': 1}
Sep 01 01:42:35 devstack cinder-volume[87212]: DEBUG oslo_concurrency.lockutils [None req-a3d3028d-a308-42c6-bca4-822c9653860c tempest-AbsoluteLimitsTests-1467616243 None] Acquiring lock "quobyte" by "cinder.volume.drivers.quobyte.QuobyteDriver.create_volume" {{(pid=87212) inner /opt/stack/data/venv/lib/python3.12/site-packages/oslo_concurrency/lockutils.py:512}}
Sep 01 01:42:36 devstack sudo[94193]: pam_unix(sudo:session): session closed for user root
Sep 01 01:42:36 devstack cinder-volume[87212]: DEBUG oslo_concurrency.processutils [None req-cc9edd5d-fbde-4184-9487-13e2931614f1 tempest-GroupSnapshotsTest-313661701 None] CMD "/opt/stack/data/venv/bin/python3.12 -m oslo_concurrency.prlimit --as=1073741824 --cpu=60 -- sudo cinder-rootwrap /etc/cinder/rootwrap.conf env LC_ALL=C qemu-img info -f qcow2 --output=json --force-share /opt/stack/data/cinder/mnt/b12893a57d9264d840e771541475c4a1/volume-9352c97d-9d55-4025-bfe2-8aa5eb0000de" returned: 0 in 0.439s {{(pid=87212) execute /opt/stack/data/venv/lib/python3.12/site-packages/oslo_concurrency/processutils.py:468}}
