Sep 01 01:41:32 devstack cinder-volume[87212]: DEBUG cinder.volume.manager [None req-b7da2feb-e6dc-4ad1-a88b-1f22efad546d tempest-GroupSnapshotsV319Test-1561643480 None] Task 'cinder.volume.flows.manager.create_volume.ExtractVolumeSpecTask;volume:create' (294a5f80-3e2c-4063-a947-87b27b350497) transitioned into state 'SUCCESS' from state 'RUNNING' with result '{'status': 'creating', 'type': 'raw', 'volume_id': 'ab2176f2-b852-4a7a-94df-f843b78ef745', 'volume_name': 'volume-ab2176f2-b852-4a7a-94df-f843b78ef745', 'volume_size': 1}' {{(pid=87212) _task_receiver /opt/stack/data/venv/lib/python3.12/site-packages/taskflow/listeners/logging.py:218}}
Sep 01 01:41:32 devstack cinder-volume[87212]: DEBUG cinder.volume.manager [None req-b7da2feb-e6dc-4ad1-a88b-1f22efad546d tempest-GroupSnapshotsV319Test-1561643480 None] Task 'cinder.volume.flows.manager.create_volume.NotifyVolumeActionTask;volume:create, create.start' (2298dc79-1e90-4991-ab83-c9b07bf9fe58) transitioned into state 'RUNNING' from state 'PENDING' {{(pid=87212) _task_receiver /opt/stack/data/venv/lib/python3.12/site-packages/taskflow/listeners/logging.py:242}}
Sep 01 01:41:32 devstack cinder-volume[87212]: DEBUG cinder.volume.manager [None req-b7da2feb-e6dc-4ad1-a88b-1f22efad546d tempest-GroupSnapshotsV319Test-1561643480 None] Task 'cinder.volume.flows.manager.create_volume.NotifyVolumeActionTask;volume:create, create.start' (2298dc79-1e90-4991-ab83-c9b07bf9fe58) transitioned into state 'SUCCESS' from state 'RUNNING' with result 'None' {{(pid=87212) _task_receiver /opt/stack/data/venv/lib/python3.12/site-packages/taskflow/listeners/logging.py:218}}
Sep 01 01:41:32 devstack cinder-volume[87212]: DEBUG cinder.volume.manager [None req-b7da2feb-e6dc-4ad1-a88b-1f22efad546d tempest-GroupSnapshotsV319Test-1561643480 None] Task 'cinder.volume.flows.manager.create_volume.CreateVolumeFromSpecTask;volume:create' (47b975d1-b9aa-46ec-9eaa-cb688172e933) transitioned into state 'RUNNING' from state 'PENDING' {{(pid=87212) _task_receiver /opt/stack/data/venv/lib/python3.12/site-packages/taskflow/listeners/logging.py:242}}
Sep 01 01:41:32 devstack cinder-volume[87212]: INFO cinder.volume.flows.manager.create_volume [None req-b7da2feb-e6dc-4ad1-a88b-1f22efad546d tempest-GroupSnapshotsV319Test-1561643480 None] Volume ab2176f2-b852-4a7a-94df-f843b78ef745: being created as raw with specification: {'status': 'creating', 'volume_name': 'volume-ab2176f2-b852-4a7a-94df-f843b78ef745', 'volume_size': 1}
Sep 01 01:41:32 devstack cinder-volume[87212]: DEBUG oslo_concurrency.lockutils [None req-b7da2feb-e6dc-4ad1-a88b-1f22efad546d tempest-GroupSnapshotsV319Test-1561643480 None] Acquiring lock "quobyte" by "cinder.volume.drivers.quobyte.QuobyteDriver.create_volume" {{(pid=87212) inner /opt/stack/data/venv/lib/python3.12/site-packages/oslo_concurrency/lockutils.py:512}}
Sep 01 01:41:32 devstack sudo[92159]: pam_unix(sudo:session): session closed for user root
Sep 01 01:41:32 devstack cinder-volume[87212]: DEBUG oslo_concurrency.processutils [None req-ef27659d-320f-42ef-b12d-541bee4b5dfa tempest-ServerActionsTestOtherA-2144573553 None] CMD "sudo cinder-rootwrap /etc/cinder/rootwrap.conf qemu-img create -f qcow2 -o preallocation=metadata /opt/stack/data/cinder/mnt/b12893a57d9264d840e771541475c4a1/volume-ae542631-f3f3-48ce-bfe8-3e1cbf34cad6 1073741824" returned: 0 in 0.475s {{(pid=87212) execute /opt/stack/data/venv/lib/python3.12/site-packages/oslo_concurrency/processutils.py:468}}
Sep 01 01:41:32 devstack cinder-volume[87212]: DEBUG oslo_concurrency.processutils [None req-ef27659d-320f-42ef-b12d-541bee4b5dfa tempest-ServerActionsTestOtherA-2144573553 None] Running cmd (subprocess): sudo cinder-rootwrap /etc/cinder/rootwrap.conf chmod ugo+rw /opt/stack/data/cinder/mnt/b12893a57d9264d840e771541475c4a1/volume-ae542631-f3f3-48ce-bfe8-3e1cbf34cad6 {{(pid=87212) execute /opt/stack/data/venv/lib/python3.12/site-packages/oslo_concurrency/processutils.py:440}}
Sep 01 01:41:32 devstack sudo[92165]: quobyte : PWD=/ ; USER=root ; COMMAND=/opt/stack/data/venv/bin/cinder-rootwrap /etc/cinder/rootwrap.conf chmod ugo+rw /opt/stack/data/cinder/mnt/b12893a57d9264d840e771541475c4a1/volume-ae542631-f3f3-48ce-bfe8-3e1cbf34cad6
Sep 01 01:41:32 devstack sudo[92165]: pam_unix(sudo:session): session opened for user root(uid=0) by (uid=1000)
Sep 01 01:41:32 devstack sudo[92165]: pam_unix(sudo:session): session closed for user root
Sep 01 01:41:32 devstack cinder-volume[87212]: DEBUG oslo_concurrency.processutils [None req-ef27659d-320f-42ef-b12d-541bee4b5dfa tempest-ServerActionsTestOtherA-2144573553 None] CMD "sudo cinder-rootwrap /etc/cinder/rootwrap.conf chmod ugo+rw /opt/stack/data/cinder/mnt/b12893a57d9264d840e771541475c4a1/volume-ae542631-f3f3-48ce-bfe8-3e1cbf34cad6" returned: 0 in 0.313s {{(pid=87212) execute /opt/stack/data/venv/lib/python3.12/site-packages/oslo_concurrency/processutils.py:468}}
Sep 01 01:41:32 devstack cinder-volume[87212]: DEBUG cinder.volume.drivers.quobyte [None req-ef27659d-320f-42ef-b12d-541bee4b5dfa tempest-ServerActionsTestOtherA-2144573553 None] <== create_volume: return (847ms) {'provider_location': 'osci02.corp.quobyte.com/cinder-vol-2f34a89a-4c63-4c7c-95bf-150fee38a7d1'} {{(pid=87212) trace_logging_wrapper /opt/stack/cinder/cinder/volume/volume_utils.py:1522}}
Sep 01 01:41:32 devstack cinder-volume[87212]: DEBUG oslo_concurrency.lockutils [None req-ef27659d-320f-42ef-b12d-541bee4b5dfa tempest-ServerActionsTestOtherA-2144573553 None] Lock "quobyte" "released" by "cinder.volume.drivers.quobyte.QuobyteDriver.create_volume" :: held 0.855s {{(pid=87212) inner /opt/stack/data/venv/lib/python3.12/site-packages/oslo_concurrency/lockutils.py:544}}
Sep 01 01:41:32 devstack cinder-volume[87212]: DEBUG oslo_concurrency.lockutils [req-1b32a241-e219-4a03-a3a7-77e7d6c8ef28 req-be6d7759-688f-4b28-93c6-dfa9e64d00e5 tempest-AttachVolumeTestJSON-216990028 None] Lock "quobyte" acquired by "cinder.volume.drivers.quobyte.QuobyteDriver.initialize_connection" :: waited 0.785s {{(pid=87212) inner /opt/stack/data/venv/lib/python3.12/site-packages/oslo_concurrency/lockutils.py:525}}
Sep 01 01:41:32 devstack cinder-volume[87212]: DEBUG cinder.volume.manager [None req-ef27659d-320f-42ef-b12d-541bee4b5dfa tempest-ServerActionsTestOtherA-2144573553 None] Task 'cinder.volume.flows.manager.create_volume.CreateVolumeFromSpecTask;volume:create' (7a1ddb81-3482-4a08-9e34-8ab3f1769f8e) transitioned into state 'SUCCESS' from state 'RUNNING' with result '{'status': 'creating', 'volume_name': 'volume-ae542631-f3f3-48ce-bfe8-3e1cbf34cad6', 'volume_size': 1}' {{(pid=87212) _task_receiver /opt/stack/data/venv/lib/python3.12/site-packages/taskflow/listeners/logging.py:218}}
Sep 01 01:41:32 devstack cinder-volume[87212]: DEBUG cinder.volume.manager [None req-ef27659d-320f-42ef-b12d-541bee4b5dfa tempest-ServerActionsTestOtherA-2144573553 None] Task 'cinder.volume.flows.manager.create_volume.CreateVolumeOnFinishTask;volume:create, create.end' (c8e461fc-939b-42e7-82e9-eec67abb3767) transitioned into state 'RUNNING' from state 'PENDING' {{(pid=87212) _task_receiver /opt/stack/data/venv/lib/python3.12/site-packages/taskflow/listeners/logging.py:242}}
Sep 01 01:41:32 devstack cinder-volume[87212]: DEBUG oslo_concurrency.lockutils [req-1b32a241-e219-4a03-a3a7-77e7d6c8ef28 req-be6d7759-688f-4b28-93c6-dfa9e64d00e5 tempest-AttachVolumeTestJSON-216990028 None] Lock "quobyte" "released" by "cinder.volume.drivers.quobyte.QuobyteDriver.initialize_connection" :: held 0.036s {{(pid=87212) inner /opt/stack/data/venv/lib/python3.12/site-packages/oslo_concurrency/lockutils.py:544}}
Sep 01 01:41:32 devstack cinder-volume[87212]: DEBUG oslo_concurrency.lockutils [None req-b7da2feb-e6dc-4ad1-a88b-1f22efad546d tempest-GroupSnapshotsV319Test-1561643480 None] Lock "quobyte" acquired by "cinder.volume.drivers.quobyte.QuobyteDriver.create_volume" :: waited 0.528s {{(pid=87212) inner /opt/stack/data/venv/lib/python3.12/site-packages/oslo_concurrency/lockutils.py:525}}
Sep 01 01:41:32 devstack cinder-volume[87212]: DEBUG cinder.volume.drivers.quobyte [None req-b7da2feb-e6dc-4ad1-a88b-1f22efad546d tempest-GroupSnapshotsV319Test-1561643480 None] ==> create_volume: call "{'self': , 'volume': Volume(_name_id=None,admin_metadata=,attach_status='detached',availability_zone='nova',bootable=False,cluster=,cluster_name=None,consistencygroup=,consistencygroup_id=51dc8a7e-4b52-4767-8c27-6e61161ce8c1,created_at=2026-08-31T23:41:31Z,deleted=False,deleted_at=None,display_description=None,display_name='tempest-volume-1572650820',ec2_id=None,encryption_key_id=None,glance_metadata=,group=,group_id=51dc8a7e-4b52-4767-8c27-6e61161ce8c1,host='devstack@QuobyteHD#QuobyteHD',id=ab2176f2-b852-4a7a-94df-f843b78ef745,launched_at=None,metadata={},migration_status=None,multiattach=False,previous_status=None,project_id='1f544e83565f41d7a9b73092af8e40b6',provider_auth=None,provider_geometry=None,provider_id=None,provider_location=None,replication_driver_data=None,replication_extended_status=None,replication_status=None,scheduled_at=2026-08-31T23:41:32Z,service_uuid=None,shared_targets=True,size=1,snapshot_id=None,snapshots=,source_volid=None,status='creating',terminated_at=None,updated_at=2026-08-31T23:41:32Z,use_quota=True,user_id='879cf146f6854ec58f0fce2f14b9ff89',volume_attachment=VolumeAttachmentList,volume_type=VolumeType(eaac2450-f70b-4e0a-a63b-13b5d053a40b),volume_type_id=eaac2450-f70b-4e0a-a63b-13b5d053a40b)}" {{(pid=87212) trace_logging_wrapper /opt/stack/cinder/cinder/volume/volume_utils.py:1497}}
Sep 01 01:41:32 devstack cinder-volume[87212]: DEBUG cinder.volume.drivers.remotefs [None req-b7da2feb-e6dc-4ad1-a88b-1f22efad546d tempest-GroupSnapshotsV319Test-1561643480 None] Creating volume ab2176f2-b852-4a7a-94df-f843b78ef745 {{(pid=87212) create_volume /opt/stack/cinder/cinder/volume/drivers/remotefs.py:292}}
Sep 01 01:41:32 devstack cinder-volume[87212]: DEBUG oslo_concurrency.lockutils [None req-b7da2feb-e6dc-4ad1-a88b-1f22efad546d tempest-GroupSnapshotsV319Test-1561643480 None] Acquiring lock "quobyte_ensure" by "cinder.volume.drivers.quobyte.QuobyteDriver._ensure_shares_mounted" {{(pid=87212) inner /opt/stack/data/venv/lib/python3.12/site-packages/oslo_concurrency/lockutils.py:512}}
Sep 01 01:41:32 devstack cinder-volume[87212]: DEBUG oslo_concurrency.lockutils [None req-b7da2feb-e6dc-4ad1-a88b-1f22efad546d tempest-GroupSnapshotsV319Test-1561643480 None] Lock "quobyte_ensure" acquired by "cinder.volume.drivers.quobyte.QuobyteDriver._ensure_shares_mounted" :: waited 0.001s {{(pid=87212) inner /opt/stack/data/venv/lib/python3.12/site-packages/oslo_concurrency/lockutils.py:525}}
Sep 01 01:41:32 devstack cinder-volume[87212]: DEBUG cinder.volume.drivers.quobyte [None req-b7da2feb-e6dc-4ad1-a88b-1f22efad546d tempest-GroupSnapshotsV319Test-1561643480 None] Quobyte Volume URL set to: {'osci02.corp.quobyte.com/cinder-vol-2f34a89a-4c63-4c7c-95bf-150fee38a7d1': None} {{(pid=87212) _load_shares_config /opt/stack/cinder/cinder/volume/drivers/quobyte.py:662}}
Sep 01 01:41:32 devstack cinder-volume[87212]: DEBUG cinder.volume.drivers.quobyte [None req-b7da2feb-e6dc-4ad1-a88b-1f22efad546d tempest-GroupSnapshotsV319Test-1561643480 None] Available shares ['osci02.corp.quobyte.com/cinder-vol-2f34a89a-4c63-4c7c-95bf-150fee38a7d1'] {{(pid=87212) _ensure_shares_mounted /opt/stack/cinder/cinder/volume/drivers/quobyte.py:692}}
Sep 01 01:41:32 devstack cinder-volume[87212]: DEBUG oslo_concurrency.lockutils [None req-b7da2feb-e6dc-4ad1-a88b-1f22efad546d tempest-GroupSnapshotsV319Test-1561643480 None] Lock "quobyte_ensure" "released" by "cinder.volume.drivers.quobyte.QuobyteDriver._ensure_shares_mounted" :: held 0.007s {{(pid=87212) inner /opt/stack/data/venv/lib/python3.12/site-packages/oslo_concurrency/lockutils.py:544}}
Sep 01 01:41:32 devstack cinder-volume[87212]: DEBUG cinder.volume.drivers.quobyte [None req-b7da2feb-e6dc-4ad1-a88b-1f22efad546d tempest-GroupSnapshotsV319Test-1561643480 None] Selected osci02.corp.quobyte.com/cinder-vol-2f34a89a-4c63-4c7c-95bf-150fee38a7d1 as target Quobyte volume. {{(pid=87212) _find_share /opt/stack/cinder/cinder/volume/drivers/quobyte.py:713}}
Sep 01 01:41:32 devstack cinder-volume[87212]: INFO cinder.volume.drivers.remotefs [None req-b7da2feb-e6dc-4ad1-a88b-1f22efad546d tempest-GroupSnapshotsV319Test-1561643480 None] casted to osci02.corp.quobyte.com/cinder-vol-2f34a89a-4c63-4c7c-95bf-150fee38a7d1
Sep 01 01:41:32 devstack cinder-volume[87212]: DEBUG oslo_concurrency.processutils [None req-b7da2feb-e6dc-4ad1-a88b-1f22efad546d tempest-GroupSnapshotsV319Test-1561643480 None] Running cmd (subprocess): sudo cinder-rootwrap /etc/cinder/rootwrap.conf qemu-img create -f qcow2 -o preallocation=metadata /opt/stack/data/cinder/mnt/b12893a57d9264d840e771541475c4a1/volume-ab2176f2-b852-4a7a-94df-f843b78ef745 1073741824 {{(pid=87212) execute /opt/stack/data/venv/lib/python3.12/site-packages/oslo_concurrency/processutils.py:440}}
Sep 01 01:41:32 devstack cinder-volume[87212]: INFO cinder.volume.flows.manager.create_volume [None req-ef27659d-320f-42ef-b12d-541bee4b5dfa tempest-ServerActionsTestOtherA-2144573553 None] Volume volume-ae542631-f3f3-48ce-bfe8-3e1cbf34cad6 (ae542631-f3f3-48ce-bfe8-3e1cbf34cad6): created successfully
Sep 01 01:41:32 devstack cinder-volume[87212]: DEBUG cinder.volume.manager [None req-ef27659d-320f-42ef-b12d-541bee4b5dfa tempest-ServerActionsTestOtherA-2144573553 None] Task 'cinder.volume.flows.manager.create_volume.CreateVolumeOnFinishTask;volume:create, create.end' (c8e461fc-939b-42e7-82e9-eec67abb3767) transitioned into state 'SUCCESS' from state 'RUNNING' with result 'None' {{(pid=87212) _task_receiver /opt/stack/data/venv/lib/python3.12/site-packages/taskflow/listeners/logging.py:218}}
Sep 01 01:41:32 devstack sudo[92168]: quobyte : PWD=/ ; USER=root ; COMMAND=/opt/stack/data/venv/bin/cinder-rootwrap /etc/cinder/rootwrap.conf qemu-img create -f qcow2 -o preallocation=metadata /opt/stack/data/cinder/mnt/b12893a57d9264d840e771541475c4a1/volume-ab2176f2-b852-4a7a-94df-f843b78ef745 1073741824
Sep 01 01:41:32 devstack sudo[92168]: pam_unix(sudo:session): session opened for user root(uid=0) by (uid=1000)
Sep 01 01:41:32 devstack cinder-volume[87212]: DEBUG cinder.volume.manager [None req-ef27659d-320f-42ef-b12d-541bee4b5dfa tempest-ServerActionsTestOtherA-2144573553 None] Flow 'volume_create_manager' (c419c453-91f1-47d4-8ae8-de45a1987f38) transitioned into state 'SUCCESS' from state 'RUNNING' {{(pid=87212) _flow_receiver /opt/stack/data/venv/lib/python3.12/site-packages/taskflow/listeners/logging.py:160}}
Sep 01 01:41:32 devstack cinder-volume[87212]: INFO cinder.volume.manager [None req-ef27659d-320f-42ef-b12d-541bee4b5dfa tempest-ServerActionsTestOtherA-2144573553 None] Created volume successfully.
Sep 01 01:41:32 devstack cinder-volume[87212]: DEBUG cinder.volume.manager [req-1b32a241-e219-4a03-a3a7-77e7d6c8ef28 req-be6d7759-688f-4b28-93c6-dfa9e64d00e5 tempest-AttachVolumeTestJSON-216990028 None] Connection info returned from driver {'export': 'osci02.corp.quobyte.com/cinder-vol-2f34a89a-4c63-4c7c-95bf-150fee38a7d1', 'name': 'volume-6eabd475-2360-41c5-9f7e-e61d651de83f', 'options': None, 'format': 'qcow2', 'qos_specs': None, 'access_mode': 'rw', 'encrypted': False, 'cacheable': False, 'driver_volume_type': 'quobyte', 'mount_point_base': '/opt/stack/data/cinder/mnt', 'attachment_id': '591c1681-1a06-42d8-8f3d-257941c83995', 'enforce_multipath': True} {{(pid=87212) _connection_create /opt/stack/cinder/cinder/volume/manager.py:4924}}
Sep 01 01:41:32 devstack cinder-volume[87212]: INFO cinder.volume.manager [req-1b32a241-e219-4a03-a3a7-77e7d6c8ef28 req-be6d7759-688f-4b28-93c6-dfa9e64d00e5 tempest-AttachVolumeTestJSON-216990028 None] attachment_update completed successfully.
Sep 01 01:41:33 devstack sudo[92168]: pam_unix(sudo:session): session closed for user root
Sep 01 01:41:33 devstack cinder-volume[87212]: DEBUG oslo_concurrency.processutils [None req-b7da2feb-e6dc-4ad1-a88b-1f22efad546d tempest-GroupSnapshotsV319Test-1561643480 None] CMD "sudo cinder-rootwrap /etc/cinder/rootwrap.conf qemu-img create -f qcow2 -o preallocation=metadata /opt/stack/data/cinder/mnt/b12893a57d9264d840e771541475c4a1/volume-ab2176f2-b852-4a7a-94df-f843b78ef745 1073741824" returned: 0 in 0.597s {{(pid=87212) execute /opt/stack/data/venv/lib/python3.12/site-packages/oslo_concurrency/processutils.py:468}}
Sep 01 01:41:33 devstack cinder-volume[87212]: DEBUG oslo_concurrency.processutils [None req-b7da2feb-e6dc-4ad1-a88b-1f22efad546d tempest-GroupSnapshotsV319Test-1561643480 None] Running cmd (subprocess): sudo cinder-rootwrap /etc/cinder/rootwrap.conf chmod ugo+rw /opt/stack/data/cinder/mnt/b12893a57d9264d840e771541475c4a1/volume-ab2176f2-b852-4a7a-94df-f843b78ef745 {{(pid=87212) execute /opt/stack/data/venv/lib/python3.12/site-packages/oslo_concurrency/processutils.py:440}}
Sep 01 01:41:33 devstack sudo[92556]: quobyte : PWD=/ ; USER=root ; COMMAND=/opt/stack/data/venv/bin/cinder-rootwrap /etc/cinder/rootwrap.conf chmod ugo+rw /opt/stack/data/cinder/mnt/b12893a57d9264d840e771541475c4a1/volume-ab2176f2-b852-4a7a-94df-f843b78ef745
Sep 01 01:41:33 devstack sudo[92556]: pam_unix(sudo:session): session opened for user root(uid=0) by (uid=1000)
Sep 01 01:41:33 devstack sudo[92556]: pam_unix(sudo:session): session closed for user root
Sep 01 01:41:33 devstack cinder-volume[87212]: DEBUG oslo_concurrency.processutils [None req-b7da2feb-e6dc-4ad1-a88b-1f22efad546d tempest-GroupSnapshotsV319Test-1561643480 None] CMD "sudo cinder-rootwrap /etc/cinder/rootwrap.conf chmod ugo+rw /opt/stack/data/cinder/mnt/b12893a57d9264d840e771541475c4a1/volume-ab2176f2-b852-4a7a-94df-f843b78ef745" returned: 0 in 0.366s {{(pid=87212) execute /opt/stack/data/venv/lib/python3.12/site-packages/oslo_concurrency/processutils.py:468}}
Sep 01 01:41:33 devstack cinder-volume[87212]: DEBUG cinder.volume.drivers.quobyte [None req-b7da2feb-e6dc-4ad1-a88b-1f22efad546d tempest-GroupSnapshotsV319Test-1561643480 None] <== create_volume: return (1015ms) {'provider_location': 'osci02.corp.quobyte.com/cinder-vol-2f34a89a-4c63-4c7c-95bf-150fee38a7d1'} {{(pid=87212) trace_logging_wrapper /opt/stack/cinder/cinder/volume/volume_utils.py:1522}}
Sep 01 01:41:33 devstack cinder-volume[87212]: DEBUG oslo_concurrency.lockutils [None req-b7da2feb-e6dc-4ad1-a88b-1f22efad546d tempest-GroupSnapshotsV319Test-1561643480 None] Lock "quobyte" "released" by "cinder.volume.drivers.quobyte.QuobyteDriver.create_volume" :: held 1.018s {{(pid=87212) inner /opt/stack/data/venv/lib/python3.12/site-packages/oslo_concurrency/lockutils.py:544}}
Sep 01 01:41:33 devstack cinder-volume[87212]: DEBUG cinder.volume.manager [None req-b7da2feb-e6dc-4ad1-a88b-1f22efad546d tempest-GroupSnapshotsV319Test-1561643480 None] Task 'cinder.volume.flows.manager.create_volume.CreateVolumeFromSpecTask;volume:create' (47b975d1-b9aa-46ec-9eaa-cb688172e933) transitioned into state 'SUCCESS' from state 'RUNNING' with result '{'status': 'creating', 'volume_name': 'volume-ab2176f2-b852-4a7a-94df-f843b78ef745', 'volume_size': 1}' {{(pid=87212) _task_receiver /opt/stack/data/venv/lib/python3.12/site-packages/taskflow/listeners/logging.py:218}}
Sep 01 01:41:33 devstack cinder-volume[87212]: DEBUG cinder.volume.manager [None req-b7da2feb-e6dc-4ad1-a88b-1f22efad546d tempest-GroupSnapshotsV319Test-1561643480 None] Task 'cinder.volume.flows.manager.create_volume.CreateVolumeOnFinishTask;volume:create, create.end' (1c4e01c3-fdeb-4e81-8701-68baacb31710) transitioned into state 'RUNNING' from state 'PENDING' {{(pid=87212) _task_receiver /opt/stack/data/venv/lib/python3.12/site-packages/taskflow/listeners/logging.py:242}}
Sep 01 01:41:33 devstack cinder-volume[87212]: INFO cinder.volume.flows.manager.create_volume [None req-b7da2feb-e6dc-4ad1-a88b-1f22efad546d tempest-GroupSnapshotsV319Test-1561643480 None] Volume volume-ab2176f2-b852-4a7a-94df-f843b78ef745 (ab2176f2-b852-4a7a-94df-f843b78ef745): created successfully
Sep 01 01:41:33 devstack cinder-volume[87212]: DEBUG cinder.volume.manager [None req-b7da2feb-e6dc-4ad1-a88b-1f22efad546d tempest-GroupSnapshotsV319Test-1561643480 None] Task 'cinder.volume.flows.manager.create_volume.CreateVolumeOnFinishTask;volume:create, create.end' (1c4e01c3-fdeb-4e81-8701-68baacb31710) transitioned into state 'SUCCESS' from state 'RUNNING' with result 'None' {{(pid=87212) _task_receiver /opt/stack/data/venv/lib/python3.12/site-packages/taskflow/listeners/logging.py:218}}
Sep 01 01:41:33 devstack cinder-volume[87212]: DEBUG cinder.volume.manager [None req-b7da2feb-e6dc-4ad1-a88b-1f22efad546d tempest-GroupSnapshotsV319Test-1561643480 None] Flow 'volume_create_manager' (15f6b41f-b38d-47cd-9d77-6a10f61f134c) transitioned into state 'SUCCESS' from state 'RUNNING' {{(pid=87212) _flow_receiver /opt/stack/data/venv/lib/python3.12/site-packages/taskflow/listeners/logging.py:160}}
Sep 01 01:41:33 devstack cinder-volume[87212]: INFO cinder.volume.manager [None req-b7da2feb-e6dc-4ad1-a88b-1f22efad546d tempest-GroupSnapshotsV319Test-1561643480 None] Created volume successfully.
Sep 01 01:41:34 devstack cinder-volume[87212]: INFO cinder.volume.manager [None req-8c7c8de3-9dad-4d69-86e2-a33d7de08335 tempest-GroupSnapshotsV319Test-1561643480 None] GroupSnapshot 450db22f-dea9-4657-878b-e4c820b2b9f3: creating.
Sep 01 01:41:34 devstack cinder-volume[87212]: DEBUG cinder.volume.manager [None req-8c7c8de3-9dad-4d69-86e2-a33d7de08335 tempest-GroupSnapshotsV319Test-1561643480 None] Group snapshot 450db22f-dea9-4657-878b-e4c820b2b9f3: creating. {{(pid=87212) create_group_snapshot /opt/stack/cinder/cinder/volume/manager.py:4175}}
Sep 01 01:41:34 devstack cinder-volume[87212]: DEBUG oslo_concurrency.lockutils [None req-8c7c8de3-9dad-4d69-86e2-a33d7de08335 tempest-GroupSnapshotsV319Test-1561643480 None] Acquiring lock "quobyte" by "cinder.volume.drivers.quobyte.QuobyteDriver.create_snapshot" {{(pid=87212) inner /opt/stack/data/venv/lib/python3.12/site-packages/oslo_concurrency/lockutils.py:512}}
Sep 01 01:41:34 devstack cinder-volume[87212]: DEBUG oslo_concurrency.lockutils [None req-8c7c8de3-9dad-4d69-86e2-a33d7de08335 tempest-GroupSnapshotsV319Test-1561643480 None] Lock "quobyte" acquired by "cinder.volume.drivers.quobyte.QuobyteDriver.create_snapshot" :: waited 0.001s {{(pid=87212) inner /opt/stack/data/venv/lib/python3.12/site-packages/oslo_concurrency/lockutils.py:525}}
Sep 01 01:41:34 devstack cinder-volume[87212]: DEBUG cinder.volume.drivers.remotefs [None req-8c7c8de3-9dad-4d69-86e2-a33d7de08335 tempest-GroupSnapshotsV319Test-1561643480 None] Creating offline snapshot c7b59b4e-93f1-4f20-a48a-b77ada1b1521 of volume ab2176f2-b852-4a7a-94df-f843b78ef745 {{(pid=87212) _create_snapshot /opt/stack/cinder/cinder/volume/drivers/remotefs.py:1816}}
Sep 01 01:41:34 devstack cinder-volume[87212]: DEBUG oslo.privsep.daemon [-] privsep: reply[fc2e7c1b-0ba2-45c6-bd07-e61c324a2ee1]: (4, 'qcow2') {{(pid=88472) _call_back /opt/stack/data/venv/lib/python3.12/site-packages/oslo_privsep/daemon.py:580}}
Sep 01 01:41:34 devstack cinder-volume[87212]: DEBUG oslo_concurrency.processutils [None req-8c7c8de3-9dad-4d69-86e2-a33d7de08335 tempest-GroupSnapshotsV319Test-1561643480 None] Running cmd (subprocess): /opt/stack/data/venv/bin/python3.12 -m oslo_concurrency.prlimit --as=1073741824 --cpu=60 -- sudo cinder-rootwrap /etc/cinder/rootwrap.conf env LC_ALL=C qemu-img info -f qcow2 --output=json --force-share /opt/stack/data/cinder/mnt/b12893a57d9264d840e771541475c4a1/volume-ab2176f2-b852-4a7a-94df-f843b78ef745 {{(pid=87212) execute /opt/stack/data/venv/lib/python3.12/site-packages/oslo_concurrency/processutils.py:440}}
Sep 01 01:41:34 devstack sudo[92559]: quobyte : PWD=/ ; USER=root ; COMMAND=/opt/stack/data/venv/bin/cinder-rootwrap /etc/cinder/rootwrap.conf env LC_ALL=C qemu-img info -f qcow2 --output=json --force-share /opt/stack/data/cinder/mnt/b12893a57d9264d840e771541475c4a1/volume-ab2176f2-b852-4a7a-94df-f843b78ef745
Sep 01 01:41:34 devstack sudo[92559]: pam_unix(sudo:session): session opened for user root(uid=0) by (uid=1000)
Sep 01 01:41:34 devstack sudo[92559]: pam_unix(sudo:session): session closed for user root
Sep 01 01:41:34 devstack cinder-volume[87212]: DEBUG oslo_concurrency.processutils [None req-8c7c8de3-9dad-4d69-86e2-a33d7de08335 tempest-GroupSnapshotsV319Test-1561643480 None] CMD "/opt/stack/data/venv/bin/python3.12 -m oslo_concurrency.prlimit --as=1073741824 --cpu=60 -- sudo cinder-rootwrap /etc/cinder/rootwrap.conf env LC_ALL=C qemu-img info -f qcow2 --output=json --force-share /opt/stack/data/cinder/mnt/b12893a57d9264d840e771541475c4a1/volume-ab2176f2-b852-4a7a-94df-f843b78ef745" returned: 0 in 0.436s {{(pid=87212) execute /opt/stack/data/venv/lib/python3.12/site-packages/oslo_concurrency/processutils.py:468}}
Sep 01 01:41:34 devstack cinder-volume[87212]: DEBUG oslo_concurrency.processutils [None req-8c7c8de3-9dad-4d69-86e2-a33d7de08335 tempest-GroupSnapshotsV319Test-1561643480 None] Running cmd (subprocess): sudo cinder-rootwrap /etc/cinder/rootwrap.conf qemu-img create -f qcow2 -o backing_file=/opt/stack/data/cinder/mnt/b12893a57d9264d840e771541475c4a1/volume-ab2176f2-b852-4a7a-94df-f843b78ef745,backing_fmt=qcow2 /opt/stack/data/cinder/mnt/b12893a57d9264d840e771541475c4a1/volume-ab2176f2-b852-4a7a-94df-f843b78ef745.c7b59b4e-93f1-4f20-a48a-b77ada1b1521 1G {{(pid=87212) execute /opt/stack/data/venv/lib/python3.12/site-packages/oslo_concurrency/processutils.py:440}}
Sep 01 01:41:34 devstack sudo[92564]: quobyte : PWD=/ ; USER=root ; COMMAND=/opt/stack/data/venv/bin/cinder-rootwrap /etc/cinder/rootwrap.conf qemu-img create -f qcow2 -o backing_file=/opt/stack/data/cinder/mnt/b12893a57d9264d840e771541475c4a1/volume-ab2176f2-b852-4a7a-94df-f843b78ef745,backing_fmt=qcow2 /opt/stack/data/cinder/mnt/b12893a57d9264d840e771541475c4a1/volume-ab2176f2-b852-4a7a-94df-f843b78ef745.c7b59b4e-93f1-4f20-a48a-b77ada1b1521 1G
Sep 01 01:41:34 devstack sudo[92564]: pam_unix(sudo:session): session opened for user root(uid=0) by (uid=1000)
Sep 01 01:41:35 devstack sudo[92564]: pam_unix(sudo:session): session closed for user root
Sep 01 01:41:35 devstack cinder-volume[87212]: DEBUG oslo_concurrency.processutils [None req-8c7c8de3-9dad-4d69-86e2-a33d7de08335 tempest-GroupSnapshotsV319Test-1561643480 None] CMD "sudo cinder-rootwrap /etc/cinder/rootwrap.conf qemu-img create -f qcow2 -o backing_file=/opt/stack/data/cinder/mnt/b12893a57d9264d840e771541475c4a1/volume-ab2176f2-b852-4a7a-94df-f843b78ef745,backing_fmt=qcow2 /opt/stack/data/cinder/mnt/b12893a57d9264d840e771541475c4a1/volume-ab2176f2-b852-4a7a-94df-f843b78ef745.c7b59b4e-93f1-4f20-a48a-b77ada1b1521 1G" returned: 0 in 0.525s {{(pid=87212) execute /opt/stack/data/venv/lib/python3.12/site-packages/oslo_concurrency/processutils.py:468}}
Sep 01 01:41:35 devstack cinder-volume[87212]: DEBUG oslo_concurrency.processutils [None req-8c7c8de3-9dad-4d69-86e2-a33d7de08335 tempest-GroupSnapshotsV319Test-1561643480 None] Running cmd (subprocess): sudo cinder-rootwrap /etc/cinder/rootwrap.conf qemu-img rebase -u -b volume-ab2176f2-b852-4a7a-94df-f843b78ef745 -F qcow2 /opt/stack/data/cinder/mnt/b12893a57d9264d840e771541475c4a1/volume-ab2176f2-b852-4a7a-94df-f843b78ef745.c7b59b4e-93f1-4f20-a48a-b77ada1b1521 {{(pid=87212) execute /opt/stack/data/venv/lib/python3.12/site-packages/oslo_concurrency/processutils.py:440}}
Sep 01 01:41:35 devstack sudo[92573]: quobyte : PWD=/ ; USER=root ; COMMAND=/opt/stack/data/venv/bin/cinder-rootwrap /etc/cinder/rootwrap.conf qemu-img rebase -u -b volume-ab2176f2-b852-4a7a-94df-f843b78ef745 -F qcow2 /opt/stack/data/cinder/mnt/b12893a57d9264d840e771541475c4a1/volume-ab2176f2-b852-4a7a-94df-f843b78ef745.c7b59b4e-93f1-4f20-a48a-b77ada1b1521
Sep 01 01:41:35 devstack sudo[92573]: pam_unix(sudo:session): session opened for user root(uid=0) by (uid=1000)
Sep 01 01:41:35 devstack cinder-volume[87212]: DEBUG cinder.volume.flows.manager.create_volume [None req-58ccc833-e8b9-4dde-bd1a-99f447cfe1d3 tempest-AttachVolumeTestJSON-216990028 None] Volume reschedule parameters: True retry: {'num_attempts': 1, 'backends': ['devstack@QuobyteHD#QuobyteHD'], 'hosts': ['devstack@QuobyteHD#QuobyteHD']} {{(pid=87212) get_flow /opt/stack/cinder/cinder/volume/flows/manager/create_volume.py:1397}}
Sep 01 01:41:35 devstack cinder-volume[87212]: DEBUG cinder.volume.manager [None req-58ccc833-e8b9-4dde-bd1a-99f447cfe1d3 tempest-AttachVolumeTestJSON-216990028 None] Flow 'volume_create_manager' (cf965036-c501-4c8b-9e3b-8989460634c7) transitioned into state 'RUNNING' from state 'PENDING' {{(pid=87212) _flow_receiver /opt/stack/data/venv/lib/python3.12/site-packages/taskflow/listeners/logging.py:160}}
Sep 01 01:41:35 devstack cinder-volume[87212]: DEBUG cinder.volume.manager [None req-58ccc833-e8b9-4dde-bd1a-99f447cfe1d3 tempest-AttachVolumeTestJSON-216990028 None] Task 'cinder.volume.flows.manager.create_volume.ExtractVolumeRefTask;volume:create' (601c6081-347e-424a-a7cd-6d1359ebdfa2) transitioned into state 'RUNNING' from state 'PENDING' {{(pid=87212) _task_receiver /opt/stack/data/venv/lib/python3.12/site-packages/taskflow/listeners/logging.py:242}}
Sep 01 01:41:35 devstack sudo[92573]: pam_unix(sudo:session): session closed for user root
Sep 01 01:41:35 devstack cinder-volume[87212]: DEBUG oslo_concurrency.processutils [None req-8c7c8de3-9dad-4d69-86e2-a33d7de08335 tempest-GroupSnapshotsV319Test-1561643480 None] CMD "sudo cinder-rootwrap /etc/cinder/rootwrap.conf qemu-img rebase -u -b volume-ab2176f2-b852-4a7a-94df-f843b78ef745 -F qcow2 /opt/stack/data/cinder/mnt/b12893a57d9264d840e771541475c4a1/volume-ab2176f2-b852-4a7a-94df-f843b78ef745.c7b59b4e-93f1-4f20-a48a-b77ada1b1521" returned: 0 in 0.393s {{(pid=87212) execute /opt/stack/data/venv/lib/python3.12/site-packages/oslo_concurrency/processutils.py:468}}
Sep 01 01:41:35 devstack cinder-volume[87212]: WARNING cinder.volume.drivers.remotefs [None req-8c7c8de3-9dad-4d69-86e2-a33d7de08335 tempest-GroupSnapshotsV319Test-1561643480 None] /opt/stack/data/cinder/mnt/b12893a57d9264d840e771541475c4a1/volume-ab2176f2-b852-4a7a-94df-f843b78ef745.c7b59b4e-93f1-4f20-a48a-b77ada1b1521 is being set with open permissions: ugo+rw: NotImplementedError
Sep 01 01:41:35 devstack cinder-volume[87212]: DEBUG oslo_concurrency.processutils [None req-8c7c8de3-9dad-4d69-86e2-a33d7de08335 tempest-GroupSnapshotsV319Test-1561643480 None] Running cmd (subprocess): sudo cinder-rootwrap /etc/cinder/rootwrap.conf chmod ugo+rw /opt/stack/data/cinder/mnt/b12893a57d9264d840e771541475c4a1/volume-ab2176f2-b852-4a7a-94df-f843b78ef745.c7b59b4e-93f1-4f20-a48a-b77ada1b1521 {{(pid=87212) execute /opt/stack/data/venv/lib/python3.12/site-packages/oslo_concurrency/processutils.py:440}}
Sep 01 01:41:35 devstack cinder-volume[87212]: DEBUG cinder.volume.manager [None req-58ccc833-e8b9-4dde-bd1a-99f447cfe1d3 tempest-AttachVolumeTestJSON-216990028 None] Task 'cinder.volume.flows.manager.create_volume.ExtractVolumeRefTask;volume:create' (601c6081-347e-424a-a7cd-6d1359ebdfa2) transitioned into state 'SUCCESS' from state 'RUNNING' with result 'Volume(_name_id=None,admin_metadata=,attach_status='detached',availability_zone='nova',bootable=False,cluster=,cluster_name=None,consistencygroup=,consistencygroup_id=None,created_at=2026-08-31T23:41:35Z,deleted=False,deleted_at=None,display_description=None,display_name='tempest-AttachVolumeTestJSON-volume-179172638',ec2_id=None,encryption_key_id=None,glance_metadata=,group=,group_id=None,host='devstack@QuobyteHD#QuobyteHD',id=371b5ba7-3864-42d2-96af-75cc2a66d9bb,launched_at=None,metadata={},migration_status=None,multiattach=False,previous_status=None,project_id='fa34b42c9be04c4692316833c98db7cf',provider_auth=None,provider_geometry=None,provider_id=None,provider_location=None,replication_driver_data=None,replication_extended_status=None,replication_status=None,scheduled_at=2026-08-31T23:41:36Z,service_uuid=None,shared_targets=True,size=1,snapshot_id=None,snapshots=,source_volid=None,status='creating',terminated_at=None,updated_at=2026-08-31T23:41:36Z,use_quota=True,user_id='9bac913bdadb4f729656678e4132a720',volume_attachment=VolumeAttachmentList,volume_type=VolumeType(89b3c90d-95e3-4d06-9c9f-9c6cd59603c9),volume_type_id=89b3c90d-95e3-4d06-9c9f-9c6cd59603c9)' {{(pid=87212) _task_receiver /opt/stack/data/venv/lib/python3.12/site-packages/taskflow/listeners/logging.py:218}}
Sep 01 01:41:35 devstack sudo[92579]: quobyte : PWD=/ ; USER=root ; COMMAND=/opt/stack/data/venv/bin/cinder-rootwrap /etc/cinder/rootwrap.conf chmod ugo+rw /opt/stack/data/cinder/mnt/b12893a57d9264d840e771541475c4a1/volume-ab2176f2-b852-4a7a-94df-f843b78ef745.c7b59b4e-93f1-4f20-a48a-b77ada1b1521
Sep 01 01:41:35 devstack cinder-volume[87212]: DEBUG cinder.volume.manager [None req-58ccc833-e8b9-4dde-bd1a-99f447cfe1d3 tempest-AttachVolumeTestJSON-216990028 None] Task 'cinder.volume.flows.manager.create_volume.OnFailureRescheduleTask;volume:create' (3610773f-6d95-44c7-b4de-94e936d2609a) transitioned into state 'RUNNING' from state 'PENDING' {{(pid=87212) _task_receiver /opt/stack/data/venv/lib/python3.12/site-packages/taskflow/listeners/logging.py:242}}
Sep 01 01:41:35 devstack sudo[92579]: pam_unix(sudo:session): session opened for user root(uid=0) by (uid=1000)
Sep 01 01:41:35 devstack cinder-volume[87212]: DEBUG cinder.volume.manager [None req-58ccc833-e8b9-4dde-bd1a-99f447cfe1d3 tempest-AttachVolumeTestJSON-216990028 None] Task 'cinder.volume.flows.manager.create_volume.OnFailureRescheduleTask;volume:create' (3610773f-6d95-44c7-b4de-94e936d2609a) transitioned into state 'SUCCESS' from state 'RUNNING' with result 'None' {{(pid=87212) _task_receiver /opt/stack/data/venv/lib/python3.12/site-packages/taskflow/listeners/logging.py:218}}
Sep 01 01:41:35 devstack cinder-volume[87212]: DEBUG cinder.volume.manager [None req-58ccc833-e8b9-4dde-bd1a-99f447cfe1d3 tempest-AttachVolumeTestJSON-216990028 None] Task 'cinder.volume.flows.manager.create_volume.ExtractVolumeSpecTask;volume:create' (5f66f2d6-86c0-4c69-a856-bb6e9beb2b43) transitioned into state 'RUNNING' from state 'PENDING' {{(pid=87212) _task_receiver /opt/stack/data/venv/lib/python3.12/site-packages/taskflow/listeners/logging.py:242}}
Sep 01 01:41:35 devstack cinder-volume[87212]: DEBUG cinder.volume.manager [None req-58ccc833-e8b9-4dde-bd1a-99f447cfe1d3 tempest-AttachVolumeTestJSON-216990028 None] Task 'cinder.volume.flows.manager.create_volume.ExtractVolumeSpecTask;volume:create' (5f66f2d6-86c0-4c69-a856-bb6e9beb2b43) transitioned into state 'SUCCESS' from state 'RUNNING' with result '{'status': 'creating', 'type': 'raw', 'volume_id': '371b5ba7-3864-42d2-96af-75cc2a66d9bb', 'volume_name': 'volume-371b5ba7-3864-42d2-96af-75cc2a66d9bb', 'volume_size': 1}' {{(pid=87212) _task_receiver /opt/stack/data/venv/lib/python3.12/site-packages/taskflow/listeners/logging.py:218}}
Sep 01 01:41:35 devstack cinder-volume[87212]: DEBUG cinder.volume.manager [None req-58ccc833-e8b9-4dde-bd1a-99f447cfe1d3 tempest-AttachVolumeTestJSON-216990028 None] Task 'cinder.volume.flows.manager.create_volume.NotifyVolumeActionTask;volume:create, create.start' (1fed6982-2a62-4551-95f4-c87905ff1bc6) transitioned into state 'RUNNING' from state 'PENDING' {{(pid=87212) _task_receiver /opt/stack/data/venv/lib/python3.12/site-packages/taskflow/listeners/logging.py:242}}
Sep 01 01:41:35 devstack cinder-volume[87212]: DEBUG cinder.volume.manager [None req-58ccc833-e8b9-4dde-bd1a-99f447cfe1d3 tempest-AttachVolumeTestJSON-216990028 None] Task 'cinder.volume.flows.manager.create_volume.NotifyVolumeActionTask;volume:create, create.start' (1fed6982-2a62-4551-95f4-c87905ff1bc6) transitioned into state 'SUCCESS' from state 'RUNNING' with result 'None' {{(pid=87212) _task_receiver /opt/stack/data/venv/lib/python3.12/site-packages/taskflow/listeners/logging.py:218}}
Sep 01 01:41:35 devstack cinder-volume[87212]: DEBUG cinder.volume.manager [None req-58ccc833-e8b9-4dde-bd1a-99f447cfe1d3 tempest-AttachVolumeTestJSON-216990028 None] Task 'cinder.volume.flows.manager.create_volume.CreateVolumeFromSpecTask;volume:create' (69982489-b234-4e93-841a-bde77765074f) transitioned into state 'RUNNING' from state 'PENDING' {{(pid=87212) _task_receiver /opt/stack/data/venv/lib/python3.12/site-packages/taskflow/listeners/logging.py:242}}
Sep 01 01:41:35 devstack cinder-volume[87212]: INFO cinder.volume.flows.manager.create_volume [None req-58ccc833-e8b9-4dde-bd1a-99f447cfe1d3 tempest-AttachVolumeTestJSON-216990028 None] Volume 371b5ba7-3864-42d2-96af-75cc2a66d9bb: being created as raw with specification: {'status': 'creating', 'volume_name': 'volume-371b5ba7-3864-42d2-96af-75cc2a66d9bb', 'volume_size': 1}
Sep 01 01:41:35 devstack cinder-volume[87212]: DEBUG oslo_concurrency.lockutils [None req-58ccc833-e8b9-4dde-bd1a-99f447cfe1d3 tempest-AttachVolumeTestJSON-216990028 None] Acquiring lock "quobyte" by "cinder.volume.drivers.quobyte.QuobyteDriver.create_volume" {{(pid=87212) inner /opt/stack/data/venv/lib/python3.12/site-packages/oslo_concurrency/lockutils.py:512}}
Sep 01 01:41:36 devstack sudo[92579]: pam_unix(sudo:session): session closed for user root
Sep 01 01:41:36 devstack cinder-volume[87212]: DEBUG oslo_concurrency.processutils [None req-8c7c8de3-9dad-4d69-86e2-a33d7de08335 tempest-GroupSnapshotsV319Test-1561643480 None] CMD "sudo cinder-rootwrap /etc/cinder/rootwrap.conf chmod ugo+rw /opt/stack/data/cinder/mnt/b12893a57d9264d840e771541475c4a1/volume-ab2176f2-b852-4a7a-94df-f843b78ef745.c7b59b4e-93f1-4f20-a48a-b77ada1b1521" returned: 0 in 0.299s {{(pid=87212) execute /opt/stack/data/venv/lib/python3.12/site-packages/oslo_concurrency/processutils.py:468}}
Sep 01 01:41:36 devstack cinder-volume[87212]: DEBUG oslo_concurrency.processutils [None req-8c7c8de3-9dad-4d69-86e2-a33d7de08335 tempest-GroupSnapshotsV319Test-1561643480 None] Running cmd (subprocess): sudo cinder-rootwrap /etc/cinder/rootwrap.conf truncate -s0 /opt/stack/data/cinder/mnt/b12893a57d9264d840e771541475c4a1/volume-ab2176f2-b852-4a7a-94df-f843b78ef745.info {{(pid=87212) execute /opt/stack/data/venv/lib/python3.12/site-packages/oslo_concurrency/processutils.py:440}}
Sep 01 01:41:36 devstack sudo[92582]: quobyte : PWD=/ ; USER=root ; COMMAND=/opt/stack/data/venv/bin/cinder-rootwrap /etc/cinder/rootwrap.conf truncate -s0 /opt/stack/data/cinder/mnt/b12893a57d9264d840e771541475c4a1/volume-ab2176f2-b852-4a7a-94df-f843b78ef745.info
Sep 01 01:41:36 devstack sudo[92582]: pam_unix(sudo:session): session opened for user root(uid=0) by (uid=1000)
Sep 01 01:41:36 devstack sudo[92582]: pam_unix(sudo:session): session closed for user root
Sep 01 01:41:36 devstack cinder-volume[87212]: DEBUG oslo_concurrency.processutils [None req-8c7c8de3-9dad-4d69-86e2-a33d7de08335 tempest-GroupSnapshotsV319Test-1561643480 None] CMD "sudo cinder-rootwrap /etc/cinder/rootwrap.conf truncate -s0 /opt/stack/data/cinder/mnt/b12893a57d9264d840e771541475c4a1/volume-ab2176f2-b852-4a7a-94df-f843b78ef745.info" returned: 0 in 0.290s {{(pid=87212) execute /opt/stack/data/venv/lib/python3.12/site-packages/oslo_concurrency/processutils.py:468}}
Sep 01 01:41:36 devstack cinder-volume[87212]: WARNING cinder.volume.drivers.remotefs [None req-8c7c8de3-9dad-4d69-86e2-a33d7de08335 tempest-GroupSnapshotsV319Test-1561643480 None] /opt/stack/data/cinder/mnt/b12893a57d9264d840e771541475c4a1/volume-ab2176f2-b852-4a7a-94df-f843b78ef745.info is being set with open permissions: ugo+rw: NotImplementedError
Sep 01 01:41:36 devstack cinder-volume[87212]: DEBUG oslo_concurrency.processutils [None req-8c7c8de3-9dad-4d69-86e2-a33d7de08335 tempest-GroupSnapshotsV319Test-1561643480 None] Running cmd (subprocess): sudo cinder-rootwrap /etc/cinder/rootwrap.conf chmod ugo+rw /opt/stack/data/cinder/mnt/b12893a57d9264d840e771541475c4a1/volume-ab2176f2-b852-4a7a-94df-f843b78ef745.info {{(pid=87212) execute /opt/stack/data/venv/lib/python3.12/site-packages/oslo_concurrency/processutils.py:440}}
Sep 01 01:41:36 devstack sudo[92585]: quobyte : PWD=/ ; USER=root ; COMMAND=/opt/stack/data/venv/bin/cinder-rootwrap /etc/cinder/rootwrap.conf chmod ugo+rw /opt/stack/data/cinder/mnt/b12893a57d9264d840e771541475c4a1/volume-ab2176f2-b852-4a7a-94df-f843b78ef745.info
Sep 01 01:41:36 devstack sudo[92585]: pam_unix(sudo:session): session opened for user root(uid=0) by (uid=1000)
Sep 01 01:41:36 devstack sudo[92585]: pam_unix(sudo:session): session closed for user root
Sep 01 01:41:36 devstack cinder-volume[87212]: DEBUG oslo_concurrency.processutils [None req-8c7c8de3-9dad-4d69-86e2-a33d7de08335 tempest-GroupSnapshotsV319Test-1561643480 None] CMD "sudo cinder-rootwrap /etc/cinder/rootwrap.conf chmod ugo+rw /opt/stack/data/cinder/mnt/b12893a57d9264d840e771541475c4a1/volume-ab2176f2-b852-4a7a-94df-f843b78ef745.info" returned: 0 in 0.317s {{(pid=87212) execute /opt/stack/data/venv/lib/python3.12/site-packages/oslo_concurrency/processutils.py:468}}
Sep 01 01:41:36 devstack cinder-volume[87212]: DEBUG oslo_concurrency.lockutils [None req-8c7c8de3-9dad-4d69-86e2-a33d7de08335 tempest-GroupSnapshotsV319Test-1561643480 None] Lock "quobyte" "released" by "cinder.volume.drivers.quobyte.QuobyteDriver.create_snapshot" :: held 2.361s {{(pid=87212) inner /opt/stack/data/venv/lib/python3.12/site-packages/oslo_concurrency/lockutils.py:544}}
Sep 01 01:41:36 devstack cinder-volume[87212]: DEBUG oslo_concurrency.lockutils [None req-58ccc833-e8b9-4dde-bd1a-99f447cfe1d3 tempest-AttachVolumeTestJSON-216990028 None] Lock "quobyte" acquired by "cinder.volume.drivers.quobyte.QuobyteDriver.create_volume" :: waited 0.892s {{(pid=87212) inner /opt/stack/data/venv/lib/python3.12/site-packages/oslo_concurrency/lockutils.py:525}}
Sep 01 01:41:36 devstack cinder-volume[87212]: DEBUG cinder.volume.drivers.quobyte [None req-58ccc833-e8b9-4dde-bd1a-99f447cfe1d3 tempest-AttachVolumeTestJSON-216990028 None] ==> create_volume: call "{'self': , 'volume': Volume(_name_id=None,admin_metadata=,attach_status='detached',availability_zone='nova',bootable=False,cluster=,cluster_name=None,consistencygroup=,consistencygroup_id=None,created_at=2026-08-31T23:41:35Z,deleted=False,deleted_at=None,display_description=None,display_name='tempest-AttachVolumeTestJSON-volume-179172638',ec2_id=None,encryption_key_id=None,glance_metadata=,group=,group_id=None,host='devstack@QuobyteHD#QuobyteHD',id=371b5ba7-3864-42d2-96af-75cc2a66d9bb,launched_at=None,metadata={},migration_status=None,multiattach=False,previous_status=None,project_id='fa34b42c9be04c4692316833c98db7cf',provider_auth=None,provider_geometry=None,provider_id=None,provider_location=None,replication_driver_data=None,replication_extended_status=None,replication_status=None,scheduled_at=2026-08-31T23:41:36Z,service_uuid=None,shared_targets=True,size=1,snapshot_id=None,snapshots=,source_volid=None,status='creating',terminated_at=None,updated_at=2026-08-31T23:41:36Z,use_quota=True,user_id='9bac913bdadb4f729656678e4132a720',volume_attachment=VolumeAttachmentList,volume_type=VolumeType(89b3c90d-95e3-4d06-9c9f-9c6cd59603c9),volume_type_id=89b3c90d-95e3-4d06-9c9f-9c6cd59603c9)}" {{(pid=87212) trace_logging_wrapper /opt/stack/cinder/cinder/volume/volume_utils.py:1497}}
Sep 01 01:41:36 devstack cinder-volume[87212]: DEBUG cinder.volume.drivers.remotefs [None req-58ccc833-e8b9-4dde-bd1a-99f447cfe1d3 tempest-AttachVolumeTestJSON-216990028 None] Creating volume 371b5ba7-3864-42d2-96af-75cc2a66d9bb {{(pid=87212) create_volume /opt/stack/cinder/cinder/volume/drivers/remotefs.py:292}}
Sep 01 01:41:36 devstack cinder-volume[87212]: DEBUG oslo_concurrency.lockutils [None req-58ccc833-e8b9-4dde-bd1a-99f447cfe1d3 tempest-AttachVolumeTestJSON-216990028 None] Acquiring lock "quobyte_ensure" by "cinder.volume.drivers.quobyte.QuobyteDriver._ensure_shares_mounted" {{(pid=87212) inner /opt/stack/data/venv/lib/python3.12/site-packages/oslo_concurrency/lockutils.py:512}}
Sep 01 01:41:36 devstack cinder-volume[87212]: DEBUG oslo_concurrency.lockutils [None req-58ccc833-e8b9-4dde-bd1a-99f447cfe1d3 tempest-AttachVolumeTestJSON-216990028 None] Lock "quobyte_ensure" acquired by "cinder.volume.drivers.quobyte.QuobyteDriver._ensure_shares_mounted" :: waited 0.000s {{(pid=87212) inner /opt/stack/data/venv/lib/python3.12/site-packages/oslo_concurrency/lockutils.py:525}}
Sep 01 01:41:36 devstack cinder-volume[87212]: DEBUG cinder.volume.drivers.quobyte [None req-58ccc833-e8b9-4dde-bd1a-99f447cfe1d3 tempest-AttachVolumeTestJSON-216990028 None] Quobyte Volume URL set to: {'osci02.corp.quobyte.com/cinder-vol-2f34a89a-4c63-4c7c-95bf-150fee38a7d1': None} {{(pid=87212) _load_shares_config /opt/stack/cinder/cinder/volume/drivers/quobyte.py:662}}
Sep 01 01:41:36 devstack cinder-volume[87212]: DEBUG cinder.volume.drivers.quobyte [None req-58ccc833-e8b9-4dde-bd1a-99f447cfe1d3 tempest-AttachVolumeTestJSON-216990028 None] Available shares ['osci02.corp.quobyte.com/cinder-vol-2f34a89a-4c63-4c7c-95bf-150fee38a7d1'] {{(pid=87212) _ensure_shares_mounted /opt/stack/cinder/cinder/volume/drivers/quobyte.py:692}}
Sep 01 01:41:36 devstack cinder-volume[87212]: DEBUG oslo_concurrency.lockutils [None req-58ccc833-e8b9-4dde-bd1a-99f447cfe1d3 tempest-AttachVolumeTestJSON-216990028 None] Lock "quobyte_ensure" "released" by "cinder.volume.drivers.quobyte.QuobyteDriver._ensure_shares_mounted" :: held 0.006s {{(pid=87212) inner /opt/stack/data/venv/lib/python3.12/site-packages/oslo_concurrency/lockutils.py:544}}
Sep 01 01:41:36 devstack cinder-volume[87212]: DEBUG cinder.volume.drivers.quobyte [None req-58ccc833-e8b9-4dde-bd1a-99f447cfe1d3 tempest-AttachVolumeTestJSON-216990028 None] Selected osci02.corp.quobyte.com/cinder-vol-2f34a89a-4c63-4c7c-95bf-150fee38a7d1 as target Quobyte volume. {{(pid=87212) _find_share /opt/stack/cinder/cinder/volume/drivers/quobyte.py:713}}
Sep 01 01:41:36 devstack cinder-volume[87212]: INFO cinder.volume.drivers.remotefs [None req-58ccc833-e8b9-4dde-bd1a-99f447cfe1d3 tempest-AttachVolumeTestJSON-216990028 None] casted to osci02.corp.quobyte.com/cinder-vol-2f34a89a-4c63-4c7c-95bf-150fee38a7d1
Sep 01 01:41:36 devstack cinder-volume[87212]: DEBUG oslo_concurrency.processutils [None req-58ccc833-e8b9-4dde-bd1a-99f447cfe1d3 tempest-AttachVolumeTestJSON-216990028 None] Running cmd (subprocess): sudo cinder-rootwrap /etc/cinder/rootwrap.conf qemu-img create -f qcow2 -o preallocation=metadata /opt/stack/data/cinder/mnt/b12893a57d9264d840e771541475c4a1/volume-371b5ba7-3864-42d2-96af-75cc2a66d9bb 1073741824 {{(pid=87212) execute /opt/stack/data/venv/lib/python3.12/site-packages/oslo_concurrency/processutils.py:440}}
Sep 01 01:41:36 devstack sudo[92588]: quobyte : PWD=/ ; USER=root ; COMMAND=/opt/stack/data/venv/bin/cinder-rootwrap /etc/cinder/rootwrap.conf qemu-img create -f qcow2 -o preallocation=metadata /opt/stack/data/cinder/mnt/b12893a57d9264d840e771541475c4a1/volume-371b5ba7-3864-42d2-96af-75cc2a66d9bb 1073741824
Sep 01 01:41:36 devstack sudo[92588]: pam_unix(sudo:session): session opened for user root(uid=0) by (uid=1000)
Sep 01 01:41:36 devstack cinder-volume[87212]: INFO cinder.volume.manager [None req-8c7c8de3-9dad-4d69-86e2-a33d7de08335 tempest-GroupSnapshotsV319Test-1561643480 None] group_snapshot 450db22f-dea9-4657-878b-e4c820b2b9f3: created successfully
Sep 01 01:41:37 devstack sudo[92588]: pam_unix(sudo:session): session closed for user root
Sep 01 01:41:37 devstack cinder-volume[87212]: DEBUG oslo_concurrency.processutils [None req-58ccc833-e8b9-4dde-bd1a-99f447cfe1d3 tempest-AttachVolumeTestJSON-216990028 None] CMD "sudo cinder-rootwrap /etc/cinder/rootwrap.conf qemu-img create -f qcow2 -o preallocation=metadata /opt/stack/data/cinder/mnt/b12893a57d9264d840e771541475c4a1/volume-371b5ba7-3864-42d2-96af-75cc2a66d9bb 1073741824" returned: 0 in 0.477s {{(pid=87212) execute /opt/stack/data/venv/lib/python3.12/site-packages/oslo_concurrency/processutils.py:468}}
Sep 01 01:41:37 devstack cinder-volume[87212]: DEBUG oslo_concurrency.processutils [None req-58ccc833-e8b9-4dde-bd1a-99f447cfe1d3 tempest-AttachVolumeTestJSON-216990028 None] Running cmd (subprocess): sudo cinder-rootwrap /etc/cinder/rootwrap.conf chmod ugo+rw /opt/stack/data/cinder/mnt/b12893a57d9264d840e771541475c4a1/volume-371b5ba7-3864-42d2-96af-75cc2a66d9bb {{(pid=87212) execute /opt/stack/data/venv/lib/python3.12/site-packages/oslo_concurrency/processutils.py:440}}
Sep 01 01:41:37 devstack sudo[92607]: quobyte : PWD=/ ; USER=root ; COMMAND=/opt/stack/data/venv/bin/cinder-rootwrap /etc/cinder/rootwrap.conf chmod ugo+rw /opt/stack/data/cinder/mnt/b12893a57d9264d840e771541475c4a1/volume-371b5ba7-3864-42d2-96af-75cc2a66d9bb
Sep 01 01:41:37 devstack sudo[92607]: pam_unix(sudo:session): session opened for user root(uid=0) by (uid=1000)
Sep 01 01:41:37 devstack sudo[92607]: pam_unix(sudo:session): session closed for user root
Sep 01 01:41:37 devstack cinder-volume[87212]: DEBUG oslo_concurrency.processutils [None req-58ccc833-e8b9-4dde-bd1a-99f447cfe1d3 tempest-AttachVolumeTestJSON-216990028 None] CMD "sudo cinder-rootwrap /etc/cinder/rootwrap.conf chmod ugo+rw /opt/stack/data/cinder/mnt/b12893a57d9264d840e771541475c4a1/volume-371b5ba7-3864-42d2-96af-75cc2a66d9bb" returned: 0 in 0.316s {{(pid=87212) execute /opt/stack/data/venv/lib/python3.12/site-packages/oslo_concurrency/processutils.py:468}}
Sep 01 01:41:37 devstack cinder-volume[87212]: DEBUG cinder.volume.drivers.quobyte [None req-58ccc833-e8b9-4dde-bd1a-99f447cfe1d3 tempest-AttachVolumeTestJSON-216990028 None] <== create_volume: return (859ms) {'provider_location': 'osci02.corp.quobyte.com/cinder-vol-2f34a89a-4c63-4c7c-95bf-150fee38a7d1'} {{(pid=87212) trace_logging_wrapper /opt/stack/cinder/cinder/volume/volume_utils.py:1522}}
Sep 01 01:41:37 devstack cinder-volume[87212]: DEBUG oslo_concurrency.lockutils [None req-58ccc833-e8b9-4dde-bd1a-99f447cfe1d3 tempest-AttachVolumeTestJSON-216990028 None] Lock "quobyte" "released" by "cinder.volume.drivers.quobyte.QuobyteDriver.create_volume" :: held 0.863s {{(pid=87212) inner /opt/stack/data/venv/lib/python3.12/site-packages/oslo_concurrency/lockutils.py:544}}
