Jun 22 15:30:27 devstack cinder-volume[93441]: DEBUG cinder.volume.drivers.remotefs [None req-81a8cef4-66f7-49dc-8045-b18992a2d6dc tempest-VolumesSnapshotListTestJSON-661854046 None] Creating offline snapshot 6f80905a-ef00-4fa5-9c20-f3551c11a5cf of volume e2319f48-4391-4bb4-b7ca-995a4b779145 {{(pid=93441) _create_snapshot /opt/stack/cinder/cinder/volume/drivers/remotefs.py:1816}}
Jun 22 15:30:27 devstack cinder-volume[93441]: DEBUG oslo.privsep.daemon [-] privsep: reply[8c921f17-a43f-461f-ab75-1bfbfb78ebc6]: (4, 'qcow2') {{(pid=94463) _call_back /opt/stack/data/venv/lib/python3.12/site-packages/oslo_privsep/daemon.py:580}}
Jun 22 15:30:27 devstack cinder-volume[93441]: DEBUG oslo_concurrency.processutils [None req-81a8cef4-66f7-49dc-8045-b18992a2d6dc tempest-VolumesSnapshotListTestJSON-661854046 None] Running cmd (subprocess): /opt/stack/data/venv/bin/python3.12 -m oslo_concurrency.prlimit --as=1073741824 --cpu=60 -- sudo cinder-rootwrap /etc/cinder/rootwrap.conf env LC_ALL=C qemu-img info -f qcow2 --output=json --force-share /opt/stack/data/cinder/mnt/1087dce8bf37903b919a1b3fb8a53df1/volume-e2319f48-4391-4bb4-b7ca-995a4b779145 {{(pid=93441) execute /opt/stack/data/venv/lib/python3.12/site-packages/oslo_concurrency/processutils.py:440}}
Jun 22 15:30:27 devstack sudo[98517]: quobyte : PWD=/ ; USER=root ; COMMAND=/opt/stack/data/venv/bin/cinder-rootwrap /etc/cinder/rootwrap.conf env LC_ALL=C qemu-img info -f qcow2 --output=json --force-share /opt/stack/data/cinder/mnt/1087dce8bf37903b919a1b3fb8a53df1/volume-e2319f48-4391-4bb4-b7ca-995a4b779145
Jun 22 15:30:27 devstack sudo[98517]: pam_unix(sudo:session): session opened for user root(uid=0) by (uid=1000)
Jun 22 15:30:28 devstack sudo[98517]: pam_unix(sudo:session): session closed for user root
Jun 22 15:30:28 devstack cinder-volume[93441]: DEBUG oslo_concurrency.processutils [None req-81a8cef4-66f7-49dc-8045-b18992a2d6dc tempest-VolumesSnapshotListTestJSON-661854046 None] CMD "/opt/stack/data/venv/bin/python3.12 -m oslo_concurrency.prlimit --as=1073741824 --cpu=60 -- sudo cinder-rootwrap /etc/cinder/rootwrap.conf env LC_ALL=C qemu-img info -f qcow2 --output=json --force-share /opt/stack/data/cinder/mnt/1087dce8bf37903b919a1b3fb8a53df1/volume-e2319f48-4391-4bb4-b7ca-995a4b779145" returned: 0 in 0.804s {{(pid=93441) execute /opt/stack/data/venv/lib/python3.12/site-packages/oslo_concurrency/processutils.py:468}}
Jun 22 15:30:28 devstack cinder-volume[93441]: DEBUG oslo_concurrency.processutils [None req-81a8cef4-66f7-49dc-8045-b18992a2d6dc tempest-VolumesSnapshotListTestJSON-661854046 None] Running cmd (subprocess): sudo cinder-rootwrap /etc/cinder/rootwrap.conf qemu-img create -f qcow2 -o backing_file=/opt/stack/data/cinder/mnt/1087dce8bf37903b919a1b3fb8a53df1/volume-e2319f48-4391-4bb4-b7ca-995a4b779145,backing_fmt=qcow2 /opt/stack/data/cinder/mnt/1087dce8bf37903b919a1b3fb8a53df1/volume-e2319f48-4391-4bb4-b7ca-995a4b779145.6f80905a-ef00-4fa5-9c20-f3551c11a5cf 1G {{(pid=93441) execute /opt/stack/data/venv/lib/python3.12/site-packages/oslo_concurrency/processutils.py:440}}
Jun 22 15:30:28 devstack sudo[98548]: quobyte : PWD=/ ; USER=root ; COMMAND=/opt/stack/data/venv/bin/cinder-rootwrap /etc/cinder/rootwrap.conf qemu-img create -f qcow2 -o backing_file=/opt/stack/data/cinder/mnt/1087dce8bf37903b919a1b3fb8a53df1/volume-e2319f48-4391-4bb4-b7ca-995a4b779145,backing_fmt=qcow2 /opt/stack/data/cinder/mnt/1087dce8bf37903b919a1b3fb8a53df1/volume-e2319f48-4391-4bb4-b7ca-995a4b779145.6f80905a-ef00-4fa5-9c20-f3551c11a5cf 1G
Jun 22 15:30:28 devstack sudo[98548]: pam_unix(sudo:session): session opened for user root(uid=0) by (uid=1000)
Jun 22 15:30:28 devstack sudo[98548]: pam_unix(sudo:session): session closed for user root
Jun 22 15:30:28 devstack cinder-volume[93441]: DEBUG oslo_concurrency.processutils [None req-81a8cef4-66f7-49dc-8045-b18992a2d6dc tempest-VolumesSnapshotListTestJSON-661854046 None] CMD "sudo cinder-rootwrap /etc/cinder/rootwrap.conf qemu-img create -f qcow2 -o backing_file=/opt/stack/data/cinder/mnt/1087dce8bf37903b919a1b3fb8a53df1/volume-e2319f48-4391-4bb4-b7ca-995a4b779145,backing_fmt=qcow2 /opt/stack/data/cinder/mnt/1087dce8bf37903b919a1b3fb8a53df1/volume-e2319f48-4391-4bb4-b7ca-995a4b779145.6f80905a-ef00-4fa5-9c20-f3551c11a5cf 1G" returned: 0 in 0.816s {{(pid=93441) execute /opt/stack/data/venv/lib/python3.12/site-packages/oslo_concurrency/processutils.py:468}}
Jun 22 15:30:28 devstack cinder-volume[93441]: DEBUG oslo_concurrency.processutils [None req-81a8cef4-66f7-49dc-8045-b18992a2d6dc tempest-VolumesSnapshotListTestJSON-661854046 None] Running cmd (subprocess): sudo cinder-rootwrap /etc/cinder/rootwrap.conf qemu-img rebase -u -b volume-e2319f48-4391-4bb4-b7ca-995a4b779145 -F qcow2 /opt/stack/data/cinder/mnt/1087dce8bf37903b919a1b3fb8a53df1/volume-e2319f48-4391-4bb4-b7ca-995a4b779145.6f80905a-ef00-4fa5-9c20-f3551c11a5cf {{(pid=93441) execute /opt/stack/data/venv/lib/python3.12/site-packages/oslo_concurrency/processutils.py:440}}
Jun 22 15:30:28 devstack sudo[98568]: quobyte : PWD=/ ; USER=root ; COMMAND=/opt/stack/data/venv/bin/cinder-rootwrap /etc/cinder/rootwrap.conf qemu-img rebase -u -b volume-e2319f48-4391-4bb4-b7ca-995a4b779145 -F qcow2 /opt/stack/data/cinder/mnt/1087dce8bf37903b919a1b3fb8a53df1/volume-e2319f48-4391-4bb4-b7ca-995a4b779145.6f80905a-ef00-4fa5-9c20-f3551c11a5cf
Jun 22 15:30:28 devstack sudo[98568]: pam_unix(sudo:session): session opened for user root(uid=0) by (uid=1000)
Jun 22 15:30:29 devstack sudo[98568]: pam_unix(sudo:session): session closed for user root
Jun 22 15:30:29 devstack cinder-volume[93441]: DEBUG oslo_concurrency.processutils [None req-81a8cef4-66f7-49dc-8045-b18992a2d6dc tempest-VolumesSnapshotListTestJSON-661854046 None] CMD "sudo cinder-rootwrap /etc/cinder/rootwrap.conf qemu-img rebase -u -b volume-e2319f48-4391-4bb4-b7ca-995a4b779145 -F qcow2 /opt/stack/data/cinder/mnt/1087dce8bf37903b919a1b3fb8a53df1/volume-e2319f48-4391-4bb4-b7ca-995a4b779145.6f80905a-ef00-4fa5-9c20-f3551c11a5cf" returned: 0 in 0.686s {{(pid=93441) execute /opt/stack/data/venv/lib/python3.12/site-packages/oslo_concurrency/processutils.py:468}}
Jun 22 15:30:29 devstack cinder-volume[93441]: WARNING cinder.volume.drivers.remotefs [None req-81a8cef4-66f7-49dc-8045-b18992a2d6dc tempest-VolumesSnapshotListTestJSON-661854046 None] /opt/stack/data/cinder/mnt/1087dce8bf37903b919a1b3fb8a53df1/volume-e2319f48-4391-4bb4-b7ca-995a4b779145.6f80905a-ef00-4fa5-9c20-f3551c11a5cf is being set with open permissions: ugo+rw
Jun 22 15:30:29 devstack cinder-volume[93441]: DEBUG oslo_concurrency.processutils [None req-81a8cef4-66f7-49dc-8045-b18992a2d6dc tempest-VolumesSnapshotListTestJSON-661854046 None] Running cmd (subprocess): sudo cinder-rootwrap /etc/cinder/rootwrap.conf chmod ugo+rw /opt/stack/data/cinder/mnt/1087dce8bf37903b919a1b3fb8a53df1/volume-e2319f48-4391-4bb4-b7ca-995a4b779145.6f80905a-ef00-4fa5-9c20-f3551c11a5cf {{(pid=93441) execute /opt/stack/data/venv/lib/python3.12/site-packages/oslo_concurrency/processutils.py:440}}
Jun 22 15:30:29 devstack sudo[98573]: quobyte : PWD=/ ; USER=root ; COMMAND=/opt/stack/data/venv/bin/cinder-rootwrap /etc/cinder/rootwrap.conf chmod ugo+rw /opt/stack/data/cinder/mnt/1087dce8bf37903b919a1b3fb8a53df1/volume-e2319f48-4391-4bb4-b7ca-995a4b779145.6f80905a-ef00-4fa5-9c20-f3551c11a5cf
Jun 22 15:30:29 devstack sudo[98573]: pam_unix(sudo:session): session opened for user root(uid=0) by (uid=1000)
Jun 22 15:30:30 devstack sudo[98573]: pam_unix(sudo:session): session closed for user root
Jun 22 15:30:30 devstack cinder-volume[93441]: DEBUG oslo_concurrency.processutils [None req-81a8cef4-66f7-49dc-8045-b18992a2d6dc tempest-VolumesSnapshotListTestJSON-661854046 None] CMD "sudo cinder-rootwrap /etc/cinder/rootwrap.conf chmod ugo+rw /opt/stack/data/cinder/mnt/1087dce8bf37903b919a1b3fb8a53df1/volume-e2319f48-4391-4bb4-b7ca-995a4b779145.6f80905a-ef00-4fa5-9c20-f3551c11a5cf" returned: 0 in 0.781s {{(pid=93441) execute /opt/stack/data/venv/lib/python3.12/site-packages/oslo_concurrency/processutils.py:468}}
Jun 22 15:30:30 devstack cinder-volume[93441]: DEBUG oslo_concurrency.processutils [None req-81a8cef4-66f7-49dc-8045-b18992a2d6dc tempest-VolumesSnapshotListTestJSON-661854046 None] Running cmd (subprocess): sudo cinder-rootwrap /etc/cinder/rootwrap.conf truncate -s0 /opt/stack/data/cinder/mnt/1087dce8bf37903b919a1b3fb8a53df1/volume-e2319f48-4391-4bb4-b7ca-995a4b779145.info {{(pid=93441) execute /opt/stack/data/venv/lib/python3.12/site-packages/oslo_concurrency/processutils.py:440}}
Jun 22 15:30:30 devstack sudo[98576]: quobyte : PWD=/ ; USER=root ; COMMAND=/opt/stack/data/venv/bin/cinder-rootwrap /etc/cinder/rootwrap.conf truncate -s0 /opt/stack/data/cinder/mnt/1087dce8bf37903b919a1b3fb8a53df1/volume-e2319f48-4391-4bb4-b7ca-995a4b779145.info
Jun 22 15:30:30 devstack sudo[98576]: pam_unix(sudo:session): session opened for user root(uid=0) by (uid=1000)
Jun 22 15:30:31 devstack sudo[98576]: pam_unix(sudo:session): session closed for user root
Jun 22 15:30:31 devstack cinder-volume[93441]: DEBUG oslo_concurrency.processutils [None req-81a8cef4-66f7-49dc-8045-b18992a2d6dc tempest-VolumesSnapshotListTestJSON-661854046 None] CMD "sudo cinder-rootwrap /etc/cinder/rootwrap.conf truncate -s0 /opt/stack/data/cinder/mnt/1087dce8bf37903b919a1b3fb8a53df1/volume-e2319f48-4391-4bb4-b7ca-995a4b779145.info" returned: 0 in 0.695s {{(pid=93441) execute /opt/stack/data/venv/lib/python3.12/site-packages/oslo_concurrency/processutils.py:468}}
Jun 22 15:30:31 devstack cinder-volume[93441]: WARNING cinder.volume.drivers.remotefs [None req-81a8cef4-66f7-49dc-8045-b18992a2d6dc tempest-VolumesSnapshotListTestJSON-661854046 None] /opt/stack/data/cinder/mnt/1087dce8bf37903b919a1b3fb8a53df1/volume-e2319f48-4391-4bb4-b7ca-995a4b779145.info is being set with open permissions: ugo+rw
Jun 22 15:30:31 devstack cinder-volume[93441]: DEBUG oslo_concurrency.processutils [None req-81a8cef4-66f7-49dc-8045-b18992a2d6dc tempest-VolumesSnapshotListTestJSON-661854046 None] Running cmd (subprocess): sudo cinder-rootwrap /etc/cinder/rootwrap.conf chmod ugo+rw /opt/stack/data/cinder/mnt/1087dce8bf37903b919a1b3fb8a53df1/volume-e2319f48-4391-4bb4-b7ca-995a4b779145.info {{(pid=93441) execute /opt/stack/data/venv/lib/python3.12/site-packages/oslo_concurrency/processutils.py:440}}
Jun 22 15:30:31 devstack sudo[98579]: quobyte : PWD=/ ; USER=root ; COMMAND=/opt/stack/data/venv/bin/cinder-rootwrap /etc/cinder/rootwrap.conf chmod ugo+rw /opt/stack/data/cinder/mnt/1087dce8bf37903b919a1b3fb8a53df1/volume-e2319f48-4391-4bb4-b7ca-995a4b779145.info
Jun 22 15:30:31 devstack sudo[98579]: pam_unix(sudo:session): session opened for user root(uid=0) by (uid=1000)
Jun 22 15:30:31 devstack sudo[98579]: pam_unix(sudo:session): session closed for user root
Jun 22 15:30:31 devstack cinder-volume[93441]: DEBUG oslo_concurrency.processutils [None req-81a8cef4-66f7-49dc-8045-b18992a2d6dc tempest-VolumesSnapshotListTestJSON-661854046 None] CMD "sudo cinder-rootwrap /etc/cinder/rootwrap.conf chmod ugo+rw /opt/stack/data/cinder/mnt/1087dce8bf37903b919a1b3fb8a53df1/volume-e2319f48-4391-4bb4-b7ca-995a4b779145.info" returned: 0 in 0.687s {{(pid=93441) execute /opt/stack/data/venv/lib/python3.12/site-packages/oslo_concurrency/processutils.py:468}}
Jun 22 15:30:31 devstack cinder-volume[93441]: DEBUG oslo_concurrency.lockutils [None req-81a8cef4-66f7-49dc-8045-b18992a2d6dc tempest-VolumesSnapshotListTestJSON-661854046 None] Lock "quobyte" "released" by "cinder.volume.drivers.quobyte.QuobyteDriver.create_snapshot" :: held 4.594s {{(pid=93441) inner /opt/stack/data/venv/lib/python3.12/site-packages/oslo_concurrency/lockutils.py:543}}
Jun 22 15:30:31 devstack cinder-volume[93441]: INFO cinder.volume.manager [None req-81a8cef4-66f7-49dc-8045-b18992a2d6dc tempest-VolumesSnapshotListTestJSON-661854046 None] Create snapshot completed successfully
Jun 22 15:30:32 devstack cinder-volume[93441]: DEBUG oslo_concurrency.lockutils [None req-2040c197-d954-4ae6-a012-244f968aa027 tempest-VolumesSnapshotListTestJSON-661854046 None] Acquiring lock "quobyte" by "cinder.volume.drivers.quobyte.QuobyteDriver.create_snapshot" {{(pid=93441) inner /opt/stack/data/venv/lib/python3.12/site-packages/oslo_concurrency/lockutils.py:511}}
Jun 22 15:30:32 devstack cinder-volume[93441]: DEBUG oslo_concurrency.lockutils [None req-2040c197-d954-4ae6-a012-244f968aa027 tempest-VolumesSnapshotListTestJSON-661854046 None] Lock "quobyte" acquired by "cinder.volume.drivers.quobyte.QuobyteDriver.create_snapshot" :: waited 0.001s {{(pid=93441) inner /opt/stack/data/venv/lib/python3.12/site-packages/oslo_concurrency/lockutils.py:524}}
Jun 22 15:30:32 devstack cinder-volume[93441]: DEBUG cinder.volume.drivers.remotefs [None req-2040c197-d954-4ae6-a012-244f968aa027 tempest-VolumesSnapshotListTestJSON-661854046 None] Creating offline snapshot d71fd898-f512-4547-aaca-a7c08b364cc3 of volume e2319f48-4391-4bb4-b7ca-995a4b779145 {{(pid=93441) _create_snapshot /opt/stack/cinder/cinder/volume/drivers/remotefs.py:1816}}
Jun 22 15:30:32 devstack cinder-volume[93441]: DEBUG oslo.privsep.daemon [-] privsep: reply[07b7edcf-dfd9-49dd-beb3-499aab150fb8]: (4, 'qcow2') {{(pid=94463) _call_back /opt/stack/data/venv/lib/python3.12/site-packages/oslo_privsep/daemon.py:580}}
Jun 22 15:30:32 devstack cinder-volume[93441]: DEBUG oslo_concurrency.processutils [None req-2040c197-d954-4ae6-a012-244f968aa027 tempest-VolumesSnapshotListTestJSON-661854046 None] Running cmd (subprocess): /opt/stack/data/venv/bin/python3.12 -m oslo_concurrency.prlimit --as=1073741824 --cpu=60 -- sudo cinder-rootwrap /etc/cinder/rootwrap.conf env LC_ALL=C qemu-img info -f qcow2 --output=json --force-share /opt/stack/data/cinder/mnt/1087dce8bf37903b919a1b3fb8a53df1/volume-e2319f48-4391-4bb4-b7ca-995a4b779145.6f80905a-ef00-4fa5-9c20-f3551c11a5cf {{(pid=93441) execute /opt/stack/data/venv/lib/python3.12/site-packages/oslo_concurrency/processutils.py:440}}
Jun 22 15:30:32 devstack sudo[98598]: quobyte : PWD=/ ; USER=root ; COMMAND=/opt/stack/data/venv/bin/cinder-rootwrap /etc/cinder/rootwrap.conf env LC_ALL=C qemu-img info -f qcow2 --output=json --force-share /opt/stack/data/cinder/mnt/1087dce8bf37903b919a1b3fb8a53df1/volume-e2319f48-4391-4bb4-b7ca-995a4b779145.6f80905a-ef00-4fa5-9c20-f3551c11a5cf
Jun 22 15:30:32 devstack sudo[98598]: pam_unix(sudo:session): session opened for user root(uid=0) by (uid=1000)
Jun 22 15:30:33 devstack sudo[98598]: pam_unix(sudo:session): session closed for user root
Jun 22 15:30:33 devstack cinder-volume[93441]: DEBUG oslo_concurrency.processutils [None req-2040c197-d954-4ae6-a012-244f968aa027 tempest-VolumesSnapshotListTestJSON-661854046 None] CMD "/opt/stack/data/venv/bin/python3.12 -m oslo_concurrency.prlimit --as=1073741824 --cpu=60 -- sudo cinder-rootwrap /etc/cinder/rootwrap.conf env LC_ALL=C qemu-img info -f qcow2 --output=json --force-share /opt/stack/data/cinder/mnt/1087dce8bf37903b919a1b3fb8a53df1/volume-e2319f48-4391-4bb4-b7ca-995a4b779145.6f80905a-ef00-4fa5-9c20-f3551c11a5cf" returned: 0 in 0.802s {{(pid=93441) execute /opt/stack/data/venv/lib/python3.12/site-packages/oslo_concurrency/processutils.py:468}}
Jun 22 15:30:33 devstack cinder-volume[93441]: DEBUG cinder.volume.drivers.remotefs [None req-2040c197-d954-4ae6-a012-244f968aa027 tempest-VolumesSnapshotListTestJSON-661854046 None] Fetching qemu-img info with special backing_file_template: (/opt/stack/data/cinder/mnt/[0-9a-f]+/)?(volume-e2319f48-4391-4bb4-b7ca-995a4b779145(.(tmp-snap-)?[0-9a-f-]+)?|volume_from_snapshot_cache/(tmp-snap-)?[0-9a-f-]+(.(child-|parent-)[0-9a-f-]+)?)$ {{(pid=93441) _qemu_img_info_base /opt/stack/cinder/cinder/volume/drivers/remotefs.py:896}}
Jun 22 15:30:33 devstack cinder-volume[93441]: DEBUG oslo_concurrency.processutils [None req-2040c197-d954-4ae6-a012-244f968aa027 tempest-VolumesSnapshotListTestJSON-661854046 None] Running cmd (subprocess): sudo cinder-rootwrap /etc/cinder/rootwrap.conf qemu-img create -f qcow2 -o backing_file=/opt/stack/data/cinder/mnt/1087dce8bf37903b919a1b3fb8a53df1/volume-e2319f48-4391-4bb4-b7ca-995a4b779145.6f80905a-ef00-4fa5-9c20-f3551c11a5cf,backing_fmt=qcow2 /opt/stack/data/cinder/mnt/1087dce8bf37903b919a1b3fb8a53df1/volume-e2319f48-4391-4bb4-b7ca-995a4b779145.d71fd898-f512-4547-aaca-a7c08b364cc3 1G {{(pid=93441) execute /opt/stack/data/venv/lib/python3.12/site-packages/oslo_concurrency/processutils.py:440}}
Jun 22 15:30:33 devstack sudo[98603]: quobyte : PWD=/ ; USER=root ; COMMAND=/opt/stack/data/venv/bin/cinder-rootwrap /etc/cinder/rootwrap.conf qemu-img create -f qcow2 -o backing_file=/opt/stack/data/cinder/mnt/1087dce8bf37903b919a1b3fb8a53df1/volume-e2319f48-4391-4bb4-b7ca-995a4b779145.6f80905a-ef00-4fa5-9c20-f3551c11a5cf,backing_fmt=qcow2 /opt/stack/data/cinder/mnt/1087dce8bf37903b919a1b3fb8a53df1/volume-e2319f48-4391-4bb4-b7ca-995a4b779145.d71fd898-f512-4547-aaca-a7c08b364cc3 1G
Jun 22 15:30:33 devstack sudo[98603]: pam_unix(sudo:session): session opened for user root(uid=0) by (uid=1000)
Jun 22 15:30:34 devstack sudo[98603]: pam_unix(sudo:session): session closed for user root
Jun 22 15:30:34 devstack cinder-volume[93441]: DEBUG oslo_concurrency.processutils [None req-2040c197-d954-4ae6-a012-244f968aa027 tempest-VolumesSnapshotListTestJSON-661854046 None] CMD "sudo cinder-rootwrap /etc/cinder/rootwrap.conf qemu-img create -f qcow2 -o backing_file=/opt/stack/data/cinder/mnt/1087dce8bf37903b919a1b3fb8a53df1/volume-e2319f48-4391-4bb4-b7ca-995a4b779145.6f80905a-ef00-4fa5-9c20-f3551c11a5cf,backing_fmt=qcow2 /opt/stack/data/cinder/mnt/1087dce8bf37903b919a1b3fb8a53df1/volume-e2319f48-4391-4bb4-b7ca-995a4b779145.d71fd898-f512-4547-aaca-a7c08b364cc3 1G" returned: 0 in 0.873s {{(pid=93441) execute /opt/stack/data/venv/lib/python3.12/site-packages/oslo_concurrency/processutils.py:468}}
Jun 22 15:30:34 devstack cinder-volume[93441]: DEBUG oslo_concurrency.processutils [None req-2040c197-d954-4ae6-a012-244f968aa027 tempest-VolumesSnapshotListTestJSON-661854046 None] Running cmd (subprocess): sudo cinder-rootwrap /etc/cinder/rootwrap.conf qemu-img rebase -u -b volume-e2319f48-4391-4bb4-b7ca-995a4b779145.6f80905a-ef00-4fa5-9c20-f3551c11a5cf -F qcow2 /opt/stack/data/cinder/mnt/1087dce8bf37903b919a1b3fb8a53df1/volume-e2319f48-4391-4bb4-b7ca-995a4b779145.d71fd898-f512-4547-aaca-a7c08b364cc3 {{(pid=93441) execute /opt/stack/data/venv/lib/python3.12/site-packages/oslo_concurrency/processutils.py:440}}
Jun 22 15:30:34 devstack sudo[98608]: quobyte : PWD=/ ; USER=root ; COMMAND=/opt/stack/data/venv/bin/cinder-rootwrap /etc/cinder/rootwrap.conf qemu-img rebase -u -b volume-e2319f48-4391-4bb4-b7ca-995a4b779145.6f80905a-ef00-4fa5-9c20-f3551c11a5cf -F qcow2 /opt/stack/data/cinder/mnt/1087dce8bf37903b919a1b3fb8a53df1/volume-e2319f48-4391-4bb4-b7ca-995a4b779145.d71fd898-f512-4547-aaca-a7c08b364cc3
Jun 22 15:30:34 devstack sudo[98608]: pam_unix(sudo:session): session opened for user root(uid=0) by (uid=1000)
Jun 22 15:30:35 devstack sudo[98608]: pam_unix(sudo:session): session closed for user root
Jun 22 15:30:35 devstack cinder-volume[93441]: DEBUG oslo_concurrency.processutils [None req-2040c197-d954-4ae6-a012-244f968aa027 tempest-VolumesSnapshotListTestJSON-661854046 None] CMD "sudo cinder-rootwrap /etc/cinder/rootwrap.conf qemu-img rebase -u -b volume-e2319f48-4391-4bb4-b7ca-995a4b779145.6f80905a-ef00-4fa5-9c20-f3551c11a5cf -F qcow2 /opt/stack/data/cinder/mnt/1087dce8bf37903b919a1b3fb8a53df1/volume-e2319f48-4391-4bb4-b7ca-995a4b779145.d71fd898-f512-4547-aaca-a7c08b364cc3" returned: 0 in 0.701s {{(pid=93441) execute /opt/stack/data/venv/lib/python3.12/site-packages/oslo_concurrency/processutils.py:468}}
Jun 22 15:30:35 devstack cinder-volume[93441]: WARNING cinder.volume.drivers.remotefs [None req-2040c197-d954-4ae6-a012-244f968aa027 tempest-VolumesSnapshotListTestJSON-661854046 None] /opt/stack/data/cinder/mnt/1087dce8bf37903b919a1b3fb8a53df1/volume-e2319f48-4391-4bb4-b7ca-995a4b779145.d71fd898-f512-4547-aaca-a7c08b364cc3 is being set with open permissions: ugo+rw
Jun 22 15:30:35 devstack cinder-volume[93441]: DEBUG oslo_concurrency.processutils [None req-2040c197-d954-4ae6-a012-244f968aa027 tempest-VolumesSnapshotListTestJSON-661854046 None] Running cmd (subprocess): sudo cinder-rootwrap /etc/cinder/rootwrap.conf chmod ugo+rw /opt/stack/data/cinder/mnt/1087dce8bf37903b919a1b3fb8a53df1/volume-e2319f48-4391-4bb4-b7ca-995a4b779145.d71fd898-f512-4547-aaca-a7c08b364cc3 {{(pid=93441) execute /opt/stack/data/venv/lib/python3.12/site-packages/oslo_concurrency/processutils.py:440}}
Jun 22 15:30:35 devstack sudo[98616]: quobyte : PWD=/ ; USER=root ; COMMAND=/opt/stack/data/venv/bin/cinder-rootwrap /etc/cinder/rootwrap.conf chmod ugo+rw /opt/stack/data/cinder/mnt/1087dce8bf37903b919a1b3fb8a53df1/volume-e2319f48-4391-4bb4-b7ca-995a4b779145.d71fd898-f512-4547-aaca-a7c08b364cc3
Jun 22 15:30:35 devstack sudo[98616]: pam_unix(sudo:session): session opened for user root(uid=0) by (uid=1000)
Jun 22 15:30:35 devstack sudo[98616]: pam_unix(sudo:session): session closed for user root
Jun 22 15:30:35 devstack cinder-volume[93441]: DEBUG oslo_concurrency.processutils [None req-2040c197-d954-4ae6-a012-244f968aa027 tempest-VolumesSnapshotListTestJSON-661854046 None] CMD "sudo cinder-rootwrap /etc/cinder/rootwrap.conf chmod ugo+rw /opt/stack/data/cinder/mnt/1087dce8bf37903b919a1b3fb8a53df1/volume-e2319f48-4391-4bb4-b7ca-995a4b779145.d71fd898-f512-4547-aaca-a7c08b364cc3" returned: 0 in 0.649s {{(pid=93441) execute /opt/stack/data/venv/lib/python3.12/site-packages/oslo_concurrency/processutils.py:468}}
Jun 22 15:30:35 devstack cinder-volume[93441]: DEBUG oslo_concurrency.lockutils [None req-2040c197-d954-4ae6-a012-244f968aa027 tempest-VolumesSnapshotListTestJSON-661854046 None] Lock "quobyte" "released" by "cinder.volume.drivers.quobyte.QuobyteDriver.create_snapshot" :: held 3.130s {{(pid=93441) inner /opt/stack/data/venv/lib/python3.12/site-packages/oslo_concurrency/lockutils.py:543}}
Jun 22 15:30:35 devstack cinder-volume[93441]: INFO cinder.volume.manager [None req-2040c197-d954-4ae6-a012-244f968aa027 tempest-VolumesSnapshotListTestJSON-661854046 None] Create snapshot completed successfully
Jun 22 15:30:37 devstack cinder-volume[93441]: DEBUG oslo_concurrency.lockutils [None req-e7f86785-04be-4fdf-b5db-710fb421b843 tempest-VolumesSnapshotListTestJSON-661854046 None] Acquiring lock "quobyte" by "cinder.volume.drivers.quobyte.QuobyteDriver.create_snapshot" {{(pid=93441) inner /opt/stack/data/venv/lib/python3.12/site-packages/oslo_concurrency/lockutils.py:511}}
Jun 22 15:30:37 devstack cinder-volume[93441]: DEBUG oslo_concurrency.lockutils [None req-e7f86785-04be-4fdf-b5db-710fb421b843 tempest-VolumesSnapshotListTestJSON-661854046 None] Lock "quobyte" acquired by "cinder.volume.drivers.quobyte.QuobyteDriver.create_snapshot" :: waited 0.001s {{(pid=93441) inner /opt/stack/data/venv/lib/python3.12/site-packages/oslo_concurrency/lockutils.py:524}}
Jun 22 15:30:37 devstack cinder-volume[93441]: DEBUG cinder.volume.drivers.remotefs [None req-e7f86785-04be-4fdf-b5db-710fb421b843 tempest-VolumesSnapshotListTestJSON-661854046 None] Creating offline snapshot 3b7e974b-9da4-4489-8b08-60739fa32526 of volume e2319f48-4391-4bb4-b7ca-995a4b779145 {{(pid=93441) _create_snapshot /opt/stack/cinder/cinder/volume/drivers/remotefs.py:1816}}
Jun 22 15:30:37 devstack cinder-volume[93441]: DEBUG oslo.privsep.daemon [-] privsep: reply[0e0778c0-956e-4806-8c80-33cd97ae3287]: (4, 'qcow2') {{(pid=94463) _call_back /opt/stack/data/venv/lib/python3.12/site-packages/oslo_privsep/daemon.py:580}}
Jun 22 15:30:37 devstack cinder-volume[93441]: DEBUG oslo_concurrency.processutils [None req-e7f86785-04be-4fdf-b5db-710fb421b843 tempest-VolumesSnapshotListTestJSON-661854046 None] Running cmd (subprocess): /opt/stack/data/venv/bin/python3.12 -m oslo_concurrency.prlimit --as=1073741824 --cpu=60 -- sudo cinder-rootwrap /etc/cinder/rootwrap.conf env LC_ALL=C qemu-img info -f qcow2 --output=json --force-share /opt/stack/data/cinder/mnt/1087dce8bf37903b919a1b3fb8a53df1/volume-e2319f48-4391-4bb4-b7ca-995a4b779145.d71fd898-f512-4547-aaca-a7c08b364cc3 {{(pid=93441) execute /opt/stack/data/venv/lib/python3.12/site-packages/oslo_concurrency/processutils.py:440}}
Jun 22 15:30:37 devstack sudo[98709]: quobyte : PWD=/ ; USER=root ; COMMAND=/opt/stack/data/venv/bin/cinder-rootwrap /etc/cinder/rootwrap.conf env LC_ALL=C qemu-img info -f qcow2 --output=json --force-share /opt/stack/data/cinder/mnt/1087dce8bf37903b919a1b3fb8a53df1/volume-e2319f48-4391-4bb4-b7ca-995a4b779145.d71fd898-f512-4547-aaca-a7c08b364cc3
Jun 22 15:30:37 devstack sudo[98709]: pam_unix(sudo:session): session opened for user root(uid=0) by (uid=1000)
Jun 22 15:30:38 devstack sudo[98709]: pam_unix(sudo:session): session closed for user root
Jun 22 15:30:38 devstack cinder-volume[93441]: DEBUG oslo_concurrency.processutils [None req-e7f86785-04be-4fdf-b5db-710fb421b843 tempest-VolumesSnapshotListTestJSON-661854046 None] CMD "/opt/stack/data/venv/bin/python3.12 -m oslo_concurrency.prlimit --as=1073741824 --cpu=60 -- sudo cinder-rootwrap /etc/cinder/rootwrap.conf env LC_ALL=C qemu-img info -f qcow2 --output=json --force-share /opt/stack/data/cinder/mnt/1087dce8bf37903b919a1b3fb8a53df1/volume-e2319f48-4391-4bb4-b7ca-995a4b779145.d71fd898-f512-4547-aaca-a7c08b364cc3" returned: 0 in 1.340s {{(pid=93441) execute /opt/stack/data/venv/lib/python3.12/site-packages/oslo_concurrency/processutils.py:468}}
Jun 22 15:30:38 devstack cinder-volume[93441]: DEBUG cinder.volume.drivers.remotefs [None req-e7f86785-04be-4fdf-b5db-710fb421b843 tempest-VolumesSnapshotListTestJSON-661854046 None] Fetching qemu-img info with special backing_file_template: (/opt/stack/data/cinder/mnt/[0-9a-f]+/)?(volume-e2319f48-4391-4bb4-b7ca-995a4b779145(.(tmp-snap-)?[0-9a-f-]+)?|volume_from_snapshot_cache/(tmp-snap-)?[0-9a-f-]+(.(child-|parent-)[0-9a-f-]+)?)$ {{(pid=93441) _qemu_img_info_base /opt/stack/cinder/cinder/volume/drivers/remotefs.py:896}}
Jun 22 15:30:38 devstack cinder-volume[93441]: DEBUG oslo_concurrency.processutils [None req-e7f86785-04be-4fdf-b5db-710fb421b843 tempest-VolumesSnapshotListTestJSON-661854046 None] Running cmd (subprocess): sudo cinder-rootwrap /etc/cinder/rootwrap.conf qemu-img create -f qcow2 -o backing_file=/opt/stack/data/cinder/mnt/1087dce8bf37903b919a1b3fb8a53df1/volume-e2319f48-4391-4bb4-b7ca-995a4b779145.d71fd898-f512-4547-aaca-a7c08b364cc3,backing_fmt=qcow2 /opt/stack/data/cinder/mnt/1087dce8bf37903b919a1b3fb8a53df1/volume-e2319f48-4391-4bb4-b7ca-995a4b779145.3b7e974b-9da4-4489-8b08-60739fa32526 1G {{(pid=93441) execute /opt/stack/data/venv/lib/python3.12/site-packages/oslo_concurrency/processutils.py:440}}
Jun 22 15:30:38 devstack sudo[98747]: quobyte : PWD=/ ; USER=root ; COMMAND=/opt/stack/data/venv/bin/cinder-rootwrap /etc/cinder/rootwrap.conf qemu-img create -f qcow2 -o backing_file=/opt/stack/data/cinder/mnt/1087dce8bf37903b919a1b3fb8a53df1/volume-e2319f48-4391-4bb4-b7ca-995a4b779145.d71fd898-f512-4547-aaca-a7c08b364cc3,backing_fmt=qcow2 /opt/stack/data/cinder/mnt/1087dce8bf37903b919a1b3fb8a53df1/volume-e2319f48-4391-4bb4-b7ca-995a4b779145.3b7e974b-9da4-4489-8b08-60739fa32526 1G
Jun 22 15:30:38 devstack sudo[98747]: pam_unix(sudo:session): session opened for user root(uid=0) by (uid=1000)
Jun 22 15:30:39 devstack sudo[98747]: pam_unix(sudo:session): session closed for user root
Jun 22 15:30:39 devstack cinder-volume[93441]: DEBUG oslo_concurrency.processutils [None req-e7f86785-04be-4fdf-b5db-710fb421b843 tempest-VolumesSnapshotListTestJSON-661854046 None] CMD "sudo cinder-rootwrap /etc/cinder/rootwrap.conf qemu-img create -f qcow2 -o backing_file=/opt/stack/data/cinder/mnt/1087dce8bf37903b919a1b3fb8a53df1/volume-e2319f48-4391-4bb4-b7ca-995a4b779145.d71fd898-f512-4547-aaca-a7c08b364cc3,backing_fmt=qcow2 /opt/stack/data/cinder/mnt/1087dce8bf37903b919a1b3fb8a53df1/volume-e2319f48-4391-4bb4-b7ca-995a4b779145.3b7e974b-9da4-4489-8b08-60739fa32526 1G" returned: 0 in 1.160s {{(pid=93441) execute /opt/stack/data/venv/lib/python3.12/site-packages/oslo_concurrency/processutils.py:468}}
Jun 22 15:30:39 devstack cinder-volume[93441]: DEBUG oslo_concurrency.processutils [None req-e7f86785-04be-4fdf-b5db-710fb421b843 tempest-VolumesSnapshotListTestJSON-661854046 None] Running cmd (subprocess): sudo cinder-rootwrap /etc/cinder/rootwrap.conf qemu-img rebase -u -b volume-e2319f48-4391-4bb4-b7ca-995a4b779145.d71fd898-f512-4547-aaca-a7c08b364cc3 -F qcow2 /opt/stack/data/cinder/mnt/1087dce8bf37903b919a1b3fb8a53df1/volume-e2319f48-4391-4bb4-b7ca-995a4b779145.3b7e974b-9da4-4489-8b08-60739fa32526 {{(pid=93441) execute /opt/stack/data/venv/lib/python3.12/site-packages/oslo_concurrency/processutils.py:440}}
Jun 22 15:30:39 devstack sudo[98774]: quobyte : PWD=/ ; USER=root ; COMMAND=/opt/stack/data/venv/bin/cinder-rootwrap /etc/cinder/rootwrap.conf qemu-img rebase -u -b volume-e2319f48-4391-4bb4-b7ca-995a4b779145.d71fd898-f512-4547-aaca-a7c08b364cc3 -F qcow2 /opt/stack/data/cinder/mnt/1087dce8bf37903b919a1b3fb8a53df1/volume-e2319f48-4391-4bb4-b7ca-995a4b779145.3b7e974b-9da4-4489-8b08-60739fa32526
Jun 22 15:30:39 devstack sudo[98774]: pam_unix(sudo:session): session opened for user root(uid=0) by (uid=1000)
Jun 22 15:30:40 devstack cinder-volume[93441]: DEBUG cinder.volume.flows.manager.create_volume [None req-60cee85d-2c8b-49e4-8e56-2e6975ab050d tempest-AttachVolumeShelveTestJSON-974659967 None] Volume reschedule parameters: True retry: {'num_attempts': 1, 'backends': ['devstack@QuobyteHD#QuobyteHD'], 'hosts': ['devstack@QuobyteHD#QuobyteHD']} {{(pid=93441) get_flow /opt/stack/cinder/cinder/volume/flows/manager/create_volume.py:1397}}
Jun 22 15:30:40 devstack cinder-volume[93441]: DEBUG cinder.volume.manager [None req-60cee85d-2c8b-49e4-8e56-2e6975ab050d tempest-AttachVolumeShelveTestJSON-974659967 None] Flow 'volume_create_manager' (ef04c844-a7fa-4e17-b092-36fc08e85cdf) transitioned into state 'RUNNING' from state 'PENDING' {{(pid=93441) _flow_receiver /opt/stack/data/venv/lib/python3.12/site-packages/taskflow/listeners/logging.py:160}}
Jun 22 15:30:40 devstack cinder-volume[93441]: DEBUG cinder.volume.manager [None req-60cee85d-2c8b-49e4-8e56-2e6975ab050d tempest-AttachVolumeShelveTestJSON-974659967 None] Task 'cinder.volume.flows.manager.create_volume.ExtractVolumeRefTask;volume:create' (dc499c55-179f-4736-a6c7-87fd214697c5) transitioned into state 'RUNNING' from state 'PENDING' {{(pid=93441) _task_receiver /opt/stack/data/venv/lib/python3.12/site-packages/taskflow/listeners/logging.py:242}}
Jun 22 15:30:40 devstack cinder-volume[93441]: DEBUG cinder.volume.manager [None req-60cee85d-2c8b-49e4-8e56-2e6975ab050d tempest-AttachVolumeShelveTestJSON-974659967 None] Task 'cinder.volume.flows.manager.create_volume.ExtractVolumeRefTask;volume:create' (dc499c55-179f-4736-a6c7-87fd214697c5) transitioned into state 'SUCCESS' from state 'RUNNING' with result 'Volume(_name_id=None,admin_metadata=,attach_status='detached',availability_zone='nova',bootable=False,cluster=,cluster_name=None,consistencygroup=,consistencygroup_id=None,created_at=2026-06-22T13:30:40Z,deleted=False,deleted_at=None,display_description=None,display_name='tempest-AttachVolumeShelveTestJSON-volume-1729502127',ec2_id=None,encryption_key_id=None,glance_metadata=,group=,group_id=None,host='devstack@QuobyteHD#QuobyteHD',id=9ecd2998-78fb-4f60-b2cf-46e9e61e0255,launched_at=None,metadata={},migration_status=None,multiattach=False,previous_status=None,project_id='753009fe5896436abd1f4e5ee817bda4',provider_auth=None,provider_geometry=None,provider_id=None,provider_location=None,replication_driver_data=None,replication_extended_status=None,replication_status=None,scheduled_at=2026-06-22T13:30:41Z,service_uuid=None,shared_targets=True,size=1,snapshot_id=None,snapshots=,source_volid=None,status='creating',terminated_at=None,updated_at=2026-06-22T13:30:41Z,use_quota=True,user_id='a24235fbb31e4be28e273842d815e6fb',volume_attachment=VolumeAttachmentList,volume_type=VolumeType(4cf51bdb-ebaf-4406-a8a8-0b9cae46c23f),volume_type_id=4cf51bdb-ebaf-4406-a8a8-0b9cae46c23f)' {{(pid=93441) _task_receiver /opt/stack/data/venv/lib/python3.12/site-packages/taskflow/listeners/logging.py:218}}
Jun 22 15:30:40 devstack cinder-volume[93441]: DEBUG cinder.volume.manager [None req-60cee85d-2c8b-49e4-8e56-2e6975ab050d tempest-AttachVolumeShelveTestJSON-974659967 None] Task 'cinder.volume.flows.manager.create_volume.OnFailureRescheduleTask;volume:create' (93f0286f-bd8e-45d8-b0f0-5e981a2a67bc) transitioned into state 'RUNNING' from state 'PENDING' {{(pid=93441) _task_receiver /opt/stack/data/venv/lib/python3.12/site-packages/taskflow/listeners/logging.py:242}}
Jun 22 15:30:40 devstack cinder-volume[93441]: DEBUG cinder.volume.manager [None req-60cee85d-2c8b-49e4-8e56-2e6975ab050d tempest-AttachVolumeShelveTestJSON-974659967 None] Task 'cinder.volume.flows.manager.create_volume.OnFailureRescheduleTask;volume:create' (93f0286f-bd8e-45d8-b0f0-5e981a2a67bc) transitioned into state 'SUCCESS' from state 'RUNNING' with result 'None' {{(pid=93441) _task_receiver /opt/stack/data/venv/lib/python3.12/site-packages/taskflow/listeners/logging.py:218}}
Jun 22 15:30:40 devstack cinder-volume[93441]: DEBUG cinder.volume.manager [None req-60cee85d-2c8b-49e4-8e56-2e6975ab050d tempest-AttachVolumeShelveTestJSON-974659967 None] Task 'cinder.volume.flows.manager.create_volume.ExtractVolumeSpecTask;volume:create' (83849c5f-9dee-41b7-a9f5-c8609d9d4e21) transitioned into state 'RUNNING' from state 'PENDING' {{(pid=93441) _task_receiver /opt/stack/data/venv/lib/python3.12/site-packages/taskflow/listeners/logging.py:242}}
Jun 22 15:30:41 devstack cinder-volume[93441]: DEBUG cinder.volume.manager [None req-60cee85d-2c8b-49e4-8e56-2e6975ab050d tempest-AttachVolumeShelveTestJSON-974659967 None] Task 'cinder.volume.flows.manager.create_volume.ExtractVolumeSpecTask;volume:create' (83849c5f-9dee-41b7-a9f5-c8609d9d4e21) transitioned into state 'SUCCESS' from state 'RUNNING' with result '{'status': 'creating', 'type': 'raw', 'volume_id': '9ecd2998-78fb-4f60-b2cf-46e9e61e0255', 'volume_name': 'volume-9ecd2998-78fb-4f60-b2cf-46e9e61e0255', 'volume_size': 1}' {{(pid=93441) _task_receiver /opt/stack/data/venv/lib/python3.12/site-packages/taskflow/listeners/logging.py:218}}
Jun 22 15:30:41 devstack cinder-volume[93441]: DEBUG cinder.volume.manager [None req-60cee85d-2c8b-49e4-8e56-2e6975ab050d tempest-AttachVolumeShelveTestJSON-974659967 None] Task 'cinder.volume.flows.manager.create_volume.NotifyVolumeActionTask;volume:create, create.start' (d101e3ab-5756-48ab-b7bc-42410b32f88c) transitioned into state 'RUNNING' from state 'PENDING' {{(pid=93441) _task_receiver /opt/stack/data/venv/lib/python3.12/site-packages/taskflow/listeners/logging.py:242}}
Jun 22 15:30:41 devstack cinder-volume[93441]: DEBUG cinder.volume.manager [None req-60cee85d-2c8b-49e4-8e56-2e6975ab050d tempest-AttachVolumeShelveTestJSON-974659967 None] Task 'cinder.volume.flows.manager.create_volume.NotifyVolumeActionTask;volume:create, create.start' (d101e3ab-5756-48ab-b7bc-42410b32f88c) transitioned into state 'SUCCESS' from state 'RUNNING' with result 'None' {{(pid=93441) _task_receiver /opt/stack/data/venv/lib/python3.12/site-packages/taskflow/listeners/logging.py:218}}
Jun 22 15:30:41 devstack cinder-volume[93441]: DEBUG cinder.volume.manager [None req-60cee85d-2c8b-49e4-8e56-2e6975ab050d tempest-AttachVolumeShelveTestJSON-974659967 None] Task 'cinder.volume.flows.manager.create_volume.CreateVolumeFromSpecTask;volume:create' (884dc578-4f70-4f0a-978d-5ae4a4a810a1) transitioned into state 'RUNNING' from state 'PENDING' {{(pid=93441) _task_receiver /opt/stack/data/venv/lib/python3.12/site-packages/taskflow/listeners/logging.py:242}}
Jun 22 15:30:41 devstack cinder-volume[93441]: INFO cinder.volume.flows.manager.create_volume [None req-60cee85d-2c8b-49e4-8e56-2e6975ab050d tempest-AttachVolumeShelveTestJSON-974659967 None] Volume 9ecd2998-78fb-4f60-b2cf-46e9e61e0255: being created as raw with specification: {'status': 'creating', 'volume_name': 'volume-9ecd2998-78fb-4f60-b2cf-46e9e61e0255', 'volume_size': 1}
Jun 22 15:30:41 devstack cinder-volume[93441]: DEBUG oslo_concurrency.lockutils [None req-60cee85d-2c8b-49e4-8e56-2e6975ab050d tempest-AttachVolumeShelveTestJSON-974659967 None] Acquiring lock "quobyte" by "cinder.volume.drivers.quobyte.QuobyteDriver.create_volume" {{(pid=93441) inner /opt/stack/data/venv/lib/python3.12/site-packages/oslo_concurrency/lockutils.py:511}}
Jun 22 15:30:41 devstack sudo[98774]: pam_unix(sudo:session): session closed for user root
Jun 22 15:30:41 devstack cinder-volume[93441]: DEBUG oslo_concurrency.processutils [None req-e7f86785-04be-4fdf-b5db-710fb421b843 tempest-VolumesSnapshotListTestJSON-661854046 None] CMD "sudo cinder-rootwrap /etc/cinder/rootwrap.conf qemu-img rebase -u -b volume-e2319f48-4391-4bb4-b7ca-995a4b779145.d71fd898-f512-4547-aaca-a7c08b364cc3 -F qcow2 /opt/stack/data/cinder/mnt/1087dce8bf37903b919a1b3fb8a53df1/volume-e2319f48-4391-4bb4-b7ca-995a4b779145.3b7e974b-9da4-4489-8b08-60739fa32526" returned: 0 in 1.470s {{(pid=93441) execute /opt/stack/data/venv/lib/python3.12/site-packages/oslo_concurrency/processutils.py:468}}
Jun 22 15:30:41 devstack cinder-volume[93441]: WARNING cinder.volume.drivers.remotefs [None req-e7f86785-04be-4fdf-b5db-710fb421b843 tempest-VolumesSnapshotListTestJSON-661854046 None] /opt/stack/data/cinder/mnt/1087dce8bf37903b919a1b3fb8a53df1/volume-e2319f48-4391-4bb4-b7ca-995a4b779145.3b7e974b-9da4-4489-8b08-60739fa32526 is being set with open permissions: ugo+rw
Jun 22 15:30:41 devstack cinder-volume[93441]: DEBUG oslo_concurrency.processutils [None req-e7f86785-04be-4fdf-b5db-710fb421b843 tempest-VolumesSnapshotListTestJSON-661854046 None] Running cmd (subprocess): sudo cinder-rootwrap /etc/cinder/rootwrap.conf chmod ugo+rw /opt/stack/data/cinder/mnt/1087dce8bf37903b919a1b3fb8a53df1/volume-e2319f48-4391-4bb4-b7ca-995a4b779145.3b7e974b-9da4-4489-8b08-60739fa32526 {{(pid=93441) execute /opt/stack/data/venv/lib/python3.12/site-packages/oslo_concurrency/processutils.py:440}}
Jun 22 15:30:41 devstack sudo[98802]: quobyte : PWD=/ ; USER=root ; COMMAND=/opt/stack/data/venv/bin/cinder-rootwrap /etc/cinder/rootwrap.conf chmod ugo+rw /opt/stack/data/cinder/mnt/1087dce8bf37903b919a1b3fb8a53df1/volume-e2319f48-4391-4bb4-b7ca-995a4b779145.3b7e974b-9da4-4489-8b08-60739fa32526
Jun 22 15:30:41 devstack sudo[98802]: pam_unix(sudo:session): session opened for user root(uid=0) by (uid=1000)
Jun 22 15:30:42 devstack sudo[98802]: pam_unix(sudo:session): session closed for user root
Jun 22 15:30:42 devstack cinder-volume[93441]: DEBUG oslo_concurrency.processutils [None req-e7f86785-04be-4fdf-b5db-710fb421b843 tempest-VolumesSnapshotListTestJSON-661854046 None] CMD "sudo cinder-rootwrap /etc/cinder/rootwrap.conf chmod ugo+rw /opt/stack/data/cinder/mnt/1087dce8bf37903b919a1b3fb8a53df1/volume-e2319f48-4391-4bb4-b7ca-995a4b779145.3b7e974b-9da4-4489-8b08-60739fa32526" returned: 0 in 0.784s {{(pid=93441) execute /opt/stack/data/venv/lib/python3.12/site-packages/oslo_concurrency/processutils.py:468}}
Jun 22 15:30:42 devstack cinder-volume[93441]: DEBUG oslo_concurrency.lockutils [None req-e7f86785-04be-4fdf-b5db-710fb421b843 tempest-VolumesSnapshotListTestJSON-661854046 None] Lock "quobyte" "released" by "cinder.volume.drivers.quobyte.QuobyteDriver.create_snapshot" :: held 4.893s {{(pid=93441) inner /opt/stack/data/venv/lib/python3.12/site-packages/oslo_concurrency/lockutils.py:543}}
Jun 22 15:30:42 devstack cinder-volume[93441]: DEBUG oslo_concurrency.lockutils [None req-60cee85d-2c8b-49e4-8e56-2e6975ab050d tempest-AttachVolumeShelveTestJSON-974659967 None] Lock "quobyte" acquired by "cinder.volume.drivers.quobyte.QuobyteDriver.create_volume" :: waited 1.076s {{(pid=93441) inner /opt/stack/data/venv/lib/python3.12/site-packages/oslo_concurrency/lockutils.py:524}}
Jun 22 15:30:42 devstack cinder-volume[93441]: DEBUG cinder.volume.drivers.quobyte [None req-60cee85d-2c8b-49e4-8e56-2e6975ab050d tempest-AttachVolumeShelveTestJSON-974659967 None] ==> create_volume: call "{'self': , 'volume': Volume(_name_id=None,admin_metadata=,attach_status='detached',availability_zone='nova',bootable=False,cluster=,cluster_name=None,consistencygroup=,consistencygroup_id=None,created_at=2026-06-22T13:30:40Z,deleted=False,deleted_at=None,display_description=None,display_name='tempest-AttachVolumeShelveTestJSON-volume-1729502127',ec2_id=None,encryption_key_id=None,glance_metadata=,group=,group_id=None,host='devstack@QuobyteHD#QuobyteHD',id=9ecd2998-78fb-4f60-b2cf-46e9e61e0255,launched_at=None,metadata={},migration_status=None,multiattach=False,previous_status=None,project_id='753009fe5896436abd1f4e5ee817bda4',provider_auth=None,provider_geometry=None,provider_id=None,provider_location=None,replication_driver_data=None,replication_extended_status=None,replication_status=None,scheduled_at=2026-06-22T13:30:41Z,service_uuid=None,shared_targets=True,size=1,snapshot_id=None,snapshots=,source_volid=None,status='creating',terminated_at=None,updated_at=2026-06-22T13:30:41Z,use_quota=True,user_id='a24235fbb31e4be28e273842d815e6fb',volume_attachment=VolumeAttachmentList,volume_type=VolumeType(4cf51bdb-ebaf-4406-a8a8-0b9cae46c23f),volume_type_id=4cf51bdb-ebaf-4406-a8a8-0b9cae46c23f)}" {{(pid=93441) trace_logging_wrapper /opt/stack/cinder/cinder/volume/volume_utils.py:1497}}
Jun 22 15:30:42 devstack cinder-volume[93441]: DEBUG cinder.volume.drivers.remotefs [None req-60cee85d-2c8b-49e4-8e56-2e6975ab050d tempest-AttachVolumeShelveTestJSON-974659967 None] Creating volume 9ecd2998-78fb-4f60-b2cf-46e9e61e0255 {{(pid=93441) create_volume /opt/stack/cinder/cinder/volume/drivers/remotefs.py:292}}
Jun 22 15:30:42 devstack cinder-volume[93441]: DEBUG oslo_concurrency.lockutils [None req-60cee85d-2c8b-49e4-8e56-2e6975ab050d tempest-AttachVolumeShelveTestJSON-974659967 None] Acquiring lock "quobyte_ensure" by "cinder.volume.drivers.quobyte.QuobyteDriver._ensure_shares_mounted" {{(pid=93441) inner /opt/stack/data/venv/lib/python3.12/site-packages/oslo_concurrency/lockutils.py:511}}
Jun 22 15:30:42 devstack cinder-volume[93441]: DEBUG oslo_concurrency.lockutils [None req-60cee85d-2c8b-49e4-8e56-2e6975ab050d tempest-AttachVolumeShelveTestJSON-974659967 None] Lock "quobyte_ensure" acquired by "cinder.volume.drivers.quobyte.QuobyteDriver._ensure_shares_mounted" :: waited 0.001s {{(pid=93441) inner /opt/stack/data/venv/lib/python3.12/site-packages/oslo_concurrency/lockutils.py:524}}
Jun 22 15:30:42 devstack cinder-volume[93441]: DEBUG cinder.volume.drivers.quobyte [None req-60cee85d-2c8b-49e4-8e56-2e6975ab050d tempest-AttachVolumeShelveTestJSON-974659967 None] Quobyte Volume URL set to: {'osci02.corp.quobyte.com/cinder-vol-5425e5bc-17a6-4099-8b5b-4c62ff0ad3df': None} {{(pid=93441) _load_shares_config /opt/stack/cinder/cinder/volume/drivers/quobyte.py:617}}
Jun 22 15:30:42 devstack cinder-volume[93441]: DEBUG cinder.volume.drivers.quobyte [None req-60cee85d-2c8b-49e4-8e56-2e6975ab050d tempest-AttachVolumeShelveTestJSON-974659967 None] Available shares ['osci02.corp.quobyte.com/cinder-vol-5425e5bc-17a6-4099-8b5b-4c62ff0ad3df'] {{(pid=93441) _ensure_shares_mounted /opt/stack/cinder/cinder/volume/drivers/quobyte.py:647}}
Jun 22 15:30:42 devstack cinder-volume[93441]: DEBUG oslo_concurrency.lockutils [None req-60cee85d-2c8b-49e4-8e56-2e6975ab050d tempest-AttachVolumeShelveTestJSON-974659967 None] Lock "quobyte_ensure" "released" by "cinder.volume.drivers.quobyte.QuobyteDriver._ensure_shares_mounted" :: held 0.005s {{(pid=93441) inner /opt/stack/data/venv/lib/python3.12/site-packages/oslo_concurrency/lockutils.py:543}}
Jun 22 15:30:42 devstack cinder-volume[93441]: DEBUG cinder.volume.drivers.quobyte [None req-60cee85d-2c8b-49e4-8e56-2e6975ab050d tempest-AttachVolumeShelveTestJSON-974659967 None] Selected osci02.corp.quobyte.com/cinder-vol-5425e5bc-17a6-4099-8b5b-4c62ff0ad3df as target Quobyte volume. {{(pid=93441) _find_share /opt/stack/cinder/cinder/volume/drivers/quobyte.py:668}}
Jun 22 15:30:42 devstack cinder-volume[93441]: INFO cinder.volume.drivers.remotefs [None req-60cee85d-2c8b-49e4-8e56-2e6975ab050d tempest-AttachVolumeShelveTestJSON-974659967 None] casted to osci02.corp.quobyte.com/cinder-vol-5425e5bc-17a6-4099-8b5b-4c62ff0ad3df
Jun 22 15:30:42 devstack cinder-volume[93441]: DEBUG oslo_concurrency.processutils [None req-60cee85d-2c8b-49e4-8e56-2e6975ab050d tempest-AttachVolumeShelveTestJSON-974659967 None] Running cmd (subprocess): sudo cinder-rootwrap /etc/cinder/rootwrap.conf qemu-img create -f qcow2 -o preallocation=metadata /opt/stack/data/cinder/mnt/1087dce8bf37903b919a1b3fb8a53df1/volume-9ecd2998-78fb-4f60-b2cf-46e9e61e0255 1073741824 {{(pid=93441) execute /opt/stack/data/venv/lib/python3.12/site-packages/oslo_concurrency/processutils.py:440}}
Jun 22 15:30:42 devstack sudo[98806]: quobyte : PWD=/ ; USER=root ; COMMAND=/opt/stack/data/venv/bin/cinder-rootwrap /etc/cinder/rootwrap.conf qemu-img create -f qcow2 -o preallocation=metadata /opt/stack/data/cinder/mnt/1087dce8bf37903b919a1b3fb8a53df1/volume-9ecd2998-78fb-4f60-b2cf-46e9e61e0255 1073741824
Jun 22 15:30:42 devstack sudo[98806]: pam_unix(sudo:session): session opened for user root(uid=0) by (uid=1000)
Jun 22 15:30:42 devstack cinder-volume[93441]: INFO cinder.volume.manager [None req-e7f86785-04be-4fdf-b5db-710fb421b843 tempest-VolumesSnapshotListTestJSON-661854046 None] Create snapshot completed successfully
Jun 22 15:30:43 devstack sudo[98806]: pam_unix(sudo:session): session closed for user root
Jun 22 15:30:43 devstack cinder-volume[93441]: DEBUG oslo_concurrency.processutils [None req-60cee85d-2c8b-49e4-8e56-2e6975ab050d tempest-AttachVolumeShelveTestJSON-974659967 None] CMD "sudo cinder-rootwrap /etc/cinder/rootwrap.conf qemu-img create -f qcow2 -o preallocation=metadata /opt/stack/data/cinder/mnt/1087dce8bf37903b919a1b3fb8a53df1/volume-9ecd2998-78fb-4f60-b2cf-46e9e61e0255 1073741824" returned: 0 in 1.419s {{(pid=93441) execute /opt/stack/data/venv/lib/python3.12/site-packages/oslo_concurrency/processutils.py:468}}
Jun 22 15:30:43 devstack cinder-volume[93441]: DEBUG oslo_concurrency.processutils [None req-60cee85d-2c8b-49e4-8e56-2e6975ab050d tempest-AttachVolumeShelveTestJSON-974659967 None] Running cmd (subprocess): sudo cinder-rootwrap /etc/cinder/rootwrap.conf chmod ugo+rw /opt/stack/data/cinder/mnt/1087dce8bf37903b919a1b3fb8a53df1/volume-9ecd2998-78fb-4f60-b2cf-46e9e61e0255 {{(pid=93441) execute /opt/stack/data/venv/lib/python3.12/site-packages/oslo_concurrency/processutils.py:440}}
Jun 22 15:30:43 devstack sudo[98817]: quobyte : PWD=/ ; USER=root ; COMMAND=/opt/stack/data/venv/bin/cinder-rootwrap /etc/cinder/rootwrap.conf chmod ugo+rw /opt/stack/data/cinder/mnt/1087dce8bf37903b919a1b3fb8a53df1/volume-9ecd2998-78fb-4f60-b2cf-46e9e61e0255
Jun 22 15:30:43 devstack sudo[98817]: pam_unix(sudo:session): session opened for user root(uid=0) by (uid=1000)
Jun 22 15:30:43 devstack cinder-volume[93441]: DEBUG cinder.coordination [None req-17cf6dd4-60aa-443b-b8c8-e0fde2676724 tempest-VolumesSnapshotListTestJSON-661854046 None] Acquiring lock "cinder-3b7e974b-9da4-4489-8b08-60739fa32526-delete_snapshot" by "delete_snapshot" {{(pid=93441) __acquire /opt/stack/cinder/cinder/coordination.py:138}}
Jun 22 15:30:43 devstack cinder-volume[93441]: DEBUG cinder.coordination [None req-17cf6dd4-60aa-443b-b8c8-e0fde2676724 tempest-VolumesSnapshotListTestJSON-661854046 None] Lock "cinder-3b7e974b-9da4-4489-8b08-60739fa32526-delete_snapshot" acquired by "delete_snapshot" :: waited 0.036s {{(pid=93441) __acquire /opt/stack/cinder/cinder/coordination.py:141}}
Jun 22 15:30:43 devstack cinder-volume[93441]: DEBUG cinder.coordination [None req-17cf6dd4-60aa-443b-b8c8-e0fde2676724 tempest-VolumesSnapshotListTestJSON-661854046 None] Acquiring lock "cinder-quobyte-e2319f48-4391-4bb4-b7ca-995a4b779145" by "delete_snapshot" {{(pid=93441) __acquire /opt/stack/cinder/cinder/coordination.py:138}}
Jun 22 15:30:44 devstack cinder-volume[93441]: DEBUG cinder.coordination [None req-17cf6dd4-60aa-443b-b8c8-e0fde2676724 tempest-VolumesSnapshotListTestJSON-661854046 None] Lock "cinder-quobyte-e2319f48-4391-4bb4-b7ca-995a4b779145" acquired by "delete_snapshot" :: waited 0.019s {{(pid=93441) __acquire /opt/stack/cinder/cinder/coordination.py:141}}
Jun 22 15:30:44 devstack cinder-volume[93441]: DEBUG cinder.coordination [None req-17cf6dd4-60aa-443b-b8c8-e0fde2676724 tempest-VolumesSnapshotListTestJSON-661854046 None] Acquiring lock "cinder-quobyte-3b7e974b-9da4-4489-8b08-60739fa32526" by "_delete_snapshot" {{(pid=93441) __acquire /opt/stack/cinder/cinder/coordination.py:138}}
Jun 22 15:30:44 devstack cinder-volume[93441]: DEBUG cinder.coordination [None req-17cf6dd4-60aa-443b-b8c8-e0fde2676724 tempest-VolumesSnapshotListTestJSON-661854046 None] Lock "cinder-quobyte-3b7e974b-9da4-4489-8b08-60739fa32526" acquired by "_delete_snapshot" :: waited 0.020s {{(pid=93441) __acquire /opt/stack/cinder/cinder/coordination.py:141}}
Jun 22 15:30:44 devstack cinder-volume[93441]: DEBUG cinder.volume.drivers.remotefs [None req-17cf6dd4-60aa-443b-b8c8-e0fde2676724 tempest-VolumesSnapshotListTestJSON-661854046 None] Deleting offline snapshot 3b7e974b-9da4-4489-8b08-60739fa32526 of volume e2319f48-4391-4bb4-b7ca-995a4b779145 {{(pid=93441) _delete_snapshot /opt/stack/cinder/cinder/volume/drivers/remotefs.py:1288}}
Jun 22 15:30:44 devstack cinder-volume[93441]: DEBUG cinder.volume.drivers.remotefs [None req-17cf6dd4-60aa-443b-b8c8-e0fde2676724 tempest-VolumesSnapshotListTestJSON-661854046 None] snapshot_file for this snap is: volume-e2319f48-4391-4bb4-b7ca-995a4b779145.3b7e974b-9da4-4489-8b08-60739fa32526 {{(pid=93441) _delete_snapshot /opt/stack/cinder/cinder/volume/drivers/remotefs.py:1317}}
Jun 22 15:30:44 devstack cinder-volume[93441]: DEBUG oslo.privsep.daemon [-] privsep: reply[67015d55-734d-4573-b95b-17b26323b8b7]: (4, 'qcow2') {{(pid=94463) _call_back /opt/stack/data/venv/lib/python3.12/site-packages/oslo_privsep/daemon.py:580}}
