Jun 22 15:28:16 devstack cinder-volume[93441]: DEBUG cinder.volume.drivers.remotefs [None req-f1d41aa6-0605-4625-a661-6c4ae9e94c0d tempest-SnapshotsActionsTest-1304519064 None] Creating offline snapshot 61aa0ed0-d5ae-4711-822d-e8ad8731b2c9 of volume 3174b1be-511c-4b91-828c-bd3db584a152 {{(pid=93441) _create_snapshot /opt/stack/cinder/cinder/volume/drivers/remotefs.py:1816}}
Jun 22 15:28:16 devstack cinder-volume[93441]: DEBUG oslo.privsep.daemon [-] privsep: reply[6f116db5-13a3-46d1-966b-da3fe33e5669]: (4, 'qcow2') {{(pid=94463) _call_back /opt/stack/data/venv/lib/python3.12/site-packages/oslo_privsep/daemon.py:580}}
Jun 22 15:28:16 devstack cinder-volume[93441]: DEBUG oslo_concurrency.processutils [None req-f1d41aa6-0605-4625-a661-6c4ae9e94c0d tempest-SnapshotsActionsTest-1304519064 None] Running cmd (subprocess): /opt/stack/data/venv/bin/python3.12 -m oslo_concurrency.prlimit --as=1073741824 --cpu=60 -- sudo cinder-rootwrap /etc/cinder/rootwrap.conf env LC_ALL=C qemu-img info -f qcow2 --output=json --force-share /opt/stack/data/cinder/mnt/1087dce8bf37903b919a1b3fb8a53df1/volume-3174b1be-511c-4b91-828c-bd3db584a152.7d9848d2-6930-4158-8fff-3fdc8a85b5e5 {{(pid=93441) execute /opt/stack/data/venv/lib/python3.12/site-packages/oslo_concurrency/processutils.py:440}}
Jun 22 15:28:16 devstack sudo[96225]: quobyte : PWD=/ ; USER=root ; COMMAND=/opt/stack/data/venv/bin/cinder-rootwrap /etc/cinder/rootwrap.conf env LC_ALL=C qemu-img info -f qcow2 --output=json --force-share /opt/stack/data/cinder/mnt/1087dce8bf37903b919a1b3fb8a53df1/volume-3174b1be-511c-4b91-828c-bd3db584a152.7d9848d2-6930-4158-8fff-3fdc8a85b5e5
Jun 22 15:28:16 devstack sudo[96225]: pam_unix(sudo:session): session opened for user root(uid=0) by (uid=1000)
Jun 22 15:28:16 devstack sudo[96225]: pam_unix(sudo:session): session closed for user root
Jun 22 15:28:16 devstack cinder-volume[93441]: DEBUG oslo_concurrency.processutils [None req-f1d41aa6-0605-4625-a661-6c4ae9e94c0d tempest-SnapshotsActionsTest-1304519064 None] CMD "/opt/stack/data/venv/bin/python3.12 -m oslo_concurrency.prlimit --as=1073741824 --cpu=60 -- sudo cinder-rootwrap /etc/cinder/rootwrap.conf env LC_ALL=C qemu-img info -f qcow2 --output=json --force-share /opt/stack/data/cinder/mnt/1087dce8bf37903b919a1b3fb8a53df1/volume-3174b1be-511c-4b91-828c-bd3db584a152.7d9848d2-6930-4158-8fff-3fdc8a85b5e5" returned: 0 in 0.825s {{(pid=93441) execute /opt/stack/data/venv/lib/python3.12/site-packages/oslo_concurrency/processutils.py:468}}
Jun 22 15:28:16 devstack cinder-volume[93441]: DEBUG cinder.volume.drivers.remotefs [None req-f1d41aa6-0605-4625-a661-6c4ae9e94c0d tempest-SnapshotsActionsTest-1304519064 None] Fetching qemu-img info with special backing_file_template: (/opt/stack/data/cinder/mnt/[0-9a-f]+/)?(volume-3174b1be-511c-4b91-828c-bd3db584a152(.(tmp-snap-)?[0-9a-f-]+)?|volume_from_snapshot_cache/(tmp-snap-)?[0-9a-f-]+(.(child-|parent-)[0-9a-f-]+)?)$ {{(pid=93441) _qemu_img_info_base /opt/stack/cinder/cinder/volume/drivers/remotefs.py:896}}
Jun 22 15:28:16 devstack cinder-volume[93441]: DEBUG oslo_concurrency.processutils [None req-f1d41aa6-0605-4625-a661-6c4ae9e94c0d tempest-SnapshotsActionsTest-1304519064 None] Running cmd (subprocess): sudo cinder-rootwrap /etc/cinder/rootwrap.conf qemu-img create -f qcow2 -o backing_file=/opt/stack/data/cinder/mnt/1087dce8bf37903b919a1b3fb8a53df1/volume-3174b1be-511c-4b91-828c-bd3db584a152.7d9848d2-6930-4158-8fff-3fdc8a85b5e5,backing_fmt=qcow2 /opt/stack/data/cinder/mnt/1087dce8bf37903b919a1b3fb8a53df1/volume-3174b1be-511c-4b91-828c-bd3db584a152.61aa0ed0-d5ae-4711-822d-e8ad8731b2c9 1G {{(pid=93441) execute /opt/stack/data/venv/lib/python3.12/site-packages/oslo_concurrency/processutils.py:440}}
Jun 22 15:28:16 devstack sudo[96230]: quobyte : PWD=/ ; USER=root ; COMMAND=/opt/stack/data/venv/bin/cinder-rootwrap /etc/cinder/rootwrap.conf qemu-img create -f qcow2 -o backing_file=/opt/stack/data/cinder/mnt/1087dce8bf37903b919a1b3fb8a53df1/volume-3174b1be-511c-4b91-828c-bd3db584a152.7d9848d2-6930-4158-8fff-3fdc8a85b5e5,backing_fmt=qcow2 /opt/stack/data/cinder/mnt/1087dce8bf37903b919a1b3fb8a53df1/volume-3174b1be-511c-4b91-828c-bd3db584a152.61aa0ed0-d5ae-4711-822d-e8ad8731b2c9 1G
Jun 22 15:28:16 devstack sudo[96230]: pam_unix(sudo:session): session opened for user root(uid=0) by (uid=1000)
Jun 22 15:28:17 devstack cinder-volume[93441]: DEBUG cinder.coordination [None req-7e38849e-38d8-4d6f-890d-8de5a30a66bd tempest-DeleteServersTestJSON-92577880 None] Acquiring lock "cinder-bf2488fe-5e54-4e6f-b1bd-961bf6c801be-delete_volume" by "delete_volume" {{(pid=93441) __acquire /opt/stack/cinder/cinder/coordination.py:138}}
Jun 22 15:28:17 devstack cinder-volume[93441]: DEBUG cinder.coordination [None req-7e38849e-38d8-4d6f-890d-8de5a30a66bd tempest-DeleteServersTestJSON-92577880 None] Lock "cinder-bf2488fe-5e54-4e6f-b1bd-961bf6c801be-delete_volume" acquired by "delete_volume" :: waited 0.023s {{(pid=93441) __acquire /opt/stack/cinder/cinder/coordination.py:141}}
Jun 22 15:28:17 devstack cinder-volume[93441]: DEBUG cinder.coordination [None req-7e38849e-38d8-4d6f-890d-8de5a30a66bd tempest-DeleteServersTestJSON-92577880 None] Acquiring lock "cinder-quobyte-bf2488fe-5e54-4e6f-b1bd-961bf6c801be" by "delete_volume" {{(pid=93441) __acquire /opt/stack/cinder/cinder/coordination.py:138}}
Jun 22 15:28:17 devstack cinder-volume[93441]: DEBUG cinder.coordination [None req-7e38849e-38d8-4d6f-890d-8de5a30a66bd tempest-DeleteServersTestJSON-92577880 None] Lock "cinder-quobyte-bf2488fe-5e54-4e6f-b1bd-961bf6c801be" acquired by "delete_volume" :: waited 0.022s {{(pid=93441) __acquire /opt/stack/cinder/cinder/coordination.py:141}}
Jun 22 15:28:17 devstack cinder-volume[93441]: DEBUG oslo.privsep.daemon [-] privsep: reply[1d82b441-c0a7-41a1-aa59-48112aa5649e]: (4, 'qcow2') {{(pid=94463) _call_back /opt/stack/data/venv/lib/python3.12/site-packages/oslo_privsep/daemon.py:580}}
Jun 22 15:28:17 devstack cinder-volume[93441]: DEBUG oslo_concurrency.processutils [None req-7e38849e-38d8-4d6f-890d-8de5a30a66bd tempest-DeleteServersTestJSON-92577880 None] Running cmd (subprocess): /opt/stack/data/venv/bin/python3.12 -m oslo_concurrency.prlimit --as=1073741824 --cpu=60 -- sudo cinder-rootwrap /etc/cinder/rootwrap.conf env LC_ALL=C qemu-img info -f qcow2 --output=json --force-share /opt/stack/data/cinder/mnt/1087dce8bf37903b919a1b3fb8a53df1/volume-bf2488fe-5e54-4e6f-b1bd-961bf6c801be {{(pid=93441) execute /opt/stack/data/venv/lib/python3.12/site-packages/oslo_concurrency/processutils.py:440}}
Jun 22 15:28:17 devstack sudo[96235]: quobyte : PWD=/ ; USER=root ; COMMAND=/opt/stack/data/venv/bin/cinder-rootwrap /etc/cinder/rootwrap.conf env LC_ALL=C qemu-img info -f qcow2 --output=json --force-share /opt/stack/data/cinder/mnt/1087dce8bf37903b919a1b3fb8a53df1/volume-bf2488fe-5e54-4e6f-b1bd-961bf6c801be
Jun 22 15:28:17 devstack sudo[96235]: pam_unix(sudo:session): session opened for user root(uid=0) by (uid=1000)
Jun 22 15:28:17 devstack sudo[96230]: pam_unix(sudo:session): session closed for user root
Jun 22 15:28:17 devstack cinder-volume[93441]: DEBUG oslo_concurrency.processutils [None req-f1d41aa6-0605-4625-a661-6c4ae9e94c0d tempest-SnapshotsActionsTest-1304519064 None] CMD "sudo cinder-rootwrap /etc/cinder/rootwrap.conf qemu-img create -f qcow2 -o backing_file=/opt/stack/data/cinder/mnt/1087dce8bf37903b919a1b3fb8a53df1/volume-3174b1be-511c-4b91-828c-bd3db584a152.7d9848d2-6930-4158-8fff-3fdc8a85b5e5,backing_fmt=qcow2 /opt/stack/data/cinder/mnt/1087dce8bf37903b919a1b3fb8a53df1/volume-3174b1be-511c-4b91-828c-bd3db584a152.61aa0ed0-d5ae-4711-822d-e8ad8731b2c9 1G" returned: 0 in 0.964s {{(pid=93441) execute /opt/stack/data/venv/lib/python3.12/site-packages/oslo_concurrency/processutils.py:468}}
Jun 22 15:28:17 devstack cinder-volume[93441]: DEBUG oslo_concurrency.processutils [None req-f1d41aa6-0605-4625-a661-6c4ae9e94c0d tempest-SnapshotsActionsTest-1304519064 None] Running cmd (subprocess): sudo cinder-rootwrap /etc/cinder/rootwrap.conf qemu-img rebase -u -b volume-3174b1be-511c-4b91-828c-bd3db584a152.7d9848d2-6930-4158-8fff-3fdc8a85b5e5 -F qcow2 /opt/stack/data/cinder/mnt/1087dce8bf37903b919a1b3fb8a53df1/volume-3174b1be-511c-4b91-828c-bd3db584a152.61aa0ed0-d5ae-4711-822d-e8ad8731b2c9 {{(pid=93441) execute /opt/stack/data/venv/lib/python3.12/site-packages/oslo_concurrency/processutils.py:440}}
Jun 22 15:28:17 devstack sudo[96242]: quobyte : PWD=/ ; USER=root ; COMMAND=/opt/stack/data/venv/bin/cinder-rootwrap /etc/cinder/rootwrap.conf qemu-img rebase -u -b volume-3174b1be-511c-4b91-828c-bd3db584a152.7d9848d2-6930-4158-8fff-3fdc8a85b5e5 -F qcow2 /opt/stack/data/cinder/mnt/1087dce8bf37903b919a1b3fb8a53df1/volume-3174b1be-511c-4b91-828c-bd3db584a152.61aa0ed0-d5ae-4711-822d-e8ad8731b2c9
Jun 22 15:28:17 devstack sudo[96242]: pam_unix(sudo:session): session opened for user root(uid=0) by (uid=1000)
Jun 22 15:28:18 devstack sudo[96235]: pam_unix(sudo:session): session closed for user root
Jun 22 15:28:18 devstack cinder-volume[93441]: DEBUG oslo_concurrency.processutils [None req-7e38849e-38d8-4d6f-890d-8de5a30a66bd tempest-DeleteServersTestJSON-92577880 None] CMD "/opt/stack/data/venv/bin/python3.12 -m oslo_concurrency.prlimit --as=1073741824 --cpu=60 -- sudo cinder-rootwrap /etc/cinder/rootwrap.conf env LC_ALL=C qemu-img info -f qcow2 --output=json --force-share /opt/stack/data/cinder/mnt/1087dce8bf37903b919a1b3fb8a53df1/volume-bf2488fe-5e54-4e6f-b1bd-961bf6c801be" returned: 0 in 0.981s {{(pid=93441) execute /opt/stack/data/venv/lib/python3.12/site-packages/oslo_concurrency/processutils.py:468}}
Jun 22 15:28:18 devstack cinder-volume[93441]: DEBUG oslo_concurrency.processutils [None req-7e38849e-38d8-4d6f-890d-8de5a30a66bd tempest-DeleteServersTestJSON-92577880 None] Running cmd (subprocess): sudo cinder-rootwrap /etc/cinder/rootwrap.conf rm -f /opt/stack/data/cinder/mnt/1087dce8bf37903b919a1b3fb8a53df1/volume-bf2488fe-5e54-4e6f-b1bd-961bf6c801be {{(pid=93441) execute /opt/stack/data/venv/lib/python3.12/site-packages/oslo_concurrency/processutils.py:440}}
Jun 22 15:28:18 devstack sudo[96249]: quobyte : PWD=/ ; USER=root ; COMMAND=/opt/stack/data/venv/bin/cinder-rootwrap /etc/cinder/rootwrap.conf rm -f /opt/stack/data/cinder/mnt/1087dce8bf37903b919a1b3fb8a53df1/volume-bf2488fe-5e54-4e6f-b1bd-961bf6c801be
Jun 22 15:28:18 devstack sudo[96249]: pam_unix(sudo:session): session opened for user root(uid=0) by (uid=1000)
Jun 22 15:28:18 devstack sudo[96242]: pam_unix(sudo:session): session closed for user root
Jun 22 15:28:18 devstack cinder-volume[93441]: DEBUG oslo_concurrency.processutils [None req-f1d41aa6-0605-4625-a661-6c4ae9e94c0d tempest-SnapshotsActionsTest-1304519064 None] CMD "sudo cinder-rootwrap /etc/cinder/rootwrap.conf qemu-img rebase -u -b volume-3174b1be-511c-4b91-828c-bd3db584a152.7d9848d2-6930-4158-8fff-3fdc8a85b5e5 -F qcow2 /opt/stack/data/cinder/mnt/1087dce8bf37903b919a1b3fb8a53df1/volume-3174b1be-511c-4b91-828c-bd3db584a152.61aa0ed0-d5ae-4711-822d-e8ad8731b2c9" returned: 0 in 0.898s {{(pid=93441) execute /opt/stack/data/venv/lib/python3.12/site-packages/oslo_concurrency/processutils.py:468}}
Jun 22 15:28:18 devstack cinder-volume[93441]: WARNING cinder.volume.drivers.remotefs [None req-f1d41aa6-0605-4625-a661-6c4ae9e94c0d tempest-SnapshotsActionsTest-1304519064 None] /opt/stack/data/cinder/mnt/1087dce8bf37903b919a1b3fb8a53df1/volume-3174b1be-511c-4b91-828c-bd3db584a152.61aa0ed0-d5ae-4711-822d-e8ad8731b2c9 is being set with open permissions: ugo+rw
Jun 22 15:28:18 devstack cinder-volume[93441]: DEBUG oslo_concurrency.processutils [None req-f1d41aa6-0605-4625-a661-6c4ae9e94c0d tempest-SnapshotsActionsTest-1304519064 None] Running cmd (subprocess): sudo cinder-rootwrap /etc/cinder/rootwrap.conf chmod ugo+rw /opt/stack/data/cinder/mnt/1087dce8bf37903b919a1b3fb8a53df1/volume-3174b1be-511c-4b91-828c-bd3db584a152.61aa0ed0-d5ae-4711-822d-e8ad8731b2c9 {{(pid=93441) execute /opt/stack/data/venv/lib/python3.12/site-packages/oslo_concurrency/processutils.py:440}}
Jun 22 15:28:18 devstack sudo[96256]: quobyte : PWD=/ ; USER=root ; COMMAND=/opt/stack/data/venv/bin/cinder-rootwrap /etc/cinder/rootwrap.conf chmod ugo+rw /opt/stack/data/cinder/mnt/1087dce8bf37903b919a1b3fb8a53df1/volume-3174b1be-511c-4b91-828c-bd3db584a152.61aa0ed0-d5ae-4711-822d-e8ad8731b2c9
Jun 22 15:28:18 devstack sudo[96256]: pam_unix(sudo:session): session opened for user root(uid=0) by (uid=1000)
Jun 22 15:28:19 devstack sudo[96249]: pam_unix(sudo:session): session closed for user root
Jun 22 15:28:19 devstack cinder-volume[93441]: DEBUG oslo_concurrency.processutils [None req-7e38849e-38d8-4d6f-890d-8de5a30a66bd tempest-DeleteServersTestJSON-92577880 None] CMD "sudo cinder-rootwrap /etc/cinder/rootwrap.conf rm -f /opt/stack/data/cinder/mnt/1087dce8bf37903b919a1b3fb8a53df1/volume-bf2488fe-5e54-4e6f-b1bd-961bf6c801be" returned: 0 in 0.723s {{(pid=93441) execute /opt/stack/data/venv/lib/python3.12/site-packages/oslo_concurrency/processutils.py:468}}
Jun 22 15:28:19 devstack cinder-volume[93441]: DEBUG cinder.coordination [None req-7e38849e-38d8-4d6f-890d-8de5a30a66bd tempest-DeleteServersTestJSON-92577880 None] Lock "cinder-quobyte-bf2488fe-5e54-4e6f-b1bd-961bf6c801be" released by "delete_volume" :: held 1.748s {{(pid=93441) __release /opt/stack/cinder/cinder/coordination.py:152}}
Jun 22 15:28:19 devstack cinder-volume[93441]: DEBUG cinder.quota [None req-7e38849e-38d8-4d6f-890d-8de5a30a66bd tempest-DeleteServersTestJSON-92577880 None] Created reservations ['886359dd-08c2-486b-8d69-ca5dec960f98', 'bf354dc8-1f07-41d6-b4f7-04debe2781b9', '5a99bf6e-edc6-432e-a854-4ea34aa0e8b5', 'fd641588-446c-4b9e-b6de-13ba1b6466f6'] {{(pid=93441) reserve /opt/stack/cinder/cinder/quota.py:752}}
Jun 22 15:28:19 devstack cinder-volume[93441]: DEBUG oslo_concurrency.lockutils [None req-7e38849e-38d8-4d6f-890d-8de5a30a66bd tempest-DeleteServersTestJSON-92577880 None] Acquiring lock "quobyte_ensure" by "cinder.volume.drivers.quobyte.QuobyteDriver._ensure_shares_mounted" {{(pid=93441) inner /opt/stack/data/venv/lib/python3.12/site-packages/oslo_concurrency/lockutils.py:511}}
Jun 22 15:28:19 devstack cinder-volume[93441]: DEBUG oslo_concurrency.lockutils [None req-7e38849e-38d8-4d6f-890d-8de5a30a66bd tempest-DeleteServersTestJSON-92577880 None] Lock "quobyte_ensure" acquired by "cinder.volume.drivers.quobyte.QuobyteDriver._ensure_shares_mounted" :: waited 0.001s {{(pid=93441) inner /opt/stack/data/venv/lib/python3.12/site-packages/oslo_concurrency/lockutils.py:524}}
Jun 22 15:28:19 devstack cinder-volume[93441]: DEBUG cinder.volume.drivers.quobyte [None req-7e38849e-38d8-4d6f-890d-8de5a30a66bd tempest-DeleteServersTestJSON-92577880 None] Quobyte Volume URL set to: {'osci02.corp.quobyte.com/cinder-vol-5425e5bc-17a6-4099-8b5b-4c62ff0ad3df': None} {{(pid=93441) _load_shares_config /opt/stack/cinder/cinder/volume/drivers/quobyte.py:617}}
Jun 22 15:28:19 devstack cinder-volume[93441]: DEBUG cinder.volume.drivers.quobyte [None req-7e38849e-38d8-4d6f-890d-8de5a30a66bd tempest-DeleteServersTestJSON-92577880 None] Available shares ['osci02.corp.quobyte.com/cinder-vol-5425e5bc-17a6-4099-8b5b-4c62ff0ad3df'] {{(pid=93441) _ensure_shares_mounted /opt/stack/cinder/cinder/volume/drivers/quobyte.py:647}}
Jun 22 15:28:19 devstack cinder-volume[93441]: DEBUG oslo_concurrency.lockutils [None req-7e38849e-38d8-4d6f-890d-8de5a30a66bd tempest-DeleteServersTestJSON-92577880 None] Lock "quobyte_ensure" "released" by "cinder.volume.drivers.quobyte.QuobyteDriver._ensure_shares_mounted" :: held 0.006s {{(pid=93441) inner /opt/stack/data/venv/lib/python3.12/site-packages/oslo_concurrency/lockutils.py:543}}
Jun 22 15:28:19 devstack cinder-volume[93441]: DEBUG oslo_concurrency.processutils [None req-7e38849e-38d8-4d6f-890d-8de5a30a66bd tempest-DeleteServersTestJSON-92577880 None] Running cmd (subprocess): sudo cinder-rootwrap /etc/cinder/rootwrap.conf df --portability --block-size 1 /opt/stack/data/cinder/mnt/1087dce8bf37903b919a1b3fb8a53df1 {{(pid=93441) execute /opt/stack/data/venv/lib/python3.12/site-packages/oslo_concurrency/processutils.py:440}}
Jun 22 15:28:19 devstack sudo[96261]: quobyte : PWD=/ ; USER=root ; COMMAND=/opt/stack/data/venv/bin/cinder-rootwrap /etc/cinder/rootwrap.conf df --portability --block-size 1 /opt/stack/data/cinder/mnt/1087dce8bf37903b919a1b3fb8a53df1
Jun 22 15:28:19 devstack sudo[96261]: pam_unix(sudo:session): session opened for user root(uid=0) by (uid=1000)
Jun 22 15:28:19 devstack sudo[96256]: pam_unix(sudo:session): session closed for user root
Jun 22 15:28:19 devstack cinder-volume[93441]: DEBUG oslo_concurrency.processutils [None req-f1d41aa6-0605-4625-a661-6c4ae9e94c0d tempest-SnapshotsActionsTest-1304519064 None] CMD "sudo cinder-rootwrap /etc/cinder/rootwrap.conf chmod ugo+rw /opt/stack/data/cinder/mnt/1087dce8bf37903b919a1b3fb8a53df1/volume-3174b1be-511c-4b91-828c-bd3db584a152.61aa0ed0-d5ae-4711-822d-e8ad8731b2c9" returned: 0 in 0.706s {{(pid=93441) execute /opt/stack/data/venv/lib/python3.12/site-packages/oslo_concurrency/processutils.py:468}}
Jun 22 15:28:19 devstack cinder-volume[93441]: DEBUG oslo_concurrency.lockutils [None req-f1d41aa6-0605-4625-a661-6c4ae9e94c0d tempest-SnapshotsActionsTest-1304519064 None] Lock "quobyte" "released" by "cinder.volume.drivers.quobyte.QuobyteDriver.create_snapshot" :: held 3.500s {{(pid=93441) inner /opt/stack/data/venv/lib/python3.12/site-packages/oslo_concurrency/lockutils.py:543}}
Jun 22 15:28:19 devstack cinder-volume[93441]: INFO cinder.volume.manager [None req-f1d41aa6-0605-4625-a661-6c4ae9e94c0d tempest-SnapshotsActionsTest-1304519064 None] Create snapshot completed successfully
Jun 22 15:28:20 devstack sudo[96261]: pam_unix(sudo:session): session closed for user root
Jun 22 15:28:20 devstack cinder-volume[93441]: DEBUG oslo_concurrency.processutils [None req-7e38849e-38d8-4d6f-890d-8de5a30a66bd tempest-DeleteServersTestJSON-92577880 None] CMD "sudo cinder-rootwrap /etc/cinder/rootwrap.conf df --portability --block-size 1 /opt/stack/data/cinder/mnt/1087dce8bf37903b919a1b3fb8a53df1" returned: 0 in 0.748s {{(pid=93441) execute /opt/stack/data/venv/lib/python3.12/site-packages/oslo_concurrency/processutils.py:468}}
Jun 22 15:28:20 devstack cinder-volume[93441]: DEBUG cinder.manager [None req-7e38849e-38d8-4d6f-890d-8de5a30a66bd tempest-DeleteServersTestJSON-92577880 None] Notifying Schedulers of capabilities ... {{(pid=93441) _publish_service_capabilities /opt/stack/cinder/cinder/manager.py:219}}
Jun 22 15:28:20 devstack cinder-volume[93441]: INFO cinder.volume.manager [None req-7e38849e-38d8-4d6f-890d-8de5a30a66bd tempest-DeleteServersTestJSON-92577880 None] Deleted volume successfully.
Jun 22 15:28:20 devstack cinder-volume[93441]: DEBUG cinder.coordination [None req-7e38849e-38d8-4d6f-890d-8de5a30a66bd tempest-DeleteServersTestJSON-92577880 None] Lock "cinder-bf2488fe-5e54-4e6f-b1bd-961bf6c801be-delete_volume" released by "delete_volume" :: held 2.776s {{(pid=93441) __release /opt/stack/cinder/cinder/coordination.py:152}}
Jun 22 15:28:20 devstack cinder-volume[93441]: DEBUG cinder.coordination [None req-2e00bd7b-f7af-4b9e-b3df-22f494b7898e tempest-SnapshotsActionsTest-740557556 None] Acquiring lock "cinder-61aa0ed0-d5ae-4711-822d-e8ad8731b2c9-delete_snapshot" by "delete_snapshot" {{(pid=93441) __acquire /opt/stack/cinder/cinder/coordination.py:138}}
Jun 22 15:28:20 devstack cinder-volume[93441]: DEBUG cinder.coordination [None req-2e00bd7b-f7af-4b9e-b3df-22f494b7898e tempest-SnapshotsActionsTest-740557556 None] Lock "cinder-61aa0ed0-d5ae-4711-822d-e8ad8731b2c9-delete_snapshot" acquired by "delete_snapshot" :: waited 0.038s {{(pid=93441) __acquire /opt/stack/cinder/cinder/coordination.py:141}}
Jun 22 15:28:20 devstack cinder-volume[93441]: DEBUG cinder.coordination [None req-2e00bd7b-f7af-4b9e-b3df-22f494b7898e tempest-SnapshotsActionsTest-740557556 None] Acquiring lock "cinder-quobyte-3174b1be-511c-4b91-828c-bd3db584a152" by "delete_snapshot" {{(pid=93441) __acquire /opt/stack/cinder/cinder/coordination.py:138}}
Jun 22 15:28:20 devstack cinder-volume[93441]: DEBUG cinder.coordination [None req-2e00bd7b-f7af-4b9e-b3df-22f494b7898e tempest-SnapshotsActionsTest-740557556 None] Lock "cinder-quobyte-3174b1be-511c-4b91-828c-bd3db584a152" acquired by "delete_snapshot" :: waited 0.026s {{(pid=93441) __acquire /opt/stack/cinder/cinder/coordination.py:141}}
Jun 22 15:28:20 devstack cinder-volume[93441]: DEBUG cinder.coordination [None req-2e00bd7b-f7af-4b9e-b3df-22f494b7898e tempest-SnapshotsActionsTest-740557556 None] Acquiring lock "cinder-quobyte-61aa0ed0-d5ae-4711-822d-e8ad8731b2c9" by "_delete_snapshot" {{(pid=93441) __acquire /opt/stack/cinder/cinder/coordination.py:138}}
Jun 22 15:28:20 devstack cinder-volume[93441]: DEBUG cinder.coordination [None req-2e00bd7b-f7af-4b9e-b3df-22f494b7898e tempest-SnapshotsActionsTest-740557556 None] Lock "cinder-quobyte-61aa0ed0-d5ae-4711-822d-e8ad8731b2c9" acquired by "_delete_snapshot" :: waited 0.027s {{(pid=93441) __acquire /opt/stack/cinder/cinder/coordination.py:141}}
Jun 22 15:28:20 devstack cinder-volume[93441]: DEBUG cinder.volume.drivers.remotefs [None req-2e00bd7b-f7af-4b9e-b3df-22f494b7898e tempest-SnapshotsActionsTest-740557556 None] Deleting offline snapshot 61aa0ed0-d5ae-4711-822d-e8ad8731b2c9 of volume 3174b1be-511c-4b91-828c-bd3db584a152 {{(pid=93441) _delete_snapshot /opt/stack/cinder/cinder/volume/drivers/remotefs.py:1288}}
Jun 22 15:28:20 devstack cinder-volume[93441]: DEBUG cinder.volume.drivers.remotefs [None req-2e00bd7b-f7af-4b9e-b3df-22f494b7898e tempest-SnapshotsActionsTest-740557556 None] snapshot_file for this snap is: volume-3174b1be-511c-4b91-828c-bd3db584a152.61aa0ed0-d5ae-4711-822d-e8ad8731b2c9 {{(pid=93441) _delete_snapshot /opt/stack/cinder/cinder/volume/drivers/remotefs.py:1317}}
Jun 22 15:28:20 devstack cinder-volume[93441]: DEBUG oslo.privsep.daemon [-] privsep: reply[2f2470a8-cdc9-4aed-950a-3184a5b584a9]: (4, 'qcow2') {{(pid=94463) _call_back /opt/stack/data/venv/lib/python3.12/site-packages/oslo_privsep/daemon.py:580}}
Jun 22 15:28:20 devstack cinder-volume[93441]: DEBUG oslo_concurrency.processutils [None req-2e00bd7b-f7af-4b9e-b3df-22f494b7898e tempest-SnapshotsActionsTest-740557556 None] Running cmd (subprocess): /opt/stack/data/venv/bin/python3.12 -m oslo_concurrency.prlimit --as=1073741824 --cpu=60 -- sudo cinder-rootwrap /etc/cinder/rootwrap.conf env LC_ALL=C qemu-img info -f qcow2 --output=json --force-share /opt/stack/data/cinder/mnt/1087dce8bf37903b919a1b3fb8a53df1/volume-3174b1be-511c-4b91-828c-bd3db584a152.61aa0ed0-d5ae-4711-822d-e8ad8731b2c9 {{(pid=93441) execute /opt/stack/data/venv/lib/python3.12/site-packages/oslo_concurrency/processutils.py:440}}
Jun 22 15:28:20 devstack sudo[96264]: quobyte : PWD=/ ; USER=root ; COMMAND=/opt/stack/data/venv/bin/cinder-rootwrap /etc/cinder/rootwrap.conf env LC_ALL=C qemu-img info -f qcow2 --output=json --force-share /opt/stack/data/cinder/mnt/1087dce8bf37903b919a1b3fb8a53df1/volume-3174b1be-511c-4b91-828c-bd3db584a152.61aa0ed0-d5ae-4711-822d-e8ad8731b2c9
Jun 22 15:28:20 devstack sudo[96264]: pam_unix(sudo:session): session opened for user root(uid=0) by (uid=1000)
Jun 22 15:28:21 devstack sudo[96264]: pam_unix(sudo:session): session closed for user root
Jun 22 15:28:21 devstack cinder-volume[93441]: DEBUG oslo_concurrency.processutils [None req-2e00bd7b-f7af-4b9e-b3df-22f494b7898e tempest-SnapshotsActionsTest-740557556 None] CMD "/opt/stack/data/venv/bin/python3.12 -m oslo_concurrency.prlimit --as=1073741824 --cpu=60 -- sudo cinder-rootwrap /etc/cinder/rootwrap.conf env LC_ALL=C qemu-img info -f qcow2 --output=json --force-share /opt/stack/data/cinder/mnt/1087dce8bf37903b919a1b3fb8a53df1/volume-3174b1be-511c-4b91-828c-bd3db584a152.61aa0ed0-d5ae-4711-822d-e8ad8731b2c9" returned: 0 in 0.954s {{(pid=93441) execute /opt/stack/data/venv/lib/python3.12/site-packages/oslo_concurrency/processutils.py:468}}
Jun 22 15:28:21 devstack cinder-volume[93441]: DEBUG cinder.volume.drivers.remotefs [None req-2e00bd7b-f7af-4b9e-b3df-22f494b7898e tempest-SnapshotsActionsTest-740557556 None] Fetching qemu-img info with special backing_file_template: (/opt/stack/data/cinder/mnt/[0-9a-f]+/)?(volume-3174b1be-511c-4b91-828c-bd3db584a152(.(tmp-snap-)?[0-9a-f-]+)?|volume_from_snapshot_cache/(tmp-snap-)?[0-9a-f-]+(.(child-|parent-)[0-9a-f-]+)?)$ {{(pid=93441) _qemu_img_info_base /opt/stack/cinder/cinder/volume/drivers/remotefs.py:896}}
Jun 22 15:28:21 devstack cinder-volume[93441]: DEBUG oslo.privsep.daemon [-] privsep: reply[8cc5ea88-a0c9-4c0f-b6f1-043ea83d2034]: (4, 'qcow2') {{(pid=94463) _call_back /opt/stack/data/venv/lib/python3.12/site-packages/oslo_privsep/daemon.py:580}}
Jun 22 15:28:21 devstack cinder-volume[93441]: DEBUG oslo_concurrency.processutils [None req-2e00bd7b-f7af-4b9e-b3df-22f494b7898e tempest-SnapshotsActionsTest-740557556 None] Running cmd (subprocess): /opt/stack/data/venv/bin/python3.12 -m oslo_concurrency.prlimit --as=1073741824 --cpu=60 -- sudo cinder-rootwrap /etc/cinder/rootwrap.conf env LC_ALL=C qemu-img info -f qcow2 --output=json --force-share /opt/stack/data/cinder/mnt/1087dce8bf37903b919a1b3fb8a53df1/volume-3174b1be-511c-4b91-828c-bd3db584a152.7d9848d2-6930-4158-8fff-3fdc8a85b5e5 {{(pid=93441) execute /opt/stack/data/venv/lib/python3.12/site-packages/oslo_concurrency/processutils.py:440}}
Jun 22 15:28:21 devstack sudo[96272]: quobyte : PWD=/ ; USER=root ; COMMAND=/opt/stack/data/venv/bin/cinder-rootwrap /etc/cinder/rootwrap.conf env LC_ALL=C qemu-img info -f qcow2 --output=json --force-share /opt/stack/data/cinder/mnt/1087dce8bf37903b919a1b3fb8a53df1/volume-3174b1be-511c-4b91-828c-bd3db584a152.7d9848d2-6930-4158-8fff-3fdc8a85b5e5
Jun 22 15:28:21 devstack sudo[96272]: pam_unix(sudo:session): session opened for user root(uid=0) by (uid=1000)
Jun 22 15:28:22 devstack sudo[96272]: pam_unix(sudo:session): session closed for user root
Jun 22 15:28:22 devstack cinder-volume[93441]: DEBUG oslo_concurrency.processutils [None req-2e00bd7b-f7af-4b9e-b3df-22f494b7898e tempest-SnapshotsActionsTest-740557556 None] CMD "/opt/stack/data/venv/bin/python3.12 -m oslo_concurrency.prlimit --as=1073741824 --cpu=60 -- sudo cinder-rootwrap /etc/cinder/rootwrap.conf env LC_ALL=C qemu-img info -f qcow2 --output=json --force-share /opt/stack/data/cinder/mnt/1087dce8bf37903b919a1b3fb8a53df1/volume-3174b1be-511c-4b91-828c-bd3db584a152.7d9848d2-6930-4158-8fff-3fdc8a85b5e5" returned: 0 in 1.028s {{(pid=93441) execute /opt/stack/data/venv/lib/python3.12/site-packages/oslo_concurrency/processutils.py:468}}
Jun 22 15:28:22 devstack cinder-volume[93441]: DEBUG cinder.volume.drivers.remotefs [None req-2e00bd7b-f7af-4b9e-b3df-22f494b7898e tempest-SnapshotsActionsTest-740557556 None] Fetching qemu-img info with special backing_file_template: (/opt/stack/data/cinder/mnt/[0-9a-f]+/)?(volume-3174b1be-511c-4b91-828c-bd3db584a152(.(tmp-snap-)?[0-9a-f-]+)?|volume_from_snapshot_cache/(tmp-snap-)?[0-9a-f-]+(.(child-|parent-)[0-9a-f-]+)?)$ {{(pid=93441) _qemu_img_info_base /opt/stack/cinder/cinder/volume/drivers/remotefs.py:896}}
Jun 22 15:28:22 devstack cinder-volume[93441]: DEBUG oslo_concurrency.processutils [None req-2e00bd7b-f7af-4b9e-b3df-22f494b7898e tempest-SnapshotsActionsTest-740557556 None] Running cmd (subprocess): sudo cinder-rootwrap /etc/cinder/rootwrap.conf qemu-img commit -d /opt/stack/data/cinder/mnt/1087dce8bf37903b919a1b3fb8a53df1/volume-3174b1be-511c-4b91-828c-bd3db584a152.61aa0ed0-d5ae-4711-822d-e8ad8731b2c9 {{(pid=93441) execute /opt/stack/data/venv/lib/python3.12/site-packages/oslo_concurrency/processutils.py:440}}
Jun 22 15:28:22 devstack sudo[96295]: quobyte : PWD=/ ; USER=root ; COMMAND=/opt/stack/data/venv/bin/cinder-rootwrap /etc/cinder/rootwrap.conf qemu-img commit -d /opt/stack/data/cinder/mnt/1087dce8bf37903b919a1b3fb8a53df1/volume-3174b1be-511c-4b91-828c-bd3db584a152.61aa0ed0-d5ae-4711-822d-e8ad8731b2c9
Jun 22 15:28:22 devstack sudo[96295]: pam_unix(sudo:session): session opened for user root(uid=0) by (uid=1000)
Jun 22 15:28:23 devstack sudo[96295]: pam_unix(sudo:session): session closed for user root
Jun 22 15:28:23 devstack cinder-volume[93441]: DEBUG oslo_concurrency.processutils [None req-2e00bd7b-f7af-4b9e-b3df-22f494b7898e tempest-SnapshotsActionsTest-740557556 None] CMD "sudo cinder-rootwrap /etc/cinder/rootwrap.conf qemu-img commit -d /opt/stack/data/cinder/mnt/1087dce8bf37903b919a1b3fb8a53df1/volume-3174b1be-511c-4b91-828c-bd3db584a152.61aa0ed0-d5ae-4711-822d-e8ad8731b2c9" returned: 0 in 0.925s {{(pid=93441) execute /opt/stack/data/venv/lib/python3.12/site-packages/oslo_concurrency/processutils.py:468}}
Jun 22 15:28:23 devstack cinder-volume[93441]: DEBUG oslo_concurrency.processutils [None req-2e00bd7b-f7af-4b9e-b3df-22f494b7898e tempest-SnapshotsActionsTest-740557556 None] Running cmd (subprocess): sudo cinder-rootwrap /etc/cinder/rootwrap.conf rm -f /opt/stack/data/cinder/mnt/1087dce8bf37903b919a1b3fb8a53df1/volume-3174b1be-511c-4b91-828c-bd3db584a152.61aa0ed0-d5ae-4711-822d-e8ad8731b2c9 {{(pid=93441) execute /opt/stack/data/venv/lib/python3.12/site-packages/oslo_concurrency/processutils.py:440}}
Jun 22 15:28:23 devstack sudo[96301]: quobyte : PWD=/ ; USER=root ; COMMAND=/opt/stack/data/venv/bin/cinder-rootwrap /etc/cinder/rootwrap.conf rm -f /opt/stack/data/cinder/mnt/1087dce8bf37903b919a1b3fb8a53df1/volume-3174b1be-511c-4b91-828c-bd3db584a152.61aa0ed0-d5ae-4711-822d-e8ad8731b2c9
Jun 22 15:28:23 devstack sudo[96301]: pam_unix(sudo:session): session opened for user root(uid=0) by (uid=1000)
Jun 22 15:28:24 devstack sudo[96301]: pam_unix(sudo:session): session closed for user root
Jun 22 15:28:24 devstack cinder-volume[93441]: DEBUG oslo_concurrency.processutils [None req-2e00bd7b-f7af-4b9e-b3df-22f494b7898e tempest-SnapshotsActionsTest-740557556 None] CMD "sudo cinder-rootwrap /etc/cinder/rootwrap.conf rm -f /opt/stack/data/cinder/mnt/1087dce8bf37903b919a1b3fb8a53df1/volume-3174b1be-511c-4b91-828c-bd3db584a152.61aa0ed0-d5ae-4711-822d-e8ad8731b2c9" returned: 0 in 0.817s {{(pid=93441) execute /opt/stack/data/venv/lib/python3.12/site-packages/oslo_concurrency/processutils.py:468}}
Jun 22 15:28:24 devstack cinder-volume[93441]: DEBUG cinder.coordination [None req-2e00bd7b-f7af-4b9e-b3df-22f494b7898e tempest-SnapshotsActionsTest-740557556 None] Lock "cinder-quobyte-61aa0ed0-d5ae-4711-822d-e8ad8731b2c9" released by "_delete_snapshot" :: held 3.853s {{(pid=93441) __release /opt/stack/cinder/cinder/coordination.py:152}}
Jun 22 15:28:24 devstack cinder-volume[93441]: DEBUG cinder.coordination [None req-2e00bd7b-f7af-4b9e-b3df-22f494b7898e tempest-SnapshotsActionsTest-740557556 None] Lock "cinder-quobyte-3174b1be-511c-4b91-828c-bd3db584a152" released by "delete_snapshot" :: held 3.887s {{(pid=93441) __release /opt/stack/cinder/cinder/coordination.py:152}}
Jun 22 15:28:24 devstack cinder-volume[93441]: DEBUG cinder.quota [None req-2e00bd7b-f7af-4b9e-b3df-22f494b7898e tempest-SnapshotsActionsTest-740557556 None] Created reservations ['587d59f7-d707-458f-b914-77f3ae1ed8eb', '9140f239-21a8-46e8-96ff-b81b1aafb225', '6c7cce51-7194-40cc-8ebd-98029a113b0f', '9494e87f-ba73-44f3-be2a-019f63059079'] {{(pid=93441) reserve /opt/stack/cinder/cinder/quota.py:752}}
Jun 22 15:28:24 devstack cinder-volume[93441]: INFO cinder.volume.manager [None req-2e00bd7b-f7af-4b9e-b3df-22f494b7898e tempest-SnapshotsActionsTest-740557556 None] Delete snapshot completed successfully.
Jun 22 15:28:24 devstack cinder-volume[93441]: DEBUG cinder.coordination [None req-2e00bd7b-f7af-4b9e-b3df-22f494b7898e tempest-SnapshotsActionsTest-740557556 None] Lock "cinder-61aa0ed0-d5ae-4711-822d-e8ad8731b2c9-delete_snapshot" released by "delete_snapshot" :: held 4.144s {{(pid=93441) __release /opt/stack/cinder/cinder/coordination.py:152}}
Jun 22 15:28:25 devstack cinder-volume[93441]: DEBUG cinder.coordination [None req-c38be456-1316-4b0a-9b6f-ac2bb7049fdf tempest-SnapshotsActionsTest-1304519064 None] Acquiring lock "cinder-7d9848d2-6930-4158-8fff-3fdc8a85b5e5-delete_snapshot" by "delete_snapshot" {{(pid=93441) __acquire /opt/stack/cinder/cinder/coordination.py:138}}
Jun 22 15:28:25 devstack cinder-volume[93441]: DEBUG cinder.coordination [None req-c38be456-1316-4b0a-9b6f-ac2bb7049fdf tempest-SnapshotsActionsTest-1304519064 None] Lock "cinder-7d9848d2-6930-4158-8fff-3fdc8a85b5e5-delete_snapshot" acquired by "delete_snapshot" :: waited 0.028s {{(pid=93441) __acquire /opt/stack/cinder/cinder/coordination.py:141}}
Jun 22 15:28:25 devstack cinder-volume[93441]: DEBUG cinder.coordination [None req-c38be456-1316-4b0a-9b6f-ac2bb7049fdf tempest-SnapshotsActionsTest-1304519064 None] Acquiring lock "cinder-quobyte-3174b1be-511c-4b91-828c-bd3db584a152" by "delete_snapshot" {{(pid=93441) __acquire /opt/stack/cinder/cinder/coordination.py:138}}
Jun 22 15:28:25 devstack cinder-volume[93441]: DEBUG cinder.coordination [None req-c38be456-1316-4b0a-9b6f-ac2bb7049fdf tempest-SnapshotsActionsTest-1304519064 None] Lock "cinder-quobyte-3174b1be-511c-4b91-828c-bd3db584a152" acquired by "delete_snapshot" :: waited 0.024s {{(pid=93441) __acquire /opt/stack/cinder/cinder/coordination.py:141}}
Jun 22 15:28:25 devstack cinder-volume[93441]: DEBUG cinder.coordination [None req-c38be456-1316-4b0a-9b6f-ac2bb7049fdf tempest-SnapshotsActionsTest-1304519064 None] Acquiring lock "cinder-quobyte-7d9848d2-6930-4158-8fff-3fdc8a85b5e5" by "_delete_snapshot" {{(pid=93441) __acquire /opt/stack/cinder/cinder/coordination.py:138}}
Jun 22 15:28:25 devstack cinder-volume[93441]: DEBUG cinder.coordination [None req-c38be456-1316-4b0a-9b6f-ac2bb7049fdf tempest-SnapshotsActionsTest-1304519064 None] Lock "cinder-quobyte-7d9848d2-6930-4158-8fff-3fdc8a85b5e5" acquired by "_delete_snapshot" :: waited 0.020s {{(pid=93441) __acquire /opt/stack/cinder/cinder/coordination.py:141}}
Jun 22 15:28:25 devstack cinder-volume[93441]: DEBUG cinder.volume.drivers.remotefs [None req-c38be456-1316-4b0a-9b6f-ac2bb7049fdf tempest-SnapshotsActionsTest-1304519064 None] Deleting offline snapshot 7d9848d2-6930-4158-8fff-3fdc8a85b5e5 of volume 3174b1be-511c-4b91-828c-bd3db584a152 {{(pid=93441) _delete_snapshot /opt/stack/cinder/cinder/volume/drivers/remotefs.py:1288}}
Jun 22 15:28:25 devstack cinder-volume[93441]: DEBUG cinder.volume.drivers.remotefs [None req-c38be456-1316-4b0a-9b6f-ac2bb7049fdf tempest-SnapshotsActionsTest-1304519064 None] snapshot_file for this snap is: volume-3174b1be-511c-4b91-828c-bd3db584a152.7d9848d2-6930-4158-8fff-3fdc8a85b5e5 {{(pid=93441) _delete_snapshot /opt/stack/cinder/cinder/volume/drivers/remotefs.py:1317}}
Jun 22 15:28:25 devstack cinder-volume[93441]: DEBUG oslo.privsep.daemon [-] privsep: reply[a48b9b8d-346b-4d47-812a-c21f5fb28c08]: (4, 'qcow2') {{(pid=94463) _call_back /opt/stack/data/venv/lib/python3.12/site-packages/oslo_privsep/daemon.py:580}}
Jun 22 15:28:25 devstack cinder-volume[93441]: DEBUG oslo_concurrency.processutils [None req-c38be456-1316-4b0a-9b6f-ac2bb7049fdf tempest-SnapshotsActionsTest-1304519064 None] Running cmd (subprocess): /opt/stack/data/venv/bin/python3.12 -m oslo_concurrency.prlimit --as=1073741824 --cpu=60 -- sudo cinder-rootwrap /etc/cinder/rootwrap.conf env LC_ALL=C qemu-img info -f qcow2 --output=json --force-share /opt/stack/data/cinder/mnt/1087dce8bf37903b919a1b3fb8a53df1/volume-3174b1be-511c-4b91-828c-bd3db584a152.7d9848d2-6930-4158-8fff-3fdc8a85b5e5 {{(pid=93441) execute /opt/stack/data/venv/lib/python3.12/site-packages/oslo_concurrency/processutils.py:440}}
Jun 22 15:28:25 devstack sudo[96322]: quobyte : PWD=/ ; USER=root ; COMMAND=/opt/stack/data/venv/bin/cinder-rootwrap /etc/cinder/rootwrap.conf env LC_ALL=C qemu-img info -f qcow2 --output=json --force-share /opt/stack/data/cinder/mnt/1087dce8bf37903b919a1b3fb8a53df1/volume-3174b1be-511c-4b91-828c-bd3db584a152.7d9848d2-6930-4158-8fff-3fdc8a85b5e5
Jun 22 15:28:25 devstack sudo[96322]: pam_unix(sudo:session): session opened for user root(uid=0) by (uid=1000)
Jun 22 15:28:26 devstack sudo[96322]: pam_unix(sudo:session): session closed for user root
Jun 22 15:28:26 devstack cinder-volume[93441]: DEBUG oslo_concurrency.processutils [None req-c38be456-1316-4b0a-9b6f-ac2bb7049fdf tempest-SnapshotsActionsTest-1304519064 None] CMD "/opt/stack/data/venv/bin/python3.12 -m oslo_concurrency.prlimit --as=1073741824 --cpu=60 -- sudo cinder-rootwrap /etc/cinder/rootwrap.conf env LC_ALL=C qemu-img info -f qcow2 --output=json --force-share /opt/stack/data/cinder/mnt/1087dce8bf37903b919a1b3fb8a53df1/volume-3174b1be-511c-4b91-828c-bd3db584a152.7d9848d2-6930-4158-8fff-3fdc8a85b5e5" returned: 0 in 0.938s {{(pid=93441) execute /opt/stack/data/venv/lib/python3.12/site-packages/oslo_concurrency/processutils.py:468}}
Jun 22 15:28:26 devstack cinder-volume[93441]: DEBUG cinder.volume.drivers.remotefs [None req-c38be456-1316-4b0a-9b6f-ac2bb7049fdf tempest-SnapshotsActionsTest-1304519064 None] Fetching qemu-img info with special backing_file_template: (/opt/stack/data/cinder/mnt/[0-9a-f]+/)?(volume-3174b1be-511c-4b91-828c-bd3db584a152(.(tmp-snap-)?[0-9a-f-]+)?|volume_from_snapshot_cache/(tmp-snap-)?[0-9a-f-]+(.(child-|parent-)[0-9a-f-]+)?)$ {{(pid=93441) _qemu_img_info_base /opt/stack/cinder/cinder/volume/drivers/remotefs.py:896}}
Jun 22 15:28:26 devstack cinder-volume[93441]: DEBUG oslo.privsep.daemon [-] privsep: reply[b92af242-02df-4500-9715-3bf7a5285210]: (4, 'qcow2') {{(pid=94463) _call_back /opt/stack/data/venv/lib/python3.12/site-packages/oslo_privsep/daemon.py:580}}
Jun 22 15:28:26 devstack cinder-volume[93441]: DEBUG oslo_concurrency.processutils [None req-c38be456-1316-4b0a-9b6f-ac2bb7049fdf tempest-SnapshotsActionsTest-1304519064 None] Running cmd (subprocess): /opt/stack/data/venv/bin/python3.12 -m oslo_concurrency.prlimit --as=1073741824 --cpu=60 -- sudo cinder-rootwrap /etc/cinder/rootwrap.conf env LC_ALL=C qemu-img info -f qcow2 --output=json --force-share /opt/stack/data/cinder/mnt/1087dce8bf37903b919a1b3fb8a53df1/volume-3174b1be-511c-4b91-828c-bd3db584a152 {{(pid=93441) execute /opt/stack/data/venv/lib/python3.12/site-packages/oslo_concurrency/processutils.py:440}}
Jun 22 15:28:26 devstack sudo[96330]: quobyte : PWD=/ ; USER=root ; COMMAND=/opt/stack/data/venv/bin/cinder-rootwrap /etc/cinder/rootwrap.conf env LC_ALL=C qemu-img info -f qcow2 --output=json --force-share /opt/stack/data/cinder/mnt/1087dce8bf37903b919a1b3fb8a53df1/volume-3174b1be-511c-4b91-828c-bd3db584a152
Jun 22 15:28:26 devstack sudo[96330]: pam_unix(sudo:session): session opened for user root(uid=0) by (uid=1000)
Jun 22 15:28:27 devstack sudo[96330]: pam_unix(sudo:session): session closed for user root
Jun 22 15:28:27 devstack cinder-volume[93441]: DEBUG oslo_concurrency.processutils [None req-c38be456-1316-4b0a-9b6f-ac2bb7049fdf tempest-SnapshotsActionsTest-1304519064 None] CMD "/opt/stack/data/venv/bin/python3.12 -m oslo_concurrency.prlimit --as=1073741824 --cpu=60 -- sudo cinder-rootwrap /etc/cinder/rootwrap.conf env LC_ALL=C qemu-img info -f qcow2 --output=json --force-share /opt/stack/data/cinder/mnt/1087dce8bf37903b919a1b3fb8a53df1/volume-3174b1be-511c-4b91-828c-bd3db584a152" returned: 0 in 0.853s {{(pid=93441) execute /opt/stack/data/venv/lib/python3.12/site-packages/oslo_concurrency/processutils.py:468}}
Jun 22 15:28:27 devstack cinder-volume[93441]: DEBUG oslo_concurrency.processutils [None req-c38be456-1316-4b0a-9b6f-ac2bb7049fdf tempest-SnapshotsActionsTest-1304519064 None] Running cmd (subprocess): sudo cinder-rootwrap /etc/cinder/rootwrap.conf qemu-img commit -d /opt/stack/data/cinder/mnt/1087dce8bf37903b919a1b3fb8a53df1/volume-3174b1be-511c-4b91-828c-bd3db584a152.7d9848d2-6930-4158-8fff-3fdc8a85b5e5 {{(pid=93441) execute /opt/stack/data/venv/lib/python3.12/site-packages/oslo_concurrency/processutils.py:440}}
Jun 22 15:28:27 devstack sudo[96335]: quobyte : PWD=/ ; USER=root ; COMMAND=/opt/stack/data/venv/bin/cinder-rootwrap /etc/cinder/rootwrap.conf qemu-img commit -d /opt/stack/data/cinder/mnt/1087dce8bf37903b919a1b3fb8a53df1/volume-3174b1be-511c-4b91-828c-bd3db584a152.7d9848d2-6930-4158-8fff-3fdc8a85b5e5
Jun 22 15:28:27 devstack sudo[96335]: pam_unix(sudo:session): session opened for user root(uid=0) by (uid=1000)
Jun 22 15:28:28 devstack sudo[96335]: pam_unix(sudo:session): session closed for user root
Jun 22 15:28:28 devstack cinder-volume[93441]: DEBUG oslo_concurrency.processutils [None req-c38be456-1316-4b0a-9b6f-ac2bb7049fdf tempest-SnapshotsActionsTest-1304519064 None] CMD "sudo cinder-rootwrap /etc/cinder/rootwrap.conf qemu-img commit -d /opt/stack/data/cinder/mnt/1087dce8bf37903b919a1b3fb8a53df1/volume-3174b1be-511c-4b91-828c-bd3db584a152.7d9848d2-6930-4158-8fff-3fdc8a85b5e5" returned: 0 in 0.812s {{(pid=93441) execute /opt/stack/data/venv/lib/python3.12/site-packages/oslo_concurrency/processutils.py:468}}
Jun 22 15:28:28 devstack cinder-volume[93441]: DEBUG oslo_concurrency.processutils [None req-c38be456-1316-4b0a-9b6f-ac2bb7049fdf tempest-SnapshotsActionsTest-1304519064 None] Running cmd (subprocess): sudo cinder-rootwrap /etc/cinder/rootwrap.conf rm -f /opt/stack/data/cinder/mnt/1087dce8bf37903b919a1b3fb8a53df1/volume-3174b1be-511c-4b91-828c-bd3db584a152.7d9848d2-6930-4158-8fff-3fdc8a85b5e5 {{(pid=93441) execute /opt/stack/data/venv/lib/python3.12/site-packages/oslo_concurrency/processutils.py:440}}
Jun 22 15:28:28 devstack sudo[96343]: quobyte : PWD=/ ; USER=root ; COMMAND=/opt/stack/data/venv/bin/cinder-rootwrap /etc/cinder/rootwrap.conf rm -f /opt/stack/data/cinder/mnt/1087dce8bf37903b919a1b3fb8a53df1/volume-3174b1be-511c-4b91-828c-bd3db584a152.7d9848d2-6930-4158-8fff-3fdc8a85b5e5
Jun 22 15:28:28 devstack sudo[96343]: pam_unix(sudo:session): session opened for user root(uid=0) by (uid=1000)
Jun 22 15:28:28 devstack sudo[96343]: pam_unix(sudo:session): session closed for user root
Jun 22 15:28:28 devstack cinder-volume[93441]: DEBUG oslo_concurrency.processutils [None req-c38be456-1316-4b0a-9b6f-ac2bb7049fdf tempest-SnapshotsActionsTest-1304519064 None] CMD "sudo cinder-rootwrap /etc/cinder/rootwrap.conf rm -f /opt/stack/data/cinder/mnt/1087dce8bf37903b919a1b3fb8a53df1/volume-3174b1be-511c-4b91-828c-bd3db584a152.7d9848d2-6930-4158-8fff-3fdc8a85b5e5" returned: 0 in 0.711s {{(pid=93441) execute /opt/stack/data/venv/lib/python3.12/site-packages/oslo_concurrency/processutils.py:468}}
Jun 22 15:28:28 devstack cinder-volume[93441]: DEBUG dbcounter [-] [93441] Writing DB stats cinder:SELECT=56,cinder:INSERT=14,cinder:UPDATE=52,cinder:DELETE=5 {{(pid=93441) stat_writer /opt/stack/data/venv/lib/python3.12/site-packages/dbcounter.py:115}}
Jun 22 15:28:28 devstack cinder-volume[93441]: DEBUG cinder.coordination [None req-c38be456-1316-4b0a-9b6f-ac2bb7049fdf tempest-SnapshotsActionsTest-1304519064 None] Lock "cinder-quobyte-7d9848d2-6930-4158-8fff-3fdc8a85b5e5" released by "_delete_snapshot" :: held 3.479s {{(pid=93441) __release /opt/stack/cinder/cinder/coordination.py:152}}
Jun 22 15:28:28 devstack cinder-volume[93441]: DEBUG cinder.coordination [None req-c38be456-1316-4b0a-9b6f-ac2bb7049fdf tempest-SnapshotsActionsTest-1304519064 None] Lock "cinder-quobyte-3174b1be-511c-4b91-828c-bd3db584a152" released by "delete_snapshot" :: held 3.509s {{(pid=93441) __release /opt/stack/cinder/cinder/coordination.py:152}}
Jun 22 15:28:29 devstack cinder-volume[93441]: DEBUG cinder.quota [None req-c38be456-1316-4b0a-9b6f-ac2bb7049fdf tempest-SnapshotsActionsTest-1304519064 None] Created reservations ['afd188b6-d754-4851-81ee-2b4ee75b8590', '064328de-8c09-4064-9c33-948ec6f2db91', '2b87c5e7-eecc-4beb-a9b2-c3e8748fae8c', 'ae4a5785-341a-4f1f-b1f4-6870db82172a'] {{(pid=93441) reserve /opt/stack/cinder/cinder/quota.py:752}}
Jun 22 15:28:29 devstack cinder-volume[93441]: INFO cinder.volume.manager [None req-c38be456-1316-4b0a-9b6f-ac2bb7049fdf tempest-SnapshotsActionsTest-1304519064 None] Delete snapshot completed successfully.
Jun 22 15:28:29 devstack cinder-volume[93441]: DEBUG cinder.coordination [None req-c38be456-1316-4b0a-9b6f-ac2bb7049fdf tempest-SnapshotsActionsTest-1304519064 None] Lock "cinder-7d9848d2-6930-4158-8fff-3fdc8a85b5e5-delete_snapshot" released by "delete_snapshot" :: held 3.659s {{(pid=93441) __release /opt/stack/cinder/cinder/coordination.py:152}}
Jun 22 15:28:29 devstack cinder-volume[93441]: DEBUG cinder.coordination [None req-31e39ba9-e81e-449c-8e22-ec60beed6984 tempest-SnapshotsActionsTest-1304519064 None] Acquiring lock "cinder-3174b1be-511c-4b91-828c-bd3db584a152-delete_volume" by "delete_volume" {{(pid=93441) __acquire /opt/stack/cinder/cinder/coordination.py:138}}
Jun 22 15:28:29 devstack cinder-volume[93441]: DEBUG cinder.coordination [None req-31e39ba9-e81e-449c-8e22-ec60beed6984 tempest-SnapshotsActionsTest-1304519064 None] Lock "cinder-3174b1be-511c-4b91-828c-bd3db584a152-delete_volume" acquired by "delete_volume" :: waited 0.026s {{(pid=93441) __acquire /opt/stack/cinder/cinder/coordination.py:141}}
Jun 22 15:28:29 devstack cinder-volume[93441]: DEBUG cinder.coordination [None req-31e39ba9-e81e-449c-8e22-ec60beed6984 tempest-SnapshotsActionsTest-1304519064 None] Acquiring lock "cinder-quobyte-3174b1be-511c-4b91-828c-bd3db584a152" by "delete_volume" {{(pid=93441) __acquire /opt/stack/cinder/cinder/coordination.py:138}}
Jun 22 15:28:29 devstack cinder-volume[93441]: DEBUG cinder.coordination [None req-31e39ba9-e81e-449c-8e22-ec60beed6984 tempest-SnapshotsActionsTest-1304519064 None] Lock "cinder-quobyte-3174b1be-511c-4b91-828c-bd3db584a152" acquired by "delete_volume" :: waited 0.025s {{(pid=93441) __acquire /opt/stack/cinder/cinder/coordination.py:141}}
Jun 22 15:28:29 devstack cinder-volume[93441]: DEBUG oslo.privsep.daemon [-] privsep: reply[cf040989-7c37-4a96-88e5-d5d55ad7433c]: (4, 'qcow2') {{(pid=94463) _call_back /opt/stack/data/venv/lib/python3.12/site-packages/oslo_privsep/daemon.py:580}}
Jun 22 15:28:29 devstack cinder-volume[93441]: DEBUG oslo_concurrency.processutils [None req-31e39ba9-e81e-449c-8e22-ec60beed6984 tempest-SnapshotsActionsTest-1304519064 None] Running cmd (subprocess): /opt/stack/data/venv/bin/python3.12 -m oslo_concurrency.prlimit --as=1073741824 --cpu=60 -- sudo cinder-rootwrap /etc/cinder/rootwrap.conf env LC_ALL=C qemu-img info -f qcow2 --output=json --force-share /opt/stack/data/cinder/mnt/1087dce8bf37903b919a1b3fb8a53df1/volume-3174b1be-511c-4b91-828c-bd3db584a152 {{(pid=93441) execute /opt/stack/data/venv/lib/python3.12/site-packages/oslo_concurrency/processutils.py:440}}
Jun 22 15:28:30 devstack sudo[96364]: quobyte : PWD=/ ; USER=root ; COMMAND=/opt/stack/data/venv/bin/cinder-rootwrap /etc/cinder/rootwrap.conf env LC_ALL=C qemu-img info -f qcow2 --output=json --force-share /opt/stack/data/cinder/mnt/1087dce8bf37903b919a1b3fb8a53df1/volume-3174b1be-511c-4b91-828c-bd3db584a152
Jun 22 15:28:30 devstack sudo[96364]: pam_unix(sudo:session): session opened for user root(uid=0) by (uid=1000)
Jun 22 15:28:31 devstack sudo[96364]: pam_unix(sudo:session): session closed for user root
Jun 22 15:28:31 devstack cinder-volume[93441]: DEBUG oslo_concurrency.processutils [None req-31e39ba9-e81e-449c-8e22-ec60beed6984 tempest-SnapshotsActionsTest-1304519064 None] CMD "/opt/stack/data/venv/bin/python3.12 -m oslo_concurrency.prlimit --as=1073741824 --cpu=60 -- sudo cinder-rootwrap /etc/cinder/rootwrap.conf env LC_ALL=C qemu-img info -f qcow2 --output=json --force-share /opt/stack/data/cinder/mnt/1087dce8bf37903b919a1b3fb8a53df1/volume-3174b1be-511c-4b91-828c-bd3db584a152" returned: 0 in 1.315s {{(pid=93441) execute /opt/stack/data/venv/lib/python3.12/site-packages/oslo_concurrency/processutils.py:468}}
Jun 22 15:28:31 devstack cinder-volume[93441]: DEBUG oslo_concurrency.processutils [None req-31e39ba9-e81e-449c-8e22-ec60beed6984 tempest-SnapshotsActionsTest-1304519064 None] Running cmd (subprocess): sudo cinder-rootwrap /etc/cinder/rootwrap.conf rm -f /opt/stack/data/cinder/mnt/1087dce8bf37903b919a1b3fb8a53df1/volume-3174b1be-511c-4b91-828c-bd3db584a152 {{(pid=93441) execute /opt/stack/data/venv/lib/python3.12/site-packages/oslo_concurrency/processutils.py:440}}
Jun 22 15:28:31 devstack sudo[96464]: quobyte : PWD=/ ; USER=root ; COMMAND=/opt/stack/data/venv/bin/cinder-rootwrap /etc/cinder/rootwrap.conf rm -f /opt/stack/data/cinder/mnt/1087dce8bf37903b919a1b3fb8a53df1/volume-3174b1be-511c-4b91-828c-bd3db584a152
Jun 22 15:28:31 devstack sudo[96464]: pam_unix(sudo:session): session opened for user root(uid=0) by (uid=1000)
Jun 22 15:28:32 devstack sudo[96464]: pam_unix(sudo:session): session closed for user root
Jun 22 15:28:32 devstack cinder-volume[93441]: DEBUG oslo_concurrency.processutils [None req-31e39ba9-e81e-449c-8e22-ec60beed6984 tempest-SnapshotsActionsTest-1304519064 None] CMD "sudo cinder-rootwrap /etc/cinder/rootwrap.conf rm -f /opt/stack/data/cinder/mnt/1087dce8bf37903b919a1b3fb8a53df1/volume-3174b1be-511c-4b91-828c-bd3db584a152" returned: 0 in 1.480s {{(pid=93441) execute /opt/stack/data/venv/lib/python3.12/site-packages/oslo_concurrency/processutils.py:468}}
Jun 22 15:28:32 devstack cinder-volume[93441]: DEBUG cinder.coordination [None req-31e39ba9-e81e-449c-8e22-ec60beed6984 tempest-SnapshotsActionsTest-1304519064 None] Lock "cinder-quobyte-3174b1be-511c-4b91-828c-bd3db584a152" released by "delete_volume" :: held 2.892s {{(pid=93441) __release /opt/stack/cinder/cinder/coordination.py:152}}
Jun 22 15:28:32 devstack cinder-volume[93441]: DEBUG cinder.quota [None req-31e39ba9-e81e-449c-8e22-ec60beed6984 tempest-SnapshotsActionsTest-1304519064 None] Created reservations ['df697c6c-4406-43e9-9b38-b73196c816bd', 'c8924a55-9ad4-4215-a11a-058dcf3c2e42', '546302d9-12e3-43ff-b3e7-420aeb550d3e', '348bf5e1-fc27-4118-99cd-7b068c04420c'] {{(pid=93441) reserve /opt/stack/cinder/cinder/quota.py:752}}
Jun 22 15:28:33 devstack cinder-volume[93441]: DEBUG oslo_concurrency.lockutils [None req-31e39ba9-e81e-449c-8e22-ec60beed6984 tempest-SnapshotsActionsTest-1304519064 None] Acquiring lock "quobyte_ensure" by "cinder.volume.drivers.quobyte.QuobyteDriver._ensure_shares_mounted" {{(pid=93441) inner /opt/stack/data/venv/lib/python3.12/site-packages/oslo_concurrency/lockutils.py:511}}
