Feb 02 18:29:48 devstack cinder-volume[83302]: DEBUG cinder.quota [None req-e93854fe-d30d-4580-aa9f-df05d9b9692a tempest-TaggedBootDevicesTest-183947136 None] Created reservations ['d0ef99d8-47a4-4b8b-a822-ee50dd579776', 'b53b42f7-52d6-4b14-a201-6884f5f16f39', 'd4363bfe-4a5b-4112-8ac5-40d45640306e', '33bd19f2-b6ac-4e1b-99fb-69c26db6835a'] {{(pid=83302) reserve /opt/stack/cinder/cinder/quota.py:752}}
Feb 02 18:29:48 devstack sudo[94205]: quobyte : PWD=/ ; USER=root ; COMMAND=/opt/stack/data/venv/bin/cinder-rootwrap /etc/cinder/rootwrap.conf env LC_ALL=C qemu-img info -f qcow2 --output=json --force-share /opt/stack/data/cinder/mnt/a67872e3c764a37cd20749acd1c70e1e/volume-21ffc319-3b60-4c29-9c42-cb09a133b752
Feb 02 18:29:48 devstack sudo[94205]: pam_unix(sudo:session): session opened for user root(uid=0) by (uid=1000)
Feb 02 18:29:48 devstack cinder-volume[83302]: DEBUG oslo_concurrency.lockutils [None req-e93854fe-d30d-4580-aa9f-df05d9b9692a tempest-TaggedBootDevicesTest-183947136 None] Acquiring lock "quobyte_ensure" by "cinder.volume.drivers.quobyte.QuobyteDriver._ensure_shares_mounted" {{(pid=83302) inner /opt/stack/data/venv/lib/python3.10/site-packages/oslo_concurrency/lockutils.py:506}}
Feb 02 18:29:48 devstack cinder-volume[83302]: DEBUG oslo_concurrency.lockutils [None req-e93854fe-d30d-4580-aa9f-df05d9b9692a tempest-TaggedBootDevicesTest-183947136 None] Lock "quobyte_ensure" acquired by "cinder.volume.drivers.quobyte.QuobyteDriver._ensure_shares_mounted" :: waited 0.001s {{(pid=83302) inner /opt/stack/data/venv/lib/python3.10/site-packages/oslo_concurrency/lockutils.py:519}}
Feb 02 18:29:48 devstack cinder-volume[83302]: DEBUG cinder.volume.drivers.quobyte [None req-e93854fe-d30d-4580-aa9f-df05d9b9692a tempest-TaggedBootDevicesTest-183947136 None] Quobyte Volume URL set to: {'osci02.corp.quobyte.com/cinder-vol-a84c23bb-af75-4dc5-a722-443326f14293': None} {{(pid=83302) _load_shares_config /opt/stack/cinder/cinder/volume/drivers/quobyte.py:620}}
Feb 02 18:29:48 devstack cinder-volume[83302]: DEBUG cinder.volume.drivers.quobyte [None req-e93854fe-d30d-4580-aa9f-df05d9b9692a tempest-TaggedBootDevicesTest-183947136 None] Available shares ['osci02.corp.quobyte.com/cinder-vol-a84c23bb-af75-4dc5-a722-443326f14293'] {{(pid=83302) _ensure_shares_mounted /opt/stack/cinder/cinder/volume/drivers/quobyte.py:650}}
Feb 02 18:29:48 devstack cinder-volume[83302]: DEBUG oslo_concurrency.lockutils [None req-e93854fe-d30d-4580-aa9f-df05d9b9692a tempest-TaggedBootDevicesTest-183947136 None] Lock "quobyte_ensure" "released" by "cinder.volume.drivers.quobyte.QuobyteDriver._ensure_shares_mounted" :: held 0.013s {{(pid=83302) inner /opt/stack/data/venv/lib/python3.10/site-packages/oslo_concurrency/lockutils.py:538}}
Feb 02 18:29:48 devstack cinder-volume[83302]: DEBUG oslo_concurrency.processutils [None req-e93854fe-d30d-4580-aa9f-df05d9b9692a tempest-TaggedBootDevicesTest-183947136 None] Running cmd (subprocess): sudo cinder-rootwrap /etc/cinder/rootwrap.conf df --portability --block-size 1 /opt/stack/data/cinder/mnt/a67872e3c764a37cd20749acd1c70e1e {{(pid=83302) execute /opt/stack/data/venv/lib/python3.10/site-packages/oslo_concurrency/processutils.py:368}}
Feb 02 18:29:48 devstack sudo[94208]: quobyte : PWD=/ ; USER=root ; COMMAND=/opt/stack/data/venv/bin/cinder-rootwrap /etc/cinder/rootwrap.conf df --portability --block-size 1 /opt/stack/data/cinder/mnt/a67872e3c764a37cd20749acd1c70e1e
Feb 02 18:29:48 devstack sudo[94208]: pam_unix(sudo:session): session opened for user root(uid=0) by (uid=1000)
Feb 02 18:29:48 devstack sudo[94205]: pam_unix(sudo:session): session closed for user root
Feb 02 18:29:48 devstack cinder-volume[83302]: DEBUG oslo_concurrency.processutils [None req-b8b68c61-959d-4802-b20e-57610022aeba tempest-GroupSnapshotsTest-179543807 None] CMD "/opt/stack/data/venv/bin/python3.10 -m oslo_concurrency.prlimit --as=1073741824 --cpu=60 -- sudo cinder-rootwrap /etc/cinder/rootwrap.conf env LC_ALL=C qemu-img info -f qcow2 --output=json --force-share /opt/stack/data/cinder/mnt/a67872e3c764a37cd20749acd1c70e1e/volume-21ffc319-3b60-4c29-9c42-cb09a133b752" returned: 0 in 0.655s {{(pid=83302) execute /opt/stack/data/venv/lib/python3.10/site-packages/oslo_concurrency/processutils.py:396}}
Feb 02 18:29:48 devstack cinder-volume[83302]: DEBUG oslo_concurrency.processutils [None req-b8b68c61-959d-4802-b20e-57610022aeba tempest-GroupSnapshotsTest-179543807 None] Running cmd (subprocess): sudo cinder-rootwrap /etc/cinder/rootwrap.conf qemu-img create -f qcow2 -o backing_file=/opt/stack/data/cinder/mnt/a67872e3c764a37cd20749acd1c70e1e/volume-21ffc319-3b60-4c29-9c42-cb09a133b752,backing_fmt=qcow2 /opt/stack/data/cinder/mnt/a67872e3c764a37cd20749acd1c70e1e/volume-21ffc319-3b60-4c29-9c42-cb09a133b752.7e5f1f29-7808-4e09-bf36-227efd6fbcb2 1G {{(pid=83302) execute /opt/stack/data/venv/lib/python3.10/site-packages/oslo_concurrency/processutils.py:368}}
Feb 02 18:29:48 devstack sudo[94215]: quobyte : PWD=/ ; USER=root ; COMMAND=/opt/stack/data/venv/bin/cinder-rootwrap /etc/cinder/rootwrap.conf qemu-img create -f qcow2 -o backing_file=/opt/stack/data/cinder/mnt/a67872e3c764a37cd20749acd1c70e1e/volume-21ffc319-3b60-4c29-9c42-cb09a133b752,backing_fmt=qcow2 /opt/stack/data/cinder/mnt/a67872e3c764a37cd20749acd1c70e1e/volume-21ffc319-3b60-4c29-9c42-cb09a133b752.7e5f1f29-7808-4e09-bf36-227efd6fbcb2 1G
Feb 02 18:29:48 devstack sudo[94215]: pam_unix(sudo:session): session opened for user root(uid=0) by (uid=1000)
Feb 02 18:29:48 devstack sudo[94208]: pam_unix(sudo:session): session closed for user root
Feb 02 18:29:48 devstack cinder-volume[83302]: DEBUG oslo_concurrency.processutils [None req-e93854fe-d30d-4580-aa9f-df05d9b9692a tempest-TaggedBootDevicesTest-183947136 None] CMD "sudo cinder-rootwrap /etc/cinder/rootwrap.conf df --portability --block-size 1 /opt/stack/data/cinder/mnt/a67872e3c764a37cd20749acd1c70e1e" returned: 0 in 0.568s {{(pid=83302) execute /opt/stack/data/venv/lib/python3.10/site-packages/oslo_concurrency/processutils.py:396}}
Feb 02 18:29:48 devstack cinder-volume[83302]: DEBUG cinder.manager [None req-e93854fe-d30d-4580-aa9f-df05d9b9692a tempest-TaggedBootDevicesTest-183947136 None] Notifying Schedulers of capabilities ... {{(pid=83302) _publish_service_capabilities /opt/stack/cinder/cinder/manager.py:202}}
Feb 02 18:29:48 devstack cinder-volume[83302]: INFO cinder.volume.manager [None req-e93854fe-d30d-4580-aa9f-df05d9b9692a tempest-TaggedBootDevicesTest-183947136 None] Deleted volume successfully.
Feb 02 18:29:48 devstack cinder-volume[83302]: DEBUG cinder.coordination [None req-e93854fe-d30d-4580-aa9f-df05d9b9692a tempest-TaggedBootDevicesTest-183947136 None] Lock "cinder-c877fc73-acda-4d1d-92c8-152a7e6a24d8-delete_volume" released by "delete_volume" :: held 3.682s {{(pid=83302) __release /opt/stack/cinder/cinder/coordination.py:157}}
Feb 02 18:29:49 devstack sudo[94215]: pam_unix(sudo:session): session closed for user root
Feb 02 18:29:49 devstack cinder-volume[83302]: DEBUG oslo_concurrency.processutils [None req-b8b68c61-959d-4802-b20e-57610022aeba tempest-GroupSnapshotsTest-179543807 None] CMD "sudo cinder-rootwrap /etc/cinder/rootwrap.conf qemu-img create -f qcow2 -o backing_file=/opt/stack/data/cinder/mnt/a67872e3c764a37cd20749acd1c70e1e/volume-21ffc319-3b60-4c29-9c42-cb09a133b752,backing_fmt=qcow2 /opt/stack/data/cinder/mnt/a67872e3c764a37cd20749acd1c70e1e/volume-21ffc319-3b60-4c29-9c42-cb09a133b752.7e5f1f29-7808-4e09-bf36-227efd6fbcb2 1G" returned: 0 in 0.704s {{(pid=83302) execute /opt/stack/data/venv/lib/python3.10/site-packages/oslo_concurrency/processutils.py:396}}
Feb 02 18:29:49 devstack cinder-volume[83302]: DEBUG oslo_concurrency.processutils [None req-b8b68c61-959d-4802-b20e-57610022aeba tempest-GroupSnapshotsTest-179543807 None] Running cmd (subprocess): sudo cinder-rootwrap /etc/cinder/rootwrap.conf qemu-img rebase -u -b volume-21ffc319-3b60-4c29-9c42-cb09a133b752 -F qcow2 /opt/stack/data/cinder/mnt/a67872e3c764a37cd20749acd1c70e1e/volume-21ffc319-3b60-4c29-9c42-cb09a133b752.7e5f1f29-7808-4e09-bf36-227efd6fbcb2 {{(pid=83302) execute /opt/stack/data/venv/lib/python3.10/site-packages/oslo_concurrency/processutils.py:368}}
Feb 02 18:29:49 devstack sudo[94221]: quobyte : PWD=/ ; USER=root ; COMMAND=/opt/stack/data/venv/bin/cinder-rootwrap /etc/cinder/rootwrap.conf qemu-img rebase -u -b volume-21ffc319-3b60-4c29-9c42-cb09a133b752 -F qcow2 /opt/stack/data/cinder/mnt/a67872e3c764a37cd20749acd1c70e1e/volume-21ffc319-3b60-4c29-9c42-cb09a133b752.7e5f1f29-7808-4e09-bf36-227efd6fbcb2
Feb 02 18:29:49 devstack sudo[94221]: pam_unix(sudo:session): session opened for user root(uid=0) by (uid=1000)
Feb 02 18:29:50 devstack sudo[94221]: pam_unix(sudo:session): session closed for user root
Feb 02 18:29:50 devstack cinder-volume[83302]: DEBUG oslo_concurrency.processutils [None req-b8b68c61-959d-4802-b20e-57610022aeba tempest-GroupSnapshotsTest-179543807 None] CMD "sudo cinder-rootwrap /etc/cinder/rootwrap.conf qemu-img rebase -u -b volume-21ffc319-3b60-4c29-9c42-cb09a133b752 -F qcow2 /opt/stack/data/cinder/mnt/a67872e3c764a37cd20749acd1c70e1e/volume-21ffc319-3b60-4c29-9c42-cb09a133b752.7e5f1f29-7808-4e09-bf36-227efd6fbcb2" returned: 0 in 0.879s {{(pid=83302) execute /opt/stack/data/venv/lib/python3.10/site-packages/oslo_concurrency/processutils.py:396}}
Feb 02 18:29:50 devstack cinder-volume[83302]: WARNING cinder.volume.drivers.remotefs [None req-b8b68c61-959d-4802-b20e-57610022aeba tempest-GroupSnapshotsTest-179543807 None] /opt/stack/data/cinder/mnt/a67872e3c764a37cd20749acd1c70e1e/volume-21ffc319-3b60-4c29-9c42-cb09a133b752.7e5f1f29-7808-4e09-bf36-227efd6fbcb2 is being set with open permissions: ugo+rw: NotImplementedError
Feb 02 18:29:50 devstack cinder-volume[83302]: DEBUG oslo_concurrency.processutils [None req-b8b68c61-959d-4802-b20e-57610022aeba tempest-GroupSnapshotsTest-179543807 None] Running cmd (subprocess): sudo cinder-rootwrap /etc/cinder/rootwrap.conf chmod ugo+rw /opt/stack/data/cinder/mnt/a67872e3c764a37cd20749acd1c70e1e/volume-21ffc319-3b60-4c29-9c42-cb09a133b752.7e5f1f29-7808-4e09-bf36-227efd6fbcb2 {{(pid=83302) execute /opt/stack/data/venv/lib/python3.10/site-packages/oslo_concurrency/processutils.py:368}}
Feb 02 18:29:50 devstack sudo[94227]: quobyte : PWD=/ ; USER=root ; COMMAND=/opt/stack/data/venv/bin/cinder-rootwrap /etc/cinder/rootwrap.conf chmod ugo+rw /opt/stack/data/cinder/mnt/a67872e3c764a37cd20749acd1c70e1e/volume-21ffc319-3b60-4c29-9c42-cb09a133b752.7e5f1f29-7808-4e09-bf36-227efd6fbcb2
Feb 02 18:29:50 devstack sudo[94227]: pam_unix(sudo:session): session opened for user root(uid=0) by (uid=1000)
Feb 02 18:29:51 devstack sudo[94227]: pam_unix(sudo:session): session closed for user root
Feb 02 18:29:51 devstack cinder-volume[83302]: DEBUG oslo_concurrency.processutils [None req-b8b68c61-959d-4802-b20e-57610022aeba tempest-GroupSnapshotsTest-179543807 None] CMD "sudo cinder-rootwrap /etc/cinder/rootwrap.conf chmod ugo+rw /opt/stack/data/cinder/mnt/a67872e3c764a37cd20749acd1c70e1e/volume-21ffc319-3b60-4c29-9c42-cb09a133b752.7e5f1f29-7808-4e09-bf36-227efd6fbcb2" returned: 0 in 0.613s {{(pid=83302) execute /opt/stack/data/venv/lib/python3.10/site-packages/oslo_concurrency/processutils.py:396}}
Feb 02 18:29:51 devstack cinder-volume[83302]: DEBUG oslo_concurrency.processutils [None req-b8b68c61-959d-4802-b20e-57610022aeba tempest-GroupSnapshotsTest-179543807 None] Running cmd (subprocess): sudo cinder-rootwrap /etc/cinder/rootwrap.conf truncate -s0 /opt/stack/data/cinder/mnt/a67872e3c764a37cd20749acd1c70e1e/volume-21ffc319-3b60-4c29-9c42-cb09a133b752.info {{(pid=83302) execute /opt/stack/data/venv/lib/python3.10/site-packages/oslo_concurrency/processutils.py:368}}
Feb 02 18:29:51 devstack sudo[94230]: quobyte : PWD=/ ; USER=root ; COMMAND=/opt/stack/data/venv/bin/cinder-rootwrap /etc/cinder/rootwrap.conf truncate -s0 /opt/stack/data/cinder/mnt/a67872e3c764a37cd20749acd1c70e1e/volume-21ffc319-3b60-4c29-9c42-cb09a133b752.info
Feb 02 18:29:51 devstack sudo[94230]: pam_unix(sudo:session): session opened for user root(uid=0) by (uid=1000)
Feb 02 18:29:51 devstack sudo[94230]: pam_unix(sudo:session): session closed for user root
Feb 02 18:29:51 devstack cinder-volume[83302]: DEBUG oslo_concurrency.processutils [None req-b8b68c61-959d-4802-b20e-57610022aeba tempest-GroupSnapshotsTest-179543807 None] CMD "sudo cinder-rootwrap /etc/cinder/rootwrap.conf truncate -s0 /opt/stack/data/cinder/mnt/a67872e3c764a37cd20749acd1c70e1e/volume-21ffc319-3b60-4c29-9c42-cb09a133b752.info" returned: 0 in 0.722s {{(pid=83302) execute /opt/stack/data/venv/lib/python3.10/site-packages/oslo_concurrency/processutils.py:396}}
Feb 02 18:29:51 devstack cinder-volume[83302]: WARNING cinder.volume.drivers.remotefs [None req-b8b68c61-959d-4802-b20e-57610022aeba tempest-GroupSnapshotsTest-179543807 None] /opt/stack/data/cinder/mnt/a67872e3c764a37cd20749acd1c70e1e/volume-21ffc319-3b60-4c29-9c42-cb09a133b752.info is being set with open permissions: ugo+rw: NotImplementedError
Feb 02 18:29:51 devstack cinder-volume[83302]: DEBUG oslo_concurrency.processutils [None req-b8b68c61-959d-4802-b20e-57610022aeba tempest-GroupSnapshotsTest-179543807 None] Running cmd (subprocess): sudo cinder-rootwrap /etc/cinder/rootwrap.conf chmod ugo+rw /opt/stack/data/cinder/mnt/a67872e3c764a37cd20749acd1c70e1e/volume-21ffc319-3b60-4c29-9c42-cb09a133b752.info {{(pid=83302) execute /opt/stack/data/venv/lib/python3.10/site-packages/oslo_concurrency/processutils.py:368}}
Feb 02 18:29:51 devstack sudo[94239]: quobyte : PWD=/ ; USER=root ; COMMAND=/opt/stack/data/venv/bin/cinder-rootwrap /etc/cinder/rootwrap.conf chmod ugo+rw /opt/stack/data/cinder/mnt/a67872e3c764a37cd20749acd1c70e1e/volume-21ffc319-3b60-4c29-9c42-cb09a133b752.info
Feb 02 18:29:51 devstack sudo[94239]: pam_unix(sudo:session): session opened for user root(uid=0) by (uid=1000)
Feb 02 18:29:52 devstack sudo[94239]: pam_unix(sudo:session): session closed for user root
Feb 02 18:29:52 devstack cinder-volume[83302]: DEBUG oslo_concurrency.processutils [None req-b8b68c61-959d-4802-b20e-57610022aeba tempest-GroupSnapshotsTest-179543807 None] CMD "sudo cinder-rootwrap /etc/cinder/rootwrap.conf chmod ugo+rw /opt/stack/data/cinder/mnt/a67872e3c764a37cd20749acd1c70e1e/volume-21ffc319-3b60-4c29-9c42-cb09a133b752.info" returned: 0 in 0.587s {{(pid=83302) execute /opt/stack/data/venv/lib/python3.10/site-packages/oslo_concurrency/processutils.py:396}}
Feb 02 18:29:52 devstack cinder-volume[83302]: DEBUG oslo_concurrency.lockutils [None req-b8b68c61-959d-4802-b20e-57610022aeba tempest-GroupSnapshotsTest-179543807 None] Lock "quobyte" "released" by "cinder.volume.drivers.quobyte.QuobyteDriver.create_snapshot" :: held 4.240s {{(pid=83302) inner /opt/stack/data/venv/lib/python3.10/site-packages/oslo_concurrency/lockutils.py:538}}
Feb 02 18:29:52 devstack cinder-volume[83302]: INFO cinder.volume.manager [None req-b8b68c61-959d-4802-b20e-57610022aeba tempest-GroupSnapshotsTest-179543807 None] group_snapshot 24d2d3fa-0e7f-49c3-b54e-b26489c6ed6d: created successfully
Feb 02 18:29:53 devstack cinder-volume[83302]: INFO cinder.volume.manager [None req-234a0bdc-d2c5-4e1a-8977-a12aa96110a2 tempest-GroupSnapshotsTest-179543807 None] group_snapshot 24d2d3fa-0e7f-49c3-b54e-b26489c6ed6d: deleting
Feb 02 18:29:53 devstack cinder-volume[83302]: WARNING cinder.volume.volume_utils [None req-234a0bdc-d2c5-4e1a-8977-a12aa96110a2 tempest-GroupSnapshotsTest-179543807 None] Volume driver (QuobyteDriver 1.1.14) is currently unsupported and may be removed in the next release of OpenStack. Use at your own risk.
Feb 02 18:29:53 devstack cinder-volume[83302]: DEBUG cinder.volume.manager [None req-234a0bdc-d2c5-4e1a-8977-a12aa96110a2 tempest-GroupSnapshotsTest-179543807 None] group_snapshot 24d2d3fa-0e7f-49c3-b54e-b26489c6ed6d: deleting {{(pid=83302) delete_group_snapshot /opt/stack/cinder/cinder/volume/manager.py:4348}}
Feb 02 18:29:53 devstack cinder-volume[83302]: DEBUG cinder.coordination [None req-234a0bdc-d2c5-4e1a-8977-a12aa96110a2 tempest-GroupSnapshotsTest-179543807 None] Acquiring lock "cinder-quobyte-21ffc319-3b60-4c29-9c42-cb09a133b752" by "delete_snapshot" {{(pid=83302) __acquire /opt/stack/cinder/cinder/coordination.py:143}}
Feb 02 18:29:53 devstack cinder-volume[83302]: DEBUG cinder.coordination [None req-234a0bdc-d2c5-4e1a-8977-a12aa96110a2 tempest-GroupSnapshotsTest-179543807 None] Lock "cinder-quobyte-21ffc319-3b60-4c29-9c42-cb09a133b752" acquired by "delete_snapshot" :: waited 0.010s {{(pid=83302) __acquire /opt/stack/cinder/cinder/coordination.py:146}}
Feb 02 18:29:53 devstack cinder-volume[83302]: DEBUG cinder.coordination [None req-234a0bdc-d2c5-4e1a-8977-a12aa96110a2 tempest-GroupSnapshotsTest-179543807 None] Acquiring lock "cinder-quobyte-7e5f1f29-7808-4e09-bf36-227efd6fbcb2" by "_delete_snapshot" {{(pid=83302) __acquire /opt/stack/cinder/cinder/coordination.py:143}}
Feb 02 18:29:53 devstack cinder-volume[83302]: DEBUG cinder.coordination [None req-234a0bdc-d2c5-4e1a-8977-a12aa96110a2 tempest-GroupSnapshotsTest-179543807 None] Lock "cinder-quobyte-7e5f1f29-7808-4e09-bf36-227efd6fbcb2" acquired by "_delete_snapshot" :: waited 0.009s {{(pid=83302) __acquire /opt/stack/cinder/cinder/coordination.py:146}}
Feb 02 18:29:53 devstack cinder-volume[83302]: DEBUG cinder.volume.drivers.remotefs [None req-234a0bdc-d2c5-4e1a-8977-a12aa96110a2 tempest-GroupSnapshotsTest-179543807 None] Deleting offline snapshot 7e5f1f29-7808-4e09-bf36-227efd6fbcb2 of volume 21ffc319-3b60-4c29-9c42-cb09a133b752 {{(pid=83302) _delete_snapshot /opt/stack/cinder/cinder/volume/drivers/remotefs.py:1297}}
Feb 02 18:29:53 devstack cinder-volume[83302]: DEBUG cinder.volume.drivers.remotefs [None req-234a0bdc-d2c5-4e1a-8977-a12aa96110a2 tempest-GroupSnapshotsTest-179543807 None] snapshot_file for this snap is: volume-21ffc319-3b60-4c29-9c42-cb09a133b752.7e5f1f29-7808-4e09-bf36-227efd6fbcb2 {{(pid=83302) _delete_snapshot /opt/stack/cinder/cinder/volume/drivers/remotefs.py:1326}}
Feb 02 18:29:53 devstack cinder-volume[83302]: DEBUG oslo.privsep.daemon [-] privsep: reply[836edb4c-e191-4c19-bcdd-c8b42d99beb8]: (4, 'qcow2') {{(pid=84415) _call_back /opt/stack/data/venv/lib/python3.10/site-packages/oslo_privsep/daemon.py:515}}
Feb 02 18:29:53 devstack cinder-volume[83302]: DEBUG oslo_concurrency.processutils [None req-234a0bdc-d2c5-4e1a-8977-a12aa96110a2 tempest-GroupSnapshotsTest-179543807 None] Running cmd (subprocess): /opt/stack/data/venv/bin/python3.10 -m oslo_concurrency.prlimit --as=1073741824 --cpu=60 -- sudo cinder-rootwrap /etc/cinder/rootwrap.conf env LC_ALL=C qemu-img info -f qcow2 --output=json --force-share /opt/stack/data/cinder/mnt/a67872e3c764a37cd20749acd1c70e1e/volume-21ffc319-3b60-4c29-9c42-cb09a133b752.7e5f1f29-7808-4e09-bf36-227efd6fbcb2 {{(pid=83302) execute /opt/stack/data/venv/lib/python3.10/site-packages/oslo_concurrency/processutils.py:368}}
Feb 02 18:29:53 devstack sudo[94245]: quobyte : PWD=/ ; USER=root ; COMMAND=/opt/stack/data/venv/bin/cinder-rootwrap /etc/cinder/rootwrap.conf env LC_ALL=C qemu-img info -f qcow2 --output=json --force-share /opt/stack/data/cinder/mnt/a67872e3c764a37cd20749acd1c70e1e/volume-21ffc319-3b60-4c29-9c42-cb09a133b752.7e5f1f29-7808-4e09-bf36-227efd6fbcb2
Feb 02 18:29:53 devstack sudo[94245]: pam_unix(sudo:session): session opened for user root(uid=0) by (uid=1000)
Feb 02 18:29:54 devstack sudo[94245]: pam_unix(sudo:session): session closed for user root
Feb 02 18:29:54 devstack cinder-volume[83302]: DEBUG oslo_concurrency.processutils [None req-234a0bdc-d2c5-4e1a-8977-a12aa96110a2 tempest-GroupSnapshotsTest-179543807 None] CMD "/opt/stack/data/venv/bin/python3.10 -m oslo_concurrency.prlimit --as=1073741824 --cpu=60 -- sudo cinder-rootwrap /etc/cinder/rootwrap.conf env LC_ALL=C qemu-img info -f qcow2 --output=json --force-share /opt/stack/data/cinder/mnt/a67872e3c764a37cd20749acd1c70e1e/volume-21ffc319-3b60-4c29-9c42-cb09a133b752.7e5f1f29-7808-4e09-bf36-227efd6fbcb2" returned: 0 in 0.632s {{(pid=83302) execute /opt/stack/data/venv/lib/python3.10/site-packages/oslo_concurrency/processutils.py:396}}
Feb 02 18:29:54 devstack cinder-volume[83302]: DEBUG cinder.volume.drivers.remotefs [None req-234a0bdc-d2c5-4e1a-8977-a12aa96110a2 tempest-GroupSnapshotsTest-179543807 None] Fetching qemu-img info with special backing_file_template: (/opt/stack/data/cinder/mnt/[0-9a-f]+/)?(volume-21ffc319-3b60-4c29-9c42-cb09a133b752(.(tmp-snap-)?[0-9a-f-]+)?|volume_from_snapshot_cache/(tmp-snap-)?[0-9a-f-]+(.(child-|parent-)[0-9a-f-]+)?)$ {{(pid=83302) _qemu_img_info_base /opt/stack/cinder/cinder/volume/drivers/remotefs.py:903}}
Feb 02 18:29:54 devstack cinder-volume[83302]: DEBUG oslo.privsep.daemon [-] privsep: reply[f7a7f205-1fa5-487d-b7ad-9cc952174851]: (4, 'qcow2') {{(pid=84415) _call_back /opt/stack/data/venv/lib/python3.10/site-packages/oslo_privsep/daemon.py:515}}
Feb 02 18:29:54 devstack cinder-volume[83302]: DEBUG oslo_concurrency.processutils [None req-234a0bdc-d2c5-4e1a-8977-a12aa96110a2 tempest-GroupSnapshotsTest-179543807 None] Running cmd (subprocess): /opt/stack/data/venv/bin/python3.10 -m oslo_concurrency.prlimit --as=1073741824 --cpu=60 -- sudo cinder-rootwrap /etc/cinder/rootwrap.conf env LC_ALL=C qemu-img info -f qcow2 --output=json --force-share /opt/stack/data/cinder/mnt/a67872e3c764a37cd20749acd1c70e1e/volume-21ffc319-3b60-4c29-9c42-cb09a133b752 {{(pid=83302) execute /opt/stack/data/venv/lib/python3.10/site-packages/oslo_concurrency/processutils.py:368}}
Feb 02 18:29:54 devstack sudo[94250]: quobyte : PWD=/ ; USER=root ; COMMAND=/opt/stack/data/venv/bin/cinder-rootwrap /etc/cinder/rootwrap.conf env LC_ALL=C qemu-img info -f qcow2 --output=json --force-share /opt/stack/data/cinder/mnt/a67872e3c764a37cd20749acd1c70e1e/volume-21ffc319-3b60-4c29-9c42-cb09a133b752
Feb 02 18:29:54 devstack sudo[94250]: pam_unix(sudo:session): session opened for user root(uid=0) by (uid=1000)
Feb 02 18:29:54 devstack sudo[94250]: pam_unix(sudo:session): session closed for user root
Feb 02 18:29:54 devstack cinder-volume[83302]: DEBUG oslo_concurrency.processutils [None req-234a0bdc-d2c5-4e1a-8977-a12aa96110a2 tempest-GroupSnapshotsTest-179543807 None] CMD "/opt/stack/data/venv/bin/python3.10 -m oslo_concurrency.prlimit --as=1073741824 --cpu=60 -- sudo cinder-rootwrap /etc/cinder/rootwrap.conf env LC_ALL=C qemu-img info -f qcow2 --output=json --force-share /opt/stack/data/cinder/mnt/a67872e3c764a37cd20749acd1c70e1e/volume-21ffc319-3b60-4c29-9c42-cb09a133b752" returned: 0 in 0.708s {{(pid=83302) execute /opt/stack/data/venv/lib/python3.10/site-packages/oslo_concurrency/processutils.py:396}}
Feb 02 18:29:54 devstack cinder-volume[83302]: DEBUG oslo_concurrency.processutils [None req-234a0bdc-d2c5-4e1a-8977-a12aa96110a2 tempest-GroupSnapshotsTest-179543807 None] Running cmd (subprocess): sudo cinder-rootwrap /etc/cinder/rootwrap.conf qemu-img commit -d /opt/stack/data/cinder/mnt/a67872e3c764a37cd20749acd1c70e1e/volume-21ffc319-3b60-4c29-9c42-cb09a133b752.7e5f1f29-7808-4e09-bf36-227efd6fbcb2 {{(pid=83302) execute /opt/stack/data/venv/lib/python3.10/site-packages/oslo_concurrency/processutils.py:368}}
Feb 02 18:29:54 devstack sudo[94255]: quobyte : PWD=/ ; USER=root ; COMMAND=/opt/stack/data/venv/bin/cinder-rootwrap /etc/cinder/rootwrap.conf qemu-img commit -d /opt/stack/data/cinder/mnt/a67872e3c764a37cd20749acd1c70e1e/volume-21ffc319-3b60-4c29-9c42-cb09a133b752.7e5f1f29-7808-4e09-bf36-227efd6fbcb2
Feb 02 18:29:54 devstack sudo[94255]: pam_unix(sudo:session): session opened for user root(uid=0) by (uid=1000)
Feb 02 18:29:55 devstack sudo[94255]: pam_unix(sudo:session): session closed for user root
Feb 02 18:29:55 devstack cinder-volume[83302]: DEBUG oslo_concurrency.processutils [None req-234a0bdc-d2c5-4e1a-8977-a12aa96110a2 tempest-GroupSnapshotsTest-179543807 None] CMD "sudo cinder-rootwrap /etc/cinder/rootwrap.conf qemu-img commit -d /opt/stack/data/cinder/mnt/a67872e3c764a37cd20749acd1c70e1e/volume-21ffc319-3b60-4c29-9c42-cb09a133b752.7e5f1f29-7808-4e09-bf36-227efd6fbcb2" returned: 0 in 0.731s {{(pid=83302) execute /opt/stack/data/venv/lib/python3.10/site-packages/oslo_concurrency/processutils.py:396}}
Feb 02 18:29:55 devstack cinder-volume[83302]: DEBUG oslo_concurrency.processutils [None req-234a0bdc-d2c5-4e1a-8977-a12aa96110a2 tempest-GroupSnapshotsTest-179543807 None] Running cmd (subprocess): sudo cinder-rootwrap /etc/cinder/rootwrap.conf rm -f /opt/stack/data/cinder/mnt/a67872e3c764a37cd20749acd1c70e1e/volume-21ffc319-3b60-4c29-9c42-cb09a133b752.7e5f1f29-7808-4e09-bf36-227efd6fbcb2 {{(pid=83302) execute /opt/stack/data/venv/lib/python3.10/site-packages/oslo_concurrency/processutils.py:368}}
Feb 02 18:29:55 devstack sudo[94261]: quobyte : PWD=/ ; USER=root ; COMMAND=/opt/stack/data/venv/bin/cinder-rootwrap /etc/cinder/rootwrap.conf rm -f /opt/stack/data/cinder/mnt/a67872e3c764a37cd20749acd1c70e1e/volume-21ffc319-3b60-4c29-9c42-cb09a133b752.7e5f1f29-7808-4e09-bf36-227efd6fbcb2
Feb 02 18:29:55 devstack sudo[94261]: pam_unix(sudo:session): session opened for user root(uid=0) by (uid=1000)
Feb 02 18:29:56 devstack sudo[94261]: pam_unix(sudo:session): session closed for user root
Feb 02 18:29:56 devstack cinder-volume[83302]: DEBUG oslo_concurrency.processutils [None req-234a0bdc-d2c5-4e1a-8977-a12aa96110a2 tempest-GroupSnapshotsTest-179543807 None] CMD "sudo cinder-rootwrap /etc/cinder/rootwrap.conf rm -f /opt/stack/data/cinder/mnt/a67872e3c764a37cd20749acd1c70e1e/volume-21ffc319-3b60-4c29-9c42-cb09a133b752.7e5f1f29-7808-4e09-bf36-227efd6fbcb2" returned: 0 in 0.548s {{(pid=83302) execute /opt/stack/data/venv/lib/python3.10/site-packages/oslo_concurrency/processutils.py:396}}
Feb 02 18:29:56 devstack cinder-volume[83302]: DEBUG cinder.coordination [None req-234a0bdc-d2c5-4e1a-8977-a12aa96110a2 tempest-GroupSnapshotsTest-179543807 None] Lock "cinder-quobyte-7e5f1f29-7808-4e09-bf36-227efd6fbcb2" released by "_delete_snapshot" :: held 2.696s {{(pid=83302) __release /opt/stack/cinder/cinder/coordination.py:157}}
Feb 02 18:29:56 devstack cinder-volume[83302]: DEBUG cinder.coordination [None req-234a0bdc-d2c5-4e1a-8977-a12aa96110a2 tempest-GroupSnapshotsTest-179543807 None] Lock "cinder-quobyte-21ffc319-3b60-4c29-9c42-cb09a133b752" released by "delete_snapshot" :: held 2.710s {{(pid=83302) __release /opt/stack/cinder/cinder/coordination.py:157}}
Feb 02 18:29:56 devstack cinder-volume[83302]: WARNING cinder.quota [None req-234a0bdc-d2c5-4e1a-8977-a12aa96110a2 tempest-GroupSnapshotsTest-179543807 None] Deprecated: Default quota for resource: gigabytes_tempest-GroupSnapshotsTest-volume-type-1217634313 is set by the default quota flag: quota_gigabytes_tempest-GroupSnapshotsTest-volume-type-1217634313, it is now deprecated. Please use the default quota class for default quota.
Feb 02 18:29:56 devstack cinder-volume[83302]: WARNING cinder.quota [None req-234a0bdc-d2c5-4e1a-8977-a12aa96110a2 tempest-GroupSnapshotsTest-179543807 None] Deprecated: Default quota for resource: snapshots_tempest-GroupSnapshotsTest-volume-type-1217634313 is set by the default quota flag: quota_snapshots_tempest-GroupSnapshotsTest-volume-type-1217634313, it is now deprecated. Please use the default quota class for default quota.
Feb 02 18:29:56 devstack cinder-volume[83302]: DEBUG cinder.quota [None req-234a0bdc-d2c5-4e1a-8977-a12aa96110a2 tempest-GroupSnapshotsTest-179543807 None] Created reservations ['f2b34b21-8dfa-45f9-8623-77d32501316f', 'edbb8e14-2b55-4a9a-b0ea-11148c012507', '6fffe273-12dc-4be2-86f2-a2c33decf3c4', 'a28704f1-2ea9-42dc-bf3d-9ef3b8e8ae5c'] {{(pid=83302) reserve /opt/stack/cinder/cinder/quota.py:752}}
Feb 02 18:29:56 devstack cinder-volume[83302]: INFO cinder.volume.manager [None req-234a0bdc-d2c5-4e1a-8977-a12aa96110a2 tempest-GroupSnapshotsTest-179543807 None] group_snapshot 24d2d3fa-0e7f-49c3-b54e-b26489c6ed6d: deleted successfully
Feb 02 18:29:57 devstack cinder-volume[83302]: WARNING cinder.volume.volume_utils [None req-8c03f9f9-f3fd-4d8f-b5be-08336d9754bc tempest-GroupSnapshotsTest-179543807 None] Volume driver (QuobyteDriver 1.1.14) is currently unsupported and may be removed in the next release of OpenStack. Use at your own risk.
Feb 02 18:29:57 devstack cinder-volume[83302]: DEBUG cinder.coordination [None req-8c03f9f9-f3fd-4d8f-b5be-08336d9754bc tempest-GroupSnapshotsTest-179543807 None] Acquiring lock "cinder-quobyte-21ffc319-3b60-4c29-9c42-cb09a133b752" by "delete_volume" {{(pid=83302) __acquire /opt/stack/cinder/cinder/coordination.py:143}}
Feb 02 18:29:57 devstack cinder-volume[83302]: DEBUG cinder.coordination [None req-8c03f9f9-f3fd-4d8f-b5be-08336d9754bc tempest-GroupSnapshotsTest-179543807 None] Lock "cinder-quobyte-21ffc319-3b60-4c29-9c42-cb09a133b752" acquired by "delete_volume" :: waited 0.020s {{(pid=83302) __acquire /opt/stack/cinder/cinder/coordination.py:146}}
Feb 02 18:29:57 devstack cinder-volume[83302]: DEBUG oslo.privsep.daemon [-] privsep: reply[71e86bb6-dcfc-414c-954a-e3d18c362254]: (4, 'qcow2') {{(pid=84415) _call_back /opt/stack/data/venv/lib/python3.10/site-packages/oslo_privsep/daemon.py:515}}
Feb 02 18:29:57 devstack cinder-volume[83302]: DEBUG oslo_concurrency.processutils [None req-8c03f9f9-f3fd-4d8f-b5be-08336d9754bc tempest-GroupSnapshotsTest-179543807 None] Running cmd (subprocess): /opt/stack/data/venv/bin/python3.10 -m oslo_concurrency.prlimit --as=1073741824 --cpu=60 -- sudo cinder-rootwrap /etc/cinder/rootwrap.conf env LC_ALL=C qemu-img info -f qcow2 --output=json --force-share /opt/stack/data/cinder/mnt/a67872e3c764a37cd20749acd1c70e1e/volume-21ffc319-3b60-4c29-9c42-cb09a133b752 {{(pid=83302) execute /opt/stack/data/venv/lib/python3.10/site-packages/oslo_concurrency/processutils.py:368}}
Feb 02 18:29:57 devstack sudo[94264]: quobyte : PWD=/ ; USER=root ; COMMAND=/opt/stack/data/venv/bin/cinder-rootwrap /etc/cinder/rootwrap.conf env LC_ALL=C qemu-img info -f qcow2 --output=json --force-share /opt/stack/data/cinder/mnt/a67872e3c764a37cd20749acd1c70e1e/volume-21ffc319-3b60-4c29-9c42-cb09a133b752
Feb 02 18:29:57 devstack sudo[94264]: pam_unix(sudo:session): session opened for user root(uid=0) by (uid=1000)
Feb 02 18:29:57 devstack sudo[94264]: pam_unix(sudo:session): session closed for user root
Feb 02 18:29:57 devstack cinder-volume[83302]: DEBUG oslo_concurrency.processutils [None req-8c03f9f9-f3fd-4d8f-b5be-08336d9754bc tempest-GroupSnapshotsTest-179543807 None] CMD "/opt/stack/data/venv/bin/python3.10 -m oslo_concurrency.prlimit --as=1073741824 --cpu=60 -- sudo cinder-rootwrap /etc/cinder/rootwrap.conf env LC_ALL=C qemu-img info -f qcow2 --output=json --force-share /opt/stack/data/cinder/mnt/a67872e3c764a37cd20749acd1c70e1e/volume-21ffc319-3b60-4c29-9c42-cb09a133b752" returned: 0 in 0.717s {{(pid=83302) execute /opt/stack/data/venv/lib/python3.10/site-packages/oslo_concurrency/processutils.py:396}}
Feb 02 18:29:57 devstack cinder-volume[83302]: DEBUG oslo_concurrency.processutils [None req-8c03f9f9-f3fd-4d8f-b5be-08336d9754bc tempest-GroupSnapshotsTest-179543807 None] Running cmd (subprocess): sudo cinder-rootwrap /etc/cinder/rootwrap.conf rm -f /opt/stack/data/cinder/mnt/a67872e3c764a37cd20749acd1c70e1e/volume-21ffc319-3b60-4c29-9c42-cb09a133b752 {{(pid=83302) execute /opt/stack/data/venv/lib/python3.10/site-packages/oslo_concurrency/processutils.py:368}}
Feb 02 18:29:57 devstack sudo[94269]: quobyte : PWD=/ ; USER=root ; COMMAND=/opt/stack/data/venv/bin/cinder-rootwrap /etc/cinder/rootwrap.conf rm -f /opt/stack/data/cinder/mnt/a67872e3c764a37cd20749acd1c70e1e/volume-21ffc319-3b60-4c29-9c42-cb09a133b752
Feb 02 18:29:57 devstack sudo[94269]: pam_unix(sudo:session): session opened for user root(uid=0) by (uid=1000)
Feb 02 18:29:58 devstack sudo[94269]: pam_unix(sudo:session): session closed for user root
Feb 02 18:29:58 devstack cinder-volume[83302]: DEBUG oslo_concurrency.processutils [None req-8c03f9f9-f3fd-4d8f-b5be-08336d9754bc tempest-GroupSnapshotsTest-179543807 None] CMD "sudo cinder-rootwrap /etc/cinder/rootwrap.conf rm -f /opt/stack/data/cinder/mnt/a67872e3c764a37cd20749acd1c70e1e/volume-21ffc319-3b60-4c29-9c42-cb09a133b752" returned: 0 in 0.684s {{(pid=83302) execute /opt/stack/data/venv/lib/python3.10/site-packages/oslo_concurrency/processutils.py:396}}
Feb 02 18:29:58 devstack cinder-volume[83302]: DEBUG cinder.coordination [None req-8c03f9f9-f3fd-4d8f-b5be-08336d9754bc tempest-GroupSnapshotsTest-179543807 None] Lock "cinder-quobyte-21ffc319-3b60-4c29-9c42-cb09a133b752" released by "delete_volume" :: held 1.449s {{(pid=83302) __release /opt/stack/cinder/cinder/coordination.py:157}}
Feb 02 18:29:58 devstack cinder-volume[83302]: DEBUG cinder.quota [None req-8c03f9f9-f3fd-4d8f-b5be-08336d9754bc tempest-GroupSnapshotsTest-179543807 None] Created reservations ['3d5b8941-9451-45dc-b734-2c3dde0a4357'] {{(pid=83302) reserve /opt/stack/cinder/cinder/quota.py:752}}
Feb 02 18:29:58 devstack cinder-volume[83302]: WARNING cinder.quota [None req-8c03f9f9-f3fd-4d8f-b5be-08336d9754bc tempest-GroupSnapshotsTest-179543807 None] Deprecated: Default quota for resource: volumes_tempest-GroupSnapshotsTest-volume-type-1217634313 is set by the default quota flag: quota_volumes_tempest-GroupSnapshotsTest-volume-type-1217634313, it is now deprecated. Please use the default quota class for default quota.
Feb 02 18:29:58 devstack cinder-volume[83302]: DEBUG cinder.quota [None req-8c03f9f9-f3fd-4d8f-b5be-08336d9754bc tempest-GroupSnapshotsTest-179543807 None] Created reservations ['dea0159c-dd23-40d0-ba7f-d2c9430025a4', 'b544a7f8-f437-4c47-b1d7-56b3f4d43199', '76125a71-27ee-4424-be4f-4c334d86d533', 'a8a7a917-1c95-459c-a853-acb4567816bb'] {{(pid=83302) reserve /opt/stack/cinder/cinder/quota.py:752}}
Feb 02 18:29:58 devstack cinder-volume[83302]: DEBUG oslo_service.periodic_task [None req-47641fdf-237f-457e-9d7e-a75a232df6a2 None None] Running periodic task VolumeManager.publish_service_capabilities {{(pid=83302) run_periodic_tasks /opt/stack/data/venv/lib/python3.10/site-packages/oslo_service/periodic_task.py:210}}
Feb 02 18:29:58 devstack cinder-volume[83302]: DEBUG oslo_concurrency.lockutils [None req-47641fdf-237f-457e-9d7e-a75a232df6a2 None None] Acquiring lock "quobyte_ensure" by "cinder.volume.drivers.quobyte.QuobyteDriver._ensure_shares_mounted" {{(pid=83302) inner /opt/stack/data/venv/lib/python3.10/site-packages/oslo_concurrency/lockutils.py:506}}
Feb 02 18:29:58 devstack cinder-volume[83302]: DEBUG oslo_concurrency.lockutils [None req-47641fdf-237f-457e-9d7e-a75a232df6a2 None None] Lock "quobyte_ensure" acquired by "cinder.volume.drivers.quobyte.QuobyteDriver._ensure_shares_mounted" :: waited 0.000s {{(pid=83302) inner /opt/stack/data/venv/lib/python3.10/site-packages/oslo_concurrency/lockutils.py:519}}
Feb 02 18:29:58 devstack cinder-volume[83302]: DEBUG cinder.volume.drivers.quobyte [None req-47641fdf-237f-457e-9d7e-a75a232df6a2 None None] Quobyte Volume URL set to: {'osci02.corp.quobyte.com/cinder-vol-a84c23bb-af75-4dc5-a722-443326f14293': None} {{(pid=83302) _load_shares_config /opt/stack/cinder/cinder/volume/drivers/quobyte.py:620}}
Feb 02 18:29:58 devstack cinder-volume[83302]: DEBUG cinder.volume.drivers.quobyte [None req-47641fdf-237f-457e-9d7e-a75a232df6a2 None None] Available shares ['osci02.corp.quobyte.com/cinder-vol-a84c23bb-af75-4dc5-a722-443326f14293'] {{(pid=83302) _ensure_shares_mounted /opt/stack/cinder/cinder/volume/drivers/quobyte.py:650}}
Feb 02 18:29:58 devstack cinder-volume[83302]: DEBUG oslo_concurrency.lockutils [None req-47641fdf-237f-457e-9d7e-a75a232df6a2 None None] Lock "quobyte_ensure" "released" by "cinder.volume.drivers.quobyte.QuobyteDriver._ensure_shares_mounted" :: held 0.007s {{(pid=83302) inner /opt/stack/data/venv/lib/python3.10/site-packages/oslo_concurrency/lockutils.py:538}}
Feb 02 18:29:58 devstack cinder-volume[83302]: DEBUG oslo_concurrency.processutils [None req-47641fdf-237f-457e-9d7e-a75a232df6a2 None None] Running cmd (subprocess): sudo cinder-rootwrap /etc/cinder/rootwrap.conf df --portability --block-size 1 /opt/stack/data/cinder/mnt/a67872e3c764a37cd20749acd1c70e1e {{(pid=83302) execute /opt/stack/data/venv/lib/python3.10/site-packages/oslo_concurrency/processutils.py:368}}
Feb 02 18:29:58 devstack sudo[94272]: quobyte : PWD=/ ; USER=root ; COMMAND=/opt/stack/data/venv/bin/cinder-rootwrap /etc/cinder/rootwrap.conf df --portability --block-size 1 /opt/stack/data/cinder/mnt/a67872e3c764a37cd20749acd1c70e1e
Feb 02 18:29:58 devstack sudo[94272]: pam_unix(sudo:session): session opened for user root(uid=0) by (uid=1000)
Feb 02 18:29:58 devstack cinder-volume[83302]: DEBUG oslo_concurrency.lockutils [None req-8c03f9f9-f3fd-4d8f-b5be-08336d9754bc tempest-GroupSnapshotsTest-179543807 None] Acquiring lock "quobyte_ensure" by "cinder.volume.drivers.quobyte.QuobyteDriver._ensure_shares_mounted" {{(pid=83302) inner /opt/stack/data/venv/lib/python3.10/site-packages/oslo_concurrency/lockutils.py:506}}
Feb 02 18:29:58 devstack cinder-volume[83302]: DEBUG oslo_concurrency.lockutils [None req-8c03f9f9-f3fd-4d8f-b5be-08336d9754bc tempest-GroupSnapshotsTest-179543807 None] Lock "quobyte_ensure" acquired by "cinder.volume.drivers.quobyte.QuobyteDriver._ensure_shares_mounted" :: waited 0.001s {{(pid=83302) inner /opt/stack/data/venv/lib/python3.10/site-packages/oslo_concurrency/lockutils.py:519}}
Feb 02 18:29:58 devstack cinder-volume[83302]: DEBUG cinder.volume.drivers.quobyte [None req-8c03f9f9-f3fd-4d8f-b5be-08336d9754bc tempest-GroupSnapshotsTest-179543807 None] Quobyte Volume URL set to: {'osci02.corp.quobyte.com/cinder-vol-a84c23bb-af75-4dc5-a722-443326f14293': None} {{(pid=83302) _load_shares_config /opt/stack/cinder/cinder/volume/drivers/quobyte.py:620}}
Feb 02 18:29:58 devstack cinder-volume[83302]: DEBUG cinder.volume.drivers.quobyte [None req-8c03f9f9-f3fd-4d8f-b5be-08336d9754bc tempest-GroupSnapshotsTest-179543807 None] Available shares ['osci02.corp.quobyte.com/cinder-vol-a84c23bb-af75-4dc5-a722-443326f14293'] {{(pid=83302) _ensure_shares_mounted /opt/stack/cinder/cinder/volume/drivers/quobyte.py:650}}
Feb 02 18:29:58 devstack cinder-volume[83302]: DEBUG oslo_concurrency.lockutils [None req-8c03f9f9-f3fd-4d8f-b5be-08336d9754bc tempest-GroupSnapshotsTest-179543807 None] Lock "quobyte_ensure" "released" by "cinder.volume.drivers.quobyte.QuobyteDriver._ensure_shares_mounted" :: held 0.007s {{(pid=83302) inner /opt/stack/data/venv/lib/python3.10/site-packages/oslo_concurrency/lockutils.py:538}}
Feb 02 18:29:58 devstack cinder-volume[83302]: DEBUG oslo_concurrency.processutils [None req-8c03f9f9-f3fd-4d8f-b5be-08336d9754bc tempest-GroupSnapshotsTest-179543807 None] Running cmd (subprocess): sudo cinder-rootwrap /etc/cinder/rootwrap.conf df --portability --block-size 1 /opt/stack/data/cinder/mnt/a67872e3c764a37cd20749acd1c70e1e {{(pid=83302) execute /opt/stack/data/venv/lib/python3.10/site-packages/oslo_concurrency/processutils.py:368}}
Feb 02 18:29:58 devstack sudo[94274]: quobyte : PWD=/ ; USER=root ; COMMAND=/opt/stack/data/venv/bin/cinder-rootwrap /etc/cinder/rootwrap.conf df --portability --block-size 1 /opt/stack/data/cinder/mnt/a67872e3c764a37cd20749acd1c70e1e
Feb 02 18:29:58 devstack sudo[94274]: pam_unix(sudo:session): session opened for user root(uid=0) by (uid=1000)
Feb 02 18:29:59 devstack sudo[94272]: pam_unix(sudo:session): session closed for user root
Feb 02 18:29:59 devstack cinder-volume[83302]: DEBUG oslo_concurrency.processutils [None req-47641fdf-237f-457e-9d7e-a75a232df6a2 None None] CMD "sudo cinder-rootwrap /etc/cinder/rootwrap.conf df --portability --block-size 1 /opt/stack/data/cinder/mnt/a67872e3c764a37cd20749acd1c70e1e" returned: 0 in 0.639s {{(pid=83302) execute /opt/stack/data/venv/lib/python3.10/site-packages/oslo_concurrency/processutils.py:396}}
Feb 02 18:29:59 devstack cinder-volume[83302]: DEBUG cinder.manager [None req-47641fdf-237f-457e-9d7e-a75a232df6a2 None None] Notifying Schedulers of capabilities ... {{(pid=83302) _publish_service_capabilities /opt/stack/cinder/cinder/manager.py:202}}
Feb 02 18:29:59 devstack sudo[94274]: pam_unix(sudo:session): session closed for user root
Feb 02 18:29:59 devstack cinder-volume[83302]: DEBUG oslo_concurrency.processutils [None req-8c03f9f9-f3fd-4d8f-b5be-08336d9754bc tempest-GroupSnapshotsTest-179543807 None] CMD "sudo cinder-rootwrap /etc/cinder/rootwrap.conf df --portability --block-size 1 /opt/stack/data/cinder/mnt/a67872e3c764a37cd20749acd1c70e1e" returned: 0 in 0.694s {{(pid=83302) execute /opt/stack/data/venv/lib/python3.10/site-packages/oslo_concurrency/processutils.py:396}}
Feb 02 18:29:59 devstack cinder-volume[83302]: DEBUG cinder.manager [None req-8c03f9f9-f3fd-4d8f-b5be-08336d9754bc tempest-GroupSnapshotsTest-179543807 None] Notifying Schedulers of capabilities ... {{(pid=83302) _publish_service_capabilities /opt/stack/cinder/cinder/manager.py:202}}
Feb 02 18:29:59 devstack cinder-volume[83302]: INFO cinder.volume.manager [None req-8c03f9f9-f3fd-4d8f-b5be-08336d9754bc tempest-GroupSnapshotsTest-179543807 None] Delete group completed successfully.
Feb 02 18:30:03 devstack cinder-volume[83302]: WARNING cinder.volume.volume_utils [None req-4b8ccd33-b780-436b-8e77-5e3fed0bae83 tempest-GroupSnapshotsV319Test-1669959368 None] Volume driver (QuobyteDriver 1.1.14) is currently unsupported and may be removed in the next release of OpenStack. Use at your own risk.
Feb 02 18:30:03 devstack cinder-volume[83302]: INFO cinder.volume.manager [None req-4b8ccd33-b780-436b-8e77-5e3fed0bae83 tempest-GroupSnapshotsV319Test-1669959368 None] Group tempest-GroupSnapshotsV319Test-Group-1131409365: creating
Feb 02 18:30:03 devstack cinder-volume[83302]: INFO cinder.volume.manager [None req-4b8ccd33-b780-436b-8e77-5e3fed0bae83 tempest-GroupSnapshotsV319Test-1669959368 None] Group tempest-GroupSnapshotsV319Test-Group-1131409365: created successfully
Feb 02 18:30:03 devstack cinder-volume[83302]: INFO cinder.volume.manager [None req-4b8ccd33-b780-436b-8e77-5e3fed0bae83 tempest-GroupSnapshotsV319Test-1669959368 None] Create group completed successfully.
Feb 02 18:30:04 devstack cinder-volume[83302]: WARNING cinder.volume.volume_utils [None req-3df514be-c6e9-48c4-ba07-5c76fe57d6bc tempest-VolumeQuotasAdminTestJSON-1470856149 None] Volume driver (QuobyteDriver 1.1.14) is currently unsupported and may be removed in the next release of OpenStack. Use at your own risk.
Feb 02 18:30:04 devstack cinder-volume[83302]: DEBUG cinder.volume.flows.manager.create_volume [None req-3df514be-c6e9-48c4-ba07-5c76fe57d6bc tempest-VolumeQuotasAdminTestJSON-1470856149 None] Volume reschedule parameters: True retry: {'num_attempts': 1, 'backends': ['devstack@QuobyteHD#QuobyteHD'], 'hosts': ['devstack@QuobyteHD#QuobyteHD']} {{(pid=83302) get_flow /opt/stack/cinder/cinder/volume/flows/manager/create_volume.py:1388}}
Feb 02 18:30:04 devstack cinder-volume[83302]: DEBUG cinder.volume.manager [None req-3df514be-c6e9-48c4-ba07-5c76fe57d6bc tempest-VolumeQuotasAdminTestJSON-1470856149 None] Flow 'volume_create_manager' (4cd24de6-9da8-4fb0-8221-e369915f9c91) transitioned into state 'RUNNING' from state 'PENDING' {{(pid=83302) _flow_receiver /opt/stack/data/venv/lib/python3.10/site-packages/taskflow/listeners/logging.py:145}}
Feb 02 18:30:04 devstack cinder-volume[83302]: DEBUG cinder.volume.manager [None req-3df514be-c6e9-48c4-ba07-5c76fe57d6bc tempest-VolumeQuotasAdminTestJSON-1470856149 None] Task 'cinder.volume.flows.manager.create_volume.ExtractVolumeRefTask;volume:create' (44863385-30f2-46c0-a82d-a33c3f1a4077) transitioned into state 'RUNNING' from state 'PENDING' {{(pid=83302) _task_receiver /opt/stack/data/venv/lib/python3.10/site-packages/taskflow/listeners/logging.py:194}}
Feb 02 18:30:04 devstack cinder-volume[83302]: DEBUG cinder.volume.manager [None req-3df514be-c6e9-48c4-ba07-5c76fe57d6bc tempest-VolumeQuotasAdminTestJSON-1470856149 None] Task 'cinder.volume.flows.manager.create_volume.ExtractVolumeRefTask;volume:create' (44863385-30f2-46c0-a82d-a33c3f1a4077) transitioned into state 'SUCCESS' from state 'RUNNING' with result 'Volume(_name_id=None,admin_metadata=,attach_status='detached',availability_zone='nova',bootable=False,cluster=,cluster_name=None,consistencygroup=,consistencygroup_id=None,created_at=2026-02-02T17:30:04Z,deleted=False,deleted_at=None,display_description=None,display_name='tempest-VolumeQuotasAdminTestJSON-Volume-1289354832',ec2_id=None,encryption_key_id=None,glance_metadata=,group=,group_id=None,host='devstack@QuobyteHD#QuobyteHD',id=8fc6a6bf-5f91-414d-bd1f-02e705f65c30,launched_at=None,metadata={},migration_status=None,multiattach=False,previous_status=None,project_id='f84bb81a5f73493c9654f8819554e66e',provider_auth=None,provider_geometry=None,provider_id=None,provider_location=None,replication_driver_data=None,replication_extended_status=None,replication_status=None,scheduled_at=2026-02-02T17:30:04Z,service_uuid=None,shared_targets=True,size=1,snapshot_id=None,snapshots=,source_volid=None,status='creating',terminated_at=None,updated_at=2026-02-02T17:30:04Z,use_quota=True,user_id='6d91a6c65ffc4b029823845962f245dc',volume_attachment=VolumeAttachmentList,volume_type=VolumeType(80568b3e-4664-4ab8-b7d3-0780423d1849),volume_type_id=80568b3e-4664-4ab8-b7d3-0780423d1849)' {{(pid=83302) _task_receiver /opt/stack/data/venv/lib/python3.10/site-packages/taskflow/listeners/logging.py:182}}
Feb 02 18:30:04 devstack cinder-volume[83302]: DEBUG cinder.volume.manager [None req-3df514be-c6e9-48c4-ba07-5c76fe57d6bc tempest-VolumeQuotasAdminTestJSON-1470856149 None] Task 'cinder.volume.flows.manager.create_volume.OnFailureRescheduleTask;volume:create' (8c44eba1-06d5-4b27-84af-68234aae3a41) transitioned into state 'RUNNING' from state 'PENDING' {{(pid=83302) _task_receiver /opt/stack/data/venv/lib/python3.10/site-packages/taskflow/listeners/logging.py:194}}
Feb 02 18:30:04 devstack cinder-volume[83302]: DEBUG cinder.volume.manager [None req-3df514be-c6e9-48c4-ba07-5c76fe57d6bc tempest-VolumeQuotasAdminTestJSON-1470856149 None] Task 'cinder.volume.flows.manager.create_volume.OnFailureRescheduleTask;volume:create' (8c44eba1-06d5-4b27-84af-68234aae3a41) transitioned into state 'SUCCESS' from state 'RUNNING' with result 'None' {{(pid=83302) _task_receiver /opt/stack/data/venv/lib/python3.10/site-packages/taskflow/listeners/logging.py:182}}
Feb 02 18:30:04 devstack cinder-volume[83302]: DEBUG cinder.volume.manager [None req-3df514be-c6e9-48c4-ba07-5c76fe57d6bc tempest-VolumeQuotasAdminTestJSON-1470856149 None] Task 'cinder.volume.flows.manager.create_volume.ExtractVolumeSpecTask;volume:create' (b321a3e9-6303-4554-bb46-c6c10b3df770) transitioned into state 'RUNNING' from state 'PENDING' {{(pid=83302) _task_receiver /opt/stack/data/venv/lib/python3.10/site-packages/taskflow/listeners/logging.py:194}}
Feb 02 18:30:04 devstack cinder-volume[83302]: DEBUG cinder.volume.manager [None req-3df514be-c6e9-48c4-ba07-5c76fe57d6bc tempest-VolumeQuotasAdminTestJSON-1470856149 None] Task 'cinder.volume.flows.manager.create_volume.ExtractVolumeSpecTask;volume:create' (b321a3e9-6303-4554-bb46-c6c10b3df770) transitioned into state 'SUCCESS' from state 'RUNNING' with result '{'status': 'creating', 'type': 'raw', 'volume_id': '8fc6a6bf-5f91-414d-bd1f-02e705f65c30', 'volume_name': 'volume-8fc6a6bf-5f91-414d-bd1f-02e705f65c30', 'volume_size': 1}' {{(pid=83302) _task_receiver /opt/stack/data/venv/lib/python3.10/site-packages/taskflow/listeners/logging.py:182}}
Feb 02 18:30:04 devstack cinder-volume[83302]: DEBUG cinder.volume.manager [None req-3df514be-c6e9-48c4-ba07-5c76fe57d6bc tempest-VolumeQuotasAdminTestJSON-1470856149 None] Task 'cinder.volume.flows.manager.create_volume.NotifyVolumeActionTask;volume:create, create.start' (9a357d51-c530-4395-803f-a7dbc560261b) transitioned into state 'RUNNING' from state 'PENDING' {{(pid=83302) _task_receiver /opt/stack/data/venv/lib/python3.10/site-packages/taskflow/listeners/logging.py:194}}
Feb 02 18:30:04 devstack cinder-volume[83302]: DEBUG cinder.volume.manager [None req-3df514be-c6e9-48c4-ba07-5c76fe57d6bc tempest-VolumeQuotasAdminTestJSON-1470856149 None] Task 'cinder.volume.flows.manager.create_volume.NotifyVolumeActionTask;volume:create, create.start' (9a357d51-c530-4395-803f-a7dbc560261b) transitioned into state 'SUCCESS' from state 'RUNNING' with result 'None' {{(pid=83302) _task_receiver /opt/stack/data/venv/lib/python3.10/site-packages/taskflow/listeners/logging.py:182}}
Feb 02 18:30:04 devstack cinder-volume[83302]: DEBUG cinder.volume.manager [None req-3df514be-c6e9-48c4-ba07-5c76fe57d6bc tempest-VolumeQuotasAdminTestJSON-1470856149 None] Task 'cinder.volume.flows.manager.create_volume.CreateVolumeFromSpecTask;volume:create' (2a4d61cb-b6d3-4161-82b8-e1de6e8ec0ea) transitioned into state 'RUNNING' from state 'PENDING' {{(pid=83302) _task_receiver /opt/stack/data/venv/lib/python3.10/site-packages/taskflow/listeners/logging.py:194}}
Feb 02 18:30:04 devstack cinder-volume[83302]: INFO cinder.volume.flows.manager.create_volume [None req-3df514be-c6e9-48c4-ba07-5c76fe57d6bc tempest-VolumeQuotasAdminTestJSON-1470856149 None] Volume 8fc6a6bf-5f91-414d-bd1f-02e705f65c30: being created as raw with specification: {'status': 'creating', 'volume_name': 'volume-8fc6a6bf-5f91-414d-bd1f-02e705f65c30', 'volume_size': 1}
Feb 02 18:30:04 devstack cinder-volume[83302]: DEBUG oslo_concurrency.lockutils [None req-3df514be-c6e9-48c4-ba07-5c76fe57d6bc tempest-VolumeQuotasAdminTestJSON-1470856149 None] Acquiring lock "quobyte" by "cinder.volume.drivers.quobyte.QuobyteDriver.create_volume" {{(pid=83302) inner /opt/stack/data/venv/lib/python3.10/site-packages/oslo_concurrency/lockutils.py:506}}
Feb 02 18:30:04 devstack cinder-volume[83302]: DEBUG oslo_concurrency.lockutils [None req-3df514be-c6e9-48c4-ba07-5c76fe57d6bc tempest-VolumeQuotasAdminTestJSON-1470856149 None] Lock "quobyte" acquired by "cinder.volume.drivers.quobyte.QuobyteDriver.create_volume" :: waited 0.001s {{(pid=83302) inner /opt/stack/data/venv/lib/python3.10/site-packages/oslo_concurrency/lockutils.py:519}}
