Jul 10 18:00:25 devstack devstack@g-api.service[77021]: DEBUG glance.common.config [None req-d7d82aba-2be6-4ff7-8473-4664c6b208aa None None] barbican_service_user.split_loggers = False {{(pid=77021) log_opt_values /opt/stack/data/venv/lib/python3.12/site-packages/oslo_config/cfg.py:3253}}
Jul 10 18:00:25 devstack devstack@g-api.service[77021]: DEBUG glance.common.config [None req-d7d82aba-2be6-4ff7-8473-4664c6b208aa None None] barbican_service_user.timeout = None {{(pid=77021) log_opt_values /opt/stack/data/venv/lib/python3.12/site-packages/oslo_config/cfg.py:3253}}
Jul 10 18:00:25 devstack devstack@g-api.service[77021]: DEBUG glance.common.config [None req-d7d82aba-2be6-4ff7-8473-4664c6b208aa None None] database.asyncio_connection = **** {{(pid=77021) log_opt_values /opt/stack/data/venv/lib/python3.12/site-packages/oslo_config/cfg.py:3253}}
Jul 10 18:00:25 devstack devstack@g-api.service[77021]: DEBUG glance.common.config [None req-d7d82aba-2be6-4ff7-8473-4664c6b208aa None None] database.asyncio_slave_connection = **** {{(pid=77021) log_opt_values /opt/stack/data/venv/lib/python3.12/site-packages/oslo_config/cfg.py:3253}}
Jul 10 18:00:25 devstack devstack@g-api.service[77021]: DEBUG glance.common.config [None req-d7d82aba-2be6-4ff7-8473-4664c6b208aa None None] database.backend = sqlalchemy {{(pid=77021) log_opt_values /opt/stack/data/venv/lib/python3.12/site-packages/oslo_config/cfg.py:3253}}
Jul 10 18:00:25 devstack devstack@g-api.service[77021]: DEBUG glance.common.config [None req-d7d82aba-2be6-4ff7-8473-4664c6b208aa None None] database.connection = **** {{(pid=77021) log_opt_values /opt/stack/data/venv/lib/python3.12/site-packages/oslo_config/cfg.py:3253}}
Jul 10 18:00:25 devstack devstack@g-api.service[77021]: DEBUG glance.common.config [None req-d7d82aba-2be6-4ff7-8473-4664c6b208aa None None] database.connection_debug = 0 {{(pid=77021) log_opt_values /opt/stack/data/venv/lib/python3.12/site-packages/oslo_config/cfg.py:3253}}
Jul 10 18:00:25 devstack devstack@g-api.service[77021]: DEBUG glance.common.config [None req-d7d82aba-2be6-4ff7-8473-4664c6b208aa None None] database.connection_parameters = {{(pid=77021) log_opt_values /opt/stack/data/venv/lib/python3.12/site-packages/oslo_config/cfg.py:3253}}
Jul 10 18:00:25 devstack devstack@g-api.service[77021]: DEBUG glance.common.config [None req-d7d82aba-2be6-4ff7-8473-4664c6b208aa None None] database.connection_recycle_time = 3600 {{(pid=77021) log_opt_values /opt/stack/data/venv/lib/python3.12/site-packages/oslo_config/cfg.py:3253}}
Jul 10 18:00:25 devstack devstack@g-api.service[77021]: DEBUG glance.common.config [None req-d7d82aba-2be6-4ff7-8473-4664c6b208aa None None] database.connection_trace = False {{(pid=77021) log_opt_values /opt/stack/data/venv/lib/python3.12/site-packages/oslo_config/cfg.py:3253}}
Jul 10 18:00:25 devstack devstack@g-api.service[77021]: DEBUG glance.common.config [None req-d7d82aba-2be6-4ff7-8473-4664c6b208aa None None] database.db_inc_retry_interval = True {{(pid=77021) log_opt_values /opt/stack/data/venv/lib/python3.12/site-packages/oslo_config/cfg.py:3253}}
Jul 10 18:00:25 devstack devstack@g-api.service[77021]: DEBUG glance.common.config [None req-d7d82aba-2be6-4ff7-8473-4664c6b208aa None None] database.db_max_retries = 20 {{(pid=77021) log_opt_values /opt/stack/data/venv/lib/python3.12/site-packages/oslo_config/cfg.py:3253}}
Jul 10 18:00:25 devstack devstack@g-api.service[77021]: DEBUG glance.common.config [None req-d7d82aba-2be6-4ff7-8473-4664c6b208aa None None] database.db_max_retry_interval = 10 {{(pid=77021) log_opt_values /opt/stack/data/venv/lib/python3.12/site-packages/oslo_config/cfg.py:3253}}
Jul 10 18:00:25 devstack devstack@g-api.service[77021]: DEBUG glance.common.config [None req-d7d82aba-2be6-4ff7-8473-4664c6b208aa None None] database.db_retry_interval = 1 {{(pid=77021) log_opt_values /opt/stack/data/venv/lib/python3.12/site-packages/oslo_config/cfg.py:3253}}
Jul 10 18:00:25 devstack devstack@g-api.service[77021]: DEBUG glance.common.config [None req-d7d82aba-2be6-4ff7-8473-4664c6b208aa None None] database.max_overflow = 50 {{(pid=77021) log_opt_values /opt/stack/data/venv/lib/python3.12/site-packages/oslo_config/cfg.py:3253}}
Jul 10 18:00:25 devstack devstack@g-api.service[77021]: DEBUG glance.common.config [None req-d7d82aba-2be6-4ff7-8473-4664c6b208aa None None] database.max_pool_size = 5 {{(pid=77021) log_opt_values /opt/stack/data/venv/lib/python3.12/site-packages/oslo_config/cfg.py:3253}}
Jul 10 18:00:25 devstack devstack@g-api.service[77021]: DEBUG glance.common.config [None req-d7d82aba-2be6-4ff7-8473-4664c6b208aa None None] database.max_retries = 10 {{(pid=77021) log_opt_values /opt/stack/data/venv/lib/python3.12/site-packages/oslo_config/cfg.py:3253}}
Jul 10 18:00:25 devstack devstack@g-api.service[77021]: DEBUG glance.common.config [None req-d7d82aba-2be6-4ff7-8473-4664c6b208aa None None] database.mysql_sql_mode = TRADITIONAL {{(pid=77021) log_opt_values /opt/stack/data/venv/lib/python3.12/site-packages/oslo_config/cfg.py:3253}}
Jul 10 18:00:25 devstack devstack@g-api.service[77021]: DEBUG glance.common.config [None req-d7d82aba-2be6-4ff7-8473-4664c6b208aa None None] database.mysql_wsrep_sync_wait = None {{(pid=77021) log_opt_values /opt/stack/data/venv/lib/python3.12/site-packages/oslo_config/cfg.py:3253}}
Jul 10 18:00:25 devstack devstack@g-api.service[77021]: DEBUG glance.common.config [None req-d7d82aba-2be6-4ff7-8473-4664c6b208aa None None] database.pool_timeout = None {{(pid=77021) log_opt_values /opt/stack/data/venv/lib/python3.12/site-packages/oslo_config/cfg.py:3253}}
Jul 10 18:00:25 devstack devstack@g-api.service[77021]: DEBUG glance.common.config [None req-d7d82aba-2be6-4ff7-8473-4664c6b208aa None None] database.retry_interval = 10 {{(pid=77021) log_opt_values /opt/stack/data/venv/lib/python3.12/site-packages/oslo_config/cfg.py:3253}}
Jul 10 18:00:25 devstack devstack@g-api.service[77021]: DEBUG glance.common.config [None req-d7d82aba-2be6-4ff7-8473-4664c6b208aa None None] database.slave_connection = **** {{(pid=77021) log_opt_values /opt/stack/data/venv/lib/python3.12/site-packages/oslo_config/cfg.py:3253}}
Jul 10 18:00:25 devstack devstack@g-api.service[77021]: DEBUG glance.common.config [None req-d7d82aba-2be6-4ff7-8473-4664c6b208aa None None] database.sqlite_synchronous = True {{(pid=77021) log_opt_values /opt/stack/data/venv/lib/python3.12/site-packages/oslo_config/cfg.py:3253}}
Jul 10 18:00:25 devstack devstack@g-api.service[77021]: DEBUG glance.common.config [None req-d7d82aba-2be6-4ff7-8473-4664c6b208aa None None] database.synchronous_reader = True {{(pid=77021) log_opt_values /opt/stack/data/venv/lib/python3.12/site-packages/oslo_config/cfg.py:3253}}
Jul 10 18:00:25 devstack devstack@g-api.service[77021]: DEBUG glance.common.config [None req-d7d82aba-2be6-4ff7-8473-4664c6b208aa None None] database.use_db_reconnect = False {{(pid=77021) log_opt_values /opt/stack/data/venv/lib/python3.12/site-packages/oslo_config/cfg.py:3253}}
Jul 10 18:00:25 devstack devstack@g-api.service[77021]: DEBUG glance.common.config [None req-d7d82aba-2be6-4ff7-8473-4664c6b208aa None None] healthcheck.allowed_source_ranges = [] {{(pid=77021) log_opt_values /opt/stack/data/venv/lib/python3.12/site-packages/oslo_config/cfg.py:3253}}
Jul 10 18:00:25 devstack devstack@g-api.service[77021]: DEBUG glance.common.config [None req-d7d82aba-2be6-4ff7-8473-4664c6b208aa None None] healthcheck.backends = ['disable_by_file'] {{(pid=77021) log_opt_values /opt/stack/data/venv/lib/python3.12/site-packages/oslo_config/cfg.py:3253}}
Jul 10 18:00:25 devstack devstack@g-api.service[77021]: DEBUG glance.common.config [None req-d7d82aba-2be6-4ff7-8473-4664c6b208aa None None] healthcheck.detailed = False {{(pid=77021) log_opt_values /opt/stack/data/venv/lib/python3.12/site-packages/oslo_config/cfg.py:3253}}
Jul 10 18:00:25 devstack devstack@g-api.service[77021]: DEBUG glance.common.config [None req-d7d82aba-2be6-4ff7-8473-4664c6b208aa None None] healthcheck.disable_by_file_path = None {{(pid=77021) log_opt_values /opt/stack/data/venv/lib/python3.12/site-packages/oslo_config/cfg.py:3253}}
Jul 10 18:00:25 devstack devstack@g-api.service[77021]: DEBUG glance.common.config [None req-d7d82aba-2be6-4ff7-8473-4664c6b208aa None None] healthcheck.ignore_proxied_requests = False {{(pid=77021) log_opt_values /opt/stack/data/venv/lib/python3.12/site-packages/oslo_config/cfg.py:3253}}
Jul 10 18:00:25 devstack devstack@g-api.service[77021]: DEBUG glance.common.config [None req-d7d82aba-2be6-4ff7-8473-4664c6b208aa None None] ******************************************************************************** {{(pid=77021) log_opt_values /opt/stack/data/venv/lib/python3.12/site-packages/oslo_config/cfg.py:3260}}
Jul 10 18:00:25 devstack devstack@g-api.service[77021]: WSGI app 0 (mountpoint='') ready in 5 seconds on interpreter 0x7922c84a4668 pid: 77021 (default app)
Jul 10 18:00:29 devstack devstack@g-api.service[77022]: DEBUG glance.api.middleware.version_negotiation [None req-dba7ebd6-2ba0-45fa-aa7d-f0ff3a1c836b None None] Determining version of request: GET / Accept: application/json {{(pid=77022) process_request /opt/stack/glance/glance/api/middleware/version_negotiation.py:44}}
Jul 10 18:00:29 devstack devstack@g-api.service[77022]: DEBUG glance.api.middleware.version_negotiation [None req-dba7ebd6-2ba0-45fa-aa7d-f0ff3a1c836b None None] Using url versioning {{(pid=77022) process_request /opt/stack/glance/glance/api/middleware/version_negotiation.py:57}}
Jul 10 18:00:29 devstack devstack@g-api.service[77022]: DEBUG glance.api.middleware.version_negotiation [None req-dba7ebd6-2ba0-45fa-aa7d-f0ff3a1c836b None None] Unknown version. Returning version choices. {{(pid=77022) process_request /opt/stack/glance/glance/api/middleware/version_negotiation.py:64}}
Jul 10 18:00:29 devstack devstack@g-api.service[77022]: [pid: 77022|app: 0|req: 2/2] 127.0.0.1 () {34 vars in 519 bytes} [Fri Jul 10 18:00:29 2026] GET / => generated 1571 bytes in 2 msecs (HTTP/1.1 300) 3 headers in 106 bytes (1 switches on core 0)
Jul 10 18:00:29 devstack devstack@g-api.service[77021]: DEBUG glance.api.middleware.version_negotiation [None req-d7d82aba-2be6-4ff7-8473-4664c6b208aa None None] Determining version of request: POST /v2/images Accept: */* {{(pid=77021) process_request /opt/stack/glance/glance/api/middleware/version_negotiation.py:44}}
Jul 10 18:00:29 devstack devstack@g-api.service[77021]: DEBUG glance.api.middleware.version_negotiation [None req-d7d82aba-2be6-4ff7-8473-4664c6b208aa None None] Using url versioning {{(pid=77021) process_request /opt/stack/glance/glance/api/middleware/version_negotiation.py:57}}
Jul 10 18:00:29 devstack devstack@g-api.service[77021]: DEBUG glance.api.middleware.version_negotiation [None req-d7d82aba-2be6-4ff7-8473-4664c6b208aa None None] Matched version: v2 {{(pid=77021) process_request /opt/stack/glance/glance/api/middleware/version_negotiation.py:69}}
Jul 10 18:00:29 devstack devstack@g-api.service[77021]: DEBUG glance.api.middleware.version_negotiation [None req-d7d82aba-2be6-4ff7-8473-4664c6b208aa None None] new path /v2/images {{(pid=77021) process_request /opt/stack/glance/glance/api/middleware/version_negotiation.py:70}}
Jul 10 18:00:31 devstack devstack@g-api.service[77021]: [pid: 77021|app: 0|req: 1/3] 127.0.0.1 () {40 vars in 782 bytes} [Fri Jul 10 18:00:29 2026] POST /v2/images => generated 807 bytes in 1154 msecs (HTTP/1.1 201) 6 headers in 314 bytes (1 switches on core 0)
Jul 10 18:00:31 devstack devstack@g-api.service[77022]: DEBUG glance.api.middleware.version_negotiation [None req-dba7ebd6-2ba0-45fa-aa7d-f0ff3a1c836b None None] Determining version of request: PUT /v2/images/54228e05-a815-461c-8a75-0cdb9dee188c/file Accept: {{(pid=77022) process_request /opt/stack/glance/glance/api/middleware/version_negotiation.py:44}}
Jul 10 18:00:31 devstack devstack@g-api.service[77022]: DEBUG glance.api.middleware.version_negotiation [None req-dba7ebd6-2ba0-45fa-aa7d-f0ff3a1c836b None None] Using url versioning {{(pid=77022) process_request /opt/stack/glance/glance/api/middleware/version_negotiation.py:57}}
Jul 10 18:00:31 devstack devstack@g-api.service[77022]: DEBUG glance.api.middleware.version_negotiation [None req-dba7ebd6-2ba0-45fa-aa7d-f0ff3a1c836b None None] Matched version: v2 {{(pid=77022) process_request /opt/stack/glance/glance/api/middleware/version_negotiation.py:69}}
Jul 10 18:00:31 devstack devstack@g-api.service[77022]: DEBUG glance.api.middleware.version_negotiation [None req-dba7ebd6-2ba0-45fa-aa7d-f0ff3a1c836b None None] new path /v2/images/54228e05-a815-461c-8a75-0cdb9dee188c/file {{(pid=77022) process_request /opt/stack/glance/glance/api/middleware/version_negotiation.py:70}}
Jul 10 18:00:31 devstack devstack@g-api.service[77022]: INFO glance.api.v2.image_data [None req-7a0b9cda-629a-446d-9595-a61eee64d531 admin admin] Unable to create trust: no such option collect_timing in group [keystone_authtoken] Use the existing user token.
Jul 10 18:00:32 devstack devstack@g-api.service[77022]: DEBUG glance.location [None req-7a0b9cda-629a-446d-9595-a61eee64d531 admin admin] Enabling in-flight format inspection for qcow2 {{(pid=77022) set_data /opt/stack/glance/glance/location.py:596}}
Jul 10 18:00:32 devstack devstack@g-api.service[77022]: DEBUG oslo_utils.imageutils.format_inspector [None req-7a0b9cda-629a-446d-9595-a61eee64d531 admin admin] Format inspector for vmdk does not match, excluding from consideration (Signature KDMV not found: b'QFI\xfb') {{(pid=77022) _process_chunk /opt/stack/data/venv/lib/python3.12/site-packages/oslo_utils/imageutils/format_inspector.py:1758}}
Jul 10 18:00:32 devstack devstack@g-api.service[77022]: DEBUG oslo_utils.imageutils.format_inspector [None req-7a0b9cda-629a-446d-9595-a61eee64d531 admin admin] Format inspector for vhdx does not match, excluding from consideration (Region signature not found at 30000) {{(pid=77022) _process_chunk /opt/stack/data/venv/lib/python3.12/site-packages/oslo_utils/imageutils/format_inspector.py:1758}}
Jul 10 18:00:32 devstack devstack@g-api.service[77022]: DEBUG glance_store._drivers.filesystem [None req-7a0b9cda-629a-446d-9595-a61eee64d531 admin admin] Wrote 21692416 bytes to /opt/stack/data/glance/images/54228e05-a815-461c-8a75-0cdb9dee188c with checksum 87617e24a5e30cb3b87fda8c0764838f and multihash 9a9bce0083a00939ec17c11febbfc767aa211aaa54f51e75c5a8b271a9b5637c77205a518b7a2007cb391d23cceb01e0e4e8d64832317151bc85b734b92a7be0 {{(pid=77022) add /opt/stack/data/venv/lib/python3.12/site-packages/glance_store/_drivers/filesystem.py:899}}
Jul 10 18:00:32 devstack devstack@g-api.service[77022]: INFO glance.location [None req-7a0b9cda-629a-446d-9595-a61eee64d531 admin admin] Image format matched and virtual size computed: 117440512
Jul 10 18:00:33 devstack devstack@g-api.service[77022]: DEBUG glance_store.backend [None req-7a0b9cda-629a-446d-9595-a61eee64d531 admin admin] Skipping store.set_acls... not implemented. {{(pid=77022) set_acls /opt/stack/data/venv/lib/python3.12/site-packages/glance_store/backend.py:507}}
Jul 10 18:00:33 devstack devstack@g-api.service[77022]: [pid: 77022|app: 0|req: 3/4] 127.0.0.1 () {40 vars in 875 bytes} [Fri Jul 10 18:00:31 2026] PUT /v2/images/54228e05-a815-461c-8a75-0cdb9dee188c/file => generated 0 bytes in 1910 msecs (HTTP/1.1 204) 4 headers in 171 bytes (1 switches on core 0)
Jul 10 18:00:33 devstack devstack@g-api.service[77021]: DEBUG glance.api.middleware.version_negotiation [None req-32b79b24-8940-4c13-8359-72943331f664 admin admin] Determining version of request: GET /v2/images/54228e05-a815-461c-8a75-0cdb9dee188c Accept: */* {{(pid=77021) process_request /opt/stack/glance/glance/api/middleware/version_negotiation.py:44}}
Jul 10 18:00:33 devstack devstack@g-api.service[77021]: DEBUG glance.api.middleware.version_negotiation [None req-32b79b24-8940-4c13-8359-72943331f664 admin admin] Using url versioning {{(pid=77021) process_request /opt/stack/glance/glance/api/middleware/version_negotiation.py:57}}
Jul 10 18:00:33 devstack devstack@g-api.service[77021]: DEBUG glance.api.middleware.version_negotiation [None req-32b79b24-8940-4c13-8359-72943331f664 admin admin] Matched version: v2 {{(pid=77021) process_request /opt/stack/glance/glance/api/middleware/version_negotiation.py:69}}
Jul 10 18:00:33 devstack devstack@g-api.service[77021]: DEBUG glance.api.middleware.version_negotiation [None req-32b79b24-8940-4c13-8359-72943331f664 admin admin] new path /v2/images/54228e05-a815-461c-8a75-0cdb9dee188c {{(pid=77021) process_request /opt/stack/glance/glance/api/middleware/version_negotiation.py:70}}
Jul 10 18:00:33 devstack devstack@g-api.service[77021]: [pid: 77021|app: 0|req: 2/5] 127.0.0.1 () {36 vars in 802 bytes} [Fri Jul 10 18:00:33 2026] GET /v2/images/54228e05-a815-461c-8a75-0cdb9dee188c => generated 976 bytes in 20 msecs (HTTP/1.1 200) 4 headers in 157 bytes (1 switches on core 0)
Jul 10 18:00:43 devstack devstack@g-api.service[77022]: DEBUG dbcounter [-] [77022] Writing DB stats glance:INSERT=5,glance:SELECT=16,glance:UPDATE=2 {{(pid=77022) stat_writer /opt/stack/data/venv/lib/python3.12/site-packages/dbcounter.py:115}}
Jul 10 18:00:43 devstack devstack@g-api.service[77021]: DEBUG dbcounter [-] [77021] Writing DB stats glance:INSERT=9,glance:SELECT=6 {{(pid=77021) stat_writer /opt/stack/data/venv/lib/python3.12/site-packages/dbcounter.py:115}}
Jul 10 18:01:20 devstack devstack@g-api.service[77022]: DEBUG glance.api.middleware.version_negotiation [None req-7a0b9cda-629a-446d-9595-a61eee64d531 admin admin] Determining version of request: GET / Accept: application/json {{(pid=77022) process_request /opt/stack/glance/glance/api/middleware/version_negotiation.py:44}}
Jul 10 18:01:20 devstack devstack@g-api.service[77022]: DEBUG glance.api.middleware.version_negotiation [None req-7a0b9cda-629a-446d-9595-a61eee64d531 admin admin] Using url versioning {{(pid=77022) process_request /opt/stack/glance/glance/api/middleware/version_negotiation.py:57}}
Jul 10 18:01:20 devstack devstack@g-api.service[77022]: DEBUG glance.api.middleware.version_negotiation [None req-7a0b9cda-629a-446d-9595-a61eee64d531 admin admin] Unknown version. Returning version choices. {{(pid=77022) process_request /opt/stack/glance/glance/api/middleware/version_negotiation.py:64}}
Jul 10 18:01:20 devstack devstack@g-api.service[77022]: [pid: 77022|app: 0|req: 4/6] 127.0.0.1 () {34 vars in 519 bytes} [Fri Jul 10 18:01:20 2026] GET / => generated 1571 bytes in 2 msecs (HTTP/1.1 300) 3 headers in 106 bytes (1 switches on core 0)
Jul 10 18:01:20 devstack devstack@g-api.service[77021]: DEBUG glance.api.middleware.version_negotiation [None req-55999ea4-52d1-4e73-8e69-d69f66ef86d8 admin admin] Determining version of request: GET /v2/images Accept: application/json {{(pid=77021) process_request /opt/stack/glance/glance/api/middleware/version_negotiation.py:44}}
Jul 10 18:01:20 devstack devstack@g-api.service[77021]: DEBUG glance.api.middleware.version_negotiation [None req-55999ea4-52d1-4e73-8e69-d69f66ef86d8 admin admin] Using url versioning {{(pid=77021) process_request /opt/stack/glance/glance/api/middleware/version_negotiation.py:57}}
Jul 10 18:01:20 devstack devstack@g-api.service[77021]: DEBUG glance.api.middleware.version_negotiation [None req-55999ea4-52d1-4e73-8e69-d69f66ef86d8 admin admin] Matched version: v2 {{(pid=77021) process_request /opt/stack/glance/glance/api/middleware/version_negotiation.py:69}}
Jul 10 18:01:20 devstack devstack@g-api.service[77021]: DEBUG glance.api.middleware.version_negotiation [None req-55999ea4-52d1-4e73-8e69-d69f66ef86d8 admin admin] new path /v2/images {{(pid=77021) process_request /opt/stack/glance/glance/api/middleware/version_negotiation.py:70}}
Jul 10 18:01:20 devstack devstack@g-api.service[77021]: [pid: 77021|app: 0|req: 3/7] 127.0.0.1 () {36 vars in 741 bytes} [Fri Jul 10 18:01:20 2026] GET /v2/images => generated 1045 bytes in 91 msecs (HTTP/1.1 200) 4 headers in 158 bytes (1 switches on core 0)
Jul 10 18:01:30 devstack devstack@g-api.service[77021]: DEBUG dbcounter [-] [77021] Writing DB stats glance:SELECT=1 {{(pid=77021) stat_writer /opt/stack/data/venv/lib/python3.12/site-packages/dbcounter.py:115}}
Jul 10 18:01:31 devstack devstack@g-api.service[77022]: DEBUG glance.api.middleware.version_negotiation [None req-7a0b9cda-629a-446d-9595-a61eee64d531 admin admin] Determining version of request: GET / Accept: application/json {{(pid=77022) process_request /opt/stack/glance/glance/api/middleware/version_negotiation.py:44}}
Jul 10 18:01:31 devstack devstack@g-api.service[77022]: DEBUG glance.api.middleware.version_negotiation [None req-7a0b9cda-629a-446d-9595-a61eee64d531 admin admin] Using url versioning {{(pid=77022) process_request /opt/stack/glance/glance/api/middleware/version_negotiation.py:57}}
Jul 10 18:01:31 devstack devstack@g-api.service[77022]: DEBUG glance.api.middleware.version_negotiation [None req-7a0b9cda-629a-446d-9595-a61eee64d531 admin admin] Unknown version. Returning version choices. {{(pid=77022) process_request /opt/stack/glance/glance/api/middleware/version_negotiation.py:64}}
Jul 10 18:01:31 devstack devstack@g-api.service[77022]: [pid: 77022|app: 0|req: 5/8] 127.0.0.1 () {34 vars in 519 bytes} [Fri Jul 10 18:01:31 2026] GET / => generated 1571 bytes in 2 msecs (HTTP/1.1 300) 3 headers in 106 bytes (1 switches on core 0)
Jul 10 18:01:31 devstack devstack@g-api.service[77021]: DEBUG glance.api.middleware.version_negotiation [None req-e430f736-7e19-4ce6-993c-8b4e42baf692 admin admin] Determining version of request: GET /v2/images/54228e05-a815-461c-8a75-0cdb9dee188c Accept: */* {{(pid=77021) process_request /opt/stack/glance/glance/api/middleware/version_negotiation.py:44}}
Jul 10 18:01:31 devstack devstack@g-api.service[77021]: DEBUG glance.api.middleware.version_negotiation [None req-e430f736-7e19-4ce6-993c-8b4e42baf692 admin admin] Using url versioning {{(pid=77021) process_request /opt/stack/glance/glance/api/middleware/version_negotiation.py:57}}
Jul 10 18:01:31 devstack devstack@g-api.service[77021]: DEBUG glance.api.middleware.version_negotiation [None req-e430f736-7e19-4ce6-993c-8b4e42baf692 admin admin] Matched version: v2 {{(pid=77021) process_request /opt/stack/glance/glance/api/middleware/version_negotiation.py:69}}
Jul 10 18:01:31 devstack devstack@g-api.service[77021]: DEBUG glance.api.middleware.version_negotiation [None req-e430f736-7e19-4ce6-993c-8b4e42baf692 admin admin] new path /v2/images/54228e05-a815-461c-8a75-0cdb9dee188c {{(pid=77021) process_request /opt/stack/glance/glance/api/middleware/version_negotiation.py:70}}
Jul 10 18:01:31 devstack devstack@g-api.service[77021]: [pid: 77021|app: 0|req: 4/9] 127.0.0.1 () {36 vars in 802 bytes} [Fri Jul 10 18:01:31 2026] GET /v2/images/54228e05-a815-461c-8a75-0cdb9dee188c => generated 976 bytes in 71 msecs (HTTP/1.1 200) 4 headers in 157 bytes (1 switches on core 0)
Jul 10 18:01:38 devstack devstack@g-api.service[77022]: DEBUG glance.api.middleware.version_negotiation [None req-7a0b9cda-629a-446d-9595-a61eee64d531 admin admin] Determining version of request: GET / Accept: application/json {{(pid=77022) process_request /opt/stack/glance/glance/api/middleware/version_negotiation.py:44}}
Jul 10 18:01:38 devstack devstack@g-api.service[77022]: DEBUG glance.api.middleware.version_negotiation [None req-7a0b9cda-629a-446d-9595-a61eee64d531 admin admin] Using url versioning {{(pid=77022) process_request /opt/stack/glance/glance/api/middleware/version_negotiation.py:57}}
Jul 10 18:01:38 devstack devstack@g-api.service[77022]: DEBUG glance.api.middleware.version_negotiation [None req-7a0b9cda-629a-446d-9595-a61eee64d531 admin admin] Unknown version. Returning version choices. {{(pid=77022) process_request /opt/stack/glance/glance/api/middleware/version_negotiation.py:64}}
Jul 10 18:01:38 devstack devstack@g-api.service[77022]: [pid: 77022|app: 0|req: 6/10] 127.0.0.1 () {34 vars in 519 bytes} [Fri Jul 10 18:01:38 2026] GET / => generated 1571 bytes in 2 msecs (HTTP/1.1 300) 3 headers in 106 bytes (1 switches on core 0)
Jul 10 18:01:38 devstack devstack@g-api.service[77021]: DEBUG glance.api.middleware.version_negotiation [None req-03a89b21-5b62-4aac-a48a-54e3a04665db admin admin] Determining version of request: GET /v2/images/54228e05-a815-461c-8a75-0cdb9dee188c Accept: */* {{(pid=77021) process_request /opt/stack/glance/glance/api/middleware/version_negotiation.py:44}}
Jul 10 18:01:38 devstack devstack@g-api.service[77021]: DEBUG glance.api.middleware.version_negotiation [None req-03a89b21-5b62-4aac-a48a-54e3a04665db admin admin] Using url versioning {{(pid=77021) process_request /opt/stack/glance/glance/api/middleware/version_negotiation.py:57}}
Jul 10 18:01:38 devstack devstack@g-api.service[77021]: DEBUG glance.api.middleware.version_negotiation [None req-03a89b21-5b62-4aac-a48a-54e3a04665db admin admin] Matched version: v2 {{(pid=77021) process_request /opt/stack/glance/glance/api/middleware/version_negotiation.py:69}}
Jul 10 18:01:38 devstack devstack@g-api.service[77021]: DEBUG glance.api.middleware.version_negotiation [None req-03a89b21-5b62-4aac-a48a-54e3a04665db admin admin] new path /v2/images/54228e05-a815-461c-8a75-0cdb9dee188c {{(pid=77021) process_request /opt/stack/glance/glance/api/middleware/version_negotiation.py:70}}
Jul 10 18:01:38 devstack devstack@g-api.service[77021]: [pid: 77021|app: 0|req: 5/11] 127.0.0.1 () {36 vars in 802 bytes} [Fri Jul 10 18:01:38 2026] GET /v2/images/54228e05-a815-461c-8a75-0cdb9dee188c => generated 976 bytes in 70 msecs (HTTP/1.1 200) 4 headers in 157 bytes (1 switches on core 0)
Jul 10 18:01:48 devstack devstack@g-api.service[77021]: DEBUG dbcounter [-] [77021] Writing DB stats glance:SELECT=4 {{(pid=77021) stat_writer /opt/stack/data/venv/lib/python3.12/site-packages/dbcounter.py:115}}
Jul 10 18:02:55 devstack devstack@g-api.service[77022]: DEBUG glance.api.middleware.version_negotiation [None req-7a0b9cda-629a-446d-9595-a61eee64d531 admin admin] Determining version of request: GET / Accept: application/json {{(pid=77022) process_request /opt/stack/glance/glance/api/middleware/version_negotiation.py:44}}
Jul 10 18:02:55 devstack devstack@g-api.service[77022]: DEBUG glance.api.middleware.version_negotiation [None req-7a0b9cda-629a-446d-9595-a61eee64d531 admin admin] Using url versioning {{(pid=77022) process_request /opt/stack/glance/glance/api/middleware/version_negotiation.py:57}}
Jul 10 18:02:55 devstack devstack@g-api.service[77022]: DEBUG glance.api.middleware.version_negotiation [None req-7a0b9cda-629a-446d-9595-a61eee64d531 admin admin] Unknown version. Returning version choices. {{(pid=77022) process_request /opt/stack/glance/glance/api/middleware/version_negotiation.py:64}}
Jul 10 18:02:55 devstack devstack@g-api.service[77022]: [pid: 77022|app: 0|req: 7/12] 127.0.0.1 () {36 vars in 488 bytes} [Fri Jul 10 18:02:55 2026] GET / => generated 1571 bytes in 2 msecs (HTTP/1.1 300) 3 headers in 106 bytes (1 switches on core 0)
Jul 10 18:05:44 devstack devstack@g-api.service[77021]: DEBUG glance.api.middleware.version_negotiation [None req-802fdee4-e1e0-47f3-9259-8435b044784e admin admin] Determining version of request: GET / Accept: application/json {{(pid=77021) process_request /opt/stack/glance/glance/api/middleware/version_negotiation.py:44}}
Jul 10 18:05:44 devstack devstack@g-api.service[77021]: DEBUG glance.api.middleware.version_negotiation [None req-802fdee4-e1e0-47f3-9259-8435b044784e admin admin] Using url versioning {{(pid=77021) process_request /opt/stack/glance/glance/api/middleware/version_negotiation.py:57}}
Jul 10 18:05:44 devstack devstack@g-api.service[77021]: DEBUG glance.api.middleware.version_negotiation [None req-802fdee4-e1e0-47f3-9259-8435b044784e admin admin] Unknown version. Returning version choices. {{(pid=77021) process_request /opt/stack/glance/glance/api/middleware/version_negotiation.py:64}}
Jul 10 18:05:44 devstack devstack@g-api.service[77021]: [pid: 77021|app: 0|req: 6/13] 127.0.0.1 () {34 vars in 505 bytes} [Fri Jul 10 18:05:44 2026] GET / => generated 1571 bytes in 8 msecs (HTTP/1.1 300) 3 headers in 106 bytes (1 switches on core 0)
Jul 10 18:05:45 devstack devstack@g-api.service[77022]: DEBUG glance.api.middleware.version_negotiation [None req-7a0b9cda-629a-446d-9595-a61eee64d531 admin admin] Determining version of request: GET /v2/images/54228e05-a815-461c-8a75-0cdb9dee188c Accept: */* {{(pid=77022) process_request /opt/stack/glance/glance/api/middleware/version_negotiation.py:44}}
Jul 10 18:05:45 devstack devstack@g-api.service[77022]: DEBUG glance.api.middleware.version_negotiation [None req-7a0b9cda-629a-446d-9595-a61eee64d531 admin admin] Using url versioning {{(pid=77022) process_request /opt/stack/glance/glance/api/middleware/version_negotiation.py:57}}
Jul 10 18:05:45 devstack devstack@g-api.service[77022]: DEBUG glance.api.middleware.version_negotiation [None req-7a0b9cda-629a-446d-9595-a61eee64d531 admin admin] Matched version: v2 {{(pid=77022) process_request /opt/stack/glance/glance/api/middleware/version_negotiation.py:69}}
Jul 10 18:05:45 devstack devstack@g-api.service[77022]: DEBUG glance.api.middleware.version_negotiation [None req-7a0b9cda-629a-446d-9595-a61eee64d531 admin admin] new path /v2/images/54228e05-a815-461c-8a75-0cdb9dee188c {{(pid=77022) process_request /opt/stack/glance/glance/api/middleware/version_negotiation.py:70}}
Jul 10 18:05:45 devstack devstack@g-api.service[77022]: [pid: 77022|app: 0|req: 8/14] 127.0.0.1 () {42 vars in 1061 bytes} [Fri Jul 10 18:05:45 2026] GET /v2/images/54228e05-a815-461c-8a75-0cdb9dee188c => generated 976 bytes in 354 msecs (HTTP/1.1 200) 4 headers in 157 bytes (1 switches on core 0)
Jul 10 18:05:45 devstack devstack@g-api.service[77021]: DEBUG glance.api.middleware.version_negotiation [None req-802fdee4-e1e0-47f3-9259-8435b044784e admin admin] Determining version of request: GET /v2/schemas/image Accept: */* {{(pid=77021) process_request /opt/stack/glance/glance/api/middleware/version_negotiation.py:44}}
Jul 10 18:05:45 devstack devstack@g-api.service[77021]: DEBUG glance.api.middleware.version_negotiation [None req-802fdee4-e1e0-47f3-9259-8435b044784e admin admin] Using url versioning {{(pid=77021) process_request /opt/stack/glance/glance/api/middleware/version_negotiation.py:57}}
Jul 10 18:05:45 devstack devstack@g-api.service[77021]: DEBUG glance.api.middleware.version_negotiation [None req-802fdee4-e1e0-47f3-9259-8435b044784e admin admin] Matched version: v2 {{(pid=77021) process_request /opt/stack/glance/glance/api/middleware/version_negotiation.py:69}}
Jul 10 18:05:45 devstack devstack@g-api.service[77021]: DEBUG glance.api.middleware.version_negotiation [None req-802fdee4-e1e0-47f3-9259-8435b044784e admin admin] new path /v2/schemas/image {{(pid=77021) process_request /opt/stack/glance/glance/api/middleware/version_negotiation.py:70}}
Jul 10 18:05:45 devstack devstack@g-api.service[77021]: [pid: 77021|app: 0|req: 7/15] 127.0.0.1 () {42 vars in 1001 bytes} [Fri Jul 10 18:05:45 2026] GET /v2/schemas/image => generated 6083 bytes in 9 msecs (HTTP/1.1 200) 4 headers in 158 bytes (1 switches on core 0)
Jul 10 18:05:55 devstack devstack@g-api.service[77022]: DEBUG dbcounter [-] [77022] Writing DB stats glance:SELECT=2 {{(pid=77022) stat_writer /opt/stack/data/venv/lib/python3.12/site-packages/dbcounter.py:115}}
Jul 10 18:06:08 devstack devstack@g-api.service[77022]: DEBUG glance.api.middleware.version_negotiation [None req-91027a96-c2a5-4d5d-9d9f-edf6a6c2e476 tempest-DeleteServersTestJSON-915525219 tempest-DeleteServersTestJSON-915525219-project-member] Determining version of request: GET /v2/images/54228e05-a815-461c-8a75-0cdb9dee188c Accept: */* {{(pid=77022) process_request /opt/stack/glance/glance/api/middleware/version_negotiation.py:44}}
Jul 10 18:06:08 devstack devstack@g-api.service[77022]: DEBUG glance.api.middleware.version_negotiation [None req-91027a96-c2a5-4d5d-9d9f-edf6a6c2e476 tempest-DeleteServersTestJSON-915525219 tempest-DeleteServersTestJSON-915525219-project-member] Using url versioning {{(pid=77022) process_request /opt/stack/glance/glance/api/middleware/version_negotiation.py:57}}
Jul 10 18:06:08 devstack devstack@g-api.service[77022]: DEBUG glance.api.middleware.version_negotiation [None req-91027a96-c2a5-4d5d-9d9f-edf6a6c2e476 tempest-DeleteServersTestJSON-915525219 tempest-DeleteServersTestJSON-915525219-project-member] Matched version: v2 {{(pid=77022) process_request /opt/stack/glance/glance/api/middleware/version_negotiation.py:69}}
Jul 10 18:06:08 devstack devstack@g-api.service[77022]: DEBUG glance.api.middleware.version_negotiation [None req-91027a96-c2a5-4d5d-9d9f-edf6a6c2e476 tempest-DeleteServersTestJSON-915525219 tempest-DeleteServersTestJSON-915525219-project-member] new path /v2/images/54228e05-a815-461c-8a75-0cdb9dee188c {{(pid=77022) process_request /opt/stack/glance/glance/api/middleware/version_negotiation.py:70}}
Jul 10 18:06:08 devstack devstack@g-api.service[77022]: [pid: 77022|app: 0|req: 9/16] 127.0.0.1 () {42 vars in 1061 bytes} [Fri Jul 10 18:06:08 2026] GET /v2/images/54228e05-a815-461c-8a75-0cdb9dee188c => generated 976 bytes in 26 msecs (HTTP/1.1 200) 4 headers in 157 bytes (1 switches on core 0)
Jul 10 18:06:08 devstack devstack@g-api.service[77021]: DEBUG glance.api.middleware.version_negotiation [None req-91027a96-c2a5-4d5d-9d9f-edf6a6c2e476 tempest-DeleteServersTestJSON-915525219 tempest-DeleteServersTestJSON-915525219-project-member] Determining version of request: GET /v2/images/54228e05-a815-461c-8a75-0cdb9dee188c/file Accept: */* {{(pid=77021) process_request /opt/stack/glance/glance/api/middleware/version_negotiation.py:44}}
Jul 10 18:06:08 devstack devstack@g-api.service[77021]: DEBUG glance.api.middleware.version_negotiation [None req-91027a96-c2a5-4d5d-9d9f-edf6a6c2e476 tempest-DeleteServersTestJSON-915525219 tempest-DeleteServersTestJSON-915525219-project-member] Using url versioning {{(pid=77021) process_request /opt/stack/glance/glance/api/middleware/version_negotiation.py:57}}
Jul 10 18:06:08 devstack devstack@g-api.service[77021]: DEBUG glance.api.middleware.version_negotiation [None req-91027a96-c2a5-4d5d-9d9f-edf6a6c2e476 tempest-DeleteServersTestJSON-915525219 tempest-DeleteServersTestJSON-915525219-project-member] Matched version: v2 {{(pid=77021) process_request /opt/stack/glance/glance/api/middleware/version_negotiation.py:69}}
Jul 10 18:06:08 devstack devstack@g-api.service[77021]: DEBUG glance.api.middleware.version_negotiation [None req-91027a96-c2a5-4d5d-9d9f-edf6a6c2e476 tempest-DeleteServersTestJSON-915525219 tempest-DeleteServersTestJSON-915525219-project-member] new path /v2/images/54228e05-a815-461c-8a75-0cdb9dee188c/file {{(pid=77021) process_request /opt/stack/glance/glance/api/middleware/version_negotiation.py:70}}
Jul 10 18:06:08 devstack devstack@g-api.service[77021]: DEBUG glance_store._drivers.filesystem [None req-91027a96-c2a5-4d5d-9d9f-edf6a6c2e476 tempest-DeleteServersTestJSON-915525219 tempest-DeleteServersTestJSON-915525219-project-member] Found image at /opt/stack/data/glance/images/54228e05-a815-461c-8a75-0cdb9dee188c. Returning in ChunkedFile. {{(pid=77021) get /opt/stack/data/venv/lib/python3.12/site-packages/glance_store/_drivers/filesystem.py:724}}
Jul 10 18:06:08 devstack devstack@g-api.service[77021]: DEBUG glance.image_cache [None req-91027a96-c2a5-4d5d-9d9f-edf6a6c2e476 tempest-DeleteServersTestJSON-915525219 tempest-DeleteServersTestJSON-915525219-project-member] Tee'ing image '54228e05-a815-461c-8a75-0cdb9dee188c' into cache {{(pid=77021) get_caching_iter /opt/stack/glance/glance/image_cache/__init__.py:356}}
Jul 10 18:06:09 devstack devstack@g-api.service[77021]: DEBUG glance.image_cache.drivers.centralized_db [None req-91027a96-c2a5-4d5d-9d9f-edf6a6c2e476 tempest-DeleteServersTestJSON-915525219 tempest-DeleteServersTestJSON-915525219-project-member] Fetch finished, moving '/opt/stack/data/glance/cache/incomplete/54228e05-a815-461c-8a75-0cdb9dee188c' to '/opt/stack/data/glance/cache/54228e05-a815-461c-8a75-0cdb9dee188c' {{(pid=77021) commit /opt/stack/glance/glance/image_cache/drivers/centralized_db.py:243}}
Jul 10 18:06:09 devstack devstack@g-api.service[77021]: DEBUG glance.image_cache.drivers.centralized_db [None req-91027a96-c2a5-4d5d-9d9f-edf6a6c2e476 tempest-DeleteServersTestJSON-915525219 tempest-DeleteServersTestJSON-915525219-project-member] Image cached successfully. {{(pid=77021) commit /opt/stack/glance/glance/image_cache/drivers/centralized_db.py:258}}
Jul 10 18:06:09 devstack devstack@g-api.service[77021]: [pid: 77021|app: 0|req: 8/17] 127.0.0.1 () {42 vars in 1071 bytes} [Fri Jul 10 18:06:08 2026] GET /v2/images/54228e05-a815-461c-8a75-0cdb9dee188c/file => generated 21692416 bytes in 467 msecs (HTTP/1.1 200) 4 headers in 191 bytes (337 switches on core 0)
Jul 10 18:06:09 devstack devstack@g-api.service[77022]: DEBUG glance.api.middleware.version_negotiation [None req-91027a96-c2a5-4d5d-9d9f-edf6a6c2e476 tempest-DeleteServersTestJSON-915525219 tempest-DeleteServersTestJSON-915525219-project-member] Determining version of request: GET /v2/images/54228e05-a815-461c-8a75-0cdb9dee188c Accept: */* {{(pid=77022) process_request /opt/stack/glance/glance/api/middleware/version_negotiation.py:44}}
Jul 10 18:06:09 devstack devstack@g-api.service[77022]: DEBUG glance.api.middleware.version_negotiation [None req-91027a96-c2a5-4d5d-9d9f-edf6a6c2e476 tempest-DeleteServersTestJSON-915525219 tempest-DeleteServersTestJSON-915525219-project-member] Using url versioning {{(pid=77022) process_request /opt/stack/glance/glance/api/middleware/version_negotiation.py:57}}
Jul 10 18:06:09 devstack devstack@g-api.service[77022]: DEBUG glance.api.middleware.version_negotiation [None req-91027a96-c2a5-4d5d-9d9f-edf6a6c2e476 tempest-DeleteServersTestJSON-915525219 tempest-DeleteServersTestJSON-915525219-project-member] Matched version: v2 {{(pid=77022) process_request /opt/stack/glance/glance/api/middleware/version_negotiation.py:69}}
Jul 10 18:06:09 devstack devstack@g-api.service[77022]: DEBUG glance.api.middleware.version_negotiation [None req-91027a96-c2a5-4d5d-9d9f-edf6a6c2e476 tempest-DeleteServersTestJSON-915525219 tempest-DeleteServersTestJSON-915525219-project-member] new path /v2/images/54228e05-a815-461c-8a75-0cdb9dee188c {{(pid=77022) process_request /opt/stack/glance/glance/api/middleware/version_negotiation.py:70}}
Jul 10 18:06:09 devstack devstack@g-api.service[77022]: [pid: 77022|app: 0|req: 10/18] 127.0.0.1 () {42 vars in 1061 bytes} [Fri Jul 10 18:06:09 2026] GET /v2/images/54228e05-a815-461c-8a75-0cdb9dee188c => generated 976 bytes in 39 msecs (HTTP/1.1 200) 4 headers in 157 bytes (1 switches on core 0)
Jul 10 18:06:09 devstack devstack@g-api.service[77021]: DEBUG glance.api.middleware.version_negotiation [None req-91027a96-c2a5-4d5d-9d9f-edf6a6c2e476 tempest-DeleteServersTestJSON-915525219 tempest-DeleteServersTestJSON-915525219-project-member] Determining version of request: GET /v2/schemas/image Accept: */* {{(pid=77021) process_request /opt/stack/glance/glance/api/middleware/version_negotiation.py:44}}
Jul 10 18:06:09 devstack devstack@g-api.service[77021]: DEBUG glance.api.middleware.version_negotiation [None req-91027a96-c2a5-4d5d-9d9f-edf6a6c2e476 tempest-DeleteServersTestJSON-915525219 tempest-DeleteServersTestJSON-915525219-project-member] Using url versioning {{(pid=77021) process_request /opt/stack/glance/glance/api/middleware/version_negotiation.py:57}}
Jul 10 18:06:09 devstack devstack@g-api.service[77021]: DEBUG glance.api.middleware.version_negotiation [None req-91027a96-c2a5-4d5d-9d9f-edf6a6c2e476 tempest-DeleteServersTestJSON-915525219 tempest-DeleteServersTestJSON-915525219-project-member] Matched version: v2 {{(pid=77021) process_request /opt/stack/glance/glance/api/middleware/version_negotiation.py:69}}
Jul 10 18:06:09 devstack devstack@g-api.service[77021]: DEBUG glance.api.middleware.version_negotiation [None req-91027a96-c2a5-4d5d-9d9f-edf6a6c2e476 tempest-DeleteServersTestJSON-915525219 tempest-DeleteServersTestJSON-915525219-project-member] new path /v2/schemas/image {{(pid=77021) process_request /opt/stack/glance/glance/api/middleware/version_negotiation.py:70}}
Jul 10 18:06:09 devstack devstack@g-api.service[77021]: [pid: 77021|app: 0|req: 9/19] 127.0.0.1 () {42 vars in 1001 bytes} [Fri Jul 10 18:06:09 2026] GET /v2/schemas/image => generated 6083 bytes in 16 msecs (HTTP/1.1 200) 4 headers in 158 bytes (1 switches on core 0)
Jul 10 18:06:19 devstack devstack@g-api.service[77021]: DEBUG dbcounter [-] [77021] Writing DB stats glance:SELECT=5,glance:INSERT=1 {{(pid=77021) stat_writer /opt/stack/data/venv/lib/python3.12/site-packages/dbcounter.py:115}}
Jul 10 18:06:19 devstack devstack@g-api.service[77022]: DEBUG dbcounter [-] [77022] Writing DB stats glance:SELECT=4 {{(pid=77022) stat_writer /opt/stack/data/venv/lib/python3.12/site-packages/dbcounter.py:115}}
Jul 10 18:06:24 devstack devstack@g-api.service[77022]: DEBUG glance.api.middleware.version_negotiation [None req-91027a96-c2a5-4d5d-9d9f-edf6a6c2e476 tempest-DeleteServersTestJSON-915525219 tempest-DeleteServersTestJSON-915525219-project-member] Determining version of request: GET /v2/images/54228e05-a815-461c-8a75-0cdb9dee188c Accept: */* {{(pid=77022) process_request /opt/stack/glance/glance/api/middleware/version_negotiation.py:44}}
Jul 10 18:06:24 devstack devstack@g-api.service[77022]: DEBUG glance.api.middleware.version_negotiation [None req-91027a96-c2a5-4d5d-9d9f-edf6a6c2e476 tempest-DeleteServersTestJSON-915525219 tempest-DeleteServersTestJSON-915525219-project-member] Using url versioning {{(pid=77022) process_request /opt/stack/glance/glance/api/middleware/version_negotiation.py:57}}
Jul 10 18:06:24 devstack devstack@g-api.service[77022]: DEBUG glance.api.middleware.version_negotiation [None req-91027a96-c2a5-4d5d-9d9f-edf6a6c2e476 tempest-DeleteServersTestJSON-915525219 tempest-DeleteServersTestJSON-915525219-project-member] Matched version: v2 {{(pid=77022) process_request /opt/stack/glance/glance/api/middleware/version_negotiation.py:69}}
Jul 10 18:06:24 devstack devstack@g-api.service[77022]: DEBUG glance.api.middleware.version_negotiation [None req-91027a96-c2a5-4d5d-9d9f-edf6a6c2e476 tempest-DeleteServersTestJSON-915525219 tempest-DeleteServersTestJSON-915525219-project-member] new path /v2/images/54228e05-a815-461c-8a75-0cdb9dee188c {{(pid=77022) process_request /opt/stack/glance/glance/api/middleware/version_negotiation.py:70}}
Jul 10 18:06:24 devstack devstack@g-api.service[77022]: [pid: 77022|app: 0|req: 11/20] 127.0.0.1 () {42 vars in 1061 bytes} [Fri Jul 10 18:06:24 2026] GET /v2/images/54228e05-a815-461c-8a75-0cdb9dee188c => generated 976 bytes in 29 msecs (HTTP/1.1 200) 4 headers in 157 bytes (1 switches on core 0)
Jul 10 18:06:24 devstack devstack@g-api.service[77021]: DEBUG glance.api.middleware.version_negotiation [None req-91027a96-c2a5-4d5d-9d9f-edf6a6c2e476 tempest-DeleteServersTestJSON-915525219 tempest-DeleteServersTestJSON-915525219-project-member] Determining version of request: GET /v2/schemas/image Accept: */* {{(pid=77021) process_request /opt/stack/glance/glance/api/middleware/version_negotiation.py:44}}
Jul 10 18:06:24 devstack devstack@g-api.service[77021]: DEBUG glance.api.middleware.version_negotiation [None req-91027a96-c2a5-4d5d-9d9f-edf6a6c2e476 tempest-DeleteServersTestJSON-915525219 tempest-DeleteServersTestJSON-915525219-project-member] Using url versioning {{(pid=77021) process_request /opt/stack/glance/glance/api/middleware/version_negotiation.py:57}}
Jul 10 18:06:24 devstack devstack@g-api.service[77021]: DEBUG glance.api.middleware.version_negotiation [None req-91027a96-c2a5-4d5d-9d9f-edf6a6c2e476 tempest-DeleteServersTestJSON-915525219 tempest-DeleteServersTestJSON-915525219-project-member] Matched version: v2 {{(pid=77021) process_request /opt/stack/glance/glance/api/middleware/version_negotiation.py:69}}
Jul 10 18:06:24 devstack devstack@g-api.service[77021]: DEBUG glance.api.middleware.version_negotiation [None req-91027a96-c2a5-4d5d-9d9f-edf6a6c2e476 tempest-DeleteServersTestJSON-915525219 tempest-DeleteServersTestJSON-915525219-project-member] new path /v2/schemas/image {{(pid=77021) process_request /opt/stack/glance/glance/api/middleware/version_negotiation.py:70}}
Jul 10 18:06:24 devstack devstack@g-api.service[77021]: [pid: 77021|app: 0|req: 10/21] 127.0.0.1 () {42 vars in 1001 bytes} [Fri Jul 10 18:06:24 2026] GET /v2/schemas/image => generated 6083 bytes in 14 msecs (HTTP/1.1 200) 4 headers in 158 bytes (1 switches on core 0)
Jul 10 18:06:27 devstack devstack@g-api.service[77022]: DEBUG glance.api.middleware.version_negotiation [None req-b4c1464e-9109-4224-bb9e-124e1a9fe0c8 tempest-VolumesAdminNegativeTest-352465064 tempest-VolumesAdminNegativeTest-352465064-project-member] Determining version of request: GET / Accept: application/json {{(pid=77022) process_request /opt/stack/glance/glance/api/middleware/version_negotiation.py:44}}
Jul 10 18:06:27 devstack devstack@g-api.service[77022]: DEBUG glance.api.middleware.version_negotiation [None req-b4c1464e-9109-4224-bb9e-124e1a9fe0c8 tempest-VolumesAdminNegativeTest-352465064 tempest-VolumesAdminNegativeTest-352465064-project-member] Using url versioning {{(pid=77022) process_request /opt/stack/glance/glance/api/middleware/version_negotiation.py:57}}
Jul 10 18:06:27 devstack devstack@g-api.service[77022]: DEBUG glance.api.middleware.version_negotiation [None req-b4c1464e-9109-4224-bb9e-124e1a9fe0c8 tempest-VolumesAdminNegativeTest-352465064 tempest-VolumesAdminNegativeTest-352465064-project-member] Unknown version. Returning version choices. {{(pid=77022) process_request /opt/stack/glance/glance/api/middleware/version_negotiation.py:64}}
Jul 10 18:06:27 devstack devstack@g-api.service[77022]: [pid: 77022|app: 0|req: 12/22] 127.0.0.1 () {34 vars in 505 bytes} [Fri Jul 10 18:06:27 2026] GET / => generated 1571 bytes in 5 msecs (HTTP/1.1 300) 3 headers in 106 bytes (1 switches on core 0)
Jul 10 18:06:27 devstack devstack@g-api.service[77021]: DEBUG glance.api.middleware.version_negotiation [None req-b4c1464e-9109-4224-bb9e-124e1a9fe0c8 tempest-VolumesAdminNegativeTest-352465064 tempest-VolumesAdminNegativeTest-352465064-project-member] Determining version of request: GET /v2/images/54228e05-a815-461c-8a75-0cdb9dee188c Accept: */* {{(pid=77021) process_request /opt/stack/glance/glance/api/middleware/version_negotiation.py:44}}
Jul 10 18:06:27 devstack devstack@g-api.service[77021]: DEBUG glance.api.middleware.version_negotiation [None req-b4c1464e-9109-4224-bb9e-124e1a9fe0c8 tempest-VolumesAdminNegativeTest-352465064 tempest-VolumesAdminNegativeTest-352465064-project-member] Using url versioning {{(pid=77021) process_request /opt/stack/glance/glance/api/middleware/version_negotiation.py:57}}
Jul 10 18:06:27 devstack devstack@g-api.service[77021]: DEBUG glance.api.middleware.version_negotiation [None req-b4c1464e-9109-4224-bb9e-124e1a9fe0c8 tempest-VolumesAdminNegativeTest-352465064 tempest-VolumesAdminNegativeTest-352465064-project-member] Matched version: v2 {{(pid=77021) process_request /opt/stack/glance/glance/api/middleware/version_negotiation.py:69}}
Jul 10 18:06:27 devstack devstack@g-api.service[77021]: DEBUG glance.api.middleware.version_negotiation [None req-b4c1464e-9109-4224-bb9e-124e1a9fe0c8 tempest-VolumesAdminNegativeTest-352465064 tempest-VolumesAdminNegativeTest-352465064-project-member] new path /v2/images/54228e05-a815-461c-8a75-0cdb9dee188c {{(pid=77021) process_request /opt/stack/glance/glance/api/middleware/version_negotiation.py:70}}
Jul 10 18:06:27 devstack devstack@g-api.service[77021]: [pid: 77021|app: 0|req: 11/23] 127.0.0.1 () {42 vars in 1061 bytes} [Fri Jul 10 18:06:27 2026] GET /v2/images/54228e05-a815-461c-8a75-0cdb9dee188c => generated 976 bytes in 63 msecs (HTTP/1.1 200) 4 headers in 157 bytes (1 switches on core 0)
Jul 10 18:06:27 devstack devstack@g-api.service[77022]: DEBUG glance.api.middleware.version_negotiation [None req-b4c1464e-9109-4224-bb9e-124e1a9fe0c8 tempest-VolumesAdminNegativeTest-352465064 tempest-VolumesAdminNegativeTest-352465064-project-member] Determining version of request: GET /v2/schemas/image Accept: */* {{(pid=77022) process_request /opt/stack/glance/glance/api/middleware/version_negotiation.py:44}}
Jul 10 18:06:27 devstack devstack@g-api.service[77022]: DEBUG glance.api.middleware.version_negotiation [None req-b4c1464e-9109-4224-bb9e-124e1a9fe0c8 tempest-VolumesAdminNegativeTest-352465064 tempest-VolumesAdminNegativeTest-352465064-project-member] Using url versioning {{(pid=77022) process_request /opt/stack/glance/glance/api/middleware/version_negotiation.py:57}}
Jul 10 18:06:27 devstack devstack@g-api.service[77022]: DEBUG glance.api.middleware.version_negotiation [None req-b4c1464e-9109-4224-bb9e-124e1a9fe0c8 tempest-VolumesAdminNegativeTest-352465064 tempest-VolumesAdminNegativeTest-352465064-project-member] Matched version: v2 {{(pid=77022) process_request /opt/stack/glance/glance/api/middleware/version_negotiation.py:69}}
Jul 10 18:06:27 devstack devstack@g-api.service[77022]: DEBUG glance.api.middleware.version_negotiation [None req-b4c1464e-9109-4224-bb9e-124e1a9fe0c8 tempest-VolumesAdminNegativeTest-352465064 tempest-VolumesAdminNegativeTest-352465064-project-member] new path /v2/schemas/image {{(pid=77022) process_request /opt/stack/glance/glance/api/middleware/version_negotiation.py:70}}
Jul 10 18:06:27 devstack devstack@g-api.service[77022]: [pid: 77022|app: 0|req: 13/24] 127.0.0.1 () {42 vars in 1001 bytes} [Fri Jul 10 18:06:27 2026] GET /v2/schemas/image => generated 6083 bytes in 11 msecs (HTTP/1.1 200) 4 headers in 158 bytes (1 switches on core 0)
Jul 10 18:06:34 devstack devstack@g-api.service[77022]: DEBUG dbcounter [-] [77022] Writing DB stats glance:SELECT=2 {{(pid=77022) stat_writer /opt/stack/data/venv/lib/python3.12/site-packages/dbcounter.py:115}}
