Feb 20 08:20:14 devstack devstack@keystone.service[40025]: DEBUG keystone.server.flask.common [-] Adding resource routes to API users: ['/users//OS-OAUTH1/access_tokens/' {}] {{(pid=40025) _add_mapped_resources /opt/stack/keystone/keystone/server/flask/common.py:483}}
Feb 20 08:20:14 devstack devstack@keystone.service[40025]: DEBUG keystone.server.flask.common [-] Adding resource routes to API users: ['/users//OS-OAUTH1/access_tokens//roles' {}] {{(pid=40025) _add_mapped_resources /opt/stack/keystone/keystone/server/flask/common.py:483}}
Feb 20 08:20:14 devstack devstack@keystone.service[40025]: DEBUG keystone.server.flask.common [-] Adding resource routes to API users: ['/users//OS-OAUTH1/access_tokens//roles/' {}] {{(pid=40025) _add_mapped_resources /opt/stack/keystone/keystone/server/flask/common.py:483}}
Feb 20 08:20:14 devstack devstack@keystone.service[40024]: [pid: 40024|app: 0|req: 1/1] 192.168.122.112 () {50 vars in 803 bytes} [Fri Feb 20 08:20:14 2026] GET /identity/v3/ => generated 259 bytes in 4 msecs (HTTP/1.1 200) 5 headers in 177 bytes (1 switches on core 0)
Feb 20 08:20:14 devstack devstack@keystone.service[40025]: DEBUG keystone.server.flask.common [-] Adding resource routes to API users: ['/users//application_credentials' {}] {{(pid=40025) _add_mapped_resources /opt/stack/keystone/keystone/server/flask/common.py:483}}
Feb 20 08:20:14 devstack devstack@keystone.service[40025]: DEBUG keystone.server.flask.common [-] Adding resource routes to API users: ['/users//application_credentials/' {}] {{(pid=40025) _add_mapped_resources /opt/stack/keystone/keystone/server/flask/common.py:483}}
Feb 20 08:20:14 devstack devstack@keystone.service[40025]: DEBUG keystone.server.flask.common [-] Adding resource routes to API users: ['/users//access_rules' {}] {{(pid=40025) _add_mapped_resources /opt/stack/keystone/keystone/server/flask/common.py:483}}
Feb 20 08:20:14 devstack devstack@keystone.service[40025]: DEBUG keystone.server.flask.common [-] Adding resource routes to API users: ['/users//access_rules/' {}] {{(pid=40025) _add_mapped_resources /opt/stack/keystone/keystone/server/flask/common.py:483}}
Feb 20 08:20:14 devstack devstack@keystone.service[40025]: WSGI app 0 (mountpoint='') ready in 4 seconds on interpreter 0x55d999a671c0 pid: 40025 (default app)
Feb 20 08:20:20 devstack devstack@keystone.service[40024]: DEBUG keystone.server.flask.request_processing.req_logging [None req-2b3baaf5-0f0e-46a3-9a55-b0f385300ce3 None None] REQUEST_METHOD: `GET` {{(pid=40024) log_request_info /opt/stack/keystone/keystone/server/flask/request_processing/req_logging.py:26}}
Feb 20 08:20:20 devstack devstack@keystone.service[40024]: DEBUG keystone.server.flask.request_processing.req_logging [None req-2b3baaf5-0f0e-46a3-9a55-b0f385300ce3 None None] SCRIPT_NAME: `/identity` {{(pid=40024) log_request_info /opt/stack/keystone/keystone/server/flask/request_processing/req_logging.py:27}}
Feb 20 08:20:20 devstack devstack@keystone.service[40024]: DEBUG keystone.server.flask.request_processing.req_logging [None req-2b3baaf5-0f0e-46a3-9a55-b0f385300ce3 None None] PATH_INFO: `/` {{(pid=40024) log_request_info /opt/stack/keystone/keystone/server/flask/request_processing/req_logging.py:28}}
Feb 20 08:20:20 devstack devstack@keystone.service[40024]: [pid: 40024|app: 0|req: 2/2] 192.168.122.112 () {54 vars in 939 bytes} [Fri Feb 20 08:20:20 2026] GET /identity => generated 274 bytes in 2 msecs (HTTP/1.1 300) 6 headers in 238 bytes (1 switches on core 0)
Feb 20 08:20:20 devstack devstack@keystone.service[40025]: DEBUG keystone.server.flask.request_processing.req_logging [None req-2e4e2119-0b03-44bd-9cfa-4ca19abde8ec None None] REQUEST_METHOD: `POST` {{(pid=40025) log_request_info /opt/stack/keystone/keystone/server/flask/request_processing/req_logging.py:26}}
Feb 20 08:20:20 devstack devstack@keystone.service[40025]: DEBUG keystone.server.flask.request_processing.req_logging [None req-2e4e2119-0b03-44bd-9cfa-4ca19abde8ec None None] SCRIPT_NAME: `/identity` {{(pid=40025) log_request_info /opt/stack/keystone/keystone/server/flask/request_processing/req_logging.py:27}}
Feb 20 08:20:20 devstack devstack@keystone.service[40025]: DEBUG keystone.server.flask.request_processing.req_logging [None req-2e4e2119-0b03-44bd-9cfa-4ca19abde8ec None None] PATH_INFO: `/v3/auth/tokens` {{(pid=40025) log_request_info /opt/stack/keystone/keystone/server/flask/request_processing/req_logging.py:28}}
Feb 20 08:20:21 devstack devstack@keystone.service[40025]: INFO dbcounter [None req-2e4e2119-0b03-44bd-9cfa-4ca19abde8ec None None] Registered counter for database keystone
Feb 20 08:20:21 devstack devstack@keystone.service[40025]: DEBUG oslo_db.sqlalchemy.engines [None req-2e4e2119-0b03-44bd-9cfa-4ca19abde8ec None None] MySQL server mode set to STRICT_TRANS_TABLES,STRICT_ALL_TABLES,NO_ZERO_IN_DATE,NO_ZERO_DATE,ERROR_FOR_DIVISION_BY_ZERO,TRADITIONAL,NO_ENGINE_SUBSTITUTION {{(pid=40025) _check_effective_sql_mode /opt/stack/data/venv/lib/python3.10/site-packages/oslo_db/sqlalchemy/engines.py:397}}
Feb 20 08:20:21 devstack devstack@keystone.service[40025]: DEBUG dbcounter [-] [40025] Writer thread running {{(pid=40025) stat_writer /opt/stack/data/venv/lib/python3.10/site-packages/dbcounter.py:102}}
Feb 20 08:20:21 devstack devstack@keystone.service[40025]: WARNING keystone.common.password_hashing [None req-2e4e2119-0b03-44bd-9cfa-4ca19abde8ec None None] Truncating password to algorithm specific maximum length 72 characters.
Feb 20 08:20:21 devstack devstack@keystone.service[40025]: DEBUG keystone.auth.core [None req-2e4e2119-0b03-44bd-9cfa-4ca19abde8ec None None] MFA Rules not processed for user `02731013379540209ef24c10ab13f184`. Rule list: `[]` (Enabled: `True`). {{(pid=40025) check_auth_methods_against_rules /opt/stack/keystone/keystone/auth/core.py:476}}
Feb 20 08:20:21 devstack devstack@keystone.service[40025]: DEBUG keystone.common.fernet_utils [None req-2e4e2119-0b03-44bd-9cfa-4ca19abde8ec None None] Loaded 2 Fernet keys from /etc/keystone/fernet-keys/, but `[fernet_tokens] max_active_keys = 3`; perhaps there have not been enough key rotations to reach `max_active_keys` yet? {{(pid=40025) load_keys /opt/stack/keystone/keystone/common/fernet_utils.py:297}}
Feb 20 08:20:21 devstack devstack@keystone.service[40025]: [pid: 40025|app: 0|req: 1/3] 192.168.122.112 () {58 vars in 1036 bytes} [Fri Feb 20 08:20:20 2026] POST /identity/v3/auth/tokens => generated 981 bytes in 401 msecs (HTTP/1.1 201) 6 headers in 384 bytes (1 switches on core 0)
Feb 20 08:20:21 devstack devstack@keystone.service[40024]: DEBUG keystone.server.flask.request_processing.middleware.auth_context [None req-2b3baaf5-0f0e-46a3-9a55-b0f385300ce3 None None] Authenticating user token {{(pid=40024) process_request /opt/stack/data/venv/lib/python3.10/site-packages/keystonemiddleware/auth_token/__init__.py:407}}
Feb 20 08:20:21 devstack devstack@keystone.service[40024]: INFO dbcounter [None req-2b3baaf5-0f0e-46a3-9a55-b0f385300ce3 None None] Registered counter for database keystone
Feb 20 08:20:21 devstack devstack@keystone.service[40024]: DEBUG oslo_db.sqlalchemy.engines [None req-2b3baaf5-0f0e-46a3-9a55-b0f385300ce3 None None] MySQL server mode set to STRICT_TRANS_TABLES,STRICT_ALL_TABLES,NO_ZERO_IN_DATE,NO_ZERO_DATE,ERROR_FOR_DIVISION_BY_ZERO,TRADITIONAL,NO_ENGINE_SUBSTITUTION {{(pid=40024) _check_effective_sql_mode /opt/stack/data/venv/lib/python3.10/site-packages/oslo_db/sqlalchemy/engines.py:397}}
Feb 20 08:20:21 devstack devstack@keystone.service[40024]: DEBUG dbcounter [-] [40024] Writer thread running {{(pid=40024) stat_writer /opt/stack/data/venv/lib/python3.10/site-packages/dbcounter.py:102}}
Feb 20 08:20:21 devstack devstack@keystone.service[40024]: DEBUG keystone.server.flask.request_processing.middleware.auth_context [None req-2b3baaf5-0f0e-46a3-9a55-b0f385300ce3 None None] Validating token access rules against request {{(pid=40024) validate_allowed_request /opt/stack/data/venv/lib/python3.10/site-packages/keystonemiddleware/auth_token/__init__.py:545}}
Feb 20 08:20:21 devstack devstack@keystone.service[40024]: DEBUG keystone.server.flask.request_processing.middleware.auth_context [None req-38dbfc79-cf35-4699-ae6c-85cf289ff4db admin admin] RBAC: auth_context: {'token': , 'domain_id': None, 'trust_id': None, 'trustor_id': None, 'trustee_id': None, 'domain_name': None, 'group_ids': [], 'user_id': '02731013379540209ef24c10ab13f184', 'user_domain_id': 'default', 'system_scope': None, 'project_id': '8527103255894368a45973d596e9a540', 'project_domain_id': 'default', 'roles': ['admin', 'member', 'reader', 'manager'], 'is_admin_project': True, 'service_user_id': None, 'service_user_domain_id': None, 'service_project_id': None, 'service_project_domain_id': None, 'service_roles': []} {{(pid=40024) fill_context /opt/stack/keystone/keystone/server/flask/request_processing/middleware/auth_context.py:509}}
Feb 20 08:20:21 devstack devstack@keystone.service[40024]: DEBUG keystone.server.flask.request_processing.req_logging [None req-38dbfc79-cf35-4699-ae6c-85cf289ff4db admin admin] REQUEST_METHOD: `GET` {{(pid=40024) log_request_info /opt/stack/keystone/keystone/server/flask/request_processing/req_logging.py:26}}
Feb 20 08:20:21 devstack devstack@keystone.service[40024]: DEBUG keystone.server.flask.request_processing.req_logging [None req-38dbfc79-cf35-4699-ae6c-85cf289ff4db admin admin] SCRIPT_NAME: `/identity` {{(pid=40024) log_request_info /opt/stack/keystone/keystone/server/flask/request_processing/req_logging.py:27}}
Feb 20 08:20:21 devstack devstack@keystone.service[40024]: DEBUG keystone.server.flask.request_processing.req_logging [None req-38dbfc79-cf35-4699-ae6c-85cf289ff4db admin admin] PATH_INFO: `/v3/auth/tokens` {{(pid=40024) log_request_info /opt/stack/keystone/keystone/server/flask/request_processing/req_logging.py:28}}
Feb 20 08:20:21 devstack devstack@keystone.service[40024]: DEBUG keystone.common.rbac_enforcer.enforcer [None req-38dbfc79-cf35-4699-ae6c-85cf289ff4db admin admin] RBAC: Authorizing `identity:validate_token()` {{(pid=40024) enforce_call /opt/stack/keystone/keystone/common/rbac_enforcer/enforcer.py:494}}
Feb 20 08:20:21 devstack devstack@keystone.service[40024]: WARNING keystone.common.rbac_enforcer.enforcer [None req-38dbfc79-cf35-4699-ae6c-85cf289ff4db admin admin] Deprecated policy rules found. Use oslopolicy-policy-generator and oslopolicy-policy-upgrade to detect and resolve deprecated policies in your configuration.
Feb 20 08:20:21 devstack devstack@keystone.service[40024]: DEBUG keystone.common.rbac_enforcer.enforcer [None req-38dbfc79-cf35-4699-ae6c-85cf289ff4db admin admin] RBAC: Authorization granted {{(pid=40024) enforce_call /opt/stack/keystone/keystone/common/rbac_enforcer/enforcer.py:505}}
Feb 20 08:20:21 devstack devstack@keystone.service[40024]: [pid: 40024|app: 0|req: 3/4] 192.168.122.112 () {58 vars in 1336 bytes} [Fri Feb 20 08:20:21 2026] GET /identity/v3/auth/tokens => generated 981 bytes in 275 msecs (HTTP/1.1 200) 6 headers in 379 bytes (1 switches on core 0)
Feb 20 08:20:21 devstack devstack@keystone.service[40025]: DEBUG keystone.server.flask.request_processing.middleware.auth_context [None req-2e4e2119-0b03-44bd-9cfa-4ca19abde8ec None None] Authenticating user token {{(pid=40025) process_request /opt/stack/data/venv/lib/python3.10/site-packages/keystonemiddleware/auth_token/__init__.py:407}}
Feb 20 08:20:21 devstack devstack@keystone.service[40025]: DEBUG keystone.server.flask.request_processing.middleware.auth_context [None req-2e4e2119-0b03-44bd-9cfa-4ca19abde8ec None None] Validating token access rules against request {{(pid=40025) validate_allowed_request /opt/stack/data/venv/lib/python3.10/site-packages/keystonemiddleware/auth_token/__init__.py:545}}
Feb 20 08:20:21 devstack devstack@keystone.service[40025]: DEBUG keystone.server.flask.request_processing.middleware.auth_context [None req-c1908a24-0c4a-4c24-a198-8c6e0203ed4d admin admin] RBAC: auth_context: {'token': , 'domain_id': None, 'trust_id': None, 'trustor_id': None, 'trustee_id': None, 'domain_name': None, 'group_ids': [], 'user_id': '02731013379540209ef24c10ab13f184', 'user_domain_id': 'default', 'system_scope': None, 'project_id': '8527103255894368a45973d596e9a540', 'project_domain_id': 'default', 'roles': ['admin', 'member', 'reader', 'manager'], 'is_admin_project': True, 'service_user_id': None, 'service_user_domain_id': None, 'service_project_id': None, 'service_project_domain_id': None, 'service_roles': []} {{(pid=40025) fill_context /opt/stack/keystone/keystone/server/flask/request_processing/middleware/auth_context.py:509}}
Feb 20 08:20:21 devstack devstack@keystone.service[40025]: DEBUG keystone.server.flask.request_processing.req_logging [None req-c1908a24-0c4a-4c24-a198-8c6e0203ed4d admin admin] REQUEST_METHOD: `GET` {{(pid=40025) log_request_info /opt/stack/keystone/keystone/server/flask/request_processing/req_logging.py:26}}
Feb 20 08:20:21 devstack devstack@keystone.service[40025]: DEBUG keystone.server.flask.request_processing.req_logging [None req-c1908a24-0c4a-4c24-a198-8c6e0203ed4d admin admin] SCRIPT_NAME: `/identity` {{(pid=40025) log_request_info /opt/stack/keystone/keystone/server/flask/request_processing/req_logging.py:27}}
Feb 20 08:20:21 devstack devstack@keystone.service[40025]: DEBUG keystone.server.flask.request_processing.req_logging [None req-c1908a24-0c4a-4c24-a198-8c6e0203ed4d admin admin] PATH_INFO: `/v3/projects/8527103255894368a45973d596e9a540` {{(pid=40025) log_request_info /opt/stack/keystone/keystone/server/flask/request_processing/req_logging.py:28}}
Feb 20 08:20:21 devstack devstack@keystone.service[40025]: DEBUG keystone.common.rbac_enforcer.enforcer [None req-c1908a24-0c4a-4c24-a198-8c6e0203ed4d admin admin] RBAC: Authorizing `identity:get_project(project_id=8527103255894368a45973d596e9a540)` {{(pid=40025) enforce_call /opt/stack/keystone/keystone/common/rbac_enforcer/enforcer.py:494}}
Feb 20 08:20:21 devstack devstack@keystone.service[40025]: WARNING keystone.common.rbac_enforcer.enforcer [None req-c1908a24-0c4a-4c24-a198-8c6e0203ed4d admin admin] Deprecated policy rules found. Use oslopolicy-policy-generator and oslopolicy-policy-upgrade to detect and resolve deprecated policies in your configuration.
Feb 20 08:20:21 devstack devstack@keystone.service[40025]: DEBUG keystone.common.rbac_enforcer.enforcer [None req-c1908a24-0c4a-4c24-a198-8c6e0203ed4d admin admin] RBAC: Authorization granted {{(pid=40025) enforce_call /opt/stack/keystone/keystone/common/rbac_enforcer/enforcer.py:505}}
Feb 20 08:20:21 devstack devstack@keystone.service[40025]: [pid: 40025|app: 0|req: 2/5] 192.168.122.112 () {56 vars in 1219 bytes} [Fri Feb 20 08:20:21 2026] GET /identity/v3/projects/8527103255894368a45973d596e9a540 => generated 348 bytes in 56 msecs (HTTP/1.1 200) 5 headers in 177 bytes (1 switches on core 0)
Feb 20 08:20:23 devstack devstack@keystone.service[40024]: DEBUG keystone.server.flask.request_processing.req_logging [None req-db66b056-e5a9-47a6-9f6a-1eb3896a97c6 None None] REQUEST_METHOD: `GET` {{(pid=40024) log_request_info /opt/stack/keystone/keystone/server/flask/request_processing/req_logging.py:26}}
Feb 20 08:20:23 devstack devstack@keystone.service[40024]: DEBUG keystone.server.flask.request_processing.req_logging [None req-db66b056-e5a9-47a6-9f6a-1eb3896a97c6 None None] SCRIPT_NAME: `/identity` {{(pid=40024) log_request_info /opt/stack/keystone/keystone/server/flask/request_processing/req_logging.py:27}}
Feb 20 08:20:23 devstack devstack@keystone.service[40024]: DEBUG keystone.server.flask.request_processing.req_logging [None req-db66b056-e5a9-47a6-9f6a-1eb3896a97c6 None None] PATH_INFO: `/` {{(pid=40024) log_request_info /opt/stack/keystone/keystone/server/flask/request_processing/req_logging.py:28}}
Feb 20 08:20:23 devstack devstack@keystone.service[40024]: [pid: 40024|app: 0|req: 4/6] 192.168.122.112 () {54 vars in 939 bytes} [Fri Feb 20 08:20:23 2026] GET /identity => generated 274 bytes in 3 msecs (HTTP/1.1 300) 6 headers in 238 bytes (1 switches on core 0)
Feb 20 08:20:23 devstack devstack@keystone.service[40025]: DEBUG keystone.server.flask.request_processing.req_logging [None req-4a280a5a-c775-48b8-b401-8e8e461e6987 None None] REQUEST_METHOD: `POST` {{(pid=40025) log_request_info /opt/stack/keystone/keystone/server/flask/request_processing/req_logging.py:26}}
Feb 20 08:20:23 devstack devstack@keystone.service[40025]: DEBUG keystone.server.flask.request_processing.req_logging [None req-4a280a5a-c775-48b8-b401-8e8e461e6987 None None] SCRIPT_NAME: `/identity` {{(pid=40025) log_request_info /opt/stack/keystone/keystone/server/flask/request_processing/req_logging.py:27}}
Feb 20 08:20:23 devstack devstack@keystone.service[40025]: DEBUG keystone.server.flask.request_processing.req_logging [None req-4a280a5a-c775-48b8-b401-8e8e461e6987 None None] PATH_INFO: `/v3/auth/tokens` {{(pid=40025) log_request_info /opt/stack/keystone/keystone/server/flask/request_processing/req_logging.py:28}}
Feb 20 08:20:23 devstack devstack@keystone.service[40025]: WARNING keystone.common.password_hashing [None req-4a280a5a-c775-48b8-b401-8e8e461e6987 None None] Truncating password to algorithm specific maximum length 72 characters.
Feb 20 08:20:23 devstack devstack@keystone.service[40025]: DEBUG keystone.auth.core [None req-4a280a5a-c775-48b8-b401-8e8e461e6987 None None] MFA Rules not processed for user `02731013379540209ef24c10ab13f184`. Rule list: `[]` (Enabled: `True`). {{(pid=40025) check_auth_methods_against_rules /opt/stack/keystone/keystone/auth/core.py:476}}
Feb 20 08:20:23 devstack devstack@keystone.service[40025]: DEBUG keystone.common.fernet_utils [None req-4a280a5a-c775-48b8-b401-8e8e461e6987 None None] Loaded 2 Fernet keys from /etc/keystone/fernet-keys/, but `[fernet_tokens] max_active_keys = 3`; perhaps there have not been enough key rotations to reach `max_active_keys` yet? {{(pid=40025) load_keys /opt/stack/keystone/keystone/common/fernet_utils.py:297}}
Feb 20 08:20:23 devstack devstack@keystone.service[40025]: [pid: 40025|app: 0|req: 3/7] 192.168.122.112 () {58 vars in 1036 bytes} [Fri Feb 20 08:20:23 2026] POST /identity/v3/auth/tokens => generated 981 bytes in 36 msecs (HTTP/1.1 201) 6 headers in 384 bytes (1 switches on core 0)
Feb 20 08:20:23 devstack devstack@keystone.service[40024]: DEBUG keystone.server.flask.request_processing.middleware.auth_context [None req-db66b056-e5a9-47a6-9f6a-1eb3896a97c6 None None] Authenticating user token {{(pid=40024) process_request /opt/stack/data/venv/lib/python3.10/site-packages/keystonemiddleware/auth_token/__init__.py:407}}
Feb 20 08:20:23 devstack devstack@keystone.service[40024]: DEBUG keystone.server.flask.request_processing.middleware.auth_context [None req-db66b056-e5a9-47a6-9f6a-1eb3896a97c6 None None] Validating token access rules against request {{(pid=40024) validate_allowed_request /opt/stack/data/venv/lib/python3.10/site-packages/keystonemiddleware/auth_token/__init__.py:545}}
Feb 20 08:20:23 devstack devstack@keystone.service[40024]: DEBUG keystone.server.flask.request_processing.middleware.auth_context [None req-678ac68e-e340-4e48-ad45-2779fc182218 admin admin] RBAC: auth_context: {'token': , 'domain_id': None, 'trust_id': None, 'trustor_id': None, 'trustee_id': None, 'domain_name': None, 'group_ids': [], 'user_id': '02731013379540209ef24c10ab13f184', 'user_domain_id': 'default', 'system_scope': None, 'project_id': '8527103255894368a45973d596e9a540', 'project_domain_id': 'default', 'roles': ['admin', 'member', 'reader', 'manager'], 'is_admin_project': True, 'service_user_id': None, 'service_user_domain_id': None, 'service_project_id': None, 'service_project_domain_id': None, 'service_roles': []} {{(pid=40024) fill_context /opt/stack/keystone/keystone/server/flask/request_processing/middleware/auth_context.py:509}}
Feb 20 08:20:23 devstack devstack@keystone.service[40024]: DEBUG keystone.server.flask.request_processing.req_logging [None req-678ac68e-e340-4e48-ad45-2779fc182218 admin admin] REQUEST_METHOD: `GET` {{(pid=40024) log_request_info /opt/stack/keystone/keystone/server/flask/request_processing/req_logging.py:26}}
Feb 20 08:20:23 devstack devstack@keystone.service[40024]: DEBUG keystone.server.flask.request_processing.req_logging [None req-678ac68e-e340-4e48-ad45-2779fc182218 admin admin] SCRIPT_NAME: `/identity` {{(pid=40024) log_request_info /opt/stack/keystone/keystone/server/flask/request_processing/req_logging.py:27}}
Feb 20 08:20:23 devstack devstack@keystone.service[40024]: DEBUG keystone.server.flask.request_processing.req_logging [None req-678ac68e-e340-4e48-ad45-2779fc182218 admin admin] PATH_INFO: `/v3/users/admin` {{(pid=40024) log_request_info /opt/stack/keystone/keystone/server/flask/request_processing/req_logging.py:28}}
Feb 20 08:20:23 devstack devstack@keystone.service[40024]: DEBUG keystone.common.rbac_enforcer.enforcer [None req-678ac68e-e340-4e48-ad45-2779fc182218 admin admin] RBAC: Authorizing `identity:get_user(user_id=admin)` {{(pid=40024) enforce_call /opt/stack/keystone/keystone/common/rbac_enforcer/enforcer.py:494}}
Feb 20 08:20:23 devstack devstack@keystone.service[40024]: DEBUG keystone.common.rbac_enforcer.enforcer [None req-678ac68e-e340-4e48-ad45-2779fc182218 admin admin] RBAC: Authorization granted {{(pid=40024) enforce_call /opt/stack/keystone/keystone/common/rbac_enforcer/enforcer.py:505}}
Feb 20 08:20:23 devstack devstack@keystone.service[40024]: DEBUG keystone.server.flask.application [None req-678ac68e-e340-4e48-ad45-2779fc182218 admin admin] Could not find user: admin. {{(pid=40024) _handle_keystone_exception /opt/stack/keystone/keystone/server/flask/application.py:146}}
Feb 20 08:20:23 devstack devstack@keystone.service[40024]: [pid: 40024|app: 0|req: 5/8] 192.168.122.112 () {56 vars in 1173 bytes} [Fri Feb 20 08:20:23 2026] GET /identity/v3/users/admin => generated 83 bytes in 54 msecs (HTTP/1.1 404) 5 headers in 183 bytes (1 switches on core 0)
Feb 20 08:20:23 devstack devstack@keystone.service[40025]: DEBUG keystone.server.flask.request_processing.middleware.auth_context [None req-4a280a5a-c775-48b8-b401-8e8e461e6987 None None] Authenticating user token {{(pid=40025) process_request /opt/stack/data/venv/lib/python3.10/site-packages/keystonemiddleware/auth_token/__init__.py:407}}
Feb 20 08:20:23 devstack devstack@keystone.service[40025]: DEBUG keystone.server.flask.request_processing.middleware.auth_context [None req-4a280a5a-c775-48b8-b401-8e8e461e6987 None None] Validating token access rules against request {{(pid=40025) validate_allowed_request /opt/stack/data/venv/lib/python3.10/site-packages/keystonemiddleware/auth_token/__init__.py:545}}
Feb 20 08:20:23 devstack devstack@keystone.service[40025]: DEBUG keystone.server.flask.request_processing.middleware.auth_context [None req-1a8049db-52c0-45ed-b45e-9254719b1782 admin admin] RBAC: auth_context: {'token': , 'domain_id': None, 'trust_id': None, 'trustor_id': None, 'trustee_id': None, 'domain_name': None, 'group_ids': [], 'user_id': '02731013379540209ef24c10ab13f184', 'user_domain_id': 'default', 'system_scope': None, 'project_id': '8527103255894368a45973d596e9a540', 'project_domain_id': 'default', 'roles': ['admin', 'member', 'reader', 'manager'], 'is_admin_project': True, 'service_user_id': None, 'service_user_domain_id': None, 'service_project_id': None, 'service_project_domain_id': None, 'service_roles': []} {{(pid=40025) fill_context /opt/stack/keystone/keystone/server/flask/request_processing/middleware/auth_context.py:509}}
Feb 20 08:20:23 devstack devstack@keystone.service[40025]: DEBUG keystone.server.flask.request_processing.req_logging [None req-1a8049db-52c0-45ed-b45e-9254719b1782 admin admin] REQUEST_METHOD: `GET` {{(pid=40025) log_request_info /opt/stack/keystone/keystone/server/flask/request_processing/req_logging.py:26}}
Feb 20 08:20:23 devstack devstack@keystone.service[40025]: DEBUG keystone.server.flask.request_processing.req_logging [None req-1a8049db-52c0-45ed-b45e-9254719b1782 admin admin] SCRIPT_NAME: `/identity` {{(pid=40025) log_request_info /opt/stack/keystone/keystone/server/flask/request_processing/req_logging.py:27}}
Feb 20 08:20:23 devstack devstack@keystone.service[40025]: DEBUG keystone.server.flask.request_processing.req_logging [None req-1a8049db-52c0-45ed-b45e-9254719b1782 admin admin] PATH_INFO: `/v3/users` {{(pid=40025) log_request_info /opt/stack/keystone/keystone/server/flask/request_processing/req_logging.py:28}}
Feb 20 08:20:23 devstack devstack@keystone.service[40025]: DEBUG keystone.common.rbac_enforcer.enforcer [None req-1a8049db-52c0-45ed-b45e-9254719b1782 admin admin] RBAC: Adding query filter params (name=admin) {{(pid=40025) _extract_filter_values /opt/stack/keystone/keystone/common/rbac_enforcer/enforcer.py:176}}
Feb 20 08:20:23 devstack devstack@keystone.service[40025]: DEBUG keystone.common.rbac_enforcer.enforcer [None req-1a8049db-52c0-45ed-b45e-9254719b1782 admin admin] RBAC: Authorizing `identity:list_users()` {{(pid=40025) enforce_call /opt/stack/keystone/keystone/common/rbac_enforcer/enforcer.py:494}}
Feb 20 08:20:23 devstack devstack@keystone.service[40025]: DEBUG keystone.common.rbac_enforcer.enforcer [None req-1a8049db-52c0-45ed-b45e-9254719b1782 admin admin] RBAC: Authorization granted {{(pid=40025) enforce_call /opt/stack/keystone/keystone/common/rbac_enforcer/enforcer.py:505}}
Feb 20 08:20:23 devstack devstack@keystone.service[40025]: [pid: 40025|app: 0|req: 4/9] 192.168.122.112 () {56 vars in 1189 bytes} [Fri Feb 20 08:20:23 2026] GET /identity/v3/users?name=admin => generated 360 bytes in 60 msecs (HTTP/1.1 200) 5 headers in 177 bytes (1 switches on core 0)
Feb 20 08:20:25 devstack devstack@keystone.service[40024]: DEBUG keystone.server.flask.request_processing.req_logging [None req-4958cd4f-4dee-480e-a554-530264eee5ad None None] REQUEST_METHOD: `GET` {{(pid=40024) log_request_info /opt/stack/keystone/keystone/server/flask/request_processing/req_logging.py:26}}
Feb 20 08:20:25 devstack devstack@keystone.service[40024]: DEBUG keystone.server.flask.request_processing.req_logging [None req-4958cd4f-4dee-480e-a554-530264eee5ad None None] SCRIPT_NAME: `/identity` {{(pid=40024) log_request_info /opt/stack/keystone/keystone/server/flask/request_processing/req_logging.py:27}}
Feb 20 08:20:25 devstack devstack@keystone.service[40024]: DEBUG keystone.server.flask.request_processing.req_logging [None req-4958cd4f-4dee-480e-a554-530264eee5ad None None] PATH_INFO: `/` {{(pid=40024) log_request_info /opt/stack/keystone/keystone/server/flask/request_processing/req_logging.py:28}}
Feb 20 08:20:25 devstack devstack@keystone.service[40024]: [pid: 40024|app: 0|req: 6/10] 192.168.122.112 () {54 vars in 939 bytes} [Fri Feb 20 08:20:25 2026] GET /identity => generated 274 bytes in 3 msecs (HTTP/1.1 300) 6 headers in 238 bytes (1 switches on core 0)
Feb 20 08:20:25 devstack devstack@keystone.service[40025]: DEBUG keystone.server.flask.request_processing.req_logging [None req-79962f05-7b1e-446f-b97f-d7798e744963 None None] REQUEST_METHOD: `POST` {{(pid=40025) log_request_info /opt/stack/keystone/keystone/server/flask/request_processing/req_logging.py:26}}
Feb 20 08:20:25 devstack devstack@keystone.service[40025]: DEBUG keystone.server.flask.request_processing.req_logging [None req-79962f05-7b1e-446f-b97f-d7798e744963 None None] SCRIPT_NAME: `/identity` {{(pid=40025) log_request_info /opt/stack/keystone/keystone/server/flask/request_processing/req_logging.py:27}}
Feb 20 08:20:25 devstack devstack@keystone.service[40025]: DEBUG keystone.server.flask.request_processing.req_logging [None req-79962f05-7b1e-446f-b97f-d7798e744963 None None] PATH_INFO: `/v3/auth/tokens` {{(pid=40025) log_request_info /opt/stack/keystone/keystone/server/flask/request_processing/req_logging.py:28}}
Feb 20 08:20:25 devstack devstack@keystone.service[40025]: WARNING keystone.common.password_hashing [None req-79962f05-7b1e-446f-b97f-d7798e744963 None None] Truncating password to algorithm specific maximum length 72 characters.
Feb 20 08:20:25 devstack devstack@keystone.service[40025]: DEBUG keystone.auth.core [None req-79962f05-7b1e-446f-b97f-d7798e744963 None None] MFA Rules not processed for user `02731013379540209ef24c10ab13f184`. Rule list: `[]` (Enabled: `True`). {{(pid=40025) check_auth_methods_against_rules /opt/stack/keystone/keystone/auth/core.py:476}}
Feb 20 08:20:25 devstack devstack@keystone.service[40025]: DEBUG keystone.common.fernet_utils [None req-79962f05-7b1e-446f-b97f-d7798e744963 None None] Loaded 2 Fernet keys from /etc/keystone/fernet-keys/, but `[fernet_tokens] max_active_keys = 3`; perhaps there have not been enough key rotations to reach `max_active_keys` yet? {{(pid=40025) load_keys /opt/stack/keystone/keystone/common/fernet_utils.py:297}}
Feb 20 08:20:25 devstack devstack@keystone.service[40024]: DEBUG keystone.server.flask.request_processing.req_logging [None req-d896618b-03ef-4153-a564-33f99402b4e1 None None] REQUEST_METHOD: `GET` {{(pid=40024) log_request_info /opt/stack/keystone/keystone/server/flask/request_processing/req_logging.py:26}}
Feb 20 08:20:25 devstack devstack@keystone.service[40024]: DEBUG keystone.server.flask.request_processing.req_logging [None req-d896618b-03ef-4153-a564-33f99402b4e1 None None] SCRIPT_NAME: `/identity` {{(pid=40024) log_request_info /opt/stack/keystone/keystone/server/flask/request_processing/req_logging.py:27}}
Feb 20 08:20:25 devstack devstack@keystone.service[40024]: DEBUG keystone.server.flask.request_processing.req_logging [None req-d896618b-03ef-4153-a564-33f99402b4e1 None None] PATH_INFO: `/` {{(pid=40024) log_request_info /opt/stack/keystone/keystone/server/flask/request_processing/req_logging.py:28}}
Feb 20 08:20:25 devstack devstack@keystone.service[40024]: [pid: 40024|app: 0|req: 7/11] 192.168.122.112 () {54 vars in 939 bytes} [Fri Feb 20 08:20:25 2026] GET /identity => generated 274 bytes in 7 msecs (HTTP/1.1 300) 6 headers in 238 bytes (1 switches on core 0)
Feb 20 08:20:25 devstack devstack@keystone.service[40024]: DEBUG keystone.server.flask.request_processing.req_logging [None req-54a95d15-2b08-4d69-8cd5-82de9dd8ed63 None None] REQUEST_METHOD: `POST` {{(pid=40024) log_request_info /opt/stack/keystone/keystone/server/flask/request_processing/req_logging.py:26}}
Feb 20 08:20:25 devstack devstack@keystone.service[40024]: DEBUG keystone.server.flask.request_processing.req_logging [None req-54a95d15-2b08-4d69-8cd5-82de9dd8ed63 None None] SCRIPT_NAME: `/identity` {{(pid=40024) log_request_info /opt/stack/keystone/keystone/server/flask/request_processing/req_logging.py:27}}
Feb 20 08:20:25 devstack devstack@keystone.service[40024]: DEBUG keystone.server.flask.request_processing.req_logging [None req-54a95d15-2b08-4d69-8cd5-82de9dd8ed63 None None] PATH_INFO: `/v3/auth/tokens` {{(pid=40024) log_request_info /opt/stack/keystone/keystone/server/flask/request_processing/req_logging.py:28}}
Feb 20 08:20:25 devstack devstack@keystone.service[40024]: WARNING keystone.common.password_hashing [None req-54a95d15-2b08-4d69-8cd5-82de9dd8ed63 None None] Truncating password to algorithm specific maximum length 72 characters.
Feb 20 08:20:25 devstack devstack@keystone.service[40025]: [pid: 40025|app: 0|req: 5/12] 192.168.122.112 () {58 vars in 1036 bytes} [Fri Feb 20 08:20:25 2026] POST /identity/v3/auth/tokens => generated 866 bytes in 98 msecs (HTTP/1.1 201) 6 headers in 363 bytes (1 switches on core 0)
Feb 20 08:20:25 devstack devstack@keystone.service[40024]: DEBUG keystone.auth.core [None req-54a95d15-2b08-4d69-8cd5-82de9dd8ed63 None None] MFA Rules not processed for user `02731013379540209ef24c10ab13f184`. Rule list: `[]` (Enabled: `True`). {{(pid=40024) check_auth_methods_against_rules /opt/stack/keystone/keystone/auth/core.py:476}}
Feb 20 08:20:25 devstack devstack@keystone.service[40024]: DEBUG keystone.common.fernet_utils [None req-54a95d15-2b08-4d69-8cd5-82de9dd8ed63 None None] Loaded 2 Fernet keys from /etc/keystone/fernet-keys/, but `[fernet_tokens] max_active_keys = 3`; perhaps there have not been enough key rotations to reach `max_active_keys` yet? {{(pid=40024) load_keys /opt/stack/keystone/keystone/common/fernet_utils.py:297}}
Feb 20 08:20:25 devstack devstack@keystone.service[40024]: [pid: 40024|app: 0|req: 8/13] 192.168.122.112 () {58 vars in 1036 bytes} [Fri Feb 20 08:20:25 2026] POST /identity/v3/auth/tokens => generated 866 bytes in 102 msecs (HTTP/1.1 201) 6 headers in 363 bytes (1 switches on core 0)
Feb 20 08:20:25 devstack devstack@keystone.service[40025]: DEBUG keystone.server.flask.request_processing.middleware.auth_context [None req-79962f05-7b1e-446f-b97f-d7798e744963 None None] Authenticating user token {{(pid=40025) process_request /opt/stack/data/venv/lib/python3.10/site-packages/keystonemiddleware/auth_token/__init__.py:407}}
Feb 20 08:20:25 devstack devstack@keystone.service[40025]: DEBUG keystone.server.flask.request_processing.middleware.auth_context [None req-79962f05-7b1e-446f-b97f-d7798e744963 None None] Validating token access rules against request {{(pid=40025) validate_allowed_request /opt/stack/data/venv/lib/python3.10/site-packages/keystonemiddleware/auth_token/__init__.py:545}}
Feb 20 08:20:25 devstack devstack@keystone.service[40024]: DEBUG keystone.server.flask.request_processing.middleware.auth_context [None req-54a95d15-2b08-4d69-8cd5-82de9dd8ed63 None None] Authenticating user token {{(pid=40024) process_request /opt/stack/data/venv/lib/python3.10/site-packages/keystonemiddleware/auth_token/__init__.py:407}}
Feb 20 08:20:25 devstack devstack@keystone.service[40025]: DEBUG keystone.server.flask.request_processing.middleware.auth_context [None req-47bed2be-7950-48b9-aed0-d87e0b60127f None admin] RBAC: auth_context: {'token': , 'domain_id': None, 'trust_id': None, 'trustor_id': None, 'trustee_id': None, 'domain_name': None, 'group_ids': [], 'user_id': '02731013379540209ef24c10ab13f184', 'user_domain_id': 'default', 'system_scope': 'all', 'project_id': None, 'project_domain_id': None, 'roles': ['admin', 'manager', 'member', 'reader'], 'is_admin_project': True, 'service_user_id': None, 'service_user_domain_id': None, 'service_project_id': None, 'service_project_domain_id': None, 'service_roles': []} {{(pid=40025) fill_context /opt/stack/keystone/keystone/server/flask/request_processing/middleware/auth_context.py:509}}
Feb 20 08:20:25 devstack devstack@keystone.service[40025]: DEBUG keystone.server.flask.request_processing.req_logging [None req-47bed2be-7950-48b9-aed0-d87e0b60127f None admin] REQUEST_METHOD: `GET` {{(pid=40025) log_request_info /opt/stack/keystone/keystone/server/flask/request_processing/req_logging.py:26}}
Feb 20 08:20:25 devstack devstack@keystone.service[40025]: DEBUG keystone.server.flask.request_processing.req_logging [None req-47bed2be-7950-48b9-aed0-d87e0b60127f None admin] SCRIPT_NAME: `/identity` {{(pid=40025) log_request_info /opt/stack/keystone/keystone/server/flask/request_processing/req_logging.py:27}}
Feb 20 08:20:25 devstack devstack@keystone.service[40025]: DEBUG keystone.server.flask.request_processing.req_logging [None req-47bed2be-7950-48b9-aed0-d87e0b60127f None admin] PATH_INFO: `/v3/roles/admin` {{(pid=40025) log_request_info /opt/stack/keystone/keystone/server/flask/request_processing/req_logging.py:28}}
Feb 20 08:20:25 devstack devstack@keystone.service[40025]: DEBUG keystone.common.rbac_enforcer.enforcer [None req-47bed2be-7950-48b9-aed0-d87e0b60127f None admin] Extracting inferred target data resulted in "NOT FOUND (404)". {{(pid=40025) enforce_call /opt/stack/keystone/keystone/common/rbac_enforcer/enforcer.py:445}}
Feb 20 08:20:25 devstack devstack@keystone.service[40025]: DEBUG keystone.server.flask.application [None req-47bed2be-7950-48b9-aed0-d87e0b60127f None admin] Could not find role: admin. {{(pid=40025) _handle_keystone_exception /opt/stack/keystone/keystone/server/flask/application.py:146}}
Feb 20 08:20:25 devstack devstack@keystone.service[40025]: [pid: 40025|app: 0|req: 6/14] 192.168.122.112 () {56 vars in 1152 bytes} [Fri Feb 20 08:20:25 2026] GET /identity/v3/roles/admin => generated 83 bytes in 101 msecs (HTTP/1.1 404) 5 headers in 183 bytes (1 switches on core 0)
Feb 20 08:20:25 devstack devstack@keystone.service[40025]: DEBUG keystone.server.flask.request_processing.middleware.auth_context [None req-47bed2be-7950-48b9-aed0-d87e0b60127f None admin] Authenticating user token {{(pid=40025) process_request /opt/stack/data/venv/lib/python3.10/site-packages/keystonemiddleware/auth_token/__init__.py:407}}
Feb 20 08:20:25 devstack devstack@keystone.service[40024]: DEBUG keystone.server.flask.request_processing.middleware.auth_context [None req-54a95d15-2b08-4d69-8cd5-82de9dd8ed63 None None] Validating token access rules against request {{(pid=40024) validate_allowed_request /opt/stack/data/venv/lib/python3.10/site-packages/keystonemiddleware/auth_token/__init__.py:545}}
Feb 20 08:20:25 devstack devstack@keystone.service[40025]: DEBUG keystone.server.flask.request_processing.middleware.auth_context [None req-47bed2be-7950-48b9-aed0-d87e0b60127f None admin] Validating token access rules against request {{(pid=40025) validate_allowed_request /opt/stack/data/venv/lib/python3.10/site-packages/keystonemiddleware/auth_token/__init__.py:545}}
Feb 20 08:20:25 devstack devstack@keystone.service[40024]: DEBUG keystone.server.flask.request_processing.middleware.auth_context [None req-06d35145-b443-4b35-b052-85ea32cc11d2 None admin] RBAC: auth_context: {'token': , 'domain_id': None, 'trust_id': None, 'trustor_id': None, 'trustee_id': None, 'domain_name': None, 'group_ids': [], 'user_id': '02731013379540209ef24c10ab13f184', 'user_domain_id': 'default', 'system_scope': 'all', 'project_id': None, 'project_domain_id': None, 'roles': ['admin', 'manager', 'member', 'reader'], 'is_admin_project': True, 'service_user_id': None, 'service_user_domain_id': None, 'service_project_id': None, 'service_project_domain_id': None, 'service_roles': []} {{(pid=40024) fill_context /opt/stack/keystone/keystone/server/flask/request_processing/middleware/auth_context.py:509}}
Feb 20 08:20:25 devstack devstack@keystone.service[40025]: DEBUG keystone.server.flask.request_processing.middleware.auth_context [None req-bea7bebe-ba40-4a49-b76d-8b2a2c33f528 None admin] RBAC: auth_context: {'token': , 'domain_id': None, 'trust_id': None, 'trustor_id': None, 'trustee_id': None, 'domain_name': None, 'group_ids': [], 'user_id': '02731013379540209ef24c10ab13f184', 'user_domain_id': 'default', 'system_scope': 'all', 'project_id': None, 'project_domain_id': None, 'roles': ['admin', 'manager', 'member', 'reader'], 'is_admin_project': True, 'service_user_id': None, 'service_user_domain_id': None, 'service_project_id': None, 'service_project_domain_id': None, 'service_roles': []} {{(pid=40025) fill_context /opt/stack/keystone/keystone/server/flask/request_processing/middleware/auth_context.py:509}}
Feb 20 08:20:25 devstack devstack@keystone.service[40025]: DEBUG keystone.server.flask.request_processing.req_logging [None req-bea7bebe-ba40-4a49-b76d-8b2a2c33f528 None admin] REQUEST_METHOD: `GET` {{(pid=40025) log_request_info /opt/stack/keystone/keystone/server/flask/request_processing/req_logging.py:26}}
Feb 20 08:20:25 devstack devstack@keystone.service[40024]: DEBUG keystone.server.flask.request_processing.req_logging [None req-06d35145-b443-4b35-b052-85ea32cc11d2 None admin] REQUEST_METHOD: `POST` {{(pid=40024) log_request_info /opt/stack/keystone/keystone/server/flask/request_processing/req_logging.py:26}}
Feb 20 08:20:25 devstack devstack@keystone.service[40025]: DEBUG keystone.server.flask.request_processing.req_logging [None req-bea7bebe-ba40-4a49-b76d-8b2a2c33f528 None admin] SCRIPT_NAME: `/identity` {{(pid=40025) log_request_info /opt/stack/keystone/keystone/server/flask/request_processing/req_logging.py:27}}
Feb 20 08:20:25 devstack devstack@keystone.service[40025]: DEBUG keystone.server.flask.request_processing.req_logging [None req-bea7bebe-ba40-4a49-b76d-8b2a2c33f528 None admin] PATH_INFO: `/v3/roles` {{(pid=40025) log_request_info /opt/stack/keystone/keystone/server/flask/request_processing/req_logging.py:28}}
Feb 20 08:20:25 devstack devstack@keystone.service[40024]: DEBUG keystone.server.flask.request_processing.req_logging [None req-06d35145-b443-4b35-b052-85ea32cc11d2 None admin] SCRIPT_NAME: `/identity` {{(pid=40024) log_request_info /opt/stack/keystone/keystone/server/flask/request_processing/req_logging.py:27}}
Feb 20 08:20:25 devstack devstack@keystone.service[40024]: DEBUG keystone.server.flask.request_processing.req_logging [None req-06d35145-b443-4b35-b052-85ea32cc11d2 None admin] PATH_INFO: `/v3/domains` {{(pid=40024) log_request_info /opt/stack/keystone/keystone/server/flask/request_processing/req_logging.py:28}}
Feb 20 08:20:25 devstack devstack@keystone.service[40025]: DEBUG keystone.common.rbac_enforcer.enforcer [None req-bea7bebe-ba40-4a49-b76d-8b2a2c33f528 None admin] RBAC: Adding query filter params (name=admin) {{(pid=40025) _extract_filter_values /opt/stack/keystone/keystone/common/rbac_enforcer/enforcer.py:176}}
Feb 20 08:20:25 devstack devstack@keystone.service[40025]: DEBUG keystone.common.rbac_enforcer.enforcer [None req-bea7bebe-ba40-4a49-b76d-8b2a2c33f528 None admin] RBAC: Authorizing `identity:list_roles()` {{(pid=40025) enforce_call /opt/stack/keystone/keystone/common/rbac_enforcer/enforcer.py:494}}
Feb 20 08:20:25 devstack devstack@keystone.service[40025]: DEBUG keystone.common.rbac_enforcer.enforcer [None req-bea7bebe-ba40-4a49-b76d-8b2a2c33f528 None admin] RBAC: Authorization granted {{(pid=40025) enforce_call /opt/stack/keystone/keystone/common/rbac_enforcer/enforcer.py:505}}
Feb 20 08:20:25 devstack devstack@keystone.service[40024]: DEBUG keystone.common.rbac_enforcer.enforcer [None req-06d35145-b443-4b35-b052-85ea32cc11d2 None admin] RBAC: Authorizing `identity:create_domain()` {{(pid=40024) enforce_call /opt/stack/keystone/keystone/common/rbac_enforcer/enforcer.py:494}}
Feb 20 08:20:25 devstack devstack@keystone.service[40024]: DEBUG keystone.common.rbac_enforcer.enforcer [None req-06d35145-b443-4b35-b052-85ea32cc11d2 None admin] RBAC: Authorization granted {{(pid=40024) enforce_call /opt/stack/keystone/keystone/common/rbac_enforcer/enforcer.py:505}}
Feb 20 08:20:25 devstack devstack@keystone.service[40024]: DEBUG keystone.common.sql.core [None req-06d35145-b443-4b35-b052-85ea32cc11d2 None admin] Conflict project: (pymysql.err.IntegrityError) (1062, "Duplicate entry '<>-Default' for key 'project.ixu_project_name_domain_id'")
Feb 20 08:20:25 devstack devstack@keystone.service[40024]: [SQL: INSERT INTO project (id, name, domain_id, description, enabled, extra, parent_id, is_domain) VALUES (%(id)s, %(name)s, %(domain_id)s, %(description)s, %(enabled)s, %(extra)s, %(parent_id)s, %(is_domain)s)]
Feb 20 08:20:25 devstack devstack@keystone.service[40024]: [parameters: {'id': '6ac17c155cfb40f5aba7318a5663b99e', 'name': 'Default', 'domain_id': '<>', 'description': '', 'enabled': 1, 'extra': '{}', 'parent_id': None, 'is_domain': 1}]
Feb 20 08:20:25 devstack devstack@keystone.service[40024]: (Background on this error at: https://sqlalche.me/e/20/gkpj) {{(pid=40024) wrapper /opt/stack/keystone/keystone/common/sql/core.py:580}}
Feb 20 08:20:25 devstack devstack@keystone.service[40025]: [pid: 40025|app: 0|req: 7/15] 192.168.122.112 () {56 vars in 1168 bytes} [Fri Feb 20 08:20:25 2026] GET /identity/v3/roles?name=admin => generated 347 bytes in 91 msecs (HTTP/1.1 200) 5 headers in 177 bytes (1 switches on core 0)
Feb 20 08:20:25 devstack devstack@keystone.service[40025]: DEBUG keystone.server.flask.request_processing.middleware.auth_context [None req-bea7bebe-ba40-4a49-b76d-8b2a2c33f528 None admin] Authenticating user token {{(pid=40025) process_request /opt/stack/data/venv/lib/python3.10/site-packages/keystonemiddleware/auth_token/__init__.py:407}}
Feb 20 08:20:25 devstack devstack@keystone.service[40024]: ERROR keystone.server.flask.application [None req-06d35145-b443-4b35-b052-85ea32cc11d2 None admin] Conflict occurred attempting to store project - it is not permitted to have two projects acting as domains with the same name: Default.: keystone.exception.Conflict: Conflict occurred attempting to store project - it is not permitted to have two projects acting as domains with the same name: Default.
Feb 20 08:20:25 devstack devstack@keystone.service[40024]: ERROR keystone.server.flask.application
Traceback (most recent call last):
Feb 20 08:20:25 devstack devstack@keystone.service[40024]: ERROR keystone.server.flask.application
File "/opt/stack/data/venv/lib/python3.10/site-packages/sqlalchemy/engine/base.py", line 1961, in _exec_single_context
Feb 20 08:20:25 devstack devstack@keystone.service[40024]: ERROR keystone.server.flask.application self.dialect.do_execute(
Feb 20 08:20:25 devstack devstack@keystone.service[40024]: ERROR keystone.server.flask.application
File "/opt/stack/data/venv/lib/python3.10/site-packages/sqlalchemy/engine/default.py", line 944, in do_execute
Feb 20 08:20:25 devstack devstack@keystone.service[40024]: ERROR keystone.server.flask.application cursor.execute(statement, parameters)
Feb 20 08:20:25 devstack devstack@keystone.service[40024]: ERROR keystone.server.flask.application
File "/opt/stack/data/venv/lib/python3.10/site-packages/pymysql/cursors.py", line 153, in execute
Feb 20 08:20:25 devstack devstack@keystone.service[40024]: ERROR keystone.server.flask.application result = self._query(query)
Feb 20 08:20:25 devstack devstack@keystone.service[40024]: ERROR keystone.server.flask.application
File "/opt/stack/data/venv/lib/python3.10/site-packages/pymysql/cursors.py", line 322, in _query
Feb 20 08:20:25 devstack devstack@keystone.service[40024]: ERROR keystone.server.flask.application conn.query(q)
Feb 20 08:20:25 devstack devstack@keystone.service[40024]: ERROR keystone.server.flask.application
File "/opt/stack/data/venv/lib/python3.10/site-packages/pymysql/connections.py", line 563, in query
Feb 20 08:20:25 devstack devstack@keystone.service[40024]: ERROR keystone.server.flask.application self._affected_rows = self._read_query_result(unbuffered=unbuffered)
Feb 20 08:20:25 devstack devstack@keystone.service[40024]: ERROR keystone.server.flask.application
File "/opt/stack/data/venv/lib/python3.10/site-packages/pymysql/connections.py", line 825, in _read_query_result
Feb 20 08:20:25 devstack devstack@keystone.service[40024]: ERROR keystone.server.flask.application result.read()
Feb 20 08:20:25 devstack devstack@keystone.service[40024]: ERROR keystone.server.flask.application
File "/opt/stack/data/venv/lib/python3.10/site-packages/pymysql/connections.py", line 1199, in read
Feb 20 08:20:25 devstack devstack@keystone.service[40024]: ERROR keystone.server.flask.application first_packet = self.connection._read_packet()
Feb 20 08:20:25 devstack devstack@keystone.service[40024]: ERROR keystone.server.flask.application
File "/opt/stack/data/venv/lib/python3.10/site-packages/pymysql/connections.py", line 775, in _read_packet
Feb 20 08:20:25 devstack devstack@keystone.service[40024]: ERROR keystone.server.flask.application packet.raise_for_error()
Feb 20 08:20:25 devstack devstack@keystone.service[40024]: ERROR keystone.server.flask.application
File "/opt/stack/data/venv/lib/python3.10/site-packages/pymysql/protocol.py", line 219, in raise_for_error
Feb 20 08:20:25 devstack devstack@keystone.service[40024]: ERROR keystone.server.flask.application err.raise_mysql_exception(self._data)
Feb 20 08:20:25 devstack devstack@keystone.service[40024]: ERROR keystone.server.flask.application
File "/opt/stack/data/venv/lib/python3.10/site-packages/pymysql/err.py", line 150, in raise_mysql_exception
Feb 20 08:20:25 devstack devstack@keystone.service[40024]: ERROR keystone.server.flask.application raise errorclass(errno, errval)
Feb 20 08:20:25 devstack devstack@keystone.service[40024]: ERROR keystone.server.flask.application pymysql.err.IntegrityError: (1062, "Duplicate entry '<>-Default' for key 'project.ixu_project_name_domain_id'")
Feb 20 08:20:25 devstack devstack@keystone.service[40024]: ERROR keystone.server.flask.application
Feb 20 08:20:25 devstack devstack@keystone.service[40024]: ERROR keystone.server.flask.application The above exception was the direct cause of the following exception:
Feb 20 08:20:25 devstack devstack@keystone.service[40024]: ERROR keystone.server.flask.application
Feb 20 08:20:25 devstack devstack@keystone.service[40024]: ERROR keystone.server.flask.application
Traceback (most recent call last):
Feb 20 08:20:25 devstack devstack@keystone.service[40024]: ERROR keystone.server.flask.application
File "/opt/stack/keystone/keystone/common/sql/core.py", line 575, in wrapper
Feb 20 08:20:25 devstack devstack@keystone.service[40024]: ERROR keystone.server.flask.application return method(*args, **kwargs)
Feb 20 08:20:25 devstack devstack@keystone.service[40024]: ERROR keystone.server.flask.application
File "/opt/stack/keystone/keystone/resource/backends/sql.py", line 278, in create_project
Feb 20 08:20:25 devstack devstack@keystone.service[40024]: ERROR keystone.server.flask.application with sql.session_for_write() as session:
Feb 20 08:20:25 devstack devstack@keystone.service[40024]: ERROR keystone.server.flask.application
File "/usr/lib/python3.10/contextlib.py", line 142, in __exit__
Feb 20 08:20:25 devstack devstack@keystone.service[40024]: ERROR keystone.server.flask.application next(self.gen)
Feb 20 08:20:25 devstack devstack@keystone.service[40024]: ERROR keystone.server.flask.application
File "/opt/stack/data/venv/lib/python3.10/site-packages/oslo_db/sqlalchemy/enginefacade.py", line 1199, in _transaction_scope
Feb 20 08:20:25 devstack devstack@keystone.service[40024]: ERROR keystone.server.flask.application with current._produce_block(
Feb 20 08:20:25 devstack devstack@keystone.service[40024]: ERROR keystone.server.flask.application
File "/usr/lib/python3.10/contextlib.py", line 142, in __exit__
