Feb 28 04:43:15 devstack cinder-volume[84248]: WARNING cinder.volume.drivers.remotefs [None req-874f787c-214f-42c3-a61c-c8da2bcf8bd3 tempest-GroupSnapshotsTest-1988525138 None] /opt/stack/data/cinder/mnt/208e5ac7c61e38b724d88655bbd6c7cc/volume-a7913619-1daf-46ed-85c1-1703d6a97298.a6bb3d3b-9ef8-40da-8eee-5bfb01a25d6f is being set with open permissions: ugo+rw: NotImplementedError
Feb 28 04:43:15 devstack cinder-volume[84248]: DEBUG oslo_concurrency.processutils [None req-874f787c-214f-42c3-a61c-c8da2bcf8bd3 tempest-GroupSnapshotsTest-1988525138 None] Running cmd (subprocess): sudo cinder-rootwrap /etc/cinder/rootwrap.conf chmod ugo+rw /opt/stack/data/cinder/mnt/208e5ac7c61e38b724d88655bbd6c7cc/volume-a7913619-1daf-46ed-85c1-1703d6a97298.a6bb3d3b-9ef8-40da-8eee-5bfb01a25d6f {{(pid=84248) execute /opt/stack/data/venv/lib/python3.10/site-packages/oslo_concurrency/processutils.py:440}}
Feb 28 04:43:15 devstack cinder-volume[84248]: DEBUG cinder.quota [None req-c92e95df-0117-470c-ac29-4465f810c8dc tempest-SnapshotsActionsTest-1818712012 None] Created reservations ['3c597c09-f108-43c6-8130-08e6e750fb06', '3b532aba-fb54-4ab2-b317-d2fc0d1796ae', '56db8f28-ba3e-4cb4-af32-e2644c47384f', 'd6b45ff4-3b31-4954-91ce-66f35f07e939'] {{(pid=84248) reserve /opt/stack/cinder/cinder/quota.py:752}}
Feb 28 04:43:15 devstack sudo[86941]: quobyte : PWD=/ ; USER=root ; COMMAND=/opt/stack/data/venv/bin/cinder-rootwrap /etc/cinder/rootwrap.conf chmod ugo+rw /opt/stack/data/cinder/mnt/208e5ac7c61e38b724d88655bbd6c7cc/volume-a7913619-1daf-46ed-85c1-1703d6a97298.a6bb3d3b-9ef8-40da-8eee-5bfb01a25d6f
Feb 28 04:43:15 devstack sudo[86941]: pam_unix(sudo:session): session opened for user root(uid=0) by (uid=1000)
Feb 28 04:43:15 devstack cinder-volume[84248]: INFO cinder.volume.manager [None req-c92e95df-0117-470c-ac29-4465f810c8dc tempest-SnapshotsActionsTest-1818712012 None] Delete snapshot completed successfully.
Feb 28 04:43:15 devstack cinder-volume[84248]: DEBUG cinder.coordination [None req-c92e95df-0117-470c-ac29-4465f810c8dc tempest-SnapshotsActionsTest-1818712012 None] Lock "cinder-e500c31f-a10a-46df-9bc0-1aeb83b2b212-delete_snapshot" released by "delete_snapshot" :: held 2.268s {{(pid=84248) __release /opt/stack/cinder/cinder/coordination.py:152}}
Feb 28 04:43:15 devstack sudo[86941]: pam_unix(sudo:session): session closed for user root
Feb 28 04:43:15 devstack cinder-volume[84248]: DEBUG oslo_concurrency.processutils [None req-874f787c-214f-42c3-a61c-c8da2bcf8bd3 tempest-GroupSnapshotsTest-1988525138 None] CMD "sudo cinder-rootwrap /etc/cinder/rootwrap.conf chmod ugo+rw /opt/stack/data/cinder/mnt/208e5ac7c61e38b724d88655bbd6c7cc/volume-a7913619-1daf-46ed-85c1-1703d6a97298.a6bb3d3b-9ef8-40da-8eee-5bfb01a25d6f" returned: 0 in 0.459s {{(pid=84248) execute /opt/stack/data/venv/lib/python3.10/site-packages/oslo_concurrency/processutils.py:468}}
Feb 28 04:43:15 devstack cinder-volume[84248]: DEBUG oslo_concurrency.processutils [None req-874f787c-214f-42c3-a61c-c8da2bcf8bd3 tempest-GroupSnapshotsTest-1988525138 None] Running cmd (subprocess): sudo cinder-rootwrap /etc/cinder/rootwrap.conf truncate -s0 /opt/stack/data/cinder/mnt/208e5ac7c61e38b724d88655bbd6c7cc/volume-a7913619-1daf-46ed-85c1-1703d6a97298.info {{(pid=84248) execute /opt/stack/data/venv/lib/python3.10/site-packages/oslo_concurrency/processutils.py:440}}
Feb 28 04:43:15 devstack sudo[86944]: quobyte : PWD=/ ; USER=root ; COMMAND=/opt/stack/data/venv/bin/cinder-rootwrap /etc/cinder/rootwrap.conf truncate -s0 /opt/stack/data/cinder/mnt/208e5ac7c61e38b724d88655bbd6c7cc/volume-a7913619-1daf-46ed-85c1-1703d6a97298.info
Feb 28 04:43:15 devstack sudo[86944]: pam_unix(sudo:session): session opened for user root(uid=0) by (uid=1000)
Feb 28 04:43:16 devstack sudo[86944]: pam_unix(sudo:session): session closed for user root
Feb 28 04:43:16 devstack cinder-volume[84248]: DEBUG oslo_concurrency.processutils [None req-874f787c-214f-42c3-a61c-c8da2bcf8bd3 tempest-GroupSnapshotsTest-1988525138 None] CMD "sudo cinder-rootwrap /etc/cinder/rootwrap.conf truncate -s0 /opt/stack/data/cinder/mnt/208e5ac7c61e38b724d88655bbd6c7cc/volume-a7913619-1daf-46ed-85c1-1703d6a97298.info" returned: 0 in 0.612s {{(pid=84248) execute /opt/stack/data/venv/lib/python3.10/site-packages/oslo_concurrency/processutils.py:468}}
Feb 28 04:43:16 devstack cinder-volume[84248]: WARNING cinder.volume.drivers.remotefs [None req-874f787c-214f-42c3-a61c-c8da2bcf8bd3 tempest-GroupSnapshotsTest-1988525138 None] /opt/stack/data/cinder/mnt/208e5ac7c61e38b724d88655bbd6c7cc/volume-a7913619-1daf-46ed-85c1-1703d6a97298.info is being set with open permissions: ugo+rw: NotImplementedError
Feb 28 04:43:16 devstack cinder-volume[84248]: DEBUG oslo_concurrency.processutils [None req-874f787c-214f-42c3-a61c-c8da2bcf8bd3 tempest-GroupSnapshotsTest-1988525138 None] Running cmd (subprocess): sudo cinder-rootwrap /etc/cinder/rootwrap.conf chmod ugo+rw /opt/stack/data/cinder/mnt/208e5ac7c61e38b724d88655bbd6c7cc/volume-a7913619-1daf-46ed-85c1-1703d6a97298.info {{(pid=84248) execute /opt/stack/data/venv/lib/python3.10/site-packages/oslo_concurrency/processutils.py:440}}
Feb 28 04:43:16 devstack sudo[86981]: quobyte : PWD=/ ; USER=root ; COMMAND=/opt/stack/data/venv/bin/cinder-rootwrap /etc/cinder/rootwrap.conf chmod ugo+rw /opt/stack/data/cinder/mnt/208e5ac7c61e38b724d88655bbd6c7cc/volume-a7913619-1daf-46ed-85c1-1703d6a97298.info
Feb 28 04:43:16 devstack sudo[86981]: pam_unix(sudo:session): session opened for user root(uid=0) by (uid=1000)
Feb 28 04:43:16 devstack cinder-volume[84248]: DEBUG oslo_concurrency.lockutils [None req-82a2f086-9373-4457-a95b-7e38e9bb870d tempest-SnapshotsActionsTest-1355677458 None] Acquiring lock "quobyte" by "cinder.volume.drivers.quobyte.QuobyteDriver.create_snapshot" {{(pid=84248) inner /opt/stack/data/venv/lib/python3.10/site-packages/oslo_concurrency/lockutils.py:506}}
Feb 28 04:43:16 devstack sudo[86981]: pam_unix(sudo:session): session closed for user root
Feb 28 04:43:16 devstack cinder-volume[84248]: DEBUG oslo_concurrency.processutils [None req-874f787c-214f-42c3-a61c-c8da2bcf8bd3 tempest-GroupSnapshotsTest-1988525138 None] CMD "sudo cinder-rootwrap /etc/cinder/rootwrap.conf chmod ugo+rw /opt/stack/data/cinder/mnt/208e5ac7c61e38b724d88655bbd6c7cc/volume-a7913619-1daf-46ed-85c1-1703d6a97298.info" returned: 0 in 0.469s {{(pid=84248) execute /opt/stack/data/venv/lib/python3.10/site-packages/oslo_concurrency/processutils.py:468}}
Feb 28 04:43:16 devstack cinder-volume[84248]: DEBUG oslo_concurrency.lockutils [None req-874f787c-214f-42c3-a61c-c8da2bcf8bd3 tempest-GroupSnapshotsTest-1988525138 None] Lock "quobyte" "released" by "cinder.volume.drivers.quobyte.QuobyteDriver.create_snapshot" :: held 3.090s {{(pid=84248) inner /opt/stack/data/venv/lib/python3.10/site-packages/oslo_concurrency/lockutils.py:538}}
Feb 28 04:43:16 devstack cinder-volume[84248]: DEBUG oslo_concurrency.lockutils [None req-874f787c-214f-42c3-a61c-c8da2bcf8bd3 tempest-GroupSnapshotsTest-1988525138 None] Acquiring lock "quobyte" by "cinder.volume.drivers.quobyte.QuobyteDriver.create_snapshot" {{(pid=84248) inner /opt/stack/data/venv/lib/python3.10/site-packages/oslo_concurrency/lockutils.py:506}}
Feb 28 04:43:16 devstack cinder-volume[84248]: DEBUG oslo_concurrency.lockutils [None req-874f787c-214f-42c3-a61c-c8da2bcf8bd3 tempest-GroupSnapshotsTest-1988525138 None] Lock "quobyte" acquired by "cinder.volume.drivers.quobyte.QuobyteDriver.create_snapshot" :: waited 0.001s {{(pid=84248) inner /opt/stack/data/venv/lib/python3.10/site-packages/oslo_concurrency/lockutils.py:519}}
Feb 28 04:43:16 devstack cinder-volume[84248]: DEBUG cinder.volume.drivers.remotefs [None req-874f787c-214f-42c3-a61c-c8da2bcf8bd3 tempest-GroupSnapshotsTest-1988525138 None] Creating offline snapshot ace032fd-491a-4071-91e4-92e9ff15edef of volume 2b69a8bf-8f4b-4ff7-ad3a-bdd1fe0c9f27 {{(pid=84248) _create_snapshot /opt/stack/cinder/cinder/volume/drivers/remotefs.py:1815}}
Feb 28 04:43:16 devstack cinder-volume[84248]: DEBUG oslo.privsep.daemon [-] privsep: reply[f58a4f1b-a499-481f-ba6d-b72ee8cac8e1]: (4, 'qcow2') {{(pid=85115) _call_back /opt/stack/data/venv/lib/python3.10/site-packages/oslo_privsep/daemon.py:573}}
Feb 28 04:43:16 devstack cinder-volume[84248]: DEBUG oslo_concurrency.processutils [None req-874f787c-214f-42c3-a61c-c8da2bcf8bd3 tempest-GroupSnapshotsTest-1988525138 None] Running cmd (subprocess): /opt/stack/data/venv/bin/python3.10 -m oslo_concurrency.prlimit --as=1073741824 --cpu=60 -- sudo cinder-rootwrap /etc/cinder/rootwrap.conf env LC_ALL=C qemu-img info -f qcow2 --output=json --force-share /opt/stack/data/cinder/mnt/208e5ac7c61e38b724d88655bbd6c7cc/volume-2b69a8bf-8f4b-4ff7-ad3a-bdd1fe0c9f27 {{(pid=84248) execute /opt/stack/data/venv/lib/python3.10/site-packages/oslo_concurrency/processutils.py:440}}
Feb 28 04:43:17 devstack sudo[86987]: quobyte : PWD=/ ; USER=root ; COMMAND=/opt/stack/data/venv/bin/cinder-rootwrap /etc/cinder/rootwrap.conf env LC_ALL=C qemu-img info -f qcow2 --output=json --force-share /opt/stack/data/cinder/mnt/208e5ac7c61e38b724d88655bbd6c7cc/volume-2b69a8bf-8f4b-4ff7-ad3a-bdd1fe0c9f27
Feb 28 04:43:17 devstack sudo[86987]: pam_unix(sudo:session): session opened for user root(uid=0) by (uid=1000)
Feb 28 04:43:17 devstack sudo[86987]: pam_unix(sudo:session): session closed for user root
Feb 28 04:43:17 devstack cinder-volume[84248]: DEBUG oslo_concurrency.processutils [None req-874f787c-214f-42c3-a61c-c8da2bcf8bd3 tempest-GroupSnapshotsTest-1988525138 None] CMD "/opt/stack/data/venv/bin/python3.10 -m oslo_concurrency.prlimit --as=1073741824 --cpu=60 -- sudo cinder-rootwrap /etc/cinder/rootwrap.conf env LC_ALL=C qemu-img info -f qcow2 --output=json --force-share /opt/stack/data/cinder/mnt/208e5ac7c61e38b724d88655bbd6c7cc/volume-2b69a8bf-8f4b-4ff7-ad3a-bdd1fe0c9f27" returned: 0 in 0.587s {{(pid=84248) execute /opt/stack/data/venv/lib/python3.10/site-packages/oslo_concurrency/processutils.py:468}}
Feb 28 04:43:17 devstack cinder-volume[84248]: DEBUG oslo_concurrency.processutils [None req-874f787c-214f-42c3-a61c-c8da2bcf8bd3 tempest-GroupSnapshotsTest-1988525138 None] Running cmd (subprocess): sudo cinder-rootwrap /etc/cinder/rootwrap.conf qemu-img create -f qcow2 -o backing_file=/opt/stack/data/cinder/mnt/208e5ac7c61e38b724d88655bbd6c7cc/volume-2b69a8bf-8f4b-4ff7-ad3a-bdd1fe0c9f27,backing_fmt=qcow2 /opt/stack/data/cinder/mnt/208e5ac7c61e38b724d88655bbd6c7cc/volume-2b69a8bf-8f4b-4ff7-ad3a-bdd1fe0c9f27.ace032fd-491a-4071-91e4-92e9ff15edef 1G {{(pid=84248) execute /opt/stack/data/venv/lib/python3.10/site-packages/oslo_concurrency/processutils.py:440}}
Feb 28 04:43:17 devstack sudo[86992]: quobyte : PWD=/ ; USER=root ; COMMAND=/opt/stack/data/venv/bin/cinder-rootwrap /etc/cinder/rootwrap.conf qemu-img create -f qcow2 -o backing_file=/opt/stack/data/cinder/mnt/208e5ac7c61e38b724d88655bbd6c7cc/volume-2b69a8bf-8f4b-4ff7-ad3a-bdd1fe0c9f27,backing_fmt=qcow2 /opt/stack/data/cinder/mnt/208e5ac7c61e38b724d88655bbd6c7cc/volume-2b69a8bf-8f4b-4ff7-ad3a-bdd1fe0c9f27.ace032fd-491a-4071-91e4-92e9ff15edef 1G
Feb 28 04:43:17 devstack sudo[86992]: pam_unix(sudo:session): session opened for user root(uid=0) by (uid=1000)
Feb 28 04:43:18 devstack sudo[86992]: pam_unix(sudo:session): session closed for user root
Feb 28 04:43:18 devstack cinder-volume[84248]: DEBUG oslo_concurrency.processutils [None req-874f787c-214f-42c3-a61c-c8da2bcf8bd3 tempest-GroupSnapshotsTest-1988525138 None] CMD "sudo cinder-rootwrap /etc/cinder/rootwrap.conf qemu-img create -f qcow2 -o backing_file=/opt/stack/data/cinder/mnt/208e5ac7c61e38b724d88655bbd6c7cc/volume-2b69a8bf-8f4b-4ff7-ad3a-bdd1fe0c9f27,backing_fmt=qcow2 /opt/stack/data/cinder/mnt/208e5ac7c61e38b724d88655bbd6c7cc/volume-2b69a8bf-8f4b-4ff7-ad3a-bdd1fe0c9f27.ace032fd-491a-4071-91e4-92e9ff15edef 1G" returned: 0 in 0.528s {{(pid=84248) execute /opt/stack/data/venv/lib/python3.10/site-packages/oslo_concurrency/processutils.py:468}}
Feb 28 04:43:18 devstack cinder-volume[84248]: DEBUG oslo_concurrency.processutils [None req-874f787c-214f-42c3-a61c-c8da2bcf8bd3 tempest-GroupSnapshotsTest-1988525138 None] Running cmd (subprocess): sudo cinder-rootwrap /etc/cinder/rootwrap.conf qemu-img rebase -u -b volume-2b69a8bf-8f4b-4ff7-ad3a-bdd1fe0c9f27 -F qcow2 /opt/stack/data/cinder/mnt/208e5ac7c61e38b724d88655bbd6c7cc/volume-2b69a8bf-8f4b-4ff7-ad3a-bdd1fe0c9f27.ace032fd-491a-4071-91e4-92e9ff15edef {{(pid=84248) execute /opt/stack/data/venv/lib/python3.10/site-packages/oslo_concurrency/processutils.py:440}}
Feb 28 04:43:18 devstack sudo[86997]: quobyte : PWD=/ ; USER=root ; COMMAND=/opt/stack/data/venv/bin/cinder-rootwrap /etc/cinder/rootwrap.conf qemu-img rebase -u -b volume-2b69a8bf-8f4b-4ff7-ad3a-bdd1fe0c9f27 -F qcow2 /opt/stack/data/cinder/mnt/208e5ac7c61e38b724d88655bbd6c7cc/volume-2b69a8bf-8f4b-4ff7-ad3a-bdd1fe0c9f27.ace032fd-491a-4071-91e4-92e9ff15edef
Feb 28 04:43:18 devstack sudo[86997]: pam_unix(sudo:session): session opened for user root(uid=0) by (uid=1000)
Feb 28 04:43:18 devstack sudo[86997]: pam_unix(sudo:session): session closed for user root
Feb 28 04:43:18 devstack cinder-volume[84248]: DEBUG oslo_concurrency.processutils [None req-874f787c-214f-42c3-a61c-c8da2bcf8bd3 tempest-GroupSnapshotsTest-1988525138 None] CMD "sudo cinder-rootwrap /etc/cinder/rootwrap.conf qemu-img rebase -u -b volume-2b69a8bf-8f4b-4ff7-ad3a-bdd1fe0c9f27 -F qcow2 /opt/stack/data/cinder/mnt/208e5ac7c61e38b724d88655bbd6c7cc/volume-2b69a8bf-8f4b-4ff7-ad3a-bdd1fe0c9f27.ace032fd-491a-4071-91e4-92e9ff15edef" returned: 0 in 0.675s {{(pid=84248) execute /opt/stack/data/venv/lib/python3.10/site-packages/oslo_concurrency/processutils.py:468}}
Feb 28 04:43:18 devstack cinder-volume[84248]: WARNING cinder.volume.drivers.remotefs [None req-874f787c-214f-42c3-a61c-c8da2bcf8bd3 tempest-GroupSnapshotsTest-1988525138 None] /opt/stack/data/cinder/mnt/208e5ac7c61e38b724d88655bbd6c7cc/volume-2b69a8bf-8f4b-4ff7-ad3a-bdd1fe0c9f27.ace032fd-491a-4071-91e4-92e9ff15edef is being set with open permissions: ugo+rw: NotImplementedError
Feb 28 04:43:18 devstack cinder-volume[84248]: DEBUG oslo_concurrency.processutils [None req-874f787c-214f-42c3-a61c-c8da2bcf8bd3 tempest-GroupSnapshotsTest-1988525138 None] Running cmd (subprocess): sudo cinder-rootwrap /etc/cinder/rootwrap.conf chmod ugo+rw /opt/stack/data/cinder/mnt/208e5ac7c61e38b724d88655bbd6c7cc/volume-2b69a8bf-8f4b-4ff7-ad3a-bdd1fe0c9f27.ace032fd-491a-4071-91e4-92e9ff15edef {{(pid=84248) execute /opt/stack/data/venv/lib/python3.10/site-packages/oslo_concurrency/processutils.py:440}}
Feb 28 04:43:18 devstack sudo[87026]: quobyte : PWD=/ ; USER=root ; COMMAND=/opt/stack/data/venv/bin/cinder-rootwrap /etc/cinder/rootwrap.conf chmod ugo+rw /opt/stack/data/cinder/mnt/208e5ac7c61e38b724d88655bbd6c7cc/volume-2b69a8bf-8f4b-4ff7-ad3a-bdd1fe0c9f27.ace032fd-491a-4071-91e4-92e9ff15edef
Feb 28 04:43:18 devstack sudo[87026]: pam_unix(sudo:session): session opened for user root(uid=0) by (uid=1000)
Feb 28 04:43:19 devstack sudo[87026]: pam_unix(sudo:session): session closed for user root
Feb 28 04:43:19 devstack cinder-volume[84248]: DEBUG oslo_concurrency.processutils [None req-874f787c-214f-42c3-a61c-c8da2bcf8bd3 tempest-GroupSnapshotsTest-1988525138 None] CMD "sudo cinder-rootwrap /etc/cinder/rootwrap.conf chmod ugo+rw /opt/stack/data/cinder/mnt/208e5ac7c61e38b724d88655bbd6c7cc/volume-2b69a8bf-8f4b-4ff7-ad3a-bdd1fe0c9f27.ace032fd-491a-4071-91e4-92e9ff15edef" returned: 0 in 0.625s {{(pid=84248) execute /opt/stack/data/venv/lib/python3.10/site-packages/oslo_concurrency/processutils.py:468}}
Feb 28 04:43:19 devstack cinder-volume[84248]: DEBUG oslo_concurrency.processutils [None req-874f787c-214f-42c3-a61c-c8da2bcf8bd3 tempest-GroupSnapshotsTest-1988525138 None] Running cmd (subprocess): sudo cinder-rootwrap /etc/cinder/rootwrap.conf truncate -s0 /opt/stack/data/cinder/mnt/208e5ac7c61e38b724d88655bbd6c7cc/volume-2b69a8bf-8f4b-4ff7-ad3a-bdd1fe0c9f27.info {{(pid=84248) execute /opt/stack/data/venv/lib/python3.10/site-packages/oslo_concurrency/processutils.py:440}}
Feb 28 04:43:19 devstack sudo[87036]: quobyte : PWD=/ ; USER=root ; COMMAND=/opt/stack/data/venv/bin/cinder-rootwrap /etc/cinder/rootwrap.conf truncate -s0 /opt/stack/data/cinder/mnt/208e5ac7c61e38b724d88655bbd6c7cc/volume-2b69a8bf-8f4b-4ff7-ad3a-bdd1fe0c9f27.info
Feb 28 04:43:19 devstack sudo[87036]: pam_unix(sudo:session): session opened for user root(uid=0) by (uid=1000)
Feb 28 04:43:19 devstack sudo[87036]: pam_unix(sudo:session): session closed for user root
Feb 28 04:43:19 devstack cinder-volume[84248]: DEBUG oslo_concurrency.processutils [None req-874f787c-214f-42c3-a61c-c8da2bcf8bd3 tempest-GroupSnapshotsTest-1988525138 None] CMD "sudo cinder-rootwrap /etc/cinder/rootwrap.conf truncate -s0 /opt/stack/data/cinder/mnt/208e5ac7c61e38b724d88655bbd6c7cc/volume-2b69a8bf-8f4b-4ff7-ad3a-bdd1fe0c9f27.info" returned: 0 in 0.483s {{(pid=84248) execute /opt/stack/data/venv/lib/python3.10/site-packages/oslo_concurrency/processutils.py:468}}
Feb 28 04:43:19 devstack cinder-volume[84248]: WARNING cinder.volume.drivers.remotefs [None req-874f787c-214f-42c3-a61c-c8da2bcf8bd3 tempest-GroupSnapshotsTest-1988525138 None] /opt/stack/data/cinder/mnt/208e5ac7c61e38b724d88655bbd6c7cc/volume-2b69a8bf-8f4b-4ff7-ad3a-bdd1fe0c9f27.info is being set with open permissions: ugo+rw: NotImplementedError
Feb 28 04:43:19 devstack cinder-volume[84248]: DEBUG oslo_concurrency.processutils [None req-874f787c-214f-42c3-a61c-c8da2bcf8bd3 tempest-GroupSnapshotsTest-1988525138 None] Running cmd (subprocess): sudo cinder-rootwrap /etc/cinder/rootwrap.conf chmod ugo+rw /opt/stack/data/cinder/mnt/208e5ac7c61e38b724d88655bbd6c7cc/volume-2b69a8bf-8f4b-4ff7-ad3a-bdd1fe0c9f27.info {{(pid=84248) execute /opt/stack/data/venv/lib/python3.10/site-packages/oslo_concurrency/processutils.py:440}}
Feb 28 04:43:19 devstack sudo[87040]: quobyte : PWD=/ ; USER=root ; COMMAND=/opt/stack/data/venv/bin/cinder-rootwrap /etc/cinder/rootwrap.conf chmod ugo+rw /opt/stack/data/cinder/mnt/208e5ac7c61e38b724d88655bbd6c7cc/volume-2b69a8bf-8f4b-4ff7-ad3a-bdd1fe0c9f27.info
Feb 28 04:43:19 devstack sudo[87040]: pam_unix(sudo:session): session opened for user root(uid=0) by (uid=1000)
Feb 28 04:43:20 devstack sudo[87040]: pam_unix(sudo:session): session closed for user root
Feb 28 04:43:20 devstack cinder-volume[84248]: DEBUG oslo_concurrency.processutils [None req-874f787c-214f-42c3-a61c-c8da2bcf8bd3 tempest-GroupSnapshotsTest-1988525138 None] CMD "sudo cinder-rootwrap /etc/cinder/rootwrap.conf chmod ugo+rw /opt/stack/data/cinder/mnt/208e5ac7c61e38b724d88655bbd6c7cc/volume-2b69a8bf-8f4b-4ff7-ad3a-bdd1fe0c9f27.info" returned: 0 in 0.563s {{(pid=84248) execute /opt/stack/data/venv/lib/python3.10/site-packages/oslo_concurrency/processutils.py:468}}
Feb 28 04:43:20 devstack cinder-volume[84248]: DEBUG oslo_concurrency.lockutils [None req-874f787c-214f-42c3-a61c-c8da2bcf8bd3 tempest-GroupSnapshotsTest-1988525138 None] Lock "quobyte" "released" by "cinder.volume.drivers.quobyte.QuobyteDriver.create_snapshot" :: held 3.523s {{(pid=84248) inner /opt/stack/data/venv/lib/python3.10/site-packages/oslo_concurrency/lockutils.py:538}}
Feb 28 04:43:20 devstack cinder-volume[84248]: DEBUG oslo_concurrency.lockutils [None req-82a2f086-9373-4457-a95b-7e38e9bb870d tempest-SnapshotsActionsTest-1355677458 None] Lock "quobyte" acquired by "cinder.volume.drivers.quobyte.QuobyteDriver.create_snapshot" :: waited 3.823s {{(pid=84248) inner /opt/stack/data/venv/lib/python3.10/site-packages/oslo_concurrency/lockutils.py:519}}
Feb 28 04:43:20 devstack cinder-volume[84248]: DEBUG cinder.volume.drivers.remotefs [None req-82a2f086-9373-4457-a95b-7e38e9bb870d tempest-SnapshotsActionsTest-1355677458 None] Creating offline snapshot a3374d5c-9736-4052-aa76-0a4c24b8ce91 of volume 0a27a465-7230-4e68-9540-285c134cf1c5 {{(pid=84248) _create_snapshot /opt/stack/cinder/cinder/volume/drivers/remotefs.py:1815}}
Feb 28 04:43:20 devstack cinder-volume[84248]: DEBUG oslo.privsep.daemon [-] privsep: reply[6cce272a-2677-43d8-925e-60b62a62ec2c]: (4, 'qcow2') {{(pid=85115) _call_back /opt/stack/data/venv/lib/python3.10/site-packages/oslo_privsep/daemon.py:573}}
Feb 28 04:43:20 devstack cinder-volume[84248]: DEBUG oslo_concurrency.processutils [None req-82a2f086-9373-4457-a95b-7e38e9bb870d tempest-SnapshotsActionsTest-1355677458 None] Running cmd (subprocess): /opt/stack/data/venv/bin/python3.10 -m oslo_concurrency.prlimit --as=1073741824 --cpu=60 -- sudo cinder-rootwrap /etc/cinder/rootwrap.conf env LC_ALL=C qemu-img info -f qcow2 --output=json --force-share /opt/stack/data/cinder/mnt/208e5ac7c61e38b724d88655bbd6c7cc/volume-0a27a465-7230-4e68-9540-285c134cf1c5.66fb7ab2-d7ff-4e0a-8a6e-dd3575cc4fcc {{(pid=84248) execute /opt/stack/data/venv/lib/python3.10/site-packages/oslo_concurrency/processutils.py:440}}
Feb 28 04:43:20 devstack cinder-volume[84248]: INFO cinder.volume.manager [None req-874f787c-214f-42c3-a61c-c8da2bcf8bd3 tempest-GroupSnapshotsTest-1988525138 None] group_snapshot 766ef14b-2c27-4a58-a9fd-a25984a80353: created successfully
Feb 28 04:43:20 devstack sudo[87043]: quobyte : PWD=/ ; USER=root ; COMMAND=/opt/stack/data/venv/bin/cinder-rootwrap /etc/cinder/rootwrap.conf env LC_ALL=C qemu-img info -f qcow2 --output=json --force-share /opt/stack/data/cinder/mnt/208e5ac7c61e38b724d88655bbd6c7cc/volume-0a27a465-7230-4e68-9540-285c134cf1c5.66fb7ab2-d7ff-4e0a-8a6e-dd3575cc4fcc
Feb 28 04:43:20 devstack sudo[87043]: pam_unix(sudo:session): session opened for user root(uid=0) by (uid=1000)
Feb 28 04:43:20 devstack cinder-volume[84248]: INFO cinder.volume.manager [None req-ac330738-4871-4c3f-9867-37020d1149a8 tempest-GroupSnapshotsTest-1988525138 None] group_snapshot 766ef14b-2c27-4a58-a9fd-a25984a80353: deleting
Feb 28 04:43:20 devstack cinder-volume[84248]: DEBUG cinder.volume.manager [None req-ac330738-4871-4c3f-9867-37020d1149a8 tempest-GroupSnapshotsTest-1988525138 None] group_snapshot 766ef14b-2c27-4a58-a9fd-a25984a80353: deleting {{(pid=84248) delete_group_snapshot /opt/stack/cinder/cinder/volume/manager.py:4350}}
Feb 28 04:43:20 devstack cinder-volume[84248]: DEBUG cinder.coordination [None req-ac330738-4871-4c3f-9867-37020d1149a8 tempest-GroupSnapshotsTest-1988525138 None] Acquiring lock "cinder-quobyte-a7913619-1daf-46ed-85c1-1703d6a97298" by "delete_snapshot" {{(pid=84248) __acquire /opt/stack/cinder/cinder/coordination.py:138}}
Feb 28 04:43:20 devstack cinder-volume[84248]: DEBUG cinder.coordination [None req-ac330738-4871-4c3f-9867-37020d1149a8 tempest-GroupSnapshotsTest-1988525138 None] Lock "cinder-quobyte-a7913619-1daf-46ed-85c1-1703d6a97298" acquired by "delete_snapshot" :: waited 0.017s {{(pid=84248) __acquire /opt/stack/cinder/cinder/coordination.py:141}}
Feb 28 04:43:20 devstack cinder-volume[84248]: DEBUG cinder.coordination [None req-ac330738-4871-4c3f-9867-37020d1149a8 tempest-GroupSnapshotsTest-1988525138 None] Acquiring lock "cinder-quobyte-a6bb3d3b-9ef8-40da-8eee-5bfb01a25d6f" by "_delete_snapshot" {{(pid=84248) __acquire /opt/stack/cinder/cinder/coordination.py:138}}
Feb 28 04:43:20 devstack cinder-volume[84248]: DEBUG cinder.coordination [None req-ac330738-4871-4c3f-9867-37020d1149a8 tempest-GroupSnapshotsTest-1988525138 None] Lock "cinder-quobyte-a6bb3d3b-9ef8-40da-8eee-5bfb01a25d6f" acquired by "_delete_snapshot" :: waited 0.018s {{(pid=84248) __acquire /opt/stack/cinder/cinder/coordination.py:141}}
Feb 28 04:43:20 devstack cinder-volume[84248]: DEBUG cinder.volume.drivers.remotefs [None req-ac330738-4871-4c3f-9867-37020d1149a8 tempest-GroupSnapshotsTest-1988525138 None] Deleting offline snapshot a6bb3d3b-9ef8-40da-8eee-5bfb01a25d6f of volume a7913619-1daf-46ed-85c1-1703d6a97298 {{(pid=84248) _delete_snapshot /opt/stack/cinder/cinder/volume/drivers/remotefs.py:1288}}
Feb 28 04:43:20 devstack cinder-volume[84248]: DEBUG cinder.volume.drivers.remotefs [None req-ac330738-4871-4c3f-9867-37020d1149a8 tempest-GroupSnapshotsTest-1988525138 None] snapshot_file for this snap is: volume-a7913619-1daf-46ed-85c1-1703d6a97298.a6bb3d3b-9ef8-40da-8eee-5bfb01a25d6f {{(pid=84248) _delete_snapshot /opt/stack/cinder/cinder/volume/drivers/remotefs.py:1317}}
Feb 28 04:43:21 devstack cinder-volume[84248]: DEBUG oslo.privsep.daemon [-] privsep: reply[186c4171-aee7-4195-b712-08f2af51d179]: (4, 'qcow2') {{(pid=85115) _call_back /opt/stack/data/venv/lib/python3.10/site-packages/oslo_privsep/daemon.py:573}}
Feb 28 04:43:21 devstack cinder-volume[84248]: DEBUG oslo_concurrency.processutils [None req-ac330738-4871-4c3f-9867-37020d1149a8 tempest-GroupSnapshotsTest-1988525138 None] Running cmd (subprocess): /opt/stack/data/venv/bin/python3.10 -m oslo_concurrency.prlimit --as=1073741824 --cpu=60 -- sudo cinder-rootwrap /etc/cinder/rootwrap.conf env LC_ALL=C qemu-img info -f qcow2 --output=json --force-share /opt/stack/data/cinder/mnt/208e5ac7c61e38b724d88655bbd6c7cc/volume-a7913619-1daf-46ed-85c1-1703d6a97298.a6bb3d3b-9ef8-40da-8eee-5bfb01a25d6f {{(pid=84248) execute /opt/stack/data/venv/lib/python3.10/site-packages/oslo_concurrency/processutils.py:440}}
Feb 28 04:43:21 devstack sudo[87045]: quobyte : PWD=/ ; USER=root ; COMMAND=/opt/stack/data/venv/bin/cinder-rootwrap /etc/cinder/rootwrap.conf env LC_ALL=C qemu-img info -f qcow2 --output=json --force-share /opt/stack/data/cinder/mnt/208e5ac7c61e38b724d88655bbd6c7cc/volume-a7913619-1daf-46ed-85c1-1703d6a97298.a6bb3d3b-9ef8-40da-8eee-5bfb01a25d6f
Feb 28 04:43:21 devstack sudo[87045]: pam_unix(sudo:session): session opened for user root(uid=0) by (uid=1000)
Feb 28 04:43:21 devstack sudo[87043]: pam_unix(sudo:session): session closed for user root
Feb 28 04:43:21 devstack cinder-volume[84248]: DEBUG oslo_concurrency.processutils [None req-82a2f086-9373-4457-a95b-7e38e9bb870d tempest-SnapshotsActionsTest-1355677458 None] CMD "/opt/stack/data/venv/bin/python3.10 -m oslo_concurrency.prlimit --as=1073741824 --cpu=60 -- sudo cinder-rootwrap /etc/cinder/rootwrap.conf env LC_ALL=C qemu-img info -f qcow2 --output=json --force-share /opt/stack/data/cinder/mnt/208e5ac7c61e38b724d88655bbd6c7cc/volume-0a27a465-7230-4e68-9540-285c134cf1c5.66fb7ab2-d7ff-4e0a-8a6e-dd3575cc4fcc" returned: 0 in 0.795s {{(pid=84248) execute /opt/stack/data/venv/lib/python3.10/site-packages/oslo_concurrency/processutils.py:468}}
Feb 28 04:43:21 devstack cinder-volume[84248]: DEBUG cinder.volume.drivers.remotefs [None req-82a2f086-9373-4457-a95b-7e38e9bb870d tempest-SnapshotsActionsTest-1355677458 None] Fetching qemu-img info with special backing_file_template: (/opt/stack/data/cinder/mnt/[0-9a-f]+/)?(volume-0a27a465-7230-4e68-9540-285c134cf1c5(.(tmp-snap-)?[0-9a-f-]+)?|volume_from_snapshot_cache/(tmp-snap-)?[0-9a-f-]+(.(child-|parent-)[0-9a-f-]+)?)$ {{(pid=84248) _qemu_img_info_base /opt/stack/cinder/cinder/volume/drivers/remotefs.py:896}}
Feb 28 04:43:21 devstack cinder-volume[84248]: DEBUG oslo_concurrency.processutils [None req-82a2f086-9373-4457-a95b-7e38e9bb870d tempest-SnapshotsActionsTest-1355677458 None] Running cmd (subprocess): sudo cinder-rootwrap /etc/cinder/rootwrap.conf qemu-img create -f qcow2 -o backing_file=/opt/stack/data/cinder/mnt/208e5ac7c61e38b724d88655bbd6c7cc/volume-0a27a465-7230-4e68-9540-285c134cf1c5.66fb7ab2-d7ff-4e0a-8a6e-dd3575cc4fcc,backing_fmt=qcow2 /opt/stack/data/cinder/mnt/208e5ac7c61e38b724d88655bbd6c7cc/volume-0a27a465-7230-4e68-9540-285c134cf1c5.a3374d5c-9736-4052-aa76-0a4c24b8ce91 1G {{(pid=84248) execute /opt/stack/data/venv/lib/python3.10/site-packages/oslo_concurrency/processutils.py:440}}
Feb 28 04:43:21 devstack sudo[87050]: quobyte : PWD=/ ; USER=root ; COMMAND=/opt/stack/data/venv/bin/cinder-rootwrap /etc/cinder/rootwrap.conf qemu-img create -f qcow2 -o backing_file=/opt/stack/data/cinder/mnt/208e5ac7c61e38b724d88655bbd6c7cc/volume-0a27a465-7230-4e68-9540-285c134cf1c5.66fb7ab2-d7ff-4e0a-8a6e-dd3575cc4fcc,backing_fmt=qcow2 /opt/stack/data/cinder/mnt/208e5ac7c61e38b724d88655bbd6c7cc/volume-0a27a465-7230-4e68-9540-285c134cf1c5.a3374d5c-9736-4052-aa76-0a4c24b8ce91 1G
Feb 28 04:43:21 devstack sudo[87050]: pam_unix(sudo:session): session opened for user root(uid=0) by (uid=1000)
Feb 28 04:43:21 devstack sudo[87045]: pam_unix(sudo:session): session closed for user root
Feb 28 04:43:21 devstack cinder-volume[84248]: DEBUG oslo_concurrency.processutils [None req-ac330738-4871-4c3f-9867-37020d1149a8 tempest-GroupSnapshotsTest-1988525138 None] CMD "/opt/stack/data/venv/bin/python3.10 -m oslo_concurrency.prlimit --as=1073741824 --cpu=60 -- sudo cinder-rootwrap /etc/cinder/rootwrap.conf env LC_ALL=C qemu-img info -f qcow2 --output=json --force-share /opt/stack/data/cinder/mnt/208e5ac7c61e38b724d88655bbd6c7cc/volume-a7913619-1daf-46ed-85c1-1703d6a97298.a6bb3d3b-9ef8-40da-8eee-5bfb01a25d6f" returned: 0 in 0.928s {{(pid=84248) execute /opt/stack/data/venv/lib/python3.10/site-packages/oslo_concurrency/processutils.py:468}}
Feb 28 04:43:21 devstack cinder-volume[84248]: DEBUG cinder.volume.drivers.remotefs [None req-ac330738-4871-4c3f-9867-37020d1149a8 tempest-GroupSnapshotsTest-1988525138 None] Fetching qemu-img info with special backing_file_template: (/opt/stack/data/cinder/mnt/[0-9a-f]+/)?(volume-a7913619-1daf-46ed-85c1-1703d6a97298(.(tmp-snap-)?[0-9a-f-]+)?|volume_from_snapshot_cache/(tmp-snap-)?[0-9a-f-]+(.(child-|parent-)[0-9a-f-]+)?)$ {{(pid=84248) _qemu_img_info_base /opt/stack/cinder/cinder/volume/drivers/remotefs.py:896}}
Feb 28 04:43:21 devstack cinder-volume[84248]: DEBUG oslo.privsep.daemon [-] privsep: reply[c46f6a6a-b728-4aef-8536-72800cc8992e]: (4, 'qcow2') {{(pid=85115) _call_back /opt/stack/data/venv/lib/python3.10/site-packages/oslo_privsep/daemon.py:573}}
Feb 28 04:43:21 devstack cinder-volume[84248]: DEBUG oslo_concurrency.processutils [None req-ac330738-4871-4c3f-9867-37020d1149a8 tempest-GroupSnapshotsTest-1988525138 None] Running cmd (subprocess): /opt/stack/data/venv/bin/python3.10 -m oslo_concurrency.prlimit --as=1073741824 --cpu=60 -- sudo cinder-rootwrap /etc/cinder/rootwrap.conf env LC_ALL=C qemu-img info -f qcow2 --output=json --force-share /opt/stack/data/cinder/mnt/208e5ac7c61e38b724d88655bbd6c7cc/volume-a7913619-1daf-46ed-85c1-1703d6a97298 {{(pid=84248) execute /opt/stack/data/venv/lib/python3.10/site-packages/oslo_concurrency/processutils.py:440}}
Feb 28 04:43:22 devstack sudo[87050]: pam_unix(sudo:session): session closed for user root
Feb 28 04:43:22 devstack cinder-volume[84248]: DEBUG oslo_concurrency.processutils [None req-82a2f086-9373-4457-a95b-7e38e9bb870d tempest-SnapshotsActionsTest-1355677458 None] CMD "sudo cinder-rootwrap /etc/cinder/rootwrap.conf qemu-img create -f qcow2 -o backing_file=/opt/stack/data/cinder/mnt/208e5ac7c61e38b724d88655bbd6c7cc/volume-0a27a465-7230-4e68-9540-285c134cf1c5.66fb7ab2-d7ff-4e0a-8a6e-dd3575cc4fcc,backing_fmt=qcow2 /opt/stack/data/cinder/mnt/208e5ac7c61e38b724d88655bbd6c7cc/volume-0a27a465-7230-4e68-9540-285c134cf1c5.a3374d5c-9736-4052-aa76-0a4c24b8ce91 1G" returned: 0 in 0.757s {{(pid=84248) execute /opt/stack/data/venv/lib/python3.10/site-packages/oslo_concurrency/processutils.py:468}}
Feb 28 04:43:22 devstack cinder-volume[84248]: DEBUG oslo_concurrency.processutils [None req-82a2f086-9373-4457-a95b-7e38e9bb870d tempest-SnapshotsActionsTest-1355677458 None] Running cmd (subprocess): sudo cinder-rootwrap /etc/cinder/rootwrap.conf qemu-img rebase -u -b volume-0a27a465-7230-4e68-9540-285c134cf1c5.66fb7ab2-d7ff-4e0a-8a6e-dd3575cc4fcc -F qcow2 /opt/stack/data/cinder/mnt/208e5ac7c61e38b724d88655bbd6c7cc/volume-0a27a465-7230-4e68-9540-285c134cf1c5.a3374d5c-9736-4052-aa76-0a4c24b8ce91 {{(pid=84248) execute /opt/stack/data/venv/lib/python3.10/site-packages/oslo_concurrency/processutils.py:440}}
Feb 28 04:43:22 devstack sudo[87059]: quobyte : PWD=/ ; USER=root ; COMMAND=/opt/stack/data/venv/bin/cinder-rootwrap /etc/cinder/rootwrap.conf qemu-img rebase -u -b volume-0a27a465-7230-4e68-9540-285c134cf1c5.66fb7ab2-d7ff-4e0a-8a6e-dd3575cc4fcc -F qcow2 /opt/stack/data/cinder/mnt/208e5ac7c61e38b724d88655bbd6c7cc/volume-0a27a465-7230-4e68-9540-285c134cf1c5.a3374d5c-9736-4052-aa76-0a4c24b8ce91
Feb 28 04:43:22 devstack sudo[87059]: pam_unix(sudo:session): session opened for user root(uid=0) by (uid=1000)
Feb 28 04:43:22 devstack sudo[87058]: quobyte : PWD=/ ; USER=root ; COMMAND=/opt/stack/data/venv/bin/cinder-rootwrap /etc/cinder/rootwrap.conf env LC_ALL=C qemu-img info -f qcow2 --output=json --force-share /opt/stack/data/cinder/mnt/208e5ac7c61e38b724d88655bbd6c7cc/volume-a7913619-1daf-46ed-85c1-1703d6a97298
Feb 28 04:43:22 devstack sudo[87058]: pam_unix(sudo:session): session opened for user root(uid=0) by (uid=1000)
Feb 28 04:43:22 devstack sudo[87059]: pam_unix(sudo:session): session closed for user root
Feb 28 04:43:22 devstack cinder-volume[84248]: DEBUG oslo_concurrency.processutils [None req-82a2f086-9373-4457-a95b-7e38e9bb870d tempest-SnapshotsActionsTest-1355677458 None] CMD "sudo cinder-rootwrap /etc/cinder/rootwrap.conf qemu-img rebase -u -b volume-0a27a465-7230-4e68-9540-285c134cf1c5.66fb7ab2-d7ff-4e0a-8a6e-dd3575cc4fcc -F qcow2 /opt/stack/data/cinder/mnt/208e5ac7c61e38b724d88655bbd6c7cc/volume-0a27a465-7230-4e68-9540-285c134cf1c5.a3374d5c-9736-4052-aa76-0a4c24b8ce91" returned: 0 in 0.651s {{(pid=84248) execute /opt/stack/data/venv/lib/python3.10/site-packages/oslo_concurrency/processutils.py:468}}
Feb 28 04:43:22 devstack cinder-volume[84248]: WARNING cinder.volume.drivers.remotefs [None req-82a2f086-9373-4457-a95b-7e38e9bb870d tempest-SnapshotsActionsTest-1355677458 None] /opt/stack/data/cinder/mnt/208e5ac7c61e38b724d88655bbd6c7cc/volume-0a27a465-7230-4e68-9540-285c134cf1c5.a3374d5c-9736-4052-aa76-0a4c24b8ce91 is being set with open permissions: ugo+rw
Feb 28 04:43:22 devstack cinder-volume[84248]: DEBUG oslo_concurrency.processutils [None req-82a2f086-9373-4457-a95b-7e38e9bb870d tempest-SnapshotsActionsTest-1355677458 None] Running cmd (subprocess): sudo cinder-rootwrap /etc/cinder/rootwrap.conf chmod ugo+rw /opt/stack/data/cinder/mnt/208e5ac7c61e38b724d88655bbd6c7cc/volume-0a27a465-7230-4e68-9540-285c134cf1c5.a3374d5c-9736-4052-aa76-0a4c24b8ce91 {{(pid=84248) execute /opt/stack/data/venv/lib/python3.10/site-packages/oslo_concurrency/processutils.py:440}}
Feb 28 04:43:22 devstack sudo[87068]: quobyte : PWD=/ ; USER=root ; COMMAND=/opt/stack/data/venv/bin/cinder-rootwrap /etc/cinder/rootwrap.conf chmod ugo+rw /opt/stack/data/cinder/mnt/208e5ac7c61e38b724d88655bbd6c7cc/volume-0a27a465-7230-4e68-9540-285c134cf1c5.a3374d5c-9736-4052-aa76-0a4c24b8ce91
Feb 28 04:43:22 devstack sudo[87068]: pam_unix(sudo:session): session opened for user root(uid=0) by (uid=1000)
Feb 28 04:43:22 devstack sudo[87058]: pam_unix(sudo:session): session closed for user root
Feb 28 04:43:22 devstack cinder-volume[84248]: DEBUG oslo_concurrency.processutils [None req-ac330738-4871-4c3f-9867-37020d1149a8 tempest-GroupSnapshotsTest-1988525138 None] CMD "/opt/stack/data/venv/bin/python3.10 -m oslo_concurrency.prlimit --as=1073741824 --cpu=60 -- sudo cinder-rootwrap /etc/cinder/rootwrap.conf env LC_ALL=C qemu-img info -f qcow2 --output=json --force-share /opt/stack/data/cinder/mnt/208e5ac7c61e38b724d88655bbd6c7cc/volume-a7913619-1daf-46ed-85c1-1703d6a97298" returned: 0 in 0.943s {{(pid=84248) execute /opt/stack/data/venv/lib/python3.10/site-packages/oslo_concurrency/processutils.py:468}}
Feb 28 04:43:22 devstack cinder-volume[84248]: DEBUG oslo_concurrency.processutils [None req-ac330738-4871-4c3f-9867-37020d1149a8 tempest-GroupSnapshotsTest-1988525138 None] Running cmd (subprocess): sudo cinder-rootwrap /etc/cinder/rootwrap.conf qemu-img commit -d /opt/stack/data/cinder/mnt/208e5ac7c61e38b724d88655bbd6c7cc/volume-a7913619-1daf-46ed-85c1-1703d6a97298.a6bb3d3b-9ef8-40da-8eee-5bfb01a25d6f {{(pid=84248) execute /opt/stack/data/venv/lib/python3.10/site-packages/oslo_concurrency/processutils.py:440}}
Feb 28 04:43:22 devstack sudo[87070]: quobyte : PWD=/ ; USER=root ; COMMAND=/opt/stack/data/venv/bin/cinder-rootwrap /etc/cinder/rootwrap.conf qemu-img commit -d /opt/stack/data/cinder/mnt/208e5ac7c61e38b724d88655bbd6c7cc/volume-a7913619-1daf-46ed-85c1-1703d6a97298.a6bb3d3b-9ef8-40da-8eee-5bfb01a25d6f
Feb 28 04:43:22 devstack sudo[87070]: pam_unix(sudo:session): session opened for user root(uid=0) by (uid=1000)
Feb 28 04:43:23 devstack sudo[87068]: pam_unix(sudo:session): session closed for user root
Feb 28 04:43:23 devstack cinder-volume[84248]: DEBUG oslo_concurrency.processutils [None req-82a2f086-9373-4457-a95b-7e38e9bb870d tempest-SnapshotsActionsTest-1355677458 None] CMD "sudo cinder-rootwrap /etc/cinder/rootwrap.conf chmod ugo+rw /opt/stack/data/cinder/mnt/208e5ac7c61e38b724d88655bbd6c7cc/volume-0a27a465-7230-4e68-9540-285c134cf1c5.a3374d5c-9736-4052-aa76-0a4c24b8ce91" returned: 0 in 0.527s {{(pid=84248) execute /opt/stack/data/venv/lib/python3.10/site-packages/oslo_concurrency/processutils.py:468}}
Feb 28 04:43:23 devstack cinder-volume[84248]: DEBUG oslo_concurrency.lockutils [None req-82a2f086-9373-4457-a95b-7e38e9bb870d tempest-SnapshotsActionsTest-1355677458 None] Lock "quobyte" "released" by "cinder.volume.drivers.quobyte.QuobyteDriver.create_snapshot" :: held 2.867s {{(pid=84248) inner /opt/stack/data/venv/lib/python3.10/site-packages/oslo_concurrency/lockutils.py:538}}
Feb 28 04:43:23 devstack cinder-volume[84248]: INFO cinder.volume.manager [None req-82a2f086-9373-4457-a95b-7e38e9bb870d tempest-SnapshotsActionsTest-1355677458 None] Create snapshot completed successfully
Feb 28 04:43:23 devstack sudo[87070]: pam_unix(sudo:session): session closed for user root
Feb 28 04:43:23 devstack cinder-volume[84248]: DEBUG oslo_concurrency.processutils [None req-ac330738-4871-4c3f-9867-37020d1149a8 tempest-GroupSnapshotsTest-1988525138 None] CMD "sudo cinder-rootwrap /etc/cinder/rootwrap.conf qemu-img commit -d /opt/stack/data/cinder/mnt/208e5ac7c61e38b724d88655bbd6c7cc/volume-a7913619-1daf-46ed-85c1-1703d6a97298.a6bb3d3b-9ef8-40da-8eee-5bfb01a25d6f" returned: 0 in 0.570s {{(pid=84248) execute /opt/stack/data/venv/lib/python3.10/site-packages/oslo_concurrency/processutils.py:468}}
Feb 28 04:43:23 devstack cinder-volume[84248]: DEBUG oslo_concurrency.processutils [None req-ac330738-4871-4c3f-9867-37020d1149a8 tempest-GroupSnapshotsTest-1988525138 None] Running cmd (subprocess): sudo cinder-rootwrap /etc/cinder/rootwrap.conf rm -f /opt/stack/data/cinder/mnt/208e5ac7c61e38b724d88655bbd6c7cc/volume-a7913619-1daf-46ed-85c1-1703d6a97298.a6bb3d3b-9ef8-40da-8eee-5bfb01a25d6f {{(pid=84248) execute /opt/stack/data/venv/lib/python3.10/site-packages/oslo_concurrency/processutils.py:440}}
Feb 28 04:43:23 devstack sudo[87076]: quobyte : PWD=/ ; USER=root ; COMMAND=/opt/stack/data/venv/bin/cinder-rootwrap /etc/cinder/rootwrap.conf rm -f /opt/stack/data/cinder/mnt/208e5ac7c61e38b724d88655bbd6c7cc/volume-a7913619-1daf-46ed-85c1-1703d6a97298.a6bb3d3b-9ef8-40da-8eee-5bfb01a25d6f
Feb 28 04:43:23 devstack sudo[87076]: pam_unix(sudo:session): session opened for user root(uid=0) by (uid=1000)
Feb 28 04:43:23 devstack sudo[87076]: pam_unix(sudo:session): session closed for user root
Feb 28 04:43:23 devstack cinder-volume[84248]: DEBUG oslo_concurrency.processutils [None req-ac330738-4871-4c3f-9867-37020d1149a8 tempest-GroupSnapshotsTest-1988525138 None] CMD "sudo cinder-rootwrap /etc/cinder/rootwrap.conf rm -f /opt/stack/data/cinder/mnt/208e5ac7c61e38b724d88655bbd6c7cc/volume-a7913619-1daf-46ed-85c1-1703d6a97298.a6bb3d3b-9ef8-40da-8eee-5bfb01a25d6f" returned: 0 in 0.522s {{(pid=84248) execute /opt/stack/data/venv/lib/python3.10/site-packages/oslo_concurrency/processutils.py:468}}
Feb 28 04:43:24 devstack cinder-volume[84248]: DEBUG cinder.coordination [None req-ac330738-4871-4c3f-9867-37020d1149a8 tempest-GroupSnapshotsTest-1988525138 None] Lock "cinder-quobyte-a6bb3d3b-9ef8-40da-8eee-5bfb01a25d6f" released by "_delete_snapshot" :: held 3.089s {{(pid=84248) __release /opt/stack/cinder/cinder/coordination.py:152}}
Feb 28 04:43:24 devstack cinder-volume[84248]: DEBUG cinder.coordination [None req-ac330738-4871-4c3f-9867-37020d1149a8 tempest-GroupSnapshotsTest-1988525138 None] Lock "cinder-quobyte-a7913619-1daf-46ed-85c1-1703d6a97298" released by "delete_snapshot" :: held 3.112s {{(pid=84248) __release /opt/stack/cinder/cinder/coordination.py:152}}
Feb 28 04:43:24 devstack cinder-volume[84248]: DEBUG cinder.coordination [None req-ac330738-4871-4c3f-9867-37020d1149a8 tempest-GroupSnapshotsTest-1988525138 None] Acquiring lock "cinder-quobyte-2b69a8bf-8f4b-4ff7-ad3a-bdd1fe0c9f27" by "delete_snapshot" {{(pid=84248) __acquire /opt/stack/cinder/cinder/coordination.py:138}}
Feb 28 04:43:24 devstack cinder-volume[84248]: DEBUG cinder.coordination [None req-ac330738-4871-4c3f-9867-37020d1149a8 tempest-GroupSnapshotsTest-1988525138 None] Lock "cinder-quobyte-2b69a8bf-8f4b-4ff7-ad3a-bdd1fe0c9f27" acquired by "delete_snapshot" :: waited 0.009s {{(pid=84248) __acquire /opt/stack/cinder/cinder/coordination.py:141}}
Feb 28 04:43:24 devstack cinder-volume[84248]: DEBUG cinder.coordination [None req-ac330738-4871-4c3f-9867-37020d1149a8 tempest-GroupSnapshotsTest-1988525138 None] Acquiring lock "cinder-quobyte-ace032fd-491a-4071-91e4-92e9ff15edef" by "_delete_snapshot" {{(pid=84248) __acquire /opt/stack/cinder/cinder/coordination.py:138}}
Feb 28 04:43:24 devstack cinder-volume[84248]: DEBUG cinder.coordination [None req-ac330738-4871-4c3f-9867-37020d1149a8 tempest-GroupSnapshotsTest-1988525138 None] Lock "cinder-quobyte-ace032fd-491a-4071-91e4-92e9ff15edef" acquired by "_delete_snapshot" :: waited 0.006s {{(pid=84248) __acquire /opt/stack/cinder/cinder/coordination.py:141}}
Feb 28 04:43:24 devstack cinder-volume[84248]: DEBUG cinder.volume.drivers.remotefs [None req-ac330738-4871-4c3f-9867-37020d1149a8 tempest-GroupSnapshotsTest-1988525138 None] Deleting offline snapshot ace032fd-491a-4071-91e4-92e9ff15edef of volume 2b69a8bf-8f4b-4ff7-ad3a-bdd1fe0c9f27 {{(pid=84248) _delete_snapshot /opt/stack/cinder/cinder/volume/drivers/remotefs.py:1288}}
Feb 28 04:43:24 devstack cinder-volume[84248]: DEBUG cinder.volume.drivers.remotefs [None req-ac330738-4871-4c3f-9867-37020d1149a8 tempest-GroupSnapshotsTest-1988525138 None] snapshot_file for this snap is: volume-2b69a8bf-8f4b-4ff7-ad3a-bdd1fe0c9f27.ace032fd-491a-4071-91e4-92e9ff15edef {{(pid=84248) _delete_snapshot /opt/stack/cinder/cinder/volume/drivers/remotefs.py:1317}}
Feb 28 04:43:24 devstack cinder-volume[84248]: DEBUG oslo.privsep.daemon [-] privsep: reply[d455f9f3-1090-4a06-bc34-c8f790fe9e2e]: (4, 'qcow2') {{(pid=85115) _call_back /opt/stack/data/venv/lib/python3.10/site-packages/oslo_privsep/daemon.py:573}}
Feb 28 04:43:24 devstack cinder-volume[84248]: DEBUG oslo_concurrency.processutils [None req-ac330738-4871-4c3f-9867-37020d1149a8 tempest-GroupSnapshotsTest-1988525138 None] Running cmd (subprocess): /opt/stack/data/venv/bin/python3.10 -m oslo_concurrency.prlimit --as=1073741824 --cpu=60 -- sudo cinder-rootwrap /etc/cinder/rootwrap.conf env LC_ALL=C qemu-img info -f qcow2 --output=json --force-share /opt/stack/data/cinder/mnt/208e5ac7c61e38b724d88655bbd6c7cc/volume-2b69a8bf-8f4b-4ff7-ad3a-bdd1fe0c9f27.ace032fd-491a-4071-91e4-92e9ff15edef {{(pid=84248) execute /opt/stack/data/venv/lib/python3.10/site-packages/oslo_concurrency/processutils.py:440}}
Feb 28 04:43:24 devstack cinder-volume[84248]: DEBUG cinder.coordination [None req-8a4c2042-2920-4b90-9b84-459f80cd3f43 tempest-SnapshotsActionsTest-1818712012 None] Acquiring lock "cinder-a3374d5c-9736-4052-aa76-0a4c24b8ce91-delete_snapshot" by "delete_snapshot" {{(pid=84248) __acquire /opt/stack/cinder/cinder/coordination.py:138}}
Feb 28 04:43:24 devstack cinder-volume[84248]: DEBUG cinder.coordination [None req-8a4c2042-2920-4b90-9b84-459f80cd3f43 tempest-SnapshotsActionsTest-1818712012 None] Lock "cinder-a3374d5c-9736-4052-aa76-0a4c24b8ce91-delete_snapshot" acquired by "delete_snapshot" :: waited 0.017s {{(pid=84248) __acquire /opt/stack/cinder/cinder/coordination.py:141}}
Feb 28 04:43:24 devstack cinder-volume[84248]: DEBUG cinder.coordination [None req-8a4c2042-2920-4b90-9b84-459f80cd3f43 tempest-SnapshotsActionsTest-1818712012 None] Acquiring lock "cinder-quobyte-0a27a465-7230-4e68-9540-285c134cf1c5" by "delete_snapshot" {{(pid=84248) __acquire /opt/stack/cinder/cinder/coordination.py:138}}
Feb 28 04:43:24 devstack cinder-volume[84248]: DEBUG cinder.coordination [None req-8a4c2042-2920-4b90-9b84-459f80cd3f43 tempest-SnapshotsActionsTest-1818712012 None] Lock "cinder-quobyte-0a27a465-7230-4e68-9540-285c134cf1c5" acquired by "delete_snapshot" :: waited 0.006s {{(pid=84248) __acquire /opt/stack/cinder/cinder/coordination.py:141}}
Feb 28 04:43:24 devstack cinder-volume[84248]: DEBUG cinder.coordination [None req-8a4c2042-2920-4b90-9b84-459f80cd3f43 tempest-SnapshotsActionsTest-1818712012 None] Acquiring lock "cinder-quobyte-a3374d5c-9736-4052-aa76-0a4c24b8ce91" by "_delete_snapshot" {{(pid=84248) __acquire /opt/stack/cinder/cinder/coordination.py:138}}
Feb 28 04:43:24 devstack cinder-volume[84248]: DEBUG cinder.coordination [None req-8a4c2042-2920-4b90-9b84-459f80cd3f43 tempest-SnapshotsActionsTest-1818712012 None] Lock "cinder-quobyte-a3374d5c-9736-4052-aa76-0a4c24b8ce91" acquired by "_delete_snapshot" :: waited 0.007s {{(pid=84248) __acquire /opt/stack/cinder/cinder/coordination.py:141}}
Feb 28 04:43:24 devstack cinder-volume[84248]: DEBUG cinder.volume.drivers.remotefs [None req-8a4c2042-2920-4b90-9b84-459f80cd3f43 tempest-SnapshotsActionsTest-1818712012 None] Deleting offline snapshot a3374d5c-9736-4052-aa76-0a4c24b8ce91 of volume 0a27a465-7230-4e68-9540-285c134cf1c5 {{(pid=84248) _delete_snapshot /opt/stack/cinder/cinder/volume/drivers/remotefs.py:1288}}
Feb 28 04:43:24 devstack cinder-volume[84248]: DEBUG cinder.volume.drivers.remotefs [None req-8a4c2042-2920-4b90-9b84-459f80cd3f43 tempest-SnapshotsActionsTest-1818712012 None] snapshot_file for this snap is: volume-0a27a465-7230-4e68-9540-285c134cf1c5.a3374d5c-9736-4052-aa76-0a4c24b8ce91 {{(pid=84248) _delete_snapshot /opt/stack/cinder/cinder/volume/drivers/remotefs.py:1317}}
Feb 28 04:43:24 devstack cinder-volume[84248]: DEBUG oslo.privsep.daemon [-] privsep: reply[b296b87e-84cb-4c29-869e-016b591cdc1e]: (4, 'qcow2') {{(pid=85115) _call_back /opt/stack/data/venv/lib/python3.10/site-packages/oslo_privsep/daemon.py:573}}
Feb 28 04:43:24 devstack cinder-volume[84248]: DEBUG oslo_concurrency.processutils [None req-8a4c2042-2920-4b90-9b84-459f80cd3f43 tempest-SnapshotsActionsTest-1818712012 None] Running cmd (subprocess): /opt/stack/data/venv/bin/python3.10 -m oslo_concurrency.prlimit --as=1073741824 --cpu=60 -- sudo cinder-rootwrap /etc/cinder/rootwrap.conf env LC_ALL=C qemu-img info -f qcow2 --output=json --force-share /opt/stack/data/cinder/mnt/208e5ac7c61e38b724d88655bbd6c7cc/volume-0a27a465-7230-4e68-9540-285c134cf1c5.a3374d5c-9736-4052-aa76-0a4c24b8ce91 {{(pid=84248) execute /opt/stack/data/venv/lib/python3.10/site-packages/oslo_concurrency/processutils.py:440}}
Feb 28 04:43:24 devstack sudo[87079]: quobyte : PWD=/ ; USER=root ; COMMAND=/opt/stack/data/venv/bin/cinder-rootwrap /etc/cinder/rootwrap.conf env LC_ALL=C qemu-img info -f qcow2 --output=json --force-share /opt/stack/data/cinder/mnt/208e5ac7c61e38b724d88655bbd6c7cc/volume-2b69a8bf-8f4b-4ff7-ad3a-bdd1fe0c9f27.ace032fd-491a-4071-91e4-92e9ff15edef
Feb 28 04:43:24 devstack sudo[87079]: pam_unix(sudo:session): session opened for user root(uid=0) by (uid=1000)
Feb 28 04:43:24 devstack sudo[87080]: quobyte : PWD=/ ; USER=root ; COMMAND=/opt/stack/data/venv/bin/cinder-rootwrap /etc/cinder/rootwrap.conf env LC_ALL=C qemu-img info -f qcow2 --output=json --force-share /opt/stack/data/cinder/mnt/208e5ac7c61e38b724d88655bbd6c7cc/volume-0a27a465-7230-4e68-9540-285c134cf1c5.a3374d5c-9736-4052-aa76-0a4c24b8ce91
Feb 28 04:43:24 devstack sudo[87080]: pam_unix(sudo:session): session opened for user root(uid=0) by (uid=1000)
Feb 28 04:43:24 devstack cinder-volume[84248]: DEBUG oslo_service.periodic_task [None req-c7c8cbf8-bf08-4821-a73f-2f99a2a5debd None None] Running periodic task VolumeManager.publish_service_capabilities {{(pid=84248) run_periodic_tasks /opt/stack/data/venv/lib/python3.10/site-packages/oslo_service/periodic_task.py:210}}
Feb 28 04:43:24 devstack cinder-volume[84248]: DEBUG oslo_concurrency.lockutils [None req-c7c8cbf8-bf08-4821-a73f-2f99a2a5debd None None] Acquiring lock "quobyte_ensure" by "cinder.volume.drivers.quobyte.QuobyteDriver._ensure_shares_mounted" {{(pid=84248) inner /opt/stack/data/venv/lib/python3.10/site-packages/oslo_concurrency/lockutils.py:506}}
Feb 28 04:43:24 devstack cinder-volume[84248]: DEBUG oslo_concurrency.lockutils [None req-c7c8cbf8-bf08-4821-a73f-2f99a2a5debd None None] Lock "quobyte_ensure" acquired by "cinder.volume.drivers.quobyte.QuobyteDriver._ensure_shares_mounted" :: waited 0.000s {{(pid=84248) inner /opt/stack/data/venv/lib/python3.10/site-packages/oslo_concurrency/lockutils.py:519}}
Feb 28 04:43:24 devstack cinder-volume[84248]: DEBUG cinder.volume.drivers.quobyte [None req-c7c8cbf8-bf08-4821-a73f-2f99a2a5debd None None] Quobyte Volume URL set to: {'osci02.corp.quobyte.com/cinder-vol-384918f6-57d3-4c2d-bd55-31f15c9fa035': None} {{(pid=84248) _load_shares_config /opt/stack/cinder/cinder/volume/drivers/quobyte.py:617}}
Feb 28 04:43:24 devstack cinder-volume[84248]: DEBUG cinder.volume.drivers.quobyte [None req-c7c8cbf8-bf08-4821-a73f-2f99a2a5debd None None] Available shares ['osci02.corp.quobyte.com/cinder-vol-384918f6-57d3-4c2d-bd55-31f15c9fa035'] {{(pid=84248) _ensure_shares_mounted /opt/stack/cinder/cinder/volume/drivers/quobyte.py:647}}
Feb 28 04:43:24 devstack cinder-volume[84248]: DEBUG oslo_concurrency.lockutils [None req-c7c8cbf8-bf08-4821-a73f-2f99a2a5debd None None] Lock "quobyte_ensure" "released" by "cinder.volume.drivers.quobyte.QuobyteDriver._ensure_shares_mounted" :: held 0.004s {{(pid=84248) inner /opt/stack/data/venv/lib/python3.10/site-packages/oslo_concurrency/lockutils.py:538}}
