Jul 06 10:10:42 devstack cinder-volume[86456]: DEBUG oslo_concurrency.processutils [None req-5ee4786b-573c-4065-857c-0839c85c32c0 tempest-VolumesGetTest-1542691028 None] Running cmd (subprocess): sudo cinder-rootwrap /etc/cinder/rootwrap.conf qemu-img rebase -u -b volume-954d16f4-3451-4b59-87ca-89d964e533bd -F qcow2 /opt/stack/data/cinder/mnt/dcb324c987fd72ed1af58f995ea38dfe/volume-954d16f4-3451-4b59-87ca-89d964e533bd.c93ea97f-ea36-45a4-9a8e-d47aeb50c777 {{(pid=86456) execute /opt/stack/data/venv/lib/python3.12/site-packages/oslo_concurrency/processutils.py:440}}
Jul 06 10:10:42 devstack sudo[92591]: quobyte : PWD=/ ; USER=root ; COMMAND=/opt/stack/data/venv/bin/cinder-rootwrap /etc/cinder/rootwrap.conf qemu-img rebase -u -b volume-954d16f4-3451-4b59-87ca-89d964e533bd -F qcow2 /opt/stack/data/cinder/mnt/dcb324c987fd72ed1af58f995ea38dfe/volume-954d16f4-3451-4b59-87ca-89d964e533bd.c93ea97f-ea36-45a4-9a8e-d47aeb50c777
Jul 06 10:10:42 devstack sudo[92591]: pam_unix(sudo:session): session opened for user root(uid=0) by (uid=1000)
Jul 06 10:10:43 devstack cinder-volume[86456]: DEBUG oslo_concurrency.processutils [None req-5ee4786b-573c-4065-857c-0839c85c32c0 tempest-VolumesGetTest-1542691028 None] CMD "sudo cinder-rootwrap /etc/cinder/rootwrap.conf qemu-img rebase -u -b volume-954d16f4-3451-4b59-87ca-89d964e533bd -F qcow2 /opt/stack/data/cinder/mnt/dcb324c987fd72ed1af58f995ea38dfe/volume-954d16f4-3451-4b59-87ca-89d964e533bd.c93ea97f-ea36-45a4-9a8e-d47aeb50c777" returned: 0 in 1.213s {{(pid=86456) execute /opt/stack/data/venv/lib/python3.12/site-packages/oslo_concurrency/processutils.py:468}}
Jul 06 10:10:43 devstack cinder-volume[86456]: WARNING cinder.volume.drivers.remotefs [None req-5ee4786b-573c-4065-857c-0839c85c32c0 tempest-VolumesGetTest-1542691028 None] /opt/stack/data/cinder/mnt/dcb324c987fd72ed1af58f995ea38dfe/volume-954d16f4-3451-4b59-87ca-89d964e533bd.c93ea97f-ea36-45a4-9a8e-d47aeb50c777 is being set with open permissions: ugo+rw
Jul 06 10:10:43 devstack cinder-volume[86456]: DEBUG oslo_concurrency.processutils [None req-5ee4786b-573c-4065-857c-0839c85c32c0 tempest-VolumesGetTest-1542691028 None] Running cmd (subprocess): sudo cinder-rootwrap /etc/cinder/rootwrap.conf chmod ugo+rw /opt/stack/data/cinder/mnt/dcb324c987fd72ed1af58f995ea38dfe/volume-954d16f4-3451-4b59-87ca-89d964e533bd.c93ea97f-ea36-45a4-9a8e-d47aeb50c777 {{(pid=86456) execute /opt/stack/data/venv/lib/python3.12/site-packages/oslo_concurrency/processutils.py:440}}
Jul 06 10:10:43 devstack sudo[92591]: pam_unix(sudo:session): session closed for user root
Jul 06 10:10:43 devstack sudo[92606]: quobyte : PWD=/ ; USER=root ; COMMAND=/opt/stack/data/venv/bin/cinder-rootwrap /etc/cinder/rootwrap.conf chmod ugo+rw /opt/stack/data/cinder/mnt/dcb324c987fd72ed1af58f995ea38dfe/volume-954d16f4-3451-4b59-87ca-89d964e533bd.c93ea97f-ea36-45a4-9a8e-d47aeb50c777
Jul 06 10:10:43 devstack sudo[92606]: pam_unix(sudo:session): session opened for user root(uid=0) by (uid=1000)
Jul 06 10:10:44 devstack sudo[92606]: pam_unix(sudo:session): session closed for user root
Jul 06 10:10:44 devstack cinder-volume[86456]: DEBUG oslo_concurrency.processutils [None req-5ee4786b-573c-4065-857c-0839c85c32c0 tempest-VolumesGetTest-1542691028 None] CMD "sudo cinder-rootwrap /etc/cinder/rootwrap.conf chmod ugo+rw /opt/stack/data/cinder/mnt/dcb324c987fd72ed1af58f995ea38dfe/volume-954d16f4-3451-4b59-87ca-89d964e533bd.c93ea97f-ea36-45a4-9a8e-d47aeb50c777" returned: 0 in 0.950s {{(pid=86456) execute /opt/stack/data/venv/lib/python3.12/site-packages/oslo_concurrency/processutils.py:468}}
Jul 06 10:10:44 devstack cinder-volume[86456]: DEBUG oslo_concurrency.processutils [None req-5ee4786b-573c-4065-857c-0839c85c32c0 tempest-VolumesGetTest-1542691028 None] Running cmd (subprocess): sudo cinder-rootwrap /etc/cinder/rootwrap.conf truncate -s0 /opt/stack/data/cinder/mnt/dcb324c987fd72ed1af58f995ea38dfe/volume-954d16f4-3451-4b59-87ca-89d964e533bd.info {{(pid=86456) execute /opt/stack/data/venv/lib/python3.12/site-packages/oslo_concurrency/processutils.py:440}}
Jul 06 10:10:44 devstack sudo[92611]: quobyte : PWD=/ ; USER=root ; COMMAND=/opt/stack/data/venv/bin/cinder-rootwrap /etc/cinder/rootwrap.conf truncate -s0 /opt/stack/data/cinder/mnt/dcb324c987fd72ed1af58f995ea38dfe/volume-954d16f4-3451-4b59-87ca-89d964e533bd.info
Jul 06 10:10:44 devstack sudo[92611]: pam_unix(sudo:session): session opened for user root(uid=0) by (uid=1000)
Jul 06 10:10:45 devstack sudo[92611]: pam_unix(sudo:session): session closed for user root
Jul 06 10:10:45 devstack cinder-volume[86456]: DEBUG oslo_concurrency.processutils [None req-5ee4786b-573c-4065-857c-0839c85c32c0 tempest-VolumesGetTest-1542691028 None] CMD "sudo cinder-rootwrap /etc/cinder/rootwrap.conf truncate -s0 /opt/stack/data/cinder/mnt/dcb324c987fd72ed1af58f995ea38dfe/volume-954d16f4-3451-4b59-87ca-89d964e533bd.info" returned: 0 in 0.789s {{(pid=86456) execute /opt/stack/data/venv/lib/python3.12/site-packages/oslo_concurrency/processutils.py:468}}
Jul 06 10:10:45 devstack cinder-volume[86456]: WARNING cinder.volume.drivers.remotefs [None req-5ee4786b-573c-4065-857c-0839c85c32c0 tempest-VolumesGetTest-1542691028 None] /opt/stack/data/cinder/mnt/dcb324c987fd72ed1af58f995ea38dfe/volume-954d16f4-3451-4b59-87ca-89d964e533bd.info is being set with open permissions: ugo+rw
Jul 06 10:10:45 devstack cinder-volume[86456]: DEBUG oslo_concurrency.processutils [None req-5ee4786b-573c-4065-857c-0839c85c32c0 tempest-VolumesGetTest-1542691028 None] Running cmd (subprocess): sudo cinder-rootwrap /etc/cinder/rootwrap.conf chmod ugo+rw /opt/stack/data/cinder/mnt/dcb324c987fd72ed1af58f995ea38dfe/volume-954d16f4-3451-4b59-87ca-89d964e533bd.info {{(pid=86456) execute /opt/stack/data/venv/lib/python3.12/site-packages/oslo_concurrency/processutils.py:440}}
Jul 06 10:10:45 devstack sudo[92615]: quobyte : PWD=/ ; USER=root ; COMMAND=/opt/stack/data/venv/bin/cinder-rootwrap /etc/cinder/rootwrap.conf chmod ugo+rw /opt/stack/data/cinder/mnt/dcb324c987fd72ed1af58f995ea38dfe/volume-954d16f4-3451-4b59-87ca-89d964e533bd.info
Jul 06 10:10:45 devstack sudo[92615]: pam_unix(sudo:session): session opened for user root(uid=0) by (uid=1000)
Jul 06 10:10:46 devstack sudo[92615]: pam_unix(sudo:session): session closed for user root
Jul 06 10:10:46 devstack cinder-volume[86456]: DEBUG oslo_concurrency.processutils [None req-5ee4786b-573c-4065-857c-0839c85c32c0 tempest-VolumesGetTest-1542691028 None] CMD "sudo cinder-rootwrap /etc/cinder/rootwrap.conf chmod ugo+rw /opt/stack/data/cinder/mnt/dcb324c987fd72ed1af58f995ea38dfe/volume-954d16f4-3451-4b59-87ca-89d964e533bd.info" returned: 0 in 0.835s {{(pid=86456) execute /opt/stack/data/venv/lib/python3.12/site-packages/oslo_concurrency/processutils.py:468}}
Jul 06 10:10:46 devstack cinder-volume[86456]: DEBUG cinder.coordination [None req-5ee4786b-573c-4065-857c-0839c85c32c0 tempest-VolumesGetTest-1542691028 None] Acquiring lock "cinder-quobyte-dc9c05b9-0941-4f62-bb86-8d8aea0fecf8" by "_copy_volume_from_snapshot" {{(pid=86456) __acquire /opt/stack/cinder/cinder/coordination.py:138}}
Jul 06 10:10:46 devstack cinder-volume[86456]: DEBUG cinder.coordination [None req-5ee4786b-573c-4065-857c-0839c85c32c0 tempest-VolumesGetTest-1542691028 None] Lock "cinder-quobyte-dc9c05b9-0941-4f62-bb86-8d8aea0fecf8" acquired by "_copy_volume_from_snapshot" :: waited 0.022s {{(pid=86456) __acquire /opt/stack/cinder/cinder/coordination.py:141}}
Jul 06 10:10:46 devstack cinder-volume[86456]: DEBUG cinder.volume.drivers.quobyte [None req-5ee4786b-573c-4065-857c-0839c85c32c0 tempest-VolumesGetTest-1542691028 None] snapshot: c93ea97f-ea36-45a4-9a8e-d47aeb50c777, volume: dc9c05b9-0941-4f62-bb86-8d8aea0fecf8, {{(pid=86456) _copy_volume_from_snapshot /opt/stack/cinder/cinder/volume/drivers/quobyte.py:401}}
Jul 06 10:10:46 devstack cinder-volume[86456]: DEBUG oslo_concurrency.lockutils [None req-5ee4786b-573c-4065-857c-0839c85c32c0 tempest-VolumesGetTest-1542691028 None] Acquiring lock "quobyte_ensure" by "cinder.volume.drivers.quobyte.QuobyteDriver._ensure_shares_mounted" {{(pid=86456) inner /opt/stack/data/venv/lib/python3.12/site-packages/oslo_concurrency/lockutils.py:511}}
Jul 06 10:10:46 devstack cinder-volume[86456]: DEBUG oslo_concurrency.lockutils [None req-5ee4786b-573c-4065-857c-0839c85c32c0 tempest-VolumesGetTest-1542691028 None] Lock "quobyte_ensure" acquired by "cinder.volume.drivers.quobyte.QuobyteDriver._ensure_shares_mounted" :: waited 0.001s {{(pid=86456) inner /opt/stack/data/venv/lib/python3.12/site-packages/oslo_concurrency/lockutils.py:524}}
Jul 06 10:10:46 devstack cinder-volume[86456]: DEBUG cinder.volume.drivers.quobyte [None req-5ee4786b-573c-4065-857c-0839c85c32c0 tempest-VolumesGetTest-1542691028 None] Quobyte Volume URL set to: {'osci02.corp.quobyte.com/cinder-vol-dedafeec-2488-42a1-b8ed-a1c675f0fcba': None} {{(pid=86456) _load_shares_config /opt/stack/cinder/cinder/volume/drivers/quobyte.py:617}}
Jul 06 10:10:46 devstack cinder-volume[86456]: DEBUG cinder.volume.drivers.quobyte [None req-5ee4786b-573c-4065-857c-0839c85c32c0 tempest-VolumesGetTest-1542691028 None] Available shares ['osci02.corp.quobyte.com/cinder-vol-dedafeec-2488-42a1-b8ed-a1c675f0fcba'] {{(pid=86456) _ensure_shares_mounted /opt/stack/cinder/cinder/volume/drivers/quobyte.py:647}}
Jul 06 10:10:46 devstack cinder-volume[86456]: DEBUG oslo_concurrency.lockutils [None req-5ee4786b-573c-4065-857c-0839c85c32c0 tempest-VolumesGetTest-1542691028 None] Lock "quobyte_ensure" "released" by "cinder.volume.drivers.quobyte.QuobyteDriver._ensure_shares_mounted" :: held 0.007s {{(pid=86456) inner /opt/stack/data/venv/lib/python3.12/site-packages/oslo_concurrency/lockutils.py:543}}
Jul 06 10:10:46 devstack cinder-volume[86456]: DEBUG oslo.privsep.daemon [-] privsep: reply[9b253ace-d0d8-4967-a016-78b70511e868]: (4, 'qcow2') {{(pid=87116) _call_back /opt/stack/data/venv/lib/python3.12/site-packages/oslo_privsep/daemon.py:580}}
Jul 06 10:10:46 devstack cinder-volume[86456]: DEBUG oslo_concurrency.processutils [None req-5ee4786b-573c-4065-857c-0839c85c32c0 tempest-VolumesGetTest-1542691028 None] Running cmd (subprocess): /opt/stack/data/venv/bin/python3.12 -m oslo_concurrency.prlimit --as=1073741824 --cpu=60 -- sudo cinder-rootwrap /etc/cinder/rootwrap.conf env LC_ALL=C qemu-img info -f qcow2 --output=json --force-share /opt/stack/data/cinder/mnt/dcb324c987fd72ed1af58f995ea38dfe/volume-954d16f4-3451-4b59-87ca-89d964e533bd.c93ea97f-ea36-45a4-9a8e-d47aeb50c777 {{(pid=86456) execute /opt/stack/data/venv/lib/python3.12/site-packages/oslo_concurrency/processutils.py:440}}
Jul 06 10:10:46 devstack sudo[92619]: quobyte : PWD=/ ; USER=root ; COMMAND=/opt/stack/data/venv/bin/cinder-rootwrap /etc/cinder/rootwrap.conf env LC_ALL=C qemu-img info -f qcow2 --output=json --force-share /opt/stack/data/cinder/mnt/dcb324c987fd72ed1af58f995ea38dfe/volume-954d16f4-3451-4b59-87ca-89d964e533bd.c93ea97f-ea36-45a4-9a8e-d47aeb50c777
Jul 06 10:10:46 devstack sudo[92619]: pam_unix(sudo:session): session opened for user root(uid=0) by (uid=1000)
Jul 06 10:10:47 devstack sudo[92619]: pam_unix(sudo:session): session closed for user root
Jul 06 10:10:47 devstack cinder-volume[86456]: DEBUG oslo_concurrency.processutils [None req-5ee4786b-573c-4065-857c-0839c85c32c0 tempest-VolumesGetTest-1542691028 None] CMD "/opt/stack/data/venv/bin/python3.12 -m oslo_concurrency.prlimit --as=1073741824 --cpu=60 -- sudo cinder-rootwrap /etc/cinder/rootwrap.conf env LC_ALL=C qemu-img info -f qcow2 --output=json --force-share /opt/stack/data/cinder/mnt/dcb324c987fd72ed1af58f995ea38dfe/volume-954d16f4-3451-4b59-87ca-89d964e533bd.c93ea97f-ea36-45a4-9a8e-d47aeb50c777" returned: 0 in 0.890s {{(pid=86456) execute /opt/stack/data/venv/lib/python3.12/site-packages/oslo_concurrency/processutils.py:468}}
Jul 06 10:10:47 devstack cinder-volume[86456]: DEBUG cinder.volume.drivers.remotefs [None req-5ee4786b-573c-4065-857c-0839c85c32c0 tempest-VolumesGetTest-1542691028 None] Fetching qemu-img info with special backing_file_template: (/opt/stack/data/cinder/mnt/[0-9a-f]+/)?(volume-954d16f4-3451-4b59-87ca-89d964e533bd(.(tmp-snap-)?[0-9a-f-]+)?|volume_from_snapshot_cache/(tmp-snap-)?[0-9a-f-]+(.(child-|parent-)[0-9a-f-]+)?)$ {{(pid=86456) _qemu_img_info_base /opt/stack/cinder/cinder/volume/drivers/remotefs.py:896}}
Jul 06 10:10:47 devstack cinder-volume[86456]: DEBUG cinder.volume.drivers.quobyte [None req-5ee4786b-573c-4065-857c-0839c85c32c0 tempest-VolumesGetTest-1542691028 None] will copy from snapshot at /opt/stack/data/cinder/mnt/dcb324c987fd72ed1af58f995ea38dfe/volume-954d16f4-3451-4b59-87ca-89d964e533bd {{(pid=86456) _copy_volume_from_snapshot /opt/stack/cinder/cinder/volume/drivers/quobyte.py:420}}
Jul 06 10:10:47 devstack cinder-volume[86456]: DEBUG cinder.volume.drivers.quobyte [None req-5ee4786b-573c-4065-857c-0839c85c32c0 tempest-VolumesGetTest-1542691028 None] Creating direct copy from snapshot {{(pid=86456) _copy_volume_from_snapshot /opt/stack/cinder/cinder/volume/drivers/quobyte.py:428}}
Jul 06 10:10:47 devstack cinder-volume[86456]: DEBUG oslo.privsep.daemon [-] privsep: reply[17f61765-83bd-4c31-b2a9-5acda76cfc44]: (4, 'qcow2') {{(pid=87116) _call_back /opt/stack/data/venv/lib/python3.12/site-packages/oslo_privsep/daemon.py:580}}
Jul 06 10:10:47 devstack cinder-volume[86456]: DEBUG oslo_concurrency.processutils [None req-5ee4786b-573c-4065-857c-0839c85c32c0 tempest-VolumesGetTest-1542691028 None] Running cmd (subprocess): /opt/stack/data/venv/bin/python3.12 -m oslo_concurrency.prlimit --as=1073741824 --cpu=60 -- sudo cinder-rootwrap /etc/cinder/rootwrap.conf env LC_ALL=C qemu-img info -f qcow2 --output=json /opt/stack/data/cinder/mnt/dcb324c987fd72ed1af58f995ea38dfe/volume-954d16f4-3451-4b59-87ca-89d964e533bd {{(pid=86456) execute /opt/stack/data/venv/lib/python3.12/site-packages/oslo_concurrency/processutils.py:440}}
Jul 06 10:10:47 devstack sudo[92626]: quobyte : PWD=/ ; USER=root ; COMMAND=/opt/stack/data/venv/bin/cinder-rootwrap /etc/cinder/rootwrap.conf env LC_ALL=C qemu-img info -f qcow2 --output=json /opt/stack/data/cinder/mnt/dcb324c987fd72ed1af58f995ea38dfe/volume-954d16f4-3451-4b59-87ca-89d964e533bd
Jul 06 10:10:47 devstack sudo[92626]: pam_unix(sudo:session): session opened for user root(uid=0) by (uid=1000)
Jul 06 10:10:48 devstack sudo[92626]: pam_unix(sudo:session): session closed for user root
Jul 06 10:10:48 devstack cinder-volume[86456]: DEBUG oslo_concurrency.processutils [None req-5ee4786b-573c-4065-857c-0839c85c32c0 tempest-VolumesGetTest-1542691028 None] CMD "/opt/stack/data/venv/bin/python3.12 -m oslo_concurrency.prlimit --as=1073741824 --cpu=60 -- sudo cinder-rootwrap /etc/cinder/rootwrap.conf env LC_ALL=C qemu-img info -f qcow2 --output=json /opt/stack/data/cinder/mnt/dcb324c987fd72ed1af58f995ea38dfe/volume-954d16f4-3451-4b59-87ca-89d964e533bd" returned: 0 in 1.090s {{(pid=86456) execute /opt/stack/data/venv/lib/python3.12/site-packages/oslo_concurrency/processutils.py:468}}
Jul 06 10:10:48 devstack cinder-volume[86456]: DEBUG cinder.utils [None req-5ee4786b-573c-4065-857c-0839c85c32c0 tempest-VolumesGetTest-1542691028 None] Path /opt/stack/data/cinder/mnt/dcb324c987fd72ed1af58f995ea38dfe/volume-dc9c05b9-0941-4f62-bb86-8d8aea0fecf8 not found in is_blk_device check {{(pid=86456) is_blk_device /opt/stack/cinder/cinder/utils.py:615}}
Jul 06 10:10:48 devstack cinder-volume[86456]: DEBUG oslo_concurrency.processutils [None req-5ee4786b-573c-4065-857c-0839c85c32c0 tempest-VolumesGetTest-1542691028 None] Running cmd (subprocess): sudo cinder-rootwrap /etc/cinder/rootwrap.conf qemu-img convert -O qcow2 /opt/stack/data/cinder/mnt/dcb324c987fd72ed1af58f995ea38dfe/volume-954d16f4-3451-4b59-87ca-89d964e533bd /opt/stack/data/cinder/mnt/dcb324c987fd72ed1af58f995ea38dfe/volume-dc9c05b9-0941-4f62-bb86-8d8aea0fecf8 {{(pid=86456) execute /opt/stack/data/venv/lib/python3.12/site-packages/oslo_concurrency/processutils.py:440}}
Jul 06 10:10:48 devstack sudo[92636]: quobyte : PWD=/ ; USER=root ; COMMAND=/opt/stack/data/venv/bin/cinder-rootwrap /etc/cinder/rootwrap.conf qemu-img convert -O qcow2 /opt/stack/data/cinder/mnt/dcb324c987fd72ed1af58f995ea38dfe/volume-954d16f4-3451-4b59-87ca-89d964e533bd /opt/stack/data/cinder/mnt/dcb324c987fd72ed1af58f995ea38dfe/volume-dc9c05b9-0941-4f62-bb86-8d8aea0fecf8
Jul 06 10:10:48 devstack sudo[92636]: pam_unix(sudo:session): session opened for user root(uid=0) by (uid=1000)
Jul 06 10:10:54 devstack cinder-volume[86456]: DEBUG dbcounter [-] [86456] Writing DB stats cinder:UPDATE=58,cinder:SELECT=40,cinder:INSERT=14,cinder:DELETE=4 {{(pid=86456) stat_writer /opt/stack/data/venv/lib/python3.12/site-packages/dbcounter.py:115}}
Jul 06 10:10:54 devstack cinder-volume[86456]: DEBUG dbcounter [-] [86456] Writing DB stats cinder:SELECT=43,cinder:UPDATE=47,cinder:INSERT=10,cinder:DELETE=6 {{(pid=86456) stat_writer /opt/stack/data/venv/lib/python3.12/site-packages/dbcounter.py:115}}
Jul 06 10:10:55 devstack sudo[92636]: pam_unix(sudo:session): session closed for user root
Jul 06 10:10:55 devstack cinder-volume[86456]: DEBUG oslo_concurrency.processutils [None req-5ee4786b-573c-4065-857c-0839c85c32c0 tempest-VolumesGetTest-1542691028 None] CMD "sudo cinder-rootwrap /etc/cinder/rootwrap.conf qemu-img convert -O qcow2 /opt/stack/data/cinder/mnt/dcb324c987fd72ed1af58f995ea38dfe/volume-954d16f4-3451-4b59-87ca-89d964e533bd /opt/stack/data/cinder/mnt/dcb324c987fd72ed1af58f995ea38dfe/volume-dc9c05b9-0941-4f62-bb86-8d8aea0fecf8" returned: 0 in 6.885s {{(pid=86456) execute /opt/stack/data/venv/lib/python3.12/site-packages/oslo_concurrency/processutils.py:468}}
Jul 06 10:10:55 devstack cinder-volume[86456]: DEBUG oslo.privsep.daemon [-] privsep: reply[4ba96e20-e982-446c-a1c4-c487f099db7b]: (4, 'qcow2') {{(pid=87116) _call_back /opt/stack/data/venv/lib/python3.12/site-packages/oslo_privsep/daemon.py:580}}
Jul 06 10:10:55 devstack cinder-volume[86456]: DEBUG oslo_concurrency.processutils [None req-5ee4786b-573c-4065-857c-0839c85c32c0 tempest-VolumesGetTest-1542691028 None] Running cmd (subprocess): /opt/stack/data/venv/bin/python3.12 -m oslo_concurrency.prlimit --as=1073741824 --cpu=60 -- sudo cinder-rootwrap /etc/cinder/rootwrap.conf env LC_ALL=C qemu-img info -f qcow2 --output=json /opt/stack/data/cinder/mnt/dcb324c987fd72ed1af58f995ea38dfe/volume-954d16f4-3451-4b59-87ca-89d964e533bd {{(pid=86456) execute /opt/stack/data/venv/lib/python3.12/site-packages/oslo_concurrency/processutils.py:440}}
Jul 06 10:10:55 devstack sudo[92719]: quobyte : PWD=/ ; USER=root ; COMMAND=/opt/stack/data/venv/bin/cinder-rootwrap /etc/cinder/rootwrap.conf env LC_ALL=C qemu-img info -f qcow2 --output=json /opt/stack/data/cinder/mnt/dcb324c987fd72ed1af58f995ea38dfe/volume-954d16f4-3451-4b59-87ca-89d964e533bd
Jul 06 10:10:55 devstack sudo[92719]: pam_unix(sudo:session): session opened for user root(uid=0) by (uid=1000)
Jul 06 10:10:55 devstack cinder-volume[86456]: INFO cinder.volume.manager [req-9f2798b7-3a2c-436e-8b88-ccf578ff0fc2 req-43b3ec18-4200-4eb7-ae40-33a340c376fc tempest-AttachVolumeNegativeTest-328973155 None] Terminate volume connection completed successfully.
Jul 06 10:10:55 devstack cinder-volume[86456]: DEBUG cinder.volume.manager [req-9f2798b7-3a2c-436e-8b88-ccf578ff0fc2 req-43b3ec18-4200-4eb7-ae40-33a340c376fc tempest-AttachVolumeNegativeTest-328973155 None] Deleting attachment 2becd903-8451-4fdd-8db7-3f9a61ac5a3a. {{(pid=86456) attachment_delete /opt/stack/cinder/cinder/volume/manager.py:5055}}
Jul 06 10:10:56 devstack sudo[92719]: pam_unix(sudo:session): session closed for user root
Jul 06 10:10:56 devstack cinder-volume[86456]: DEBUG oslo_concurrency.processutils [None req-5ee4786b-573c-4065-857c-0839c85c32c0 tempest-VolumesGetTest-1542691028 None] CMD "/opt/stack/data/venv/bin/python3.12 -m oslo_concurrency.prlimit --as=1073741824 --cpu=60 -- sudo cinder-rootwrap /etc/cinder/rootwrap.conf env LC_ALL=C qemu-img info -f qcow2 --output=json /opt/stack/data/cinder/mnt/dcb324c987fd72ed1af58f995ea38dfe/volume-954d16f4-3451-4b59-87ca-89d964e533bd" returned: 0 in 1.184s {{(pid=86456) execute /opt/stack/data/venv/lib/python3.12/site-packages/oslo_concurrency/processutils.py:468}}
Jul 06 10:10:56 devstack cinder-volume[86456]: DEBUG cinder.image.image_utils [None req-5ee4786b-573c-4065-857c-0839c85c32c0 tempest-VolumesGetTest-1542691028 None] Image conversion details: src /opt/stack/data/cinder/mnt/dcb324c987fd72ed1af58f995ea38dfe/volume-954d16f4-3451-4b59-87ca-89d964e533bd, size 1024.00 MB, duration 6.89 sec, destination /opt/stack/data/cinder/mnt/dcb324c987fd72ed1af58f995ea38dfe/volume-dc9c05b9-0941-4f62-bb86-8d8aea0fecf8 {{(pid=86456) _convert_image /opt/stack/cinder/cinder/image/image_utils.py:536}}
Jul 06 10:10:56 devstack cinder-volume[86456]: INFO cinder.image.image_utils [None req-5ee4786b-573c-4065-857c-0839c85c32c0 tempest-VolumesGetTest-1542691028 None] Converted 1024.00 MB image at 148.69 MB/s
Jul 06 10:10:56 devstack cinder-volume[86456]: WARNING cinder.volume.drivers.remotefs [None req-5ee4786b-573c-4065-857c-0839c85c32c0 tempest-VolumesGetTest-1542691028 None] /opt/stack/data/cinder/mnt/dcb324c987fd72ed1af58f995ea38dfe/volume-dc9c05b9-0941-4f62-bb86-8d8aea0fecf8 is being set with open permissions: ugo+rw
Jul 06 10:10:56 devstack cinder-volume[86456]: DEBUG oslo_concurrency.processutils [None req-5ee4786b-573c-4065-857c-0839c85c32c0 tempest-VolumesGetTest-1542691028 None] Running cmd (subprocess): sudo cinder-rootwrap /etc/cinder/rootwrap.conf chmod ugo+rw /opt/stack/data/cinder/mnt/dcb324c987fd72ed1af58f995ea38dfe/volume-dc9c05b9-0941-4f62-bb86-8d8aea0fecf8 {{(pid=86456) execute /opt/stack/data/venv/lib/python3.12/site-packages/oslo_concurrency/processutils.py:440}}
Jul 06 10:10:56 devstack sudo[92771]: quobyte : PWD=/ ; USER=root ; COMMAND=/opt/stack/data/venv/bin/cinder-rootwrap /etc/cinder/rootwrap.conf chmod ugo+rw /opt/stack/data/cinder/mnt/dcb324c987fd72ed1af58f995ea38dfe/volume-dc9c05b9-0941-4f62-bb86-8d8aea0fecf8
Jul 06 10:10:56 devstack sudo[92771]: pam_unix(sudo:session): session opened for user root(uid=0) by (uid=1000)
Jul 06 10:10:57 devstack sudo[92771]: pam_unix(sudo:session): session closed for user root
Jul 06 10:10:57 devstack cinder-volume[86456]: DEBUG oslo_concurrency.processutils [None req-5ee4786b-573c-4065-857c-0839c85c32c0 tempest-VolumesGetTest-1542691028 None] CMD "sudo cinder-rootwrap /etc/cinder/rootwrap.conf chmod ugo+rw /opt/stack/data/cinder/mnt/dcb324c987fd72ed1af58f995ea38dfe/volume-dc9c05b9-0941-4f62-bb86-8d8aea0fecf8" returned: 0 in 0.810s {{(pid=86456) execute /opt/stack/data/venv/lib/python3.12/site-packages/oslo_concurrency/processutils.py:468}}
Jul 06 10:10:57 devstack cinder-volume[86456]: DEBUG cinder.coordination [None req-5ee4786b-573c-4065-857c-0839c85c32c0 tempest-VolumesGetTest-1542691028 None] Lock "cinder-quobyte-dc9c05b9-0941-4f62-bb86-8d8aea0fecf8" released by "_copy_volume_from_snapshot" :: held 10.981s {{(pid=86456) __release /opt/stack/cinder/cinder/coordination.py:152}}
Jul 06 10:10:57 devstack cinder-volume[86456]: DEBUG cinder.coordination [None req-5ee4786b-573c-4065-857c-0839c85c32c0 tempest-VolumesGetTest-1542691028 None] Acquiring lock "cinder-quobyte-c93ea97f-ea36-45a4-9a8e-d47aeb50c777" by "_delete_snapshot" {{(pid=86456) __acquire /opt/stack/cinder/cinder/coordination.py:138}}
Jul 06 10:10:57 devstack cinder-volume[86456]: DEBUG cinder.coordination [None req-5ee4786b-573c-4065-857c-0839c85c32c0 tempest-VolumesGetTest-1542691028 None] Lock "cinder-quobyte-c93ea97f-ea36-45a4-9a8e-d47aeb50c777" acquired by "_delete_snapshot" :: waited 0.018s {{(pid=86456) __acquire /opt/stack/cinder/cinder/coordination.py:141}}
Jul 06 10:10:57 devstack cinder-volume[86456]: DEBUG cinder.volume.drivers.remotefs [None req-5ee4786b-573c-4065-857c-0839c85c32c0 tempest-VolumesGetTest-1542691028 None] Deleting offline snapshot c93ea97f-ea36-45a4-9a8e-d47aeb50c777 of volume 954d16f4-3451-4b59-87ca-89d964e533bd {{(pid=86456) _delete_snapshot /opt/stack/cinder/cinder/volume/drivers/remotefs.py:1288}}
Jul 06 10:10:57 devstack cinder-volume[86456]: DEBUG cinder.volume.drivers.remotefs [None req-5ee4786b-573c-4065-857c-0839c85c32c0 tempest-VolumesGetTest-1542691028 None] snapshot_file for this snap is: volume-954d16f4-3451-4b59-87ca-89d964e533bd.c93ea97f-ea36-45a4-9a8e-d47aeb50c777 {{(pid=86456) _delete_snapshot /opt/stack/cinder/cinder/volume/drivers/remotefs.py:1317}}
Jul 06 10:10:57 devstack cinder-volume[86456]: DEBUG oslo.privsep.daemon [-] privsep: reply[b804a798-48d6-4ddf-8172-d7c20e3029ec]: (4, 'qcow2') {{(pid=87116) _call_back /opt/stack/data/venv/lib/python3.12/site-packages/oslo_privsep/daemon.py:580}}
Jul 06 10:10:57 devstack cinder-volume[86456]: DEBUG oslo_concurrency.processutils [None req-5ee4786b-573c-4065-857c-0839c85c32c0 tempest-VolumesGetTest-1542691028 None] Running cmd (subprocess): /opt/stack/data/venv/bin/python3.12 -m oslo_concurrency.prlimit --as=1073741824 --cpu=60 -- sudo cinder-rootwrap /etc/cinder/rootwrap.conf env LC_ALL=C qemu-img info -f qcow2 --output=json --force-share /opt/stack/data/cinder/mnt/dcb324c987fd72ed1af58f995ea38dfe/volume-954d16f4-3451-4b59-87ca-89d964e533bd.c93ea97f-ea36-45a4-9a8e-d47aeb50c777 {{(pid=86456) execute /opt/stack/data/venv/lib/python3.12/site-packages/oslo_concurrency/processutils.py:440}}
Jul 06 10:10:57 devstack sudo[92795]: quobyte : PWD=/ ; USER=root ; COMMAND=/opt/stack/data/venv/bin/cinder-rootwrap /etc/cinder/rootwrap.conf env LC_ALL=C qemu-img info -f qcow2 --output=json --force-share /opt/stack/data/cinder/mnt/dcb324c987fd72ed1af58f995ea38dfe/volume-954d16f4-3451-4b59-87ca-89d964e533bd.c93ea97f-ea36-45a4-9a8e-d47aeb50c777
Jul 06 10:10:57 devstack sudo[92795]: pam_unix(sudo:session): session opened for user root(uid=0) by (uid=1000)
Jul 06 10:10:58 devstack sudo[92795]: pam_unix(sudo:session): session closed for user root
Jul 06 10:10:58 devstack cinder-volume[86456]: DEBUG oslo_concurrency.processutils [None req-5ee4786b-573c-4065-857c-0839c85c32c0 tempest-VolumesGetTest-1542691028 None] CMD "/opt/stack/data/venv/bin/python3.12 -m oslo_concurrency.prlimit --as=1073741824 --cpu=60 -- sudo cinder-rootwrap /etc/cinder/rootwrap.conf env LC_ALL=C qemu-img info -f qcow2 --output=json --force-share /opt/stack/data/cinder/mnt/dcb324c987fd72ed1af58f995ea38dfe/volume-954d16f4-3451-4b59-87ca-89d964e533bd.c93ea97f-ea36-45a4-9a8e-d47aeb50c777" returned: 0 in 0.945s {{(pid=86456) execute /opt/stack/data/venv/lib/python3.12/site-packages/oslo_concurrency/processutils.py:468}}
Jul 06 10:10:58 devstack cinder-volume[86456]: DEBUG cinder.volume.drivers.remotefs [None req-5ee4786b-573c-4065-857c-0839c85c32c0 tempest-VolumesGetTest-1542691028 None] Fetching qemu-img info with special backing_file_template: (/opt/stack/data/cinder/mnt/[0-9a-f]+/)?(volume-954d16f4-3451-4b59-87ca-89d964e533bd(.(tmp-snap-)?[0-9a-f-]+)?|volume_from_snapshot_cache/(tmp-snap-)?[0-9a-f-]+(.(child-|parent-)[0-9a-f-]+)?)$ {{(pid=86456) _qemu_img_info_base /opt/stack/cinder/cinder/volume/drivers/remotefs.py:896}}
Jul 06 10:10:58 devstack cinder-volume[86456]: DEBUG oslo.privsep.daemon [-] privsep: reply[f0c5b13f-abe3-4f36-9fd3-3d4b0f9f9261]: (4, 'qcow2') {{(pid=87116) _call_back /opt/stack/data/venv/lib/python3.12/site-packages/oslo_privsep/daemon.py:580}}
Jul 06 10:10:58 devstack cinder-volume[86456]: DEBUG oslo_concurrency.processutils [None req-5ee4786b-573c-4065-857c-0839c85c32c0 tempest-VolumesGetTest-1542691028 None] Running cmd (subprocess): /opt/stack/data/venv/bin/python3.12 -m oslo_concurrency.prlimit --as=1073741824 --cpu=60 -- sudo cinder-rootwrap /etc/cinder/rootwrap.conf env LC_ALL=C qemu-img info -f qcow2 --output=json --force-share /opt/stack/data/cinder/mnt/dcb324c987fd72ed1af58f995ea38dfe/volume-954d16f4-3451-4b59-87ca-89d964e533bd {{(pid=86456) execute /opt/stack/data/venv/lib/python3.12/site-packages/oslo_concurrency/processutils.py:440}}
Jul 06 10:10:58 devstack sudo[92802]: quobyte : PWD=/ ; USER=root ; COMMAND=/opt/stack/data/venv/bin/cinder-rootwrap /etc/cinder/rootwrap.conf env LC_ALL=C qemu-img info -f qcow2 --output=json --force-share /opt/stack/data/cinder/mnt/dcb324c987fd72ed1af58f995ea38dfe/volume-954d16f4-3451-4b59-87ca-89d964e533bd
Jul 06 10:10:58 devstack sudo[92802]: pam_unix(sudo:session): session opened for user root(uid=0) by (uid=1000)
Jul 06 10:10:58 devstack cinder-volume[86456]: DEBUG oslo_service.periodic_task [None req-1d1c1be5-77e9-41c4-a366-a9e041d9c838 None None] Running periodic task VolumeManager.publish_service_capabilities {{(pid=86456) run_periodic_tasks /opt/stack/data/venv/lib/python3.12/site-packages/oslo_service/periodic_task.py:225}}
Jul 06 10:10:58 devstack cinder-volume[86456]: DEBUG oslo_concurrency.lockutils [None req-1d1c1be5-77e9-41c4-a366-a9e041d9c838 None None] Acquiring lock "quobyte_ensure" by "cinder.volume.drivers.quobyte.QuobyteDriver._ensure_shares_mounted" {{(pid=86456) inner /opt/stack/data/venv/lib/python3.12/site-packages/oslo_concurrency/lockutils.py:511}}
Jul 06 10:10:58 devstack cinder-volume[86456]: DEBUG oslo_concurrency.lockutils [None req-1d1c1be5-77e9-41c4-a366-a9e041d9c838 None None] Lock "quobyte_ensure" acquired by "cinder.volume.drivers.quobyte.QuobyteDriver._ensure_shares_mounted" :: waited 0.001s {{(pid=86456) inner /opt/stack/data/venv/lib/python3.12/site-packages/oslo_concurrency/lockutils.py:524}}
Jul 06 10:10:58 devstack cinder-volume[86456]: DEBUG cinder.volume.drivers.quobyte [None req-1d1c1be5-77e9-41c4-a366-a9e041d9c838 None None] Quobyte Volume URL set to: {'osci02.corp.quobyte.com/cinder-vol-dedafeec-2488-42a1-b8ed-a1c675f0fcba': None} {{(pid=86456) _load_shares_config /opt/stack/cinder/cinder/volume/drivers/quobyte.py:617}}
Jul 06 10:10:58 devstack cinder-volume[86456]: DEBUG cinder.volume.drivers.quobyte [None req-1d1c1be5-77e9-41c4-a366-a9e041d9c838 None None] Available shares ['osci02.corp.quobyte.com/cinder-vol-dedafeec-2488-42a1-b8ed-a1c675f0fcba'] {{(pid=86456) _ensure_shares_mounted /opt/stack/cinder/cinder/volume/drivers/quobyte.py:647}}
Jul 06 10:10:58 devstack cinder-volume[86456]: DEBUG oslo_concurrency.lockutils [None req-1d1c1be5-77e9-41c4-a366-a9e041d9c838 None None] Lock "quobyte_ensure" "released" by "cinder.volume.drivers.quobyte.QuobyteDriver._ensure_shares_mounted" :: held 0.013s {{(pid=86456) inner /opt/stack/data/venv/lib/python3.12/site-packages/oslo_concurrency/lockutils.py:543}}
Jul 06 10:10:58 devstack cinder-volume[86456]: DEBUG oslo_concurrency.processutils [None req-1d1c1be5-77e9-41c4-a366-a9e041d9c838 None None] Running cmd (subprocess): sudo cinder-rootwrap /etc/cinder/rootwrap.conf df --portability --block-size 1 /opt/stack/data/cinder/mnt/dcb324c987fd72ed1af58f995ea38dfe {{(pid=86456) execute /opt/stack/data/venv/lib/python3.12/site-packages/oslo_concurrency/processutils.py:440}}
Jul 06 10:10:59 devstack sudo[92810]: quobyte : PWD=/ ; USER=root ; COMMAND=/opt/stack/data/venv/bin/cinder-rootwrap /etc/cinder/rootwrap.conf df --portability --block-size 1 /opt/stack/data/cinder/mnt/dcb324c987fd72ed1af58f995ea38dfe
Jul 06 10:10:59 devstack sudo[92810]: pam_unix(sudo:session): session opened for user root(uid=0) by (uid=1000)
Jul 06 10:10:59 devstack sudo[92802]: pam_unix(sudo:session): session closed for user root
Jul 06 10:10:59 devstack cinder-volume[86456]: DEBUG oslo_concurrency.processutils [None req-5ee4786b-573c-4065-857c-0839c85c32c0 tempest-VolumesGetTest-1542691028 None] CMD "/opt/stack/data/venv/bin/python3.12 -m oslo_concurrency.prlimit --as=1073741824 --cpu=60 -- sudo cinder-rootwrap /etc/cinder/rootwrap.conf env LC_ALL=C qemu-img info -f qcow2 --output=json --force-share /opt/stack/data/cinder/mnt/dcb324c987fd72ed1af58f995ea38dfe/volume-954d16f4-3451-4b59-87ca-89d964e533bd" returned: 0 in 0.873s {{(pid=86456) execute /opt/stack/data/venv/lib/python3.12/site-packages/oslo_concurrency/processutils.py:468}}
Jul 06 10:10:59 devstack cinder-volume[86456]: DEBUG oslo_concurrency.processutils [None req-5ee4786b-573c-4065-857c-0839c85c32c0 tempest-VolumesGetTest-1542691028 None] Running cmd (subprocess): sudo cinder-rootwrap /etc/cinder/rootwrap.conf qemu-img commit -d /opt/stack/data/cinder/mnt/dcb324c987fd72ed1af58f995ea38dfe/volume-954d16f4-3451-4b59-87ca-89d964e533bd.c93ea97f-ea36-45a4-9a8e-d47aeb50c777 {{(pid=86456) execute /opt/stack/data/venv/lib/python3.12/site-packages/oslo_concurrency/processutils.py:440}}
Jul 06 10:10:59 devstack sudo[92815]: quobyte : PWD=/ ; USER=root ; COMMAND=/opt/stack/data/venv/bin/cinder-rootwrap /etc/cinder/rootwrap.conf qemu-img commit -d /opt/stack/data/cinder/mnt/dcb324c987fd72ed1af58f995ea38dfe/volume-954d16f4-3451-4b59-87ca-89d964e533bd.c93ea97f-ea36-45a4-9a8e-d47aeb50c777
Jul 06 10:10:59 devstack sudo[92815]: pam_unix(sudo:session): session opened for user root(uid=0) by (uid=1000)
Jul 06 10:10:59 devstack sudo[92810]: pam_unix(sudo:session): session closed for user root
Jul 06 10:10:59 devstack cinder-volume[86456]: DEBUG oslo_concurrency.processutils [None req-1d1c1be5-77e9-41c4-a366-a9e041d9c838 None None] CMD "sudo cinder-rootwrap /etc/cinder/rootwrap.conf df --portability --block-size 1 /opt/stack/data/cinder/mnt/dcb324c987fd72ed1af58f995ea38dfe" returned: 0 in 0.986s {{(pid=86456) execute /opt/stack/data/venv/lib/python3.12/site-packages/oslo_concurrency/processutils.py:468}}
Jul 06 10:10:59 devstack cinder-volume[86456]: DEBUG cinder.manager [None req-1d1c1be5-77e9-41c4-a366-a9e041d9c838 None None] Notifying Schedulers of capabilities ... {{(pid=86456) _publish_service_capabilities /opt/stack/cinder/cinder/manager.py:219}}
Jul 06 10:10:59 devstack cinder-volume[86456]: DEBUG oslo_service.periodic_task [None req-1d1c1be5-77e9-41c4-a366-a9e041d9c838 None None] Running periodic task VolumeManager._thread_info {{(pid=86456) run_periodic_tasks /opt/stack/data/venv/lib/python3.12/site-packages/oslo_service/periodic_task.py:225}}
Jul 06 10:10:59 devstack cinder-volume[86456]: DEBUG cinder.volume.manager [None req-1d1c1be5-77e9-41c4-a366-a9e041d9c838 None None] thread count: 28 {{(pid=86456) _thread_info /opt/stack/cinder/cinder/volume/manager.py:5472}}
Jul 06 10:10:59 devstack cinder-volume[86456]: DEBUG cinder.volume.manager [None req-1d1c1be5-77e9-41c4-a366-a9e041d9c838 None None] thread info: [<_MainThread(MainThread, started 128566397079680)>, , , , , , , , , , , , , , , , , , , , , , , , , , , ] {{(pid=86456) _thread_info /opt/stack/cinder/cinder/volume/manager.py:5473}}
Jul 06 10:11:00 devstack sudo[92815]: pam_unix(sudo:session): session closed for user root
Jul 06 10:11:00 devstack cinder-volume[86456]: DEBUG oslo_concurrency.processutils [None req-5ee4786b-573c-4065-857c-0839c85c32c0 tempest-VolumesGetTest-1542691028 None] CMD "sudo cinder-rootwrap /etc/cinder/rootwrap.conf qemu-img commit -d /opt/stack/data/cinder/mnt/dcb324c987fd72ed1af58f995ea38dfe/volume-954d16f4-3451-4b59-87ca-89d964e533bd.c93ea97f-ea36-45a4-9a8e-d47aeb50c777" returned: 0 in 0.944s {{(pid=86456) execute /opt/stack/data/venv/lib/python3.12/site-packages/oslo_concurrency/processutils.py:468}}
Jul 06 10:11:00 devstack cinder-volume[86456]: DEBUG oslo_concurrency.processutils [None req-5ee4786b-573c-4065-857c-0839c85c32c0 tempest-VolumesGetTest-1542691028 None] Running cmd (subprocess): sudo cinder-rootwrap /etc/cinder/rootwrap.conf rm -f /opt/stack/data/cinder/mnt/dcb324c987fd72ed1af58f995ea38dfe/volume-954d16f4-3451-4b59-87ca-89d964e533bd.c93ea97f-ea36-45a4-9a8e-d47aeb50c777 {{(pid=86456) execute /opt/stack/data/venv/lib/python3.12/site-packages/oslo_concurrency/processutils.py:440}}
Jul 06 10:11:00 devstack sudo[92836]: quobyte : PWD=/ ; USER=root ; COMMAND=/opt/stack/data/venv/bin/cinder-rootwrap /etc/cinder/rootwrap.conf rm -f /opt/stack/data/cinder/mnt/dcb324c987fd72ed1af58f995ea38dfe/volume-954d16f4-3451-4b59-87ca-89d964e533bd.c93ea97f-ea36-45a4-9a8e-d47aeb50c777
Jul 06 10:11:00 devstack sudo[92836]: pam_unix(sudo:session): session opened for user root(uid=0) by (uid=1000)
Jul 06 10:11:01 devstack sudo[92836]: pam_unix(sudo:session): session closed for user root
Jul 06 10:11:01 devstack cinder-volume[86456]: DEBUG oslo_concurrency.processutils [None req-5ee4786b-573c-4065-857c-0839c85c32c0 tempest-VolumesGetTest-1542691028 None] CMD "sudo cinder-rootwrap /etc/cinder/rootwrap.conf rm -f /opt/stack/data/cinder/mnt/dcb324c987fd72ed1af58f995ea38dfe/volume-954d16f4-3451-4b59-87ca-89d964e533bd.c93ea97f-ea36-45a4-9a8e-d47aeb50c777" returned: 0 in 0.806s {{(pid=86456) execute /opt/stack/data/venv/lib/python3.12/site-packages/oslo_concurrency/processutils.py:468}}
Jul 06 10:11:01 devstack cinder-volume[86456]: DEBUG cinder.coordination [None req-5ee4786b-573c-4065-857c-0839c85c32c0 tempest-VolumesGetTest-1542691028 None] Lock "cinder-quobyte-c93ea97f-ea36-45a4-9a8e-d47aeb50c777" released by "_delete_snapshot" :: held 3.683s {{(pid=86456) __release /opt/stack/cinder/cinder/coordination.py:152}}
Jul 06 10:11:01 devstack cinder-volume[86456]: DEBUG oslo_concurrency.lockutils [None req-5ee4786b-573c-4065-857c-0839c85c32c0 tempest-VolumesGetTest-1542691028 None] Lock "quobyte" "released" by "cinder.volume.drivers.quobyte.QuobyteDriver.create_cloned_volume" :: held 21.541s {{(pid=86456) inner /opt/stack/data/venv/lib/python3.12/site-packages/oslo_concurrency/lockutils.py:543}}
Jul 06 10:11:01 devstack cinder-volume[86456]: DEBUG cinder.volume.manager [None req-5ee4786b-573c-4065-857c-0839c85c32c0 tempest-VolumesGetTest-1542691028 None] Task 'cinder.volume.flows.manager.create_volume.CreateVolumeFromSpecTask;volume:create' (53b91c91-91e1-4437-890c-3a7882a0ddee) transitioned into state 'SUCCESS' from state 'RUNNING' with result '{'status': 'creating', 'volume_name': 'volume-dc9c05b9-0941-4f62-bb86-8d8aea0fecf8', 'volume_size': 1, 'source_volid': '954d16f4-3451-4b59-87ca-89d964e533bd', 'source_volstatus': 'available'}' {{(pid=86456) _task_receiver /opt/stack/data/venv/lib/python3.12/site-packages/taskflow/listeners/logging.py:218}}
Jul 06 10:11:01 devstack cinder-volume[86456]: DEBUG cinder.volume.manager [None req-5ee4786b-573c-4065-857c-0839c85c32c0 tempest-VolumesGetTest-1542691028 None] Task 'cinder.volume.flows.manager.create_volume.CreateVolumeOnFinishTask;volume:create, create.end' (a1cf7e54-7627-4470-9f7b-5008ab7a959b) transitioned into state 'RUNNING' from state 'PENDING' {{(pid=86456) _task_receiver /opt/stack/data/venv/lib/python3.12/site-packages/taskflow/listeners/logging.py:242}}
Jul 06 10:11:01 devstack cinder-volume[86456]: INFO cinder.volume.flows.manager.create_volume [None req-5ee4786b-573c-4065-857c-0839c85c32c0 tempest-VolumesGetTest-1542691028 None] Volume volume-dc9c05b9-0941-4f62-bb86-8d8aea0fecf8 (dc9c05b9-0941-4f62-bb86-8d8aea0fecf8): created successfully
Jul 06 10:11:01 devstack cinder-volume[86456]: DEBUG cinder.volume.manager [None req-5ee4786b-573c-4065-857c-0839c85c32c0 tempest-VolumesGetTest-1542691028 None] Task 'cinder.volume.flows.manager.create_volume.CreateVolumeOnFinishTask;volume:create, create.end' (a1cf7e54-7627-4470-9f7b-5008ab7a959b) transitioned into state 'SUCCESS' from state 'RUNNING' with result 'None' {{(pid=86456) _task_receiver /opt/stack/data/venv/lib/python3.12/site-packages/taskflow/listeners/logging.py:218}}
Jul 06 10:11:01 devstack cinder-volume[86456]: DEBUG cinder.volume.manager [None req-5ee4786b-573c-4065-857c-0839c85c32c0 tempest-VolumesGetTest-1542691028 None] Flow 'volume_create_manager' (538518c5-1c78-46af-a240-ced63c2f46ed) transitioned into state 'SUCCESS' from state 'RUNNING' {{(pid=86456) _flow_receiver /opt/stack/data/venv/lib/python3.12/site-packages/taskflow/listeners/logging.py:160}}
Jul 06 10:11:01 devstack cinder-volume[86456]: INFO cinder.volume.manager [None req-5ee4786b-573c-4065-857c-0839c85c32c0 tempest-VolumesGetTest-1542691028 None] Created volume successfully.
Jul 06 10:11:02 devstack cinder-volume[86456]: DEBUG cinder.volume.flows.manager.create_volume [None req-d11aa6d4-42fe-49ad-975f-de23410362a9 tempest-VolumesGetTest-1542691028 None] Volume reschedule parameters: True retry: {'num_attempts': 1, 'backends': ['devstack@QuobyteHD#QuobyteHD'], 'hosts': ['devstack@QuobyteHD#QuobyteHD']} {{(pid=86456) get_flow /opt/stack/cinder/cinder/volume/flows/manager/create_volume.py:1397}}
Jul 06 10:11:02 devstack cinder-volume[86456]: DEBUG cinder.volume.manager [None req-d11aa6d4-42fe-49ad-975f-de23410362a9 tempest-VolumesGetTest-1542691028 None] Flow 'volume_create_manager' (cc62363d-c307-4a3b-8b30-11f8c50cd75c) transitioned into state 'RUNNING' from state 'PENDING' {{(pid=86456) _flow_receiver /opt/stack/data/venv/lib/python3.12/site-packages/taskflow/listeners/logging.py:160}}
Jul 06 10:11:02 devstack cinder-volume[86456]: DEBUG cinder.volume.manager [None req-d11aa6d4-42fe-49ad-975f-de23410362a9 tempest-VolumesGetTest-1542691028 None] Task 'cinder.volume.flows.manager.create_volume.ExtractVolumeRefTask;volume:create' (ae29e9e0-0f05-4e42-bcc3-ebcd8640ba40) transitioned into state 'RUNNING' from state 'PENDING' {{(pid=86456) _task_receiver /opt/stack/data/venv/lib/python3.12/site-packages/taskflow/listeners/logging.py:242}}
Jul 06 10:11:02 devstack cinder-volume[86456]: DEBUG cinder.volume.manager [None req-d11aa6d4-42fe-49ad-975f-de23410362a9 tempest-VolumesGetTest-1542691028 None] Task 'cinder.volume.flows.manager.create_volume.ExtractVolumeRefTask;volume:create' (ae29e9e0-0f05-4e42-bcc3-ebcd8640ba40) transitioned into state 'SUCCESS' from state 'RUNNING' with result 'Volume(_name_id=None,admin_metadata=,attach_status='detached',availability_zone='nova',bootable=False,cluster=,cluster_name=None,consistencygroup=,consistencygroup_id=None,created_at=2026-07-06T08:11:02Z,deleted=False,deleted_at=None,display_description='tempest-@#$%^* description-1382103408',display_name='tempest-VolumesGetTest-Volume-777753317',ec2_id=None,encryption_key_id=None,glance_metadata=,group=,group_id=None,host='devstack@QuobyteHD#QuobyteHD',id=341785db-4459-4862-b6fe-a4e44d29fbfa,launched_at=None,metadata={},migration_status=None,multiattach=False,previous_status=None,project_id='978b6ca61f9945e4947c8054bc187b73',provider_auth=None,provider_geometry=None,provider_id=None,provider_location=None,replication_driver_data=None,replication_extended_status=None,replication_status=None,scheduled_at=2026-07-06T08:11:03Z,service_uuid=None,shared_targets=True,size=1,snapshot_id=None,snapshots=,source_volid=None,status='creating',terminated_at=None,updated_at=2026-07-06T08:11:03Z,use_quota=True,user_id='cb79b746b0d34a5eaf9b63caad47c597',volume_attachment=VolumeAttachmentList,volume_type=VolumeType(21887a4e-d86c-48df-b3ea-cfb2da3f7b06),volume_type_id=21887a4e-d86c-48df-b3ea-cfb2da3f7b06)' {{(pid=86456) _task_receiver /opt/stack/data/venv/lib/python3.12/site-packages/taskflow/listeners/logging.py:218}}
Jul 06 10:11:02 devstack cinder-volume[86456]: DEBUG cinder.volume.manager [None req-d11aa6d4-42fe-49ad-975f-de23410362a9 tempest-VolumesGetTest-1542691028 None] Task 'cinder.volume.flows.manager.create_volume.OnFailureRescheduleTask;volume:create' (23016927-7e6e-4425-990b-011117bc2ae6) transitioned into state 'RUNNING' from state 'PENDING' {{(pid=86456) _task_receiver /opt/stack/data/venv/lib/python3.12/site-packages/taskflow/listeners/logging.py:242}}
Jul 06 10:11:02 devstack cinder-volume[86456]: DEBUG cinder.volume.manager [None req-d11aa6d4-42fe-49ad-975f-de23410362a9 tempest-VolumesGetTest-1542691028 None] Task 'cinder.volume.flows.manager.create_volume.OnFailureRescheduleTask;volume:create' (23016927-7e6e-4425-990b-011117bc2ae6) transitioned into state 'SUCCESS' from state 'RUNNING' with result 'None' {{(pid=86456) _task_receiver /opt/stack/data/venv/lib/python3.12/site-packages/taskflow/listeners/logging.py:218}}
Jul 06 10:11:02 devstack cinder-volume[86456]: DEBUG cinder.volume.manager [None req-d11aa6d4-42fe-49ad-975f-de23410362a9 tempest-VolumesGetTest-1542691028 None] Task 'cinder.volume.flows.manager.create_volume.ExtractVolumeSpecTask;volume:create' (b93257ba-1689-4ca6-939f-b0a1a93bd57f) transitioned into state 'RUNNING' from state 'PENDING' {{(pid=86456) _task_receiver /opt/stack/data/venv/lib/python3.12/site-packages/taskflow/listeners/logging.py:242}}
Jul 06 10:11:02 devstack cinder-volume[86456]: DEBUG cinder.volume.manager [None req-d11aa6d4-42fe-49ad-975f-de23410362a9 tempest-VolumesGetTest-1542691028 None] Task 'cinder.volume.flows.manager.create_volume.ExtractVolumeSpecTask;volume:create' (b93257ba-1689-4ca6-939f-b0a1a93bd57f) transitioned into state 'SUCCESS' from state 'RUNNING' with result '{'status': 'creating', 'type': 'raw', 'volume_id': '341785db-4459-4862-b6fe-a4e44d29fbfa', 'volume_name': 'volume-341785db-4459-4862-b6fe-a4e44d29fbfa', 'volume_size': 1}' {{(pid=86456) _task_receiver /opt/stack/data/venv/lib/python3.12/site-packages/taskflow/listeners/logging.py:218}}
Jul 06 10:11:02 devstack cinder-volume[86456]: DEBUG cinder.volume.manager [None req-d11aa6d4-42fe-49ad-975f-de23410362a9 tempest-VolumesGetTest-1542691028 None] Task 'cinder.volume.flows.manager.create_volume.NotifyVolumeActionTask;volume:create, create.start' (cd55e172-f2bf-4951-862e-81c05e5c983b) transitioned into state 'RUNNING' from state 'PENDING' {{(pid=86456) _task_receiver /opt/stack/data/venv/lib/python3.12/site-packages/taskflow/listeners/logging.py:242}}
Jul 06 10:11:02 devstack cinder-volume[86456]: DEBUG cinder.volume.manager [None req-d11aa6d4-42fe-49ad-975f-de23410362a9 tempest-VolumesGetTest-1542691028 None] Task 'cinder.volume.flows.manager.create_volume.NotifyVolumeActionTask;volume:create, create.start' (cd55e172-f2bf-4951-862e-81c05e5c983b) transitioned into state 'SUCCESS' from state 'RUNNING' with result 'None' {{(pid=86456) _task_receiver /opt/stack/data/venv/lib/python3.12/site-packages/taskflow/listeners/logging.py:218}}
Jul 06 10:11:02 devstack cinder-volume[86456]: DEBUG cinder.volume.manager [None req-d11aa6d4-42fe-49ad-975f-de23410362a9 tempest-VolumesGetTest-1542691028 None] Task 'cinder.volume.flows.manager.create_volume.CreateVolumeFromSpecTask;volume:create' (7ccc7e11-e845-4975-af83-70ee29d877a4) transitioned into state 'RUNNING' from state 'PENDING' {{(pid=86456) _task_receiver /opt/stack/data/venv/lib/python3.12/site-packages/taskflow/listeners/logging.py:242}}
Jul 06 10:11:02 devstack cinder-volume[86456]: INFO cinder.volume.flows.manager.create_volume [None req-d11aa6d4-42fe-49ad-975f-de23410362a9 tempest-VolumesGetTest-1542691028 None] Volume 341785db-4459-4862-b6fe-a4e44d29fbfa: being created as raw with specification: {'status': 'creating', 'volume_name': 'volume-341785db-4459-4862-b6fe-a4e44d29fbfa', 'volume_size': 1}
Jul 06 10:11:02 devstack cinder-volume[86456]: DEBUG oslo_concurrency.lockutils [None req-d11aa6d4-42fe-49ad-975f-de23410362a9 tempest-VolumesGetTest-1542691028 None] Acquiring lock "quobyte" by "cinder.volume.drivers.quobyte.QuobyteDriver.create_volume" {{(pid=86456) inner /opt/stack/data/venv/lib/python3.12/site-packages/oslo_concurrency/lockutils.py:511}}
Jul 06 10:11:02 devstack cinder-volume[86456]: DEBUG oslo_concurrency.lockutils [None req-d11aa6d4-42fe-49ad-975f-de23410362a9 tempest-VolumesGetTest-1542691028 None] Lock "quobyte" acquired by "cinder.volume.drivers.quobyte.QuobyteDriver.create_volume" :: waited 0.000s {{(pid=86456) inner /opt/stack/data/venv/lib/python3.12/site-packages/oslo_concurrency/lockutils.py:524}}
Jul 06 10:11:02 devstack cinder-volume[86456]: DEBUG cinder.volume.drivers.quobyte [None req-d11aa6d4-42fe-49ad-975f-de23410362a9 tempest-VolumesGetTest-1542691028 None] ==> create_volume: call "{'self': , 'volume': Volume(_name_id=None,admin_metadata=,attach_status='detached',availability_zone='nova',bootable=False,cluster=,cluster_name=None,consistencygroup=,consistencygroup_id=None,created_at=2026-07-06T08:11:02Z,deleted=False,deleted_at=None,display_description='tempest-@#$%^* description-1382103408',display_name='tempest-VolumesGetTest-Volume-777753317',ec2_id=None,encryption_key_id=None,glance_metadata=,group=,group_id=None,host='devstack@QuobyteHD#QuobyteHD',id=341785db-4459-4862-b6fe-a4e44d29fbfa,launched_at=None,metadata={},migration_status=None,multiattach=False,previous_status=None,project_id='978b6ca61f9945e4947c8054bc187b73',provider_auth=None,provider_geometry=None,provider_id=None,provider_location=None,replication_driver_data=None,replication_extended_status=None,replication_status=None,scheduled_at=2026-07-06T08:11:03Z,service_uuid=None,shared_targets=True,size=1,snapshot_id=None,snapshots=,source_volid=None,status='creating',terminated_at=None,updated_at=2026-07-06T08:11:03Z,use_quota=True,user_id='cb79b746b0d34a5eaf9b63caad47c597',volume_attachment=VolumeAttachmentList,volume_type=VolumeType(21887a4e-d86c-48df-b3ea-cfb2da3f7b06),volume_type_id=21887a4e-d86c-48df-b3ea-cfb2da3f7b06)}" {{(pid=86456) trace_logging_wrapper /opt/stack/cinder/cinder/volume/volume_utils.py:1497}}
Jul 06 10:11:02 devstack cinder-volume[86456]: DEBUG cinder.volume.drivers.remotefs [None req-d11aa6d4-42fe-49ad-975f-de23410362a9 tempest-VolumesGetTest-1542691028 None] Creating volume 341785db-4459-4862-b6fe-a4e44d29fbfa {{(pid=86456) create_volume /opt/stack/cinder/cinder/volume/drivers/remotefs.py:292}}
Jul 06 10:11:02 devstack cinder-volume[86456]: DEBUG oslo_concurrency.lockutils [None req-d11aa6d4-42fe-49ad-975f-de23410362a9 tempest-VolumesGetTest-1542691028 None] Acquiring lock "quobyte_ensure" by "cinder.volume.drivers.quobyte.QuobyteDriver._ensure_shares_mounted" {{(pid=86456) inner /opt/stack/data/venv/lib/python3.12/site-packages/oslo_concurrency/lockutils.py:511}}
Jul 06 10:11:02 devstack cinder-volume[86456]: DEBUG oslo_concurrency.lockutils [None req-d11aa6d4-42fe-49ad-975f-de23410362a9 tempest-VolumesGetTest-1542691028 None] Lock "quobyte_ensure" acquired by "cinder.volume.drivers.quobyte.QuobyteDriver._ensure_shares_mounted" :: waited 0.000s {{(pid=86456) inner /opt/stack/data/venv/lib/python3.12/site-packages/oslo_concurrency/lockutils.py:524}}
