Jul 30 16:56:00 devstack cinder-volume[88591]: DEBUG oslo_concurrency.lockutils [None req-ac5516e9-cece-414c-8627-43d883ac5573 tempest-GroupSnapshotsTest-894339262 None] Acquiring lock "quobyte" by "cinder.volume.drivers.quobyte.QuobyteDriver.create_volume" {{(pid=88591) inner /opt/stack/data/venv/lib/python3.12/site-packages/oslo_concurrency/lockutils.py:512}}
Jul 30 16:56:00 devstack cinder-volume[88591]: DEBUG oslo_concurrency.lockutils [None req-ac5516e9-cece-414c-8627-43d883ac5573 tempest-GroupSnapshotsTest-894339262 None] Lock "quobyte" acquired by "cinder.volume.drivers.quobyte.QuobyteDriver.create_volume" :: waited 0.000s {{(pid=88591) inner /opt/stack/data/venv/lib/python3.12/site-packages/oslo_concurrency/lockutils.py:525}}
Jul 30 16:56:00 devstack cinder-volume[88591]: DEBUG cinder.volume.drivers.quobyte [None req-ac5516e9-cece-414c-8627-43d883ac5573 tempest-GroupSnapshotsTest-894339262 None] ==> create_volume: call "{'self': , 'volume': Volume(_name_id=None,admin_metadata=,attach_status='detached',availability_zone='nova',bootable=False,cluster=,cluster_name=None,consistencygroup=,consistencygroup_id=5e0be672-bfa8-490f-88ad-ab5f549ab90d,created_at=2026-07-30T14:56:00Z,deleted=False,deleted_at=None,display_description=None,display_name='tempest-volume-1422599456',ec2_id=None,encryption_key_id=None,glance_metadata=,group=,group_id=5e0be672-bfa8-490f-88ad-ab5f549ab90d,host='devstack@QuobyteHD#QuobyteHD',id=a3ff6690-73c3-4572-a33d-25d19ca5e85e,launched_at=None,metadata={},migration_status=None,multiattach=False,previous_status=None,project_id='83a0d1d09329442397d9fb171d5d9bf6',provider_auth=None,provider_geometry=None,provider_id=None,provider_location=None,replication_driver_data=None,replication_extended_status=None,replication_status=None,scheduled_at=2026-07-30T14:56:00Z,service_uuid=None,shared_targets=True,size=1,snapshot_id=None,snapshots=,source_volid=None,status='creating',terminated_at=None,updated_at=2026-07-30T14:56:00Z,use_quota=True,user_id='b2dffab8703341f598abb31c84441738',volume_attachment=VolumeAttachmentList,volume_type=VolumeType(0c18dbcb-4ca1-41bc-8cf0-1a16a0caad79),volume_type_id=0c18dbcb-4ca1-41bc-8cf0-1a16a0caad79)}" {{(pid=88591) trace_logging_wrapper /opt/stack/cinder/cinder/volume/volume_utils.py:1497}}
Jul 30 16:56:00 devstack cinder-volume[88591]: DEBUG cinder.volume.drivers.remotefs [None req-ac5516e9-cece-414c-8627-43d883ac5573 tempest-GroupSnapshotsTest-894339262 None] Creating volume a3ff6690-73c3-4572-a33d-25d19ca5e85e {{(pid=88591) create_volume /opt/stack/cinder/cinder/volume/drivers/remotefs.py:292}}
Jul 30 16:56:00 devstack cinder-volume[88591]: DEBUG oslo_concurrency.lockutils [None req-ac5516e9-cece-414c-8627-43d883ac5573 tempest-GroupSnapshotsTest-894339262 None] Acquiring lock "quobyte_ensure" by "cinder.volume.drivers.quobyte.QuobyteDriver._ensure_shares_mounted" {{(pid=88591) inner /opt/stack/data/venv/lib/python3.12/site-packages/oslo_concurrency/lockutils.py:512}}
Jul 30 16:56:00 devstack cinder-volume[88591]: DEBUG oslo_concurrency.lockutils [None req-ac5516e9-cece-414c-8627-43d883ac5573 tempest-GroupSnapshotsTest-894339262 None] Lock "quobyte_ensure" acquired by "cinder.volume.drivers.quobyte.QuobyteDriver._ensure_shares_mounted" :: waited 0.002s {{(pid=88591) inner /opt/stack/data/venv/lib/python3.12/site-packages/oslo_concurrency/lockutils.py:525}}
Jul 30 16:56:00 devstack cinder-volume[88591]: DEBUG cinder.volume.drivers.quobyte [None req-ac5516e9-cece-414c-8627-43d883ac5573 tempest-GroupSnapshotsTest-894339262 None] Quobyte Volume URL set to: {'osci02.corp.quobyte.com/cinder-vol-ec8d8bc0-0354-4f63-bf80-b54c5b9cb202': None} {{(pid=88591) _load_shares_config /opt/stack/cinder/cinder/volume/drivers/quobyte.py:665}}
Jul 30 16:56:00 devstack cinder-volume[88591]: DEBUG cinder.volume.drivers.quobyte [None req-ac5516e9-cece-414c-8627-43d883ac5573 tempest-GroupSnapshotsTest-894339262 None] Available shares ['osci02.corp.quobyte.com/cinder-vol-ec8d8bc0-0354-4f63-bf80-b54c5b9cb202'] {{(pid=88591) _ensure_shares_mounted /opt/stack/cinder/cinder/volume/drivers/quobyte.py:695}}
Jul 30 16:56:00 devstack cinder-volume[88591]: DEBUG oslo_concurrency.lockutils [None req-ac5516e9-cece-414c-8627-43d883ac5573 tempest-GroupSnapshotsTest-894339262 None] Lock "quobyte_ensure" "released" by "cinder.volume.drivers.quobyte.QuobyteDriver._ensure_shares_mounted" :: held 0.014s {{(pid=88591) inner /opt/stack/data/venv/lib/python3.12/site-packages/oslo_concurrency/lockutils.py:544}}
Jul 30 16:56:00 devstack cinder-volume[88591]: DEBUG cinder.volume.drivers.quobyte [None req-ac5516e9-cece-414c-8627-43d883ac5573 tempest-GroupSnapshotsTest-894339262 None] Selected osci02.corp.quobyte.com/cinder-vol-ec8d8bc0-0354-4f63-bf80-b54c5b9cb202 as target Quobyte volume. {{(pid=88591) _find_share /opt/stack/cinder/cinder/volume/drivers/quobyte.py:716}}
Jul 30 16:56:00 devstack cinder-volume[88591]: INFO cinder.volume.drivers.remotefs [None req-ac5516e9-cece-414c-8627-43d883ac5573 tempest-GroupSnapshotsTest-894339262 None] casted to osci02.corp.quobyte.com/cinder-vol-ec8d8bc0-0354-4f63-bf80-b54c5b9cb202
Jul 30 16:56:00 devstack cinder-volume[88591]: DEBUG oslo_concurrency.processutils [None req-ac5516e9-cece-414c-8627-43d883ac5573 tempest-GroupSnapshotsTest-894339262 None] Running cmd (subprocess): sudo cinder-rootwrap /etc/cinder/rootwrap.conf qemu-img create -f qcow2 -o preallocation=metadata /opt/stack/data/cinder/mnt/883341a715e5bbfae3fd7772469571d8/volume-a3ff6690-73c3-4572-a33d-25d19ca5e85e 1073741824 {{(pid=88591) execute /opt/stack/data/venv/lib/python3.12/site-packages/oslo_concurrency/processutils.py:440}}
Jul 30 16:56:00 devstack sudo[97099]: quobyte : PWD=/ ; USER=root ; COMMAND=/opt/stack/data/venv/bin/cinder-rootwrap /etc/cinder/rootwrap.conf qemu-img create -f qcow2 -o preallocation=metadata /opt/stack/data/cinder/mnt/883341a715e5bbfae3fd7772469571d8/volume-a3ff6690-73c3-4572-a33d-25d19ca5e85e 1073741824
Jul 30 16:56:00 devstack sudo[97099]: pam_unix(sudo:session): session opened for user root(uid=0) by (uid=1000)
Jul 30 16:56:01 devstack sudo[97099]: pam_unix(sudo:session): session closed for user root
Jul 30 16:56:01 devstack cinder-volume[88591]: DEBUG oslo_concurrency.processutils [None req-ac5516e9-cece-414c-8627-43d883ac5573 tempest-GroupSnapshotsTest-894339262 None] CMD "sudo cinder-rootwrap /etc/cinder/rootwrap.conf qemu-img create -f qcow2 -o preallocation=metadata /opt/stack/data/cinder/mnt/883341a715e5bbfae3fd7772469571d8/volume-a3ff6690-73c3-4572-a33d-25d19ca5e85e 1073741824" returned: 0 in 0.637s {{(pid=88591) execute /opt/stack/data/venv/lib/python3.12/site-packages/oslo_concurrency/processutils.py:468}}
Jul 30 16:56:01 devstack cinder-volume[88591]: DEBUG oslo_concurrency.processutils [None req-ac5516e9-cece-414c-8627-43d883ac5573 tempest-GroupSnapshotsTest-894339262 None] Running cmd (subprocess): sudo cinder-rootwrap /etc/cinder/rootwrap.conf chmod ugo+rw /opt/stack/data/cinder/mnt/883341a715e5bbfae3fd7772469571d8/volume-a3ff6690-73c3-4572-a33d-25d19ca5e85e {{(pid=88591) execute /opt/stack/data/venv/lib/python3.12/site-packages/oslo_concurrency/processutils.py:440}}
Jul 30 16:56:01 devstack sudo[97106]: quobyte : PWD=/ ; USER=root ; COMMAND=/opt/stack/data/venv/bin/cinder-rootwrap /etc/cinder/rootwrap.conf chmod ugo+rw /opt/stack/data/cinder/mnt/883341a715e5bbfae3fd7772469571d8/volume-a3ff6690-73c3-4572-a33d-25d19ca5e85e
Jul 30 16:56:01 devstack sudo[97106]: pam_unix(sudo:session): session opened for user root(uid=0) by (uid=1000)
Jul 30 16:56:01 devstack sudo[97106]: pam_unix(sudo:session): session closed for user root
Jul 30 16:56:01 devstack cinder-volume[88591]: DEBUG oslo_concurrency.processutils [None req-ac5516e9-cece-414c-8627-43d883ac5573 tempest-GroupSnapshotsTest-894339262 None] CMD "sudo cinder-rootwrap /etc/cinder/rootwrap.conf chmod ugo+rw /opt/stack/data/cinder/mnt/883341a715e5bbfae3fd7772469571d8/volume-a3ff6690-73c3-4572-a33d-25d19ca5e85e" returned: 0 in 0.330s {{(pid=88591) execute /opt/stack/data/venv/lib/python3.12/site-packages/oslo_concurrency/processutils.py:468}}
Jul 30 16:56:01 devstack cinder-volume[88591]: DEBUG cinder.volume.drivers.quobyte [None req-ac5516e9-cece-414c-8627-43d883ac5573 tempest-GroupSnapshotsTest-894339262 None] <== create_volume: return (1034ms) {'provider_location': 'osci02.corp.quobyte.com/cinder-vol-ec8d8bc0-0354-4f63-bf80-b54c5b9cb202'} {{(pid=88591) trace_logging_wrapper /opt/stack/cinder/cinder/volume/volume_utils.py:1522}}
Jul 30 16:56:01 devstack cinder-volume[88591]: DEBUG oslo_concurrency.lockutils [None req-ac5516e9-cece-414c-8627-43d883ac5573 tempest-GroupSnapshotsTest-894339262 None] Lock "quobyte" "released" by "cinder.volume.drivers.quobyte.QuobyteDriver.create_volume" :: held 1.038s {{(pid=88591) inner /opt/stack/data/venv/lib/python3.12/site-packages/oslo_concurrency/lockutils.py:544}}
Jul 30 16:56:01 devstack cinder-volume[88591]: DEBUG cinder.volume.manager [None req-ac5516e9-cece-414c-8627-43d883ac5573 tempest-GroupSnapshotsTest-894339262 None] Task 'cinder.volume.flows.manager.create_volume.CreateVolumeFromSpecTask;volume:create' (ce923232-e9f2-4753-8e52-c0160db58ab3) transitioned into state 'SUCCESS' from state 'RUNNING' with result '{'status': 'creating', 'volume_name': 'volume-a3ff6690-73c3-4572-a33d-25d19ca5e85e', 'volume_size': 1}' {{(pid=88591) _task_receiver /opt/stack/data/venv/lib/python3.12/site-packages/taskflow/listeners/logging.py:218}}
Jul 30 16:56:01 devstack cinder-volume[88591]: DEBUG cinder.volume.manager [None req-ac5516e9-cece-414c-8627-43d883ac5573 tempest-GroupSnapshotsTest-894339262 None] Task 'cinder.volume.flows.manager.create_volume.CreateVolumeOnFinishTask;volume:create, create.end' (bdf63d36-0fc3-4e60-9b43-832ee52c1724) transitioned into state 'RUNNING' from state 'PENDING' {{(pid=88591) _task_receiver /opt/stack/data/venv/lib/python3.12/site-packages/taskflow/listeners/logging.py:242}}
Jul 30 16:56:01 devstack cinder-volume[88591]: INFO cinder.volume.flows.manager.create_volume [None req-ac5516e9-cece-414c-8627-43d883ac5573 tempest-GroupSnapshotsTest-894339262 None] Volume volume-a3ff6690-73c3-4572-a33d-25d19ca5e85e (a3ff6690-73c3-4572-a33d-25d19ca5e85e): created successfully
Jul 30 16:56:01 devstack cinder-volume[88591]: DEBUG cinder.volume.manager [None req-ac5516e9-cece-414c-8627-43d883ac5573 tempest-GroupSnapshotsTest-894339262 None] Task 'cinder.volume.flows.manager.create_volume.CreateVolumeOnFinishTask;volume:create, create.end' (bdf63d36-0fc3-4e60-9b43-832ee52c1724) transitioned into state 'SUCCESS' from state 'RUNNING' with result 'None' {{(pid=88591) _task_receiver /opt/stack/data/venv/lib/python3.12/site-packages/taskflow/listeners/logging.py:218}}
Jul 30 16:56:01 devstack cinder-volume[88591]: DEBUG cinder.volume.manager [None req-ac5516e9-cece-414c-8627-43d883ac5573 tempest-GroupSnapshotsTest-894339262 None] Flow 'volume_create_manager' (e175711e-8818-4b66-9dde-ddad696e065d) transitioned into state 'SUCCESS' from state 'RUNNING' {{(pid=88591) _flow_receiver /opt/stack/data/venv/lib/python3.12/site-packages/taskflow/listeners/logging.py:160}}
Jul 30 16:56:01 devstack cinder-volume[88591]: INFO cinder.volume.manager [None req-ac5516e9-cece-414c-8627-43d883ac5573 tempest-GroupSnapshotsTest-894339262 None] Created volume successfully.
Jul 30 16:56:02 devstack cinder-volume[88591]: INFO cinder.volume.manager [None req-08bf6f36-7bad-4255-8940-7904694b2ecb tempest-GroupSnapshotsTest-894339262 None] GroupSnapshot 67dbe97e-1bc6-4b71-a636-8b4471f828b9: creating.
Jul 30 16:56:02 devstack cinder-volume[88591]: DEBUG cinder.volume.manager [None req-08bf6f36-7bad-4255-8940-7904694b2ecb tempest-GroupSnapshotsTest-894339262 None] Group snapshot 67dbe97e-1bc6-4b71-a636-8b4471f828b9: creating. {{(pid=88591) create_group_snapshot /opt/stack/cinder/cinder/volume/manager.py:4175}}
Jul 30 16:56:02 devstack cinder-volume[88591]: DEBUG oslo_concurrency.lockutils [None req-08bf6f36-7bad-4255-8940-7904694b2ecb tempest-GroupSnapshotsTest-894339262 None] Acquiring lock "quobyte" by "cinder.volume.drivers.quobyte.QuobyteDriver.create_snapshot" {{(pid=88591) inner /opt/stack/data/venv/lib/python3.12/site-packages/oslo_concurrency/lockutils.py:512}}
Jul 30 16:56:02 devstack cinder-volume[88591]: DEBUG oslo_concurrency.lockutils [None req-08bf6f36-7bad-4255-8940-7904694b2ecb tempest-GroupSnapshotsTest-894339262 None] Lock "quobyte" acquired by "cinder.volume.drivers.quobyte.QuobyteDriver.create_snapshot" :: waited 0.001s {{(pid=88591) inner /opt/stack/data/venv/lib/python3.12/site-packages/oslo_concurrency/lockutils.py:525}}
Jul 30 16:56:02 devstack cinder-volume[88591]: DEBUG cinder.volume.drivers.remotefs [None req-08bf6f36-7bad-4255-8940-7904694b2ecb tempest-GroupSnapshotsTest-894339262 None] Creating offline snapshot 1d090606-1111-4fdb-867f-4af7b15ccf76 of volume a3ff6690-73c3-4572-a33d-25d19ca5e85e {{(pid=88591) _create_snapshot /opt/stack/cinder/cinder/volume/drivers/remotefs.py:1816}}
Jul 30 16:56:02 devstack cinder-volume[88591]: DEBUG oslo.privsep.daemon [-] privsep: reply[da82face-cb93-45eb-8c68-7356e77a5ecb]: (4, 'qcow2') {{(pid=90400) _call_back /opt/stack/data/venv/lib/python3.12/site-packages/oslo_privsep/daemon.py:580}}
Jul 30 16:56:02 devstack cinder-volume[88591]: DEBUG oslo_concurrency.processutils [None req-08bf6f36-7bad-4255-8940-7904694b2ecb tempest-GroupSnapshotsTest-894339262 None] Running cmd (subprocess): /opt/stack/data/venv/bin/python3.12 -m oslo_concurrency.prlimit --as=1073741824 --cpu=60 -- sudo cinder-rootwrap /etc/cinder/rootwrap.conf env LC_ALL=C qemu-img info -f qcow2 --output=json --force-share /opt/stack/data/cinder/mnt/883341a715e5bbfae3fd7772469571d8/volume-a3ff6690-73c3-4572-a33d-25d19ca5e85e {{(pid=88591) execute /opt/stack/data/venv/lib/python3.12/site-packages/oslo_concurrency/processutils.py:440}}
Jul 30 16:56:02 devstack sudo[97111]: quobyte : PWD=/ ; USER=root ; COMMAND=/opt/stack/data/venv/bin/cinder-rootwrap /etc/cinder/rootwrap.conf env LC_ALL=C qemu-img info -f qcow2 --output=json --force-share /opt/stack/data/cinder/mnt/883341a715e5bbfae3fd7772469571d8/volume-a3ff6690-73c3-4572-a33d-25d19ca5e85e
Jul 30 16:56:02 devstack sudo[97111]: pam_unix(sudo:session): session opened for user root(uid=0) by (uid=1000)
Jul 30 16:56:02 devstack sudo[97111]: pam_unix(sudo:session): session closed for user root
Jul 30 16:56:02 devstack cinder-volume[88591]: DEBUG oslo_concurrency.processutils [None req-08bf6f36-7bad-4255-8940-7904694b2ecb tempest-GroupSnapshotsTest-894339262 None] CMD "/opt/stack/data/venv/bin/python3.12 -m oslo_concurrency.prlimit --as=1073741824 --cpu=60 -- sudo cinder-rootwrap /etc/cinder/rootwrap.conf env LC_ALL=C qemu-img info -f qcow2 --output=json --force-share /opt/stack/data/cinder/mnt/883341a715e5bbfae3fd7772469571d8/volume-a3ff6690-73c3-4572-a33d-25d19ca5e85e" returned: 0 in 0.652s {{(pid=88591) execute /opt/stack/data/venv/lib/python3.12/site-packages/oslo_concurrency/processutils.py:468}}
Jul 30 16:56:02 devstack cinder-volume[88591]: DEBUG oslo_concurrency.processutils [None req-08bf6f36-7bad-4255-8940-7904694b2ecb tempest-GroupSnapshotsTest-894339262 None] Running cmd (subprocess): sudo cinder-rootwrap /etc/cinder/rootwrap.conf qemu-img create -f qcow2 -o backing_file=/opt/stack/data/cinder/mnt/883341a715e5bbfae3fd7772469571d8/volume-a3ff6690-73c3-4572-a33d-25d19ca5e85e,backing_fmt=qcow2 /opt/stack/data/cinder/mnt/883341a715e5bbfae3fd7772469571d8/volume-a3ff6690-73c3-4572-a33d-25d19ca5e85e.1d090606-1111-4fdb-867f-4af7b15ccf76 1G {{(pid=88591) execute /opt/stack/data/venv/lib/python3.12/site-packages/oslo_concurrency/processutils.py:440}}
Jul 30 16:56:02 devstack sudo[97134]: quobyte : PWD=/ ; USER=root ; COMMAND=/opt/stack/data/venv/bin/cinder-rootwrap /etc/cinder/rootwrap.conf qemu-img create -f qcow2 -o backing_file=/opt/stack/data/cinder/mnt/883341a715e5bbfae3fd7772469571d8/volume-a3ff6690-73c3-4572-a33d-25d19ca5e85e,backing_fmt=qcow2 /opt/stack/data/cinder/mnt/883341a715e5bbfae3fd7772469571d8/volume-a3ff6690-73c3-4572-a33d-25d19ca5e85e.1d090606-1111-4fdb-867f-4af7b15ccf76 1G
Jul 30 16:56:02 devstack sudo[97134]: pam_unix(sudo:session): session opened for user root(uid=0) by (uid=1000)
Jul 30 16:56:03 devstack sudo[97134]: pam_unix(sudo:session): session closed for user root
Jul 30 16:56:03 devstack cinder-volume[88591]: DEBUG oslo_concurrency.processutils [None req-08bf6f36-7bad-4255-8940-7904694b2ecb tempest-GroupSnapshotsTest-894339262 None] CMD "sudo cinder-rootwrap /etc/cinder/rootwrap.conf qemu-img create -f qcow2 -o backing_file=/opt/stack/data/cinder/mnt/883341a715e5bbfae3fd7772469571d8/volume-a3ff6690-73c3-4572-a33d-25d19ca5e85e,backing_fmt=qcow2 /opt/stack/data/cinder/mnt/883341a715e5bbfae3fd7772469571d8/volume-a3ff6690-73c3-4572-a33d-25d19ca5e85e.1d090606-1111-4fdb-867f-4af7b15ccf76 1G" returned: 0 in 0.723s {{(pid=88591) execute /opt/stack/data/venv/lib/python3.12/site-packages/oslo_concurrency/processutils.py:468}}
Jul 30 16:56:03 devstack cinder-volume[88591]: DEBUG oslo_concurrency.processutils [None req-08bf6f36-7bad-4255-8940-7904694b2ecb tempest-GroupSnapshotsTest-894339262 None] Running cmd (subprocess): sudo cinder-rootwrap /etc/cinder/rootwrap.conf qemu-img rebase -u -b volume-a3ff6690-73c3-4572-a33d-25d19ca5e85e -F qcow2 /opt/stack/data/cinder/mnt/883341a715e5bbfae3fd7772469571d8/volume-a3ff6690-73c3-4572-a33d-25d19ca5e85e.1d090606-1111-4fdb-867f-4af7b15ccf76 {{(pid=88591) execute /opt/stack/data/venv/lib/python3.12/site-packages/oslo_concurrency/processutils.py:440}}
Jul 30 16:56:03 devstack sudo[97157]: quobyte : PWD=/ ; USER=root ; COMMAND=/opt/stack/data/venv/bin/cinder-rootwrap /etc/cinder/rootwrap.conf qemu-img rebase -u -b volume-a3ff6690-73c3-4572-a33d-25d19ca5e85e -F qcow2 /opt/stack/data/cinder/mnt/883341a715e5bbfae3fd7772469571d8/volume-a3ff6690-73c3-4572-a33d-25d19ca5e85e.1d090606-1111-4fdb-867f-4af7b15ccf76
Jul 30 16:56:03 devstack sudo[97157]: pam_unix(sudo:session): session opened for user root(uid=0) by (uid=1000)
Jul 30 16:56:04 devstack sudo[97157]: pam_unix(sudo:session): session closed for user root
Jul 30 16:56:04 devstack cinder-volume[88591]: DEBUG oslo_concurrency.processutils [None req-08bf6f36-7bad-4255-8940-7904694b2ecb tempest-GroupSnapshotsTest-894339262 None] CMD "sudo cinder-rootwrap /etc/cinder/rootwrap.conf qemu-img rebase -u -b volume-a3ff6690-73c3-4572-a33d-25d19ca5e85e -F qcow2 /opt/stack/data/cinder/mnt/883341a715e5bbfae3fd7772469571d8/volume-a3ff6690-73c3-4572-a33d-25d19ca5e85e.1d090606-1111-4fdb-867f-4af7b15ccf76" returned: 0 in 0.608s {{(pid=88591) execute /opt/stack/data/venv/lib/python3.12/site-packages/oslo_concurrency/processutils.py:468}}
Jul 30 16:56:04 devstack cinder-volume[88591]: WARNING cinder.volume.drivers.remotefs [None req-08bf6f36-7bad-4255-8940-7904694b2ecb tempest-GroupSnapshotsTest-894339262 None] /opt/stack/data/cinder/mnt/883341a715e5bbfae3fd7772469571d8/volume-a3ff6690-73c3-4572-a33d-25d19ca5e85e.1d090606-1111-4fdb-867f-4af7b15ccf76 is being set with open permissions: ugo+rw: NotImplementedError
Jul 30 16:56:04 devstack cinder-volume[88591]: DEBUG oslo_concurrency.processutils [None req-08bf6f36-7bad-4255-8940-7904694b2ecb tempest-GroupSnapshotsTest-894339262 None] Running cmd (subprocess): sudo cinder-rootwrap /etc/cinder/rootwrap.conf chmod ugo+rw /opt/stack/data/cinder/mnt/883341a715e5bbfae3fd7772469571d8/volume-a3ff6690-73c3-4572-a33d-25d19ca5e85e.1d090606-1111-4fdb-867f-4af7b15ccf76 {{(pid=88591) execute /opt/stack/data/venv/lib/python3.12/site-packages/oslo_concurrency/processutils.py:440}}
Jul 30 16:56:04 devstack sudo[97202]: quobyte : PWD=/ ; USER=root ; COMMAND=/opt/stack/data/venv/bin/cinder-rootwrap /etc/cinder/rootwrap.conf chmod ugo+rw /opt/stack/data/cinder/mnt/883341a715e5bbfae3fd7772469571d8/volume-a3ff6690-73c3-4572-a33d-25d19ca5e85e.1d090606-1111-4fdb-867f-4af7b15ccf76
Jul 30 16:56:04 devstack sudo[97202]: pam_unix(sudo:session): session opened for user root(uid=0) by (uid=1000)
Jul 30 16:56:04 devstack sudo[97202]: pam_unix(sudo:session): session closed for user root
Jul 30 16:56:04 devstack cinder-volume[88591]: DEBUG oslo_concurrency.processutils [None req-08bf6f36-7bad-4255-8940-7904694b2ecb tempest-GroupSnapshotsTest-894339262 None] CMD "sudo cinder-rootwrap /etc/cinder/rootwrap.conf chmod ugo+rw /opt/stack/data/cinder/mnt/883341a715e5bbfae3fd7772469571d8/volume-a3ff6690-73c3-4572-a33d-25d19ca5e85e.1d090606-1111-4fdb-867f-4af7b15ccf76" returned: 0 in 0.487s {{(pid=88591) execute /opt/stack/data/venv/lib/python3.12/site-packages/oslo_concurrency/processutils.py:468}}
Jul 30 16:56:04 devstack cinder-volume[88591]: DEBUG oslo_concurrency.processutils [None req-08bf6f36-7bad-4255-8940-7904694b2ecb tempest-GroupSnapshotsTest-894339262 None] Running cmd (subprocess): sudo cinder-rootwrap /etc/cinder/rootwrap.conf truncate -s0 /opt/stack/data/cinder/mnt/883341a715e5bbfae3fd7772469571d8/volume-a3ff6690-73c3-4572-a33d-25d19ca5e85e.info {{(pid=88591) execute /opt/stack/data/venv/lib/python3.12/site-packages/oslo_concurrency/processutils.py:440}}
Jul 30 16:56:04 devstack sudo[97219]: quobyte : PWD=/ ; USER=root ; COMMAND=/opt/stack/data/venv/bin/cinder-rootwrap /etc/cinder/rootwrap.conf truncate -s0 /opt/stack/data/cinder/mnt/883341a715e5bbfae3fd7772469571d8/volume-a3ff6690-73c3-4572-a33d-25d19ca5e85e.info
Jul 30 16:56:04 devstack sudo[97219]: pam_unix(sudo:session): session opened for user root(uid=0) by (uid=1000)
Jul 30 16:56:05 devstack sudo[97219]: pam_unix(sudo:session): session closed for user root
Jul 30 16:56:05 devstack cinder-volume[88591]: DEBUG oslo_concurrency.processutils [None req-08bf6f36-7bad-4255-8940-7904694b2ecb tempest-GroupSnapshotsTest-894339262 None] CMD "sudo cinder-rootwrap /etc/cinder/rootwrap.conf truncate -s0 /opt/stack/data/cinder/mnt/883341a715e5bbfae3fd7772469571d8/volume-a3ff6690-73c3-4572-a33d-25d19ca5e85e.info" returned: 0 in 0.340s {{(pid=88591) execute /opt/stack/data/venv/lib/python3.12/site-packages/oslo_concurrency/processutils.py:468}}
Jul 30 16:56:05 devstack cinder-volume[88591]: WARNING cinder.volume.drivers.remotefs [None req-08bf6f36-7bad-4255-8940-7904694b2ecb tempest-GroupSnapshotsTest-894339262 None] /opt/stack/data/cinder/mnt/883341a715e5bbfae3fd7772469571d8/volume-a3ff6690-73c3-4572-a33d-25d19ca5e85e.info is being set with open permissions: ugo+rw: NotImplementedError
Jul 30 16:56:05 devstack cinder-volume[88591]: DEBUG oslo_concurrency.processutils [None req-08bf6f36-7bad-4255-8940-7904694b2ecb tempest-GroupSnapshotsTest-894339262 None] Running cmd (subprocess): sudo cinder-rootwrap /etc/cinder/rootwrap.conf chmod ugo+rw /opt/stack/data/cinder/mnt/883341a715e5bbfae3fd7772469571d8/volume-a3ff6690-73c3-4572-a33d-25d19ca5e85e.info {{(pid=88591) execute /opt/stack/data/venv/lib/python3.12/site-packages/oslo_concurrency/processutils.py:440}}
Jul 30 16:56:05 devstack sudo[97236]: quobyte : PWD=/ ; USER=root ; COMMAND=/opt/stack/data/venv/bin/cinder-rootwrap /etc/cinder/rootwrap.conf chmod ugo+rw /opt/stack/data/cinder/mnt/883341a715e5bbfae3fd7772469571d8/volume-a3ff6690-73c3-4572-a33d-25d19ca5e85e.info
Jul 30 16:56:05 devstack sudo[97236]: pam_unix(sudo:session): session opened for user root(uid=0) by (uid=1000)
Jul 30 16:56:05 devstack cinder-volume[88591]: INFO cinder.volume.manager [req-eb4354a0-2beb-470f-a116-48b6ec0605fd req-cb4da46d-bf91-4ba6-93e7-06c4753850b9 tempest-TestMinimumBasicScenario-417990955 None] Terminate volume connection completed successfully.
Jul 30 16:56:05 devstack cinder-volume[88591]: DEBUG cinder.volume.manager [req-eb4354a0-2beb-470f-a116-48b6ec0605fd req-cb4da46d-bf91-4ba6-93e7-06c4753850b9 tempest-TestMinimumBasicScenario-417990955 None] Deleting attachment 425c579b-1563-4d72-b29a-ddcea7370561. {{(pid=88591) attachment_delete /opt/stack/cinder/cinder/volume/manager.py:5055}}
Jul 30 16:56:05 devstack sudo[97236]: pam_unix(sudo:session): session closed for user root
Jul 30 16:56:05 devstack cinder-volume[88591]: DEBUG oslo_concurrency.processutils [None req-08bf6f36-7bad-4255-8940-7904694b2ecb tempest-GroupSnapshotsTest-894339262 None] CMD "sudo cinder-rootwrap /etc/cinder/rootwrap.conf chmod ugo+rw /opt/stack/data/cinder/mnt/883341a715e5bbfae3fd7772469571d8/volume-a3ff6690-73c3-4572-a33d-25d19ca5e85e.info" returned: 0 in 0.318s {{(pid=88591) execute /opt/stack/data/venv/lib/python3.12/site-packages/oslo_concurrency/processutils.py:468}}
Jul 30 16:56:05 devstack cinder-volume[88591]: DEBUG oslo_concurrency.lockutils [None req-08bf6f36-7bad-4255-8940-7904694b2ecb tempest-GroupSnapshotsTest-894339262 None] Lock "quobyte" "released" by "cinder.volume.drivers.quobyte.QuobyteDriver.create_snapshot" :: held 3.296s {{(pid=88591) inner /opt/stack/data/venv/lib/python3.12/site-packages/oslo_concurrency/lockutils.py:544}}
Jul 30 16:56:05 devstack cinder-volume[88591]: INFO cinder.volume.manager [None req-08bf6f36-7bad-4255-8940-7904694b2ecb tempest-GroupSnapshotsTest-894339262 None] group_snapshot 67dbe97e-1bc6-4b71-a636-8b4471f828b9: created successfully
Jul 30 16:56:05 devstack cinder-volume[88591]: DEBUG cinder.coordination [None req-08bcde75-6704-41e5-932c-5d30206f1fd0 tempest-TestMinimumBasicScenario-417990955 None] Acquiring lock "cinder-10691e0c-c37e-4528-a994-778eae5e9c99-delete_volume" by "delete_volume" {{(pid=88591) __acquire /opt/stack/cinder/cinder/coordination.py:138}}
Jul 30 16:56:05 devstack cinder-volume[88591]: DEBUG cinder.coordination [None req-08bcde75-6704-41e5-932c-5d30206f1fd0 tempest-TestMinimumBasicScenario-417990955 None] Lock "cinder-10691e0c-c37e-4528-a994-778eae5e9c99-delete_volume" acquired by "delete_volume" :: waited 0.048s {{(pid=88591) __acquire /opt/stack/cinder/cinder/coordination.py:141}}
Jul 30 16:56:05 devstack cinder-volume[88591]: DEBUG cinder.coordination [None req-08bcde75-6704-41e5-932c-5d30206f1fd0 tempest-TestMinimumBasicScenario-417990955 None] Acquiring lock "cinder-quobyte-10691e0c-c37e-4528-a994-778eae5e9c99" by "delete_volume" {{(pid=88591) __acquire /opt/stack/cinder/cinder/coordination.py:138}}
Jul 30 16:56:05 devstack cinder-volume[88591]: DEBUG cinder.coordination [None req-08bcde75-6704-41e5-932c-5d30206f1fd0 tempest-TestMinimumBasicScenario-417990955 None] Lock "cinder-quobyte-10691e0c-c37e-4528-a994-778eae5e9c99" acquired by "delete_volume" :: waited 0.022s {{(pid=88591) __acquire /opt/stack/cinder/cinder/coordination.py:141}}
Jul 30 16:56:06 devstack cinder-volume[88591]: DEBUG oslo.privsep.daemon [-] privsep: reply[1a884159-d059-4bf1-9e29-9526240e3d53]: (4, 'qcow2') {{(pid=90400) _call_back /opt/stack/data/venv/lib/python3.12/site-packages/oslo_privsep/daemon.py:580}}
Jul 30 16:56:06 devstack cinder-volume[88591]: DEBUG oslo_concurrency.processutils [None req-08bcde75-6704-41e5-932c-5d30206f1fd0 tempest-TestMinimumBasicScenario-417990955 None] Running cmd (subprocess): /opt/stack/data/venv/bin/python3.12 -m oslo_concurrency.prlimit --as=1073741824 --cpu=60 -- sudo cinder-rootwrap /etc/cinder/rootwrap.conf env LC_ALL=C qemu-img info -f qcow2 --output=json --force-share /opt/stack/data/cinder/mnt/883341a715e5bbfae3fd7772469571d8/volume-10691e0c-c37e-4528-a994-778eae5e9c99 {{(pid=88591) execute /opt/stack/data/venv/lib/python3.12/site-packages/oslo_concurrency/processutils.py:440}}
Jul 30 16:56:06 devstack sudo[97259]: quobyte : PWD=/ ; USER=root ; COMMAND=/opt/stack/data/venv/bin/cinder-rootwrap /etc/cinder/rootwrap.conf env LC_ALL=C qemu-img info -f qcow2 --output=json --force-share /opt/stack/data/cinder/mnt/883341a715e5bbfae3fd7772469571d8/volume-10691e0c-c37e-4528-a994-778eae5e9c99
Jul 30 16:56:06 devstack sudo[97259]: pam_unix(sudo:session): session opened for user root(uid=0) by (uid=1000)
Jul 30 16:56:06 devstack sudo[97259]: pam_unix(sudo:session): session closed for user root
Jul 30 16:56:06 devstack cinder-volume[88591]: DEBUG oslo_concurrency.processutils [None req-08bcde75-6704-41e5-932c-5d30206f1fd0 tempest-TestMinimumBasicScenario-417990955 None] CMD "/opt/stack/data/venv/bin/python3.12 -m oslo_concurrency.prlimit --as=1073741824 --cpu=60 -- sudo cinder-rootwrap /etc/cinder/rootwrap.conf env LC_ALL=C qemu-img info -f qcow2 --output=json --force-share /opt/stack/data/cinder/mnt/883341a715e5bbfae3fd7772469571d8/volume-10691e0c-c37e-4528-a994-778eae5e9c99" returned: 0 in 0.545s {{(pid=88591) execute /opt/stack/data/venv/lib/python3.12/site-packages/oslo_concurrency/processutils.py:468}}
Jul 30 16:56:06 devstack cinder-volume[88591]: DEBUG oslo_concurrency.processutils [None req-08bcde75-6704-41e5-932c-5d30206f1fd0 tempest-TestMinimumBasicScenario-417990955 None] Running cmd (subprocess): sudo cinder-rootwrap /etc/cinder/rootwrap.conf rm -f /opt/stack/data/cinder/mnt/883341a715e5bbfae3fd7772469571d8/volume-10691e0c-c37e-4528-a994-778eae5e9c99 {{(pid=88591) execute /opt/stack/data/venv/lib/python3.12/site-packages/oslo_concurrency/processutils.py:440}}
Jul 30 16:56:06 devstack sudo[97265]: quobyte : PWD=/ ; USER=root ; COMMAND=/opt/stack/data/venv/bin/cinder-rootwrap /etc/cinder/rootwrap.conf rm -f /opt/stack/data/cinder/mnt/883341a715e5bbfae3fd7772469571d8/volume-10691e0c-c37e-4528-a994-778eae5e9c99
Jul 30 16:56:06 devstack sudo[97265]: pam_unix(sudo:session): session opened for user root(uid=0) by (uid=1000)
Jul 30 16:56:06 devstack cinder-volume[88591]: INFO cinder.volume.manager [None req-56246540-f999-4540-a27a-22f036a6ed70 tempest-GroupSnapshotsTest-894339262 None] group_snapshot 67dbe97e-1bc6-4b71-a636-8b4471f828b9: deleting
Jul 30 16:56:06 devstack cinder-volume[88591]: DEBUG cinder.volume.manager [None req-56246540-f999-4540-a27a-22f036a6ed70 tempest-GroupSnapshotsTest-894339262 None] group_snapshot 67dbe97e-1bc6-4b71-a636-8b4471f828b9: deleting {{(pid=88591) delete_group_snapshot /opt/stack/cinder/cinder/volume/manager.py:4350}}
Jul 30 16:56:06 devstack cinder-volume[88591]: DEBUG cinder.coordination [None req-56246540-f999-4540-a27a-22f036a6ed70 tempest-GroupSnapshotsTest-894339262 None] Acquiring lock "cinder-quobyte-a3ff6690-73c3-4572-a33d-25d19ca5e85e" by "delete_snapshot" {{(pid=88591) __acquire /opt/stack/cinder/cinder/coordination.py:138}}
Jul 30 16:56:06 devstack cinder-volume[88591]: DEBUG cinder.coordination [None req-56246540-f999-4540-a27a-22f036a6ed70 tempest-GroupSnapshotsTest-894339262 None] Lock "cinder-quobyte-a3ff6690-73c3-4572-a33d-25d19ca5e85e" acquired by "delete_snapshot" :: waited 0.038s {{(pid=88591) __acquire /opt/stack/cinder/cinder/coordination.py:141}}
Jul 30 16:56:06 devstack cinder-volume[88591]: DEBUG cinder.coordination [None req-56246540-f999-4540-a27a-22f036a6ed70 tempest-GroupSnapshotsTest-894339262 None] Acquiring lock "cinder-quobyte-1d090606-1111-4fdb-867f-4af7b15ccf76" by "_delete_snapshot" {{(pid=88591) __acquire /opt/stack/cinder/cinder/coordination.py:138}}
Jul 30 16:56:06 devstack cinder-volume[88591]: DEBUG cinder.coordination [None req-56246540-f999-4540-a27a-22f036a6ed70 tempest-GroupSnapshotsTest-894339262 None] Lock "cinder-quobyte-1d090606-1111-4fdb-867f-4af7b15ccf76" acquired by "_delete_snapshot" :: waited 0.044s {{(pid=88591) __acquire /opt/stack/cinder/cinder/coordination.py:141}}
Jul 30 16:56:06 devstack cinder-volume[88591]: DEBUG cinder.volume.drivers.remotefs [None req-56246540-f999-4540-a27a-22f036a6ed70 tempest-GroupSnapshotsTest-894339262 None] Deleting offline snapshot 1d090606-1111-4fdb-867f-4af7b15ccf76 of volume a3ff6690-73c3-4572-a33d-25d19ca5e85e {{(pid=88591) _delete_snapshot /opt/stack/cinder/cinder/volume/drivers/remotefs.py:1288}}
Jul 30 16:56:06 devstack cinder-volume[88591]: DEBUG cinder.volume.drivers.remotefs [None req-56246540-f999-4540-a27a-22f036a6ed70 tempest-GroupSnapshotsTest-894339262 None] snapshot_file for this snap is: volume-a3ff6690-73c3-4572-a33d-25d19ca5e85e.1d090606-1111-4fdb-867f-4af7b15ccf76 {{(pid=88591) _delete_snapshot /opt/stack/cinder/cinder/volume/drivers/remotefs.py:1317}}
Jul 30 16:56:06 devstack cinder-volume[88591]: DEBUG oslo.privsep.daemon [-] privsep: reply[80f67d1a-6f5e-470c-91ca-74e82bc65102]: (4, 'qcow2') {{(pid=90400) _call_back /opt/stack/data/venv/lib/python3.12/site-packages/oslo_privsep/daemon.py:580}}
Jul 30 16:56:06 devstack cinder-volume[88591]: DEBUG oslo_concurrency.processutils [None req-56246540-f999-4540-a27a-22f036a6ed70 tempest-GroupSnapshotsTest-894339262 None] Running cmd (subprocess): /opt/stack/data/venv/bin/python3.12 -m oslo_concurrency.prlimit --as=1073741824 --cpu=60 -- sudo cinder-rootwrap /etc/cinder/rootwrap.conf env LC_ALL=C qemu-img info -f qcow2 --output=json --force-share /opt/stack/data/cinder/mnt/883341a715e5bbfae3fd7772469571d8/volume-a3ff6690-73c3-4572-a33d-25d19ca5e85e.1d090606-1111-4fdb-867f-4af7b15ccf76 {{(pid=88591) execute /opt/stack/data/venv/lib/python3.12/site-packages/oslo_concurrency/processutils.py:440}}
Jul 30 16:56:06 devstack sudo[97265]: pam_unix(sudo:session): session closed for user root
Jul 30 16:56:06 devstack cinder-volume[88591]: DEBUG oslo_concurrency.processutils [None req-08bcde75-6704-41e5-932c-5d30206f1fd0 tempest-TestMinimumBasicScenario-417990955 None] CMD "sudo cinder-rootwrap /etc/cinder/rootwrap.conf rm -f /opt/stack/data/cinder/mnt/883341a715e5bbfae3fd7772469571d8/volume-10691e0c-c37e-4528-a994-778eae5e9c99" returned: 0 in 0.410s {{(pid=88591) execute /opt/stack/data/venv/lib/python3.12/site-packages/oslo_concurrency/processutils.py:468}}
Jul 30 16:56:07 devstack cinder-volume[88591]: DEBUG cinder.coordination [None req-08bcde75-6704-41e5-932c-5d30206f1fd0 tempest-TestMinimumBasicScenario-417990955 None] Lock "cinder-quobyte-10691e0c-c37e-4528-a994-778eae5e9c99" released by "delete_volume" :: held 1.051s {{(pid=88591) __release /opt/stack/cinder/cinder/coordination.py:152}}
Jul 30 16:56:07 devstack sudo[97268]: quobyte : PWD=/ ; USER=root ; COMMAND=/opt/stack/data/venv/bin/cinder-rootwrap /etc/cinder/rootwrap.conf env LC_ALL=C qemu-img info -f qcow2 --output=json --force-share /opt/stack/data/cinder/mnt/883341a715e5bbfae3fd7772469571d8/volume-a3ff6690-73c3-4572-a33d-25d19ca5e85e.1d090606-1111-4fdb-867f-4af7b15ccf76
Jul 30 16:56:07 devstack sudo[97268]: pam_unix(sudo:session): session opened for user root(uid=0) by (uid=1000)
Jul 30 16:56:07 devstack cinder-volume[88591]: DEBUG cinder.quota [None req-08bcde75-6704-41e5-932c-5d30206f1fd0 tempest-TestMinimumBasicScenario-417990955 None] Created reservations ['91accb99-7e40-43ae-9de1-cb381d7edbf3', '49ca8df4-53f7-4c7a-95a1-ebf9185de807', '3d9181eb-ce4f-4b71-949d-7f3df8be8a3d', 'f4ba8b4b-2c27-4918-bb52-fdcedc3a1147'] {{(pid=88591) reserve /opt/stack/cinder/cinder/quota.py:752}}
Jul 30 16:56:07 devstack cinder-volume[88591]: DEBUG oslo_concurrency.lockutils [None req-08bcde75-6704-41e5-932c-5d30206f1fd0 tempest-TestMinimumBasicScenario-417990955 None] Acquiring lock "quobyte_ensure" by "cinder.volume.drivers.quobyte.QuobyteDriver._ensure_shares_mounted" {{(pid=88591) inner /opt/stack/data/venv/lib/python3.12/site-packages/oslo_concurrency/lockutils.py:512}}
Jul 30 16:56:07 devstack cinder-volume[88591]: DEBUG oslo_concurrency.lockutils [None req-08bcde75-6704-41e5-932c-5d30206f1fd0 tempest-TestMinimumBasicScenario-417990955 None] Lock "quobyte_ensure" acquired by "cinder.volume.drivers.quobyte.QuobyteDriver._ensure_shares_mounted" :: waited 0.002s {{(pid=88591) inner /opt/stack/data/venv/lib/python3.12/site-packages/oslo_concurrency/lockutils.py:525}}
Jul 30 16:56:07 devstack cinder-volume[88591]: DEBUG cinder.volume.drivers.quobyte [None req-08bcde75-6704-41e5-932c-5d30206f1fd0 tempest-TestMinimumBasicScenario-417990955 None] Quobyte Volume URL set to: {'osci02.corp.quobyte.com/cinder-vol-ec8d8bc0-0354-4f63-bf80-b54c5b9cb202': None} {{(pid=88591) _load_shares_config /opt/stack/cinder/cinder/volume/drivers/quobyte.py:665}}
Jul 30 16:56:07 devstack cinder-volume[88591]: DEBUG cinder.volume.drivers.quobyte [None req-08bcde75-6704-41e5-932c-5d30206f1fd0 tempest-TestMinimumBasicScenario-417990955 None] Available shares ['osci02.corp.quobyte.com/cinder-vol-ec8d8bc0-0354-4f63-bf80-b54c5b9cb202'] {{(pid=88591) _ensure_shares_mounted /opt/stack/cinder/cinder/volume/drivers/quobyte.py:695}}
Jul 30 16:56:07 devstack cinder-volume[88591]: DEBUG oslo_concurrency.lockutils [None req-08bcde75-6704-41e5-932c-5d30206f1fd0 tempest-TestMinimumBasicScenario-417990955 None] Lock "quobyte_ensure" "released" by "cinder.volume.drivers.quobyte.QuobyteDriver._ensure_shares_mounted" :: held 0.014s {{(pid=88591) inner /opt/stack/data/venv/lib/python3.12/site-packages/oslo_concurrency/lockutils.py:544}}
Jul 30 16:56:07 devstack cinder-volume[88591]: DEBUG oslo_concurrency.processutils [None req-08bcde75-6704-41e5-932c-5d30206f1fd0 tempest-TestMinimumBasicScenario-417990955 None] Running cmd (subprocess): sudo cinder-rootwrap /etc/cinder/rootwrap.conf df --portability --block-size 1 /opt/stack/data/cinder/mnt/883341a715e5bbfae3fd7772469571d8 {{(pid=88591) execute /opt/stack/data/venv/lib/python3.12/site-packages/oslo_concurrency/processutils.py:440}}
Jul 30 16:56:07 devstack sudo[97275]: quobyte : PWD=/ ; USER=root ; COMMAND=/opt/stack/data/venv/bin/cinder-rootwrap /etc/cinder/rootwrap.conf df --portability --block-size 1 /opt/stack/data/cinder/mnt/883341a715e5bbfae3fd7772469571d8
Jul 30 16:56:07 devstack sudo[97275]: pam_unix(sudo:session): session opened for user root(uid=0) by (uid=1000)
Jul 30 16:56:07 devstack sudo[97268]: pam_unix(sudo:session): session closed for user root
Jul 30 16:56:07 devstack cinder-volume[88591]: DEBUG oslo_concurrency.processutils [None req-56246540-f999-4540-a27a-22f036a6ed70 tempest-GroupSnapshotsTest-894339262 None] CMD "/opt/stack/data/venv/bin/python3.12 -m oslo_concurrency.prlimit --as=1073741824 --cpu=60 -- sudo cinder-rootwrap /etc/cinder/rootwrap.conf env LC_ALL=C qemu-img info -f qcow2 --output=json --force-share /opt/stack/data/cinder/mnt/883341a715e5bbfae3fd7772469571d8/volume-a3ff6690-73c3-4572-a33d-25d19ca5e85e.1d090606-1111-4fdb-867f-4af7b15ccf76" returned: 0 in 0.661s {{(pid=88591) execute /opt/stack/data/venv/lib/python3.12/site-packages/oslo_concurrency/processutils.py:468}}
Jul 30 16:56:07 devstack cinder-volume[88591]: DEBUG cinder.volume.drivers.remotefs [None req-56246540-f999-4540-a27a-22f036a6ed70 tempest-GroupSnapshotsTest-894339262 None] Fetching qemu-img info with special backing_file_template: (/opt/stack/data/cinder/mnt/[0-9a-f]+/)?(volume-a3ff6690-73c3-4572-a33d-25d19ca5e85e(.(tmp-snap-)?[0-9a-f-]+)?|volume_from_snapshot_cache/(tmp-snap-)?[0-9a-f-]+(.(child-|parent-)[0-9a-f-]+)?)$ {{(pid=88591) _qemu_img_info_base /opt/stack/cinder/cinder/volume/drivers/remotefs.py:896}}
Jul 30 16:56:07 devstack cinder-volume[88591]: DEBUG oslo.privsep.daemon [-] privsep: reply[c3cbc1e2-73ac-48c1-b5ee-ad63ffb0e16a]: (4, 'qcow2') {{(pid=90400) _call_back /opt/stack/data/venv/lib/python3.12/site-packages/oslo_privsep/daemon.py:580}}
Jul 30 16:56:07 devstack cinder-volume[88591]: DEBUG oslo_concurrency.processutils [None req-56246540-f999-4540-a27a-22f036a6ed70 tempest-GroupSnapshotsTest-894339262 None] Running cmd (subprocess): /opt/stack/data/venv/bin/python3.12 -m oslo_concurrency.prlimit --as=1073741824 --cpu=60 -- sudo cinder-rootwrap /etc/cinder/rootwrap.conf env LC_ALL=C qemu-img info -f qcow2 --output=json --force-share /opt/stack/data/cinder/mnt/883341a715e5bbfae3fd7772469571d8/volume-a3ff6690-73c3-4572-a33d-25d19ca5e85e {{(pid=88591) execute /opt/stack/data/venv/lib/python3.12/site-packages/oslo_concurrency/processutils.py:440}}
Jul 30 16:56:07 devstack sudo[97278]: quobyte : PWD=/ ; USER=root ; COMMAND=/opt/stack/data/venv/bin/cinder-rootwrap /etc/cinder/rootwrap.conf env LC_ALL=C qemu-img info -f qcow2 --output=json --force-share /opt/stack/data/cinder/mnt/883341a715e5bbfae3fd7772469571d8/volume-a3ff6690-73c3-4572-a33d-25d19ca5e85e
Jul 30 16:56:07 devstack sudo[97278]: pam_unix(sudo:session): session opened for user root(uid=0) by (uid=1000)
Jul 30 16:56:08 devstack sudo[97275]: pam_unix(sudo:session): session closed for user root
Jul 30 16:56:08 devstack cinder-volume[88591]: DEBUG oslo_concurrency.processutils [None req-08bcde75-6704-41e5-932c-5d30206f1fd0 tempest-TestMinimumBasicScenario-417990955 None] CMD "sudo cinder-rootwrap /etc/cinder/rootwrap.conf df --portability --block-size 1 /opt/stack/data/cinder/mnt/883341a715e5bbfae3fd7772469571d8" returned: 0 in 0.676s {{(pid=88591) execute /opt/stack/data/venv/lib/python3.12/site-packages/oslo_concurrency/processutils.py:468}}
Jul 30 16:56:08 devstack cinder-volume[88591]: DEBUG cinder.manager [None req-08bcde75-6704-41e5-932c-5d30206f1fd0 tempest-TestMinimumBasicScenario-417990955 None] Notifying Schedulers of capabilities ... {{(pid=88591) _publish_service_capabilities /opt/stack/cinder/cinder/manager.py:219}}
Jul 30 16:56:08 devstack cinder-volume[88591]: INFO cinder.volume.manager [None req-08bcde75-6704-41e5-932c-5d30206f1fd0 tempest-TestMinimumBasicScenario-417990955 None] Deleted volume successfully.
Jul 30 16:56:08 devstack cinder-volume[88591]: DEBUG cinder.coordination [None req-08bcde75-6704-41e5-932c-5d30206f1fd0 tempest-TestMinimumBasicScenario-417990955 None] Lock "cinder-10691e0c-c37e-4528-a994-778eae5e9c99-delete_volume" released by "delete_volume" :: held 2.176s {{(pid=88591) __release /opt/stack/cinder/cinder/coordination.py:152}}
Jul 30 16:56:08 devstack sudo[97278]: pam_unix(sudo:session): session closed for user root
Jul 30 16:56:08 devstack cinder-volume[88591]: DEBUG oslo_concurrency.processutils [None req-56246540-f999-4540-a27a-22f036a6ed70 tempest-GroupSnapshotsTest-894339262 None] CMD "/opt/stack/data/venv/bin/python3.12 -m oslo_concurrency.prlimit --as=1073741824 --cpu=60 -- sudo cinder-rootwrap /etc/cinder/rootwrap.conf env LC_ALL=C qemu-img info -f qcow2 --output=json --force-share /opt/stack/data/cinder/mnt/883341a715e5bbfae3fd7772469571d8/volume-a3ff6690-73c3-4572-a33d-25d19ca5e85e" returned: 0 in 0.489s {{(pid=88591) execute /opt/stack/data/venv/lib/python3.12/site-packages/oslo_concurrency/processutils.py:468}}
Jul 30 16:56:08 devstack cinder-volume[88591]: DEBUG oslo_concurrency.processutils [None req-56246540-f999-4540-a27a-22f036a6ed70 tempest-GroupSnapshotsTest-894339262 None] Running cmd (subprocess): sudo cinder-rootwrap /etc/cinder/rootwrap.conf qemu-img commit -d /opt/stack/data/cinder/mnt/883341a715e5bbfae3fd7772469571d8/volume-a3ff6690-73c3-4572-a33d-25d19ca5e85e.1d090606-1111-4fdb-867f-4af7b15ccf76 {{(pid=88591) execute /opt/stack/data/venv/lib/python3.12/site-packages/oslo_concurrency/processutils.py:440}}
Jul 30 16:56:08 devstack sudo[97284]: quobyte : PWD=/ ; USER=root ; COMMAND=/opt/stack/data/venv/bin/cinder-rootwrap /etc/cinder/rootwrap.conf qemu-img commit -d /opt/stack/data/cinder/mnt/883341a715e5bbfae3fd7772469571d8/volume-a3ff6690-73c3-4572-a33d-25d19ca5e85e.1d090606-1111-4fdb-867f-4af7b15ccf76
Jul 30 16:56:08 devstack sudo[97284]: pam_unix(sudo:session): session opened for user root(uid=0) by (uid=1000)
Jul 30 16:56:08 devstack sudo[97284]: pam_unix(sudo:session): session closed for user root
Jul 30 16:56:08 devstack cinder-volume[88591]: DEBUG oslo_concurrency.processutils [None req-56246540-f999-4540-a27a-22f036a6ed70 tempest-GroupSnapshotsTest-894339262 None] CMD "sudo cinder-rootwrap /etc/cinder/rootwrap.conf qemu-img commit -d /opt/stack/data/cinder/mnt/883341a715e5bbfae3fd7772469571d8/volume-a3ff6690-73c3-4572-a33d-25d19ca5e85e.1d090606-1111-4fdb-867f-4af7b15ccf76" returned: 0 in 0.571s {{(pid=88591) execute /opt/stack/data/venv/lib/python3.12/site-packages/oslo_concurrency/processutils.py:468}}
Jul 30 16:56:08 devstack cinder-volume[88591]: DEBUG oslo_concurrency.processutils [None req-56246540-f999-4540-a27a-22f036a6ed70 tempest-GroupSnapshotsTest-894339262 None] Running cmd (subprocess): sudo cinder-rootwrap /etc/cinder/rootwrap.conf rm -f /opt/stack/data/cinder/mnt/883341a715e5bbfae3fd7772469571d8/volume-a3ff6690-73c3-4572-a33d-25d19ca5e85e.1d090606-1111-4fdb-867f-4af7b15ccf76 {{(pid=88591) execute /opt/stack/data/venv/lib/python3.12/site-packages/oslo_concurrency/processutils.py:440}}
Jul 30 16:56:08 devstack sudo[97293]: quobyte : PWD=/ ; USER=root ; COMMAND=/opt/stack/data/venv/bin/cinder-rootwrap /etc/cinder/rootwrap.conf rm -f /opt/stack/data/cinder/mnt/883341a715e5bbfae3fd7772469571d8/volume-a3ff6690-73c3-4572-a33d-25d19ca5e85e.1d090606-1111-4fdb-867f-4af7b15ccf76
Jul 30 16:56:08 devstack sudo[97293]: pam_unix(sudo:session): session opened for user root(uid=0) by (uid=1000)
Jul 30 16:56:09 devstack sudo[97293]: pam_unix(sudo:session): session closed for user root
Jul 30 16:56:09 devstack cinder-volume[88591]: DEBUG oslo_concurrency.processutils [None req-56246540-f999-4540-a27a-22f036a6ed70 tempest-GroupSnapshotsTest-894339262 None] CMD "sudo cinder-rootwrap /etc/cinder/rootwrap.conf rm -f /opt/stack/data/cinder/mnt/883341a715e5bbfae3fd7772469571d8/volume-a3ff6690-73c3-4572-a33d-25d19ca5e85e.1d090606-1111-4fdb-867f-4af7b15ccf76" returned: 0 in 0.635s {{(pid=88591) execute /opt/stack/data/venv/lib/python3.12/site-packages/oslo_concurrency/processutils.py:468}}
Jul 30 16:56:09 devstack cinder-volume[88591]: DEBUG cinder.coordination [None req-56246540-f999-4540-a27a-22f036a6ed70 tempest-GroupSnapshotsTest-894339262 None] Lock "cinder-quobyte-1d090606-1111-4fdb-867f-4af7b15ccf76" released by "_delete_snapshot" :: held 2.565s {{(pid=88591) __release /opt/stack/cinder/cinder/coordination.py:152}}
Jul 30 16:56:09 devstack cinder-volume[88591]: DEBUG cinder.coordination [None req-56246540-f999-4540-a27a-22f036a6ed70 tempest-GroupSnapshotsTest-894339262 None] Lock "cinder-quobyte-a3ff6690-73c3-4572-a33d-25d19ca5e85e" released by "delete_snapshot" :: held 2.630s {{(pid=88591) __release /opt/stack/cinder/cinder/coordination.py:152}}
Jul 30 16:56:09 devstack cinder-volume[88591]: WARNING cinder.quota [None req-56246540-f999-4540-a27a-22f036a6ed70 tempest-GroupSnapshotsTest-894339262 None] Deprecated: Default quota for resource: gigabytes_tempest-GroupSnapshotsTest-volume-type-402732617 is set by the default quota flag: quota_gigabytes_tempest-GroupSnapshotsTest-volume-type-402732617, it is now deprecated. Please use the default quota class for default quota.
Jul 30 16:56:09 devstack cinder-volume[88591]: WARNING cinder.quota [None req-56246540-f999-4540-a27a-22f036a6ed70 tempest-GroupSnapshotsTest-894339262 None] Deprecated: Default quota for resource: snapshots_tempest-GroupSnapshotsTest-volume-type-402732617 is set by the default quota flag: quota_snapshots_tempest-GroupSnapshotsTest-volume-type-402732617, it is now deprecated. Please use the default quota class for default quota.
Jul 30 16:56:09 devstack cinder-volume[88591]: DEBUG cinder.quota [None req-56246540-f999-4540-a27a-22f036a6ed70 tempest-GroupSnapshotsTest-894339262 None] Created reservations ['62175f26-3264-4dfa-bf6a-cc70d755b489', 'b56934b0-a00c-4019-aec5-aa1cf76ef788', 'd0857a79-af17-46c5-9ada-be47e8ec4097', 'df89bd04-dafb-4099-b18b-3a2c2d36eca8'] {{(pid=88591) reserve /opt/stack/cinder/cinder/quota.py:752}}
Jul 30 16:56:09 devstack cinder-volume[88591]: INFO cinder.volume.manager [None req-56246540-f999-4540-a27a-22f036a6ed70 tempest-GroupSnapshotsTest-894339262 None] group_snapshot 67dbe97e-1bc6-4b71-a636-8b4471f828b9: deleted successfully
Jul 30 16:56:10 devstack cinder-volume[88591]: DEBUG cinder.coordination [None req-08c34a72-a92d-4843-8cf1-f15508df41ac tempest-GroupSnapshotsTest-894339262 None] Acquiring lock "cinder-quobyte-a3ff6690-73c3-4572-a33d-25d19ca5e85e" by "delete_volume" {{(pid=88591) __acquire /opt/stack/cinder/cinder/coordination.py:138}}
Jul 30 16:56:10 devstack cinder-volume[88591]: DEBUG cinder.coordination [None req-08c34a72-a92d-4843-8cf1-f15508df41ac tempest-GroupSnapshotsTest-894339262 None] Lock "cinder-quobyte-a3ff6690-73c3-4572-a33d-25d19ca5e85e" acquired by "delete_volume" :: waited 0.019s {{(pid=88591) __acquire /opt/stack/cinder/cinder/coordination.py:141}}
Jul 30 16:56:10 devstack cinder-volume[88591]: DEBUG oslo.privsep.daemon [-] privsep: reply[f7eb05fd-0d6f-407b-a912-a088e2296f89]: (4, 'qcow2') {{(pid=90400) _call_back /opt/stack/data/venv/lib/python3.12/site-packages/oslo_privsep/daemon.py:580}}
Jul 30 16:56:10 devstack cinder-volume[88591]: DEBUG oslo_concurrency.processutils [None req-08c34a72-a92d-4843-8cf1-f15508df41ac tempest-GroupSnapshotsTest-894339262 None] Running cmd (subprocess): /opt/stack/data/venv/bin/python3.12 -m oslo_concurrency.prlimit --as=1073741824 --cpu=60 -- sudo cinder-rootwrap /etc/cinder/rootwrap.conf env LC_ALL=C qemu-img info -f qcow2 --output=json --force-share /opt/stack/data/cinder/mnt/883341a715e5bbfae3fd7772469571d8/volume-a3ff6690-73c3-4572-a33d-25d19ca5e85e {{(pid=88591) execute /opt/stack/data/venv/lib/python3.12/site-packages/oslo_concurrency/processutils.py:440}}
Jul 30 16:56:10 devstack sudo[97318]: quobyte : PWD=/ ; USER=root ; COMMAND=/opt/stack/data/venv/bin/cinder-rootwrap /etc/cinder/rootwrap.conf env LC_ALL=C qemu-img info -f qcow2 --output=json --force-share /opt/stack/data/cinder/mnt/883341a715e5bbfae3fd7772469571d8/volume-a3ff6690-73c3-4572-a33d-25d19ca5e85e
Jul 30 16:56:10 devstack sudo[97318]: pam_unix(sudo:session): session opened for user root(uid=0) by (uid=1000)
Jul 30 16:56:11 devstack sudo[97318]: pam_unix(sudo:session): session closed for user root
Jul 30 16:56:11 devstack cinder-volume[88591]: DEBUG oslo_concurrency.processutils [None req-08c34a72-a92d-4843-8cf1-f15508df41ac tempest-GroupSnapshotsTest-894339262 None] CMD "/opt/stack/data/venv/bin/python3.12 -m oslo_concurrency.prlimit --as=1073741824 --cpu=60 -- sudo cinder-rootwrap /etc/cinder/rootwrap.conf env LC_ALL=C qemu-img info -f qcow2 --output=json --force-share /opt/stack/data/cinder/mnt/883341a715e5bbfae3fd7772469571d8/volume-a3ff6690-73c3-4572-a33d-25d19ca5e85e" returned: 0 in 0.474s {{(pid=88591) execute /opt/stack/data/venv/lib/python3.12/site-packages/oslo_concurrency/processutils.py:468}}
