Jul 30 16:42:49 devstack devstack@g-api.service[78215]: DEBUG glance.common.config [None req-15a6fa4f-b276-4a21-8465-278ac18ec5a9 None None] database.asyncio_connection = **** {{(pid=78215) log_opt_values /opt/stack/data/venv/lib/python3.12/site-packages/oslo_config/cfg.py:3253}}
Jul 30 16:42:49 devstack devstack@g-api.service[78215]: DEBUG glance.common.config [None req-15a6fa4f-b276-4a21-8465-278ac18ec5a9 None None] database.asyncio_slave_connection = **** {{(pid=78215) log_opt_values /opt/stack/data/venv/lib/python3.12/site-packages/oslo_config/cfg.py:3253}}
Jul 30 16:42:49 devstack devstack@g-api.service[78215]: DEBUG glance.common.config [None req-15a6fa4f-b276-4a21-8465-278ac18ec5a9 None None] database.backend = sqlalchemy {{(pid=78215) log_opt_values /opt/stack/data/venv/lib/python3.12/site-packages/oslo_config/cfg.py:3253}}
Jul 30 16:42:49 devstack devstack@g-api.service[78215]: DEBUG glance.common.config [None req-15a6fa4f-b276-4a21-8465-278ac18ec5a9 None None] database.connection = **** {{(pid=78215) log_opt_values /opt/stack/data/venv/lib/python3.12/site-packages/oslo_config/cfg.py:3253}}
Jul 30 16:42:49 devstack devstack@g-api.service[78216]: [pid: 78216|app: 0|req: 1/1] 127.0.0.1 () {32 vars in 401 bytes} [Thu Jul 30 16:42:49 2026] GET / => generated 1571 bytes in 3 msecs (HTTP/1.1 300) 3 headers in 106 bytes (1 switches on core 0)
Jul 30 16:42:49 devstack devstack@g-api.service[78215]: DEBUG glance.common.config [None req-15a6fa4f-b276-4a21-8465-278ac18ec5a9 None None] database.connection_debug = 0 {{(pid=78215) log_opt_values /opt/stack/data/venv/lib/python3.12/site-packages/oslo_config/cfg.py:3253}}
Jul 30 16:42:49 devstack devstack@g-api.service[78215]: DEBUG glance.common.config [None req-15a6fa4f-b276-4a21-8465-278ac18ec5a9 None None] database.connection_parameters = {{(pid=78215) log_opt_values /opt/stack/data/venv/lib/python3.12/site-packages/oslo_config/cfg.py:3253}}
Jul 30 16:42:49 devstack devstack@g-api.service[78215]: DEBUG glance.common.config [None req-15a6fa4f-b276-4a21-8465-278ac18ec5a9 None None] database.connection_recycle_time = 3600 {{(pid=78215) log_opt_values /opt/stack/data/venv/lib/python3.12/site-packages/oslo_config/cfg.py:3253}}
Jul 30 16:42:49 devstack devstack@g-api.service[78215]: DEBUG glance.common.config [None req-15a6fa4f-b276-4a21-8465-278ac18ec5a9 None None] database.connection_trace = False {{(pid=78215) log_opt_values /opt/stack/data/venv/lib/python3.12/site-packages/oslo_config/cfg.py:3253}}
Jul 30 16:42:49 devstack devstack@g-api.service[78215]: DEBUG glance.common.config [None req-15a6fa4f-b276-4a21-8465-278ac18ec5a9 None None] database.db_inc_retry_interval = True {{(pid=78215) log_opt_values /opt/stack/data/venv/lib/python3.12/site-packages/oslo_config/cfg.py:3253}}
Jul 30 16:42:49 devstack devstack@g-api.service[78215]: DEBUG glance.common.config [None req-15a6fa4f-b276-4a21-8465-278ac18ec5a9 None None] database.db_max_retries = 20 {{(pid=78215) log_opt_values /opt/stack/data/venv/lib/python3.12/site-packages/oslo_config/cfg.py:3253}}
Jul 30 16:42:49 devstack devstack@g-api.service[78215]: DEBUG glance.common.config [None req-15a6fa4f-b276-4a21-8465-278ac18ec5a9 None None] database.db_max_retry_interval = 10 {{(pid=78215) log_opt_values /opt/stack/data/venv/lib/python3.12/site-packages/oslo_config/cfg.py:3253}}
Jul 30 16:42:49 devstack devstack@g-api.service[78215]: DEBUG glance.common.config [None req-15a6fa4f-b276-4a21-8465-278ac18ec5a9 None None] database.db_retry_interval = 1 {{(pid=78215) log_opt_values /opt/stack/data/venv/lib/python3.12/site-packages/oslo_config/cfg.py:3253}}
Jul 30 16:42:49 devstack devstack@g-api.service[78215]: DEBUG glance.common.config [None req-15a6fa4f-b276-4a21-8465-278ac18ec5a9 None None] database.max_overflow = 50 {{(pid=78215) log_opt_values /opt/stack/data/venv/lib/python3.12/site-packages/oslo_config/cfg.py:3253}}
Jul 30 16:42:49 devstack devstack@g-api.service[78215]: DEBUG glance.common.config [None req-15a6fa4f-b276-4a21-8465-278ac18ec5a9 None None] database.max_pool_size = 5 {{(pid=78215) log_opt_values /opt/stack/data/venv/lib/python3.12/site-packages/oslo_config/cfg.py:3253}}
Jul 30 16:42:49 devstack devstack@g-api.service[78215]: DEBUG glance.common.config [None req-15a6fa4f-b276-4a21-8465-278ac18ec5a9 None None] database.max_retries = 10 {{(pid=78215) log_opt_values /opt/stack/data/venv/lib/python3.12/site-packages/oslo_config/cfg.py:3253}}
Jul 30 16:42:49 devstack devstack@g-api.service[78215]: DEBUG glance.common.config [None req-15a6fa4f-b276-4a21-8465-278ac18ec5a9 None None] database.mysql_sql_mode = TRADITIONAL {{(pid=78215) log_opt_values /opt/stack/data/venv/lib/python3.12/site-packages/oslo_config/cfg.py:3253}}
Jul 30 16:42:49 devstack devstack@g-api.service[78215]: DEBUG glance.common.config [None req-15a6fa4f-b276-4a21-8465-278ac18ec5a9 None None] database.mysql_wsrep_sync_wait = None {{(pid=78215) log_opt_values /opt/stack/data/venv/lib/python3.12/site-packages/oslo_config/cfg.py:3253}}
Jul 30 16:42:49 devstack devstack@g-api.service[78215]: DEBUG glance.common.config [None req-15a6fa4f-b276-4a21-8465-278ac18ec5a9 None None] database.pool_timeout = None {{(pid=78215) log_opt_values /opt/stack/data/venv/lib/python3.12/site-packages/oslo_config/cfg.py:3253}}
Jul 30 16:42:49 devstack devstack@g-api.service[78215]: DEBUG glance.common.config [None req-15a6fa4f-b276-4a21-8465-278ac18ec5a9 None None] database.retry_interval = 10 {{(pid=78215) log_opt_values /opt/stack/data/venv/lib/python3.12/site-packages/oslo_config/cfg.py:3253}}
Jul 30 16:42:49 devstack devstack@g-api.service[78215]: DEBUG glance.common.config [None req-15a6fa4f-b276-4a21-8465-278ac18ec5a9 None None] database.slave_connection = **** {{(pid=78215) log_opt_values /opt/stack/data/venv/lib/python3.12/site-packages/oslo_config/cfg.py:3253}}
Jul 30 16:42:49 devstack devstack@g-api.service[78215]: DEBUG glance.common.config [None req-15a6fa4f-b276-4a21-8465-278ac18ec5a9 None None] database.sqlite_synchronous = True {{(pid=78215) log_opt_values /opt/stack/data/venv/lib/python3.12/site-packages/oslo_config/cfg.py:3253}}
Jul 30 16:42:49 devstack devstack@g-api.service[78215]: DEBUG glance.common.config [None req-15a6fa4f-b276-4a21-8465-278ac18ec5a9 None None] database.synchronous_reader = True {{(pid=78215) log_opt_values /opt/stack/data/venv/lib/python3.12/site-packages/oslo_config/cfg.py:3253}}
Jul 30 16:42:49 devstack devstack@g-api.service[78215]: DEBUG glance.common.config [None req-15a6fa4f-b276-4a21-8465-278ac18ec5a9 None None] database.use_db_reconnect = False {{(pid=78215) log_opt_values /opt/stack/data/venv/lib/python3.12/site-packages/oslo_config/cfg.py:3253}}
Jul 30 16:42:49 devstack devstack@g-api.service[78215]: DEBUG glance.common.config [None req-15a6fa4f-b276-4a21-8465-278ac18ec5a9 None None] healthcheck.allowed_source_ranges = [] {{(pid=78215) log_opt_values /opt/stack/data/venv/lib/python3.12/site-packages/oslo_config/cfg.py:3253}}
Jul 30 16:42:49 devstack devstack@g-api.service[78215]: DEBUG glance.common.config [None req-15a6fa4f-b276-4a21-8465-278ac18ec5a9 None None] healthcheck.backends = ['disable_by_file'] {{(pid=78215) log_opt_values /opt/stack/data/venv/lib/python3.12/site-packages/oslo_config/cfg.py:3253}}
Jul 30 16:42:49 devstack devstack@g-api.service[78215]: DEBUG glance.common.config [None req-15a6fa4f-b276-4a21-8465-278ac18ec5a9 None None] healthcheck.detailed = False {{(pid=78215) log_opt_values /opt/stack/data/venv/lib/python3.12/site-packages/oslo_config/cfg.py:3253}}
Jul 30 16:42:49 devstack devstack@g-api.service[78215]: DEBUG glance.common.config [None req-15a6fa4f-b276-4a21-8465-278ac18ec5a9 None None] healthcheck.disable_by_file_path = None {{(pid=78215) log_opt_values /opt/stack/data/venv/lib/python3.12/site-packages/oslo_config/cfg.py:3253}}
Jul 30 16:42:49 devstack devstack@g-api.service[78215]: DEBUG glance.common.config [None req-15a6fa4f-b276-4a21-8465-278ac18ec5a9 None None] healthcheck.ignore_proxied_requests = False {{(pid=78215) log_opt_values /opt/stack/data/venv/lib/python3.12/site-packages/oslo_config/cfg.py:3253}}
Jul 30 16:42:49 devstack devstack@g-api.service[78215]: DEBUG glance.common.config [None req-15a6fa4f-b276-4a21-8465-278ac18ec5a9 None None] ******************************************************************************** {{(pid=78215) log_opt_values /opt/stack/data/venv/lib/python3.12/site-packages/oslo_config/cfg.py:3260}}
Jul 30 16:42:49 devstack devstack@g-api.service[78215]: WSGI app 0 (mountpoint='') ready in 5 seconds on interpreter 0x75f7238a4668 pid: 78215 (default app)
Jul 30 16:42:53 devstack devstack@g-api.service[78216]: DEBUG glance.api.middleware.version_negotiation [None req-fb8b201d-fd58-40b8-9418-bc8fdb8cd8ff None None] Determining version of request: GET / Accept: application/json {{(pid=78216) process_request /opt/stack/glance/glance/api/middleware/version_negotiation.py:44}}
Jul 30 16:42:53 devstack devstack@g-api.service[78216]: DEBUG glance.api.middleware.version_negotiation [None req-fb8b201d-fd58-40b8-9418-bc8fdb8cd8ff None None] Using url versioning {{(pid=78216) process_request /opt/stack/glance/glance/api/middleware/version_negotiation.py:57}}
Jul 30 16:42:53 devstack devstack@g-api.service[78216]: DEBUG glance.api.middleware.version_negotiation [None req-fb8b201d-fd58-40b8-9418-bc8fdb8cd8ff None None] Unknown version. Returning version choices. {{(pid=78216) process_request /opt/stack/glance/glance/api/middleware/version_negotiation.py:64}}
Jul 30 16:42:53 devstack devstack@g-api.service[78216]: [pid: 78216|app: 0|req: 2/2] 127.0.0.1 () {34 vars in 519 bytes} [Thu Jul 30 16:42:53 2026] GET / => generated 1571 bytes in 2 msecs (HTTP/1.1 300) 3 headers in 106 bytes (1 switches on core 0)
Jul 30 16:42:53 devstack devstack@g-api.service[78215]: DEBUG glance.api.middleware.version_negotiation [None req-15a6fa4f-b276-4a21-8465-278ac18ec5a9 None None] Determining version of request: POST /v2/images Accept: */* {{(pid=78215) process_request /opt/stack/glance/glance/api/middleware/version_negotiation.py:44}}
Jul 30 16:42:53 devstack devstack@g-api.service[78215]: DEBUG glance.api.middleware.version_negotiation [None req-15a6fa4f-b276-4a21-8465-278ac18ec5a9 None None] Using url versioning {{(pid=78215) process_request /opt/stack/glance/glance/api/middleware/version_negotiation.py:57}}
Jul 30 16:42:53 devstack devstack@g-api.service[78215]: DEBUG glance.api.middleware.version_negotiation [None req-15a6fa4f-b276-4a21-8465-278ac18ec5a9 None None] Matched version: v2 {{(pid=78215) process_request /opt/stack/glance/glance/api/middleware/version_negotiation.py:69}}
Jul 30 16:42:53 devstack devstack@g-api.service[78215]: DEBUG glance.api.middleware.version_negotiation [None req-15a6fa4f-b276-4a21-8465-278ac18ec5a9 None None] new path /v2/images {{(pid=78215) process_request /opt/stack/glance/glance/api/middleware/version_negotiation.py:70}}
Jul 30 16:42:55 devstack devstack@g-api.service[78215]: [pid: 78215|app: 0|req: 1/3] 127.0.0.1 () {40 vars in 782 bytes} [Thu Jul 30 16:42:53 2026] POST /v2/images => generated 807 bytes in 1288 msecs (HTTP/1.1 201) 6 headers in 314 bytes (1 switches on core 0)
Jul 30 16:42:55 devstack devstack@g-api.service[78216]: DEBUG glance.api.middleware.version_negotiation [None req-fb8b201d-fd58-40b8-9418-bc8fdb8cd8ff None None] Determining version of request: PUT /v2/images/fb94d6e3-28d4-406f-8bad-19349d5f8454/file Accept: {{(pid=78216) process_request /opt/stack/glance/glance/api/middleware/version_negotiation.py:44}}
Jul 30 16:42:55 devstack devstack@g-api.service[78216]: DEBUG glance.api.middleware.version_negotiation [None req-fb8b201d-fd58-40b8-9418-bc8fdb8cd8ff None None] Using url versioning {{(pid=78216) process_request /opt/stack/glance/glance/api/middleware/version_negotiation.py:57}}
Jul 30 16:42:55 devstack devstack@g-api.service[78216]: DEBUG glance.api.middleware.version_negotiation [None req-fb8b201d-fd58-40b8-9418-bc8fdb8cd8ff None None] Matched version: v2 {{(pid=78216) process_request /opt/stack/glance/glance/api/middleware/version_negotiation.py:69}}
Jul 30 16:42:55 devstack devstack@g-api.service[78216]: DEBUG glance.api.middleware.version_negotiation [None req-fb8b201d-fd58-40b8-9418-bc8fdb8cd8ff None None] new path /v2/images/fb94d6e3-28d4-406f-8bad-19349d5f8454/file {{(pid=78216) process_request /opt/stack/glance/glance/api/middleware/version_negotiation.py:70}}
Jul 30 16:42:55 devstack devstack@g-api.service[78216]: INFO glance.api.v2.image_data [None req-bd59f496-751b-4752-a7b0-d9095b64d302 admin admin] Unable to create trust: no such option collect_timing in group [keystone_authtoken] Use the existing user token.
Jul 30 16:42:56 devstack devstack@g-api.service[78216]: DEBUG glance.location [None req-bd59f496-751b-4752-a7b0-d9095b64d302 admin admin] Enabling in-flight format inspection for qcow2 {{(pid=78216) set_data /opt/stack/glance/glance/location.py:596}}
Jul 30 16:42:56 devstack devstack@g-api.service[78216]: DEBUG oslo_utils.imageutils.format_inspector [None req-bd59f496-751b-4752-a7b0-d9095b64d302 admin admin] Format inspector for vmdk does not match, excluding from consideration (Signature KDMV not found: b'QFI\xfb') {{(pid=78216) _process_chunk /opt/stack/data/venv/lib/python3.12/site-packages/oslo_utils/imageutils/format_inspector.py:1758}}
Jul 30 16:42:56 devstack devstack@g-api.service[78216]: DEBUG oslo_utils.imageutils.format_inspector [None req-bd59f496-751b-4752-a7b0-d9095b64d302 admin admin] Format inspector for vhdx does not match, excluding from consideration (Region signature not found at 30000) {{(pid=78216) _process_chunk /opt/stack/data/venv/lib/python3.12/site-packages/oslo_utils/imageutils/format_inspector.py:1758}}
Jul 30 16:42:56 devstack devstack@g-api.service[78216]: DEBUG glance_store._drivers.filesystem [None req-bd59f496-751b-4752-a7b0-d9095b64d302 admin admin] Wrote 21692416 bytes to /opt/stack/data/glance/images/fb94d6e3-28d4-406f-8bad-19349d5f8454 with checksum 87617e24a5e30cb3b87fda8c0764838f and multihash 9a9bce0083a00939ec17c11febbfc767aa211aaa54f51e75c5a8b271a9b5637c77205a518b7a2007cb391d23cceb01e0e4e8d64832317151bc85b734b92a7be0 {{(pid=78216) add /opt/stack/data/venv/lib/python3.12/site-packages/glance_store/_drivers/filesystem.py:899}}
Jul 30 16:42:56 devstack devstack@g-api.service[78216]: INFO glance.location [None req-bd59f496-751b-4752-a7b0-d9095b64d302 admin admin] Image format matched and virtual size computed: 117440512
Jul 30 16:42:56 devstack devstack@g-api.service[78216]: DEBUG glance_store.backend [None req-bd59f496-751b-4752-a7b0-d9095b64d302 admin admin] Skipping store.set_acls... not implemented. {{(pid=78216) set_acls /opt/stack/data/venv/lib/python3.12/site-packages/glance_store/backend.py:507}}
Jul 30 16:42:56 devstack devstack@g-api.service[78216]: [pid: 78216|app: 0|req: 3/4] 127.0.0.1 () {40 vars in 875 bytes} [Thu Jul 30 16:42:55 2026] PUT /v2/images/fb94d6e3-28d4-406f-8bad-19349d5f8454/file => generated 0 bytes in 1824 msecs (HTTP/1.1 204) 4 headers in 171 bytes (1 switches on core 0)
Jul 30 16:42:56 devstack devstack@g-api.service[78215]: DEBUG glance.api.middleware.version_negotiation [None req-2220760f-2822-4bec-9f82-6e22f33a6c1b admin admin] Determining version of request: GET /v2/images/fb94d6e3-28d4-406f-8bad-19349d5f8454 Accept: */* {{(pid=78215) process_request /opt/stack/glance/glance/api/middleware/version_negotiation.py:44}}
Jul 30 16:42:56 devstack devstack@g-api.service[78215]: DEBUG glance.api.middleware.version_negotiation [None req-2220760f-2822-4bec-9f82-6e22f33a6c1b admin admin] Using url versioning {{(pid=78215) process_request /opt/stack/glance/glance/api/middleware/version_negotiation.py:57}}
Jul 30 16:42:56 devstack devstack@g-api.service[78215]: DEBUG glance.api.middleware.version_negotiation [None req-2220760f-2822-4bec-9f82-6e22f33a6c1b admin admin] Matched version: v2 {{(pid=78215) process_request /opt/stack/glance/glance/api/middleware/version_negotiation.py:69}}
Jul 30 16:42:56 devstack devstack@g-api.service[78215]: DEBUG glance.api.middleware.version_negotiation [None req-2220760f-2822-4bec-9f82-6e22f33a6c1b admin admin] new path /v2/images/fb94d6e3-28d4-406f-8bad-19349d5f8454 {{(pid=78215) process_request /opt/stack/glance/glance/api/middleware/version_negotiation.py:70}}
Jul 30 16:42:57 devstack devstack@g-api.service[78215]: [pid: 78215|app: 0|req: 2/5] 127.0.0.1 () {36 vars in 802 bytes} [Thu Jul 30 16:42:56 2026] GET /v2/images/fb94d6e3-28d4-406f-8bad-19349d5f8454 => generated 976 bytes in 25 msecs (HTTP/1.1 200) 4 headers in 157 bytes (1 switches on core 0)
Jul 30 16:43:06 devstack devstack@g-api.service[78216]: DEBUG dbcounter [-] [78216] Writing DB stats glance:INSERT=5,glance:SELECT=16,glance:UPDATE=2 {{(pid=78216) stat_writer /opt/stack/data/venv/lib/python3.12/site-packages/dbcounter.py:115}}
Jul 30 16:43:06 devstack devstack@g-api.service[78215]: DEBUG dbcounter [-] [78215] Writing DB stats glance:INSERT=9,glance:SELECT=6 {{(pid=78215) stat_writer /opt/stack/data/venv/lib/python3.12/site-packages/dbcounter.py:115}}
Jul 30 16:43:42 devstack devstack@g-api.service[78216]: DEBUG glance.api.middleware.version_negotiation [None req-bd59f496-751b-4752-a7b0-d9095b64d302 admin admin] Determining version of request: GET / Accept: application/json {{(pid=78216) process_request /opt/stack/glance/glance/api/middleware/version_negotiation.py:44}}
Jul 30 16:43:42 devstack devstack@g-api.service[78216]: DEBUG glance.api.middleware.version_negotiation [None req-bd59f496-751b-4752-a7b0-d9095b64d302 admin admin] Using url versioning {{(pid=78216) process_request /opt/stack/glance/glance/api/middleware/version_negotiation.py:57}}
Jul 30 16:43:42 devstack devstack@g-api.service[78216]: DEBUG glance.api.middleware.version_negotiation [None req-bd59f496-751b-4752-a7b0-d9095b64d302 admin admin] Unknown version. Returning version choices. {{(pid=78216) process_request /opt/stack/glance/glance/api/middleware/version_negotiation.py:64}}
Jul 30 16:43:42 devstack devstack@g-api.service[78216]: [pid: 78216|app: 0|req: 4/6] 127.0.0.1 () {34 vars in 519 bytes} [Thu Jul 30 16:43:42 2026] GET / => generated 1571 bytes in 3 msecs (HTTP/1.1 300) 3 headers in 106 bytes (1 switches on core 0)
Jul 30 16:43:42 devstack devstack@g-api.service[78215]: DEBUG glance.api.middleware.version_negotiation [None req-86be4829-6388-4fa2-a40e-3e824054559d admin admin] Determining version of request: GET /v2/images Accept: application/json {{(pid=78215) process_request /opt/stack/glance/glance/api/middleware/version_negotiation.py:44}}
Jul 30 16:43:42 devstack devstack@g-api.service[78215]: DEBUG glance.api.middleware.version_negotiation [None req-86be4829-6388-4fa2-a40e-3e824054559d admin admin] Using url versioning {{(pid=78215) process_request /opt/stack/glance/glance/api/middleware/version_negotiation.py:57}}
Jul 30 16:43:42 devstack devstack@g-api.service[78215]: DEBUG glance.api.middleware.version_negotiation [None req-86be4829-6388-4fa2-a40e-3e824054559d admin admin] Matched version: v2 {{(pid=78215) process_request /opt/stack/glance/glance/api/middleware/version_negotiation.py:69}}
Jul 30 16:43:42 devstack devstack@g-api.service[78215]: DEBUG glance.api.middleware.version_negotiation [None req-86be4829-6388-4fa2-a40e-3e824054559d admin admin] new path /v2/images {{(pid=78215) process_request /opt/stack/glance/glance/api/middleware/version_negotiation.py:70}}
Jul 30 16:43:42 devstack devstack@g-api.service[78215]: [pid: 78215|app: 0|req: 3/7] 127.0.0.1 () {36 vars in 741 bytes} [Thu Jul 30 16:43:42 2026] GET /v2/images => generated 1045 bytes in 93 msecs (HTTP/1.1 200) 4 headers in 158 bytes (1 switches on core 0)
Jul 30 16:43:52 devstack devstack@g-api.service[78216]: DEBUG glance.api.middleware.version_negotiation [None req-bd59f496-751b-4752-a7b0-d9095b64d302 admin admin] Determining version of request: GET / Accept: application/json {{(pid=78216) process_request /opt/stack/glance/glance/api/middleware/version_negotiation.py:44}}
Jul 30 16:43:52 devstack devstack@g-api.service[78216]: DEBUG glance.api.middleware.version_negotiation [None req-bd59f496-751b-4752-a7b0-d9095b64d302 admin admin] Using url versioning {{(pid=78216) process_request /opt/stack/glance/glance/api/middleware/version_negotiation.py:57}}
Jul 30 16:43:52 devstack devstack@g-api.service[78216]: DEBUG glance.api.middleware.version_negotiation [None req-bd59f496-751b-4752-a7b0-d9095b64d302 admin admin] Unknown version. Returning version choices. {{(pid=78216) process_request /opt/stack/glance/glance/api/middleware/version_negotiation.py:64}}
Jul 30 16:43:52 devstack devstack@g-api.service[78216]: [pid: 78216|app: 0|req: 5/8] 127.0.0.1 () {34 vars in 519 bytes} [Thu Jul 30 16:43:52 2026] GET / => generated 1571 bytes in 2 msecs (HTTP/1.1 300) 3 headers in 106 bytes (1 switches on core 0)
Jul 30 16:43:52 devstack devstack@g-api.service[78215]: DEBUG glance.api.middleware.version_negotiation [None req-9dfd714b-7e6e-4d1e-8719-f2ffaaa5ce14 admin admin] Determining version of request: GET /v2/images/fb94d6e3-28d4-406f-8bad-19349d5f8454 Accept: */* {{(pid=78215) process_request /opt/stack/glance/glance/api/middleware/version_negotiation.py:44}}
Jul 30 16:43:52 devstack devstack@g-api.service[78215]: DEBUG glance.api.middleware.version_negotiation [None req-9dfd714b-7e6e-4d1e-8719-f2ffaaa5ce14 admin admin] Using url versioning {{(pid=78215) process_request /opt/stack/glance/glance/api/middleware/version_negotiation.py:57}}
Jul 30 16:43:52 devstack devstack@g-api.service[78215]: DEBUG glance.api.middleware.version_negotiation [None req-9dfd714b-7e6e-4d1e-8719-f2ffaaa5ce14 admin admin] Matched version: v2 {{(pid=78215) process_request /opt/stack/glance/glance/api/middleware/version_negotiation.py:69}}
Jul 30 16:43:52 devstack devstack@g-api.service[78215]: DEBUG glance.api.middleware.version_negotiation [None req-9dfd714b-7e6e-4d1e-8719-f2ffaaa5ce14 admin admin] new path /v2/images/fb94d6e3-28d4-406f-8bad-19349d5f8454 {{(pid=78215) process_request /opt/stack/glance/glance/api/middleware/version_negotiation.py:70}}
Jul 30 16:43:52 devstack devstack@g-api.service[78215]: [pid: 78215|app: 0|req: 4/9] 127.0.0.1 () {36 vars in 802 bytes} [Thu Jul 30 16:43:52 2026] GET /v2/images/fb94d6e3-28d4-406f-8bad-19349d5f8454 => generated 976 bytes in 76 msecs (HTTP/1.1 200) 4 headers in 157 bytes (1 switches on core 0)
Jul 30 16:43:58 devstack devstack@g-api.service[78216]: DEBUG glance.api.middleware.version_negotiation [None req-bd59f496-751b-4752-a7b0-d9095b64d302 admin admin] Determining version of request: GET / Accept: application/json {{(pid=78216) process_request /opt/stack/glance/glance/api/middleware/version_negotiation.py:44}}
Jul 30 16:43:58 devstack devstack@g-api.service[78216]: DEBUG glance.api.middleware.version_negotiation [None req-bd59f496-751b-4752-a7b0-d9095b64d302 admin admin] Using url versioning {{(pid=78216) process_request /opt/stack/glance/glance/api/middleware/version_negotiation.py:57}}
Jul 30 16:43:58 devstack devstack@g-api.service[78216]: DEBUG glance.api.middleware.version_negotiation [None req-bd59f496-751b-4752-a7b0-d9095b64d302 admin admin] Unknown version. Returning version choices. {{(pid=78216) process_request /opt/stack/glance/glance/api/middleware/version_negotiation.py:64}}
Jul 30 16:43:58 devstack devstack@g-api.service[78216]: [pid: 78216|app: 0|req: 6/10] 127.0.0.1 () {34 vars in 519 bytes} [Thu Jul 30 16:43:58 2026] GET / => generated 1571 bytes in 2 msecs (HTTP/1.1 300) 3 headers in 106 bytes (1 switches on core 0)
Jul 30 16:43:58 devstack devstack@g-api.service[78215]: DEBUG glance.api.middleware.version_negotiation [None req-9f5a23cb-fa41-47b6-a44d-f11e58a28dcd admin admin] Determining version of request: GET /v2/images/fb94d6e3-28d4-406f-8bad-19349d5f8454 Accept: */* {{(pid=78215) process_request /opt/stack/glance/glance/api/middleware/version_negotiation.py:44}}
Jul 30 16:43:58 devstack devstack@g-api.service[78215]: DEBUG glance.api.middleware.version_negotiation [None req-9f5a23cb-fa41-47b6-a44d-f11e58a28dcd admin admin] Using url versioning {{(pid=78215) process_request /opt/stack/glance/glance/api/middleware/version_negotiation.py:57}}
Jul 30 16:43:58 devstack devstack@g-api.service[78215]: DEBUG glance.api.middleware.version_negotiation [None req-9f5a23cb-fa41-47b6-a44d-f11e58a28dcd admin admin] Matched version: v2 {{(pid=78215) process_request /opt/stack/glance/glance/api/middleware/version_negotiation.py:69}}
Jul 30 16:43:58 devstack devstack@g-api.service[78215]: DEBUG glance.api.middleware.version_negotiation [None req-9f5a23cb-fa41-47b6-a44d-f11e58a28dcd admin admin] new path /v2/images/fb94d6e3-28d4-406f-8bad-19349d5f8454 {{(pid=78215) process_request /opt/stack/glance/glance/api/middleware/version_negotiation.py:70}}
Jul 30 16:43:58 devstack devstack@g-api.service[78215]: [pid: 78215|app: 0|req: 5/11] 127.0.0.1 () {36 vars in 802 bytes} [Thu Jul 30 16:43:58 2026] GET /v2/images/fb94d6e3-28d4-406f-8bad-19349d5f8454 => generated 976 bytes in 72 msecs (HTTP/1.1 200) 4 headers in 157 bytes (1 switches on core 0)
Jul 30 16:44:08 devstack devstack@g-api.service[78215]: DEBUG dbcounter [-] [78215] Writing DB stats glance:SELECT=5 {{(pid=78215) stat_writer /opt/stack/data/venv/lib/python3.12/site-packages/dbcounter.py:115}}
Jul 30 16:45:15 devstack devstack@g-api.service[78216]: DEBUG glance.api.middleware.version_negotiation [None req-bd59f496-751b-4752-a7b0-d9095b64d302 admin admin] Determining version of request: GET / Accept: application/json {{(pid=78216) process_request /opt/stack/glance/glance/api/middleware/version_negotiation.py:44}}
Jul 30 16:45:15 devstack devstack@g-api.service[78216]: DEBUG glance.api.middleware.version_negotiation [None req-bd59f496-751b-4752-a7b0-d9095b64d302 admin admin] Using url versioning {{(pid=78216) process_request /opt/stack/glance/glance/api/middleware/version_negotiation.py:57}}
Jul 30 16:45:15 devstack devstack@g-api.service[78216]: DEBUG glance.api.middleware.version_negotiation [None req-bd59f496-751b-4752-a7b0-d9095b64d302 admin admin] Unknown version. Returning version choices. {{(pid=78216) process_request /opt/stack/glance/glance/api/middleware/version_negotiation.py:64}}
Jul 30 16:45:15 devstack devstack@g-api.service[78216]: [pid: 78216|app: 0|req: 7/12] 127.0.0.1 () {36 vars in 488 bytes} [Thu Jul 30 16:45:15 2026] GET / => generated 1571 bytes in 2 msecs (HTTP/1.1 300) 3 headers in 106 bytes (1 switches on core 0)
Jul 30 16:48:15 devstack devstack@g-api.service[78215]: DEBUG glance.api.middleware.version_negotiation [None req-d082a835-c625-4260-9058-d58a34b9e339 admin admin] Determining version of request: GET / Accept: application/json {{(pid=78215) process_request /opt/stack/glance/glance/api/middleware/version_negotiation.py:44}}
Jul 30 16:48:15 devstack devstack@g-api.service[78215]: DEBUG glance.api.middleware.version_negotiation [None req-d082a835-c625-4260-9058-d58a34b9e339 admin admin] Using url versioning {{(pid=78215) process_request /opt/stack/glance/glance/api/middleware/version_negotiation.py:57}}
Jul 30 16:48:15 devstack devstack@g-api.service[78215]: DEBUG glance.api.middleware.version_negotiation [None req-d082a835-c625-4260-9058-d58a34b9e339 admin admin] Unknown version. Returning version choices. {{(pid=78215) process_request /opt/stack/glance/glance/api/middleware/version_negotiation.py:64}}
Jul 30 16:48:15 devstack devstack@g-api.service[78215]: [pid: 78215|app: 0|req: 6/13] 127.0.0.1 () {34 vars in 505 bytes} [Thu Jul 30 16:48:15 2026] GET / => generated 1571 bytes in 6 msecs (HTTP/1.1 300) 3 headers in 106 bytes (1 switches on core 0)
Jul 30 16:48:15 devstack devstack@g-api.service[78216]: DEBUG glance.api.middleware.version_negotiation [None req-bd59f496-751b-4752-a7b0-d9095b64d302 admin admin] Determining version of request: GET /v2/images/fb94d6e3-28d4-406f-8bad-19349d5f8454 Accept: */* {{(pid=78216) process_request /opt/stack/glance/glance/api/middleware/version_negotiation.py:44}}
Jul 30 16:48:15 devstack devstack@g-api.service[78216]: DEBUG glance.api.middleware.version_negotiation [None req-bd59f496-751b-4752-a7b0-d9095b64d302 admin admin] Using url versioning {{(pid=78216) process_request /opt/stack/glance/glance/api/middleware/version_negotiation.py:57}}
Jul 30 16:48:15 devstack devstack@g-api.service[78216]: DEBUG glance.api.middleware.version_negotiation [None req-bd59f496-751b-4752-a7b0-d9095b64d302 admin admin] Matched version: v2 {{(pid=78216) process_request /opt/stack/glance/glance/api/middleware/version_negotiation.py:69}}
Jul 30 16:48:15 devstack devstack@g-api.service[78216]: DEBUG glance.api.middleware.version_negotiation [None req-bd59f496-751b-4752-a7b0-d9095b64d302 admin admin] new path /v2/images/fb94d6e3-28d4-406f-8bad-19349d5f8454 {{(pid=78216) process_request /opt/stack/glance/glance/api/middleware/version_negotiation.py:70}}
Jul 30 16:48:15 devstack devstack@g-api.service[78216]: [pid: 78216|app: 0|req: 8/14] 127.0.0.1 () {42 vars in 1061 bytes} [Thu Jul 30 16:48:15 2026] GET /v2/images/fb94d6e3-28d4-406f-8bad-19349d5f8454 => generated 976 bytes in 423 msecs (HTTP/1.1 200) 4 headers in 157 bytes (1 switches on core 0)
Jul 30 16:48:15 devstack devstack@g-api.service[78215]: DEBUG glance.api.middleware.version_negotiation [None req-d082a835-c625-4260-9058-d58a34b9e339 admin admin] Determining version of request: GET /v2/schemas/image Accept: */* {{(pid=78215) process_request /opt/stack/glance/glance/api/middleware/version_negotiation.py:44}}
Jul 30 16:48:15 devstack devstack@g-api.service[78215]: DEBUG glance.api.middleware.version_negotiation [None req-d082a835-c625-4260-9058-d58a34b9e339 admin admin] Using url versioning {{(pid=78215) process_request /opt/stack/glance/glance/api/middleware/version_negotiation.py:57}}
Jul 30 16:48:15 devstack devstack@g-api.service[78215]: DEBUG glance.api.middleware.version_negotiation [None req-d082a835-c625-4260-9058-d58a34b9e339 admin admin] Matched version: v2 {{(pid=78215) process_request /opt/stack/glance/glance/api/middleware/version_negotiation.py:69}}
Jul 30 16:48:15 devstack devstack@g-api.service[78215]: DEBUG glance.api.middleware.version_negotiation [None req-d082a835-c625-4260-9058-d58a34b9e339 admin admin] new path /v2/schemas/image {{(pid=78215) process_request /opt/stack/glance/glance/api/middleware/version_negotiation.py:70}}
Jul 30 16:48:15 devstack devstack@g-api.service[78215]: [pid: 78215|app: 0|req: 7/15] 127.0.0.1 () {42 vars in 1001 bytes} [Thu Jul 30 16:48:15 2026] GET /v2/schemas/image => generated 6083 bytes in 11 msecs (HTTP/1.1 200) 4 headers in 158 bytes (1 switches on core 0)
Jul 30 16:48:17 devstack devstack@g-api.service[78216]: DEBUG glance.api.middleware.version_negotiation [None req-1219f2c9-0aa5-42ca-998f-0a4c3e394223 tempest-ServerRescueNegativeTestJSON-1366830861 tempest-ServerRescueNegativeTestJSON-1366830861-project-member] Determining version of request: GET / Accept: application/json {{(pid=78216) process_request /opt/stack/glance/glance/api/middleware/version_negotiation.py:44}}
Jul 30 16:48:17 devstack devstack@g-api.service[78216]: DEBUG glance.api.middleware.version_negotiation [None req-1219f2c9-0aa5-42ca-998f-0a4c3e394223 tempest-ServerRescueNegativeTestJSON-1366830861 tempest-ServerRescueNegativeTestJSON-1366830861-project-member] Using url versioning {{(pid=78216) process_request /opt/stack/glance/glance/api/middleware/version_negotiation.py:57}}
Jul 30 16:48:17 devstack devstack@g-api.service[78216]: DEBUG glance.api.middleware.version_negotiation [None req-1219f2c9-0aa5-42ca-998f-0a4c3e394223 tempest-ServerRescueNegativeTestJSON-1366830861 tempest-ServerRescueNegativeTestJSON-1366830861-project-member] Unknown version. Returning version choices. {{(pid=78216) process_request /opt/stack/glance/glance/api/middleware/version_negotiation.py:64}}
Jul 30 16:48:17 devstack devstack@g-api.service[78216]: [pid: 78216|app: 0|req: 9/16] 127.0.0.1 () {34 vars in 505 bytes} [Thu Jul 30 16:48:17 2026] GET / => generated 1571 bytes in 7 msecs (HTTP/1.1 300) 3 headers in 106 bytes (1 switches on core 0)
Jul 30 16:48:17 devstack devstack@g-api.service[78215]: DEBUG glance.api.middleware.version_negotiation [None req-1219f2c9-0aa5-42ca-998f-0a4c3e394223 tempest-ServerRescueNegativeTestJSON-1366830861 tempest-ServerRescueNegativeTestJSON-1366830861-project-member] Determining version of request: GET /v2/images/fb94d6e3-28d4-406f-8bad-19349d5f8454 Accept: */* {{(pid=78215) process_request /opt/stack/glance/glance/api/middleware/version_negotiation.py:44}}
Jul 30 16:48:17 devstack devstack@g-api.service[78215]: DEBUG glance.api.middleware.version_negotiation [None req-1219f2c9-0aa5-42ca-998f-0a4c3e394223 tempest-ServerRescueNegativeTestJSON-1366830861 tempest-ServerRescueNegativeTestJSON-1366830861-project-member] Using url versioning {{(pid=78215) process_request /opt/stack/glance/glance/api/middleware/version_negotiation.py:57}}
Jul 30 16:48:17 devstack devstack@g-api.service[78215]: DEBUG glance.api.middleware.version_negotiation [None req-1219f2c9-0aa5-42ca-998f-0a4c3e394223 tempest-ServerRescueNegativeTestJSON-1366830861 tempest-ServerRescueNegativeTestJSON-1366830861-project-member] Matched version: v2 {{(pid=78215) process_request /opt/stack/glance/glance/api/middleware/version_negotiation.py:69}}
Jul 30 16:48:17 devstack devstack@g-api.service[78215]: DEBUG glance.api.middleware.version_negotiation [None req-1219f2c9-0aa5-42ca-998f-0a4c3e394223 tempest-ServerRescueNegativeTestJSON-1366830861 tempest-ServerRescueNegativeTestJSON-1366830861-project-member] new path /v2/images/fb94d6e3-28d4-406f-8bad-19349d5f8454 {{(pid=78215) process_request /opt/stack/glance/glance/api/middleware/version_negotiation.py:70}}
Jul 30 16:48:18 devstack devstack@g-api.service[78215]: [pid: 78215|app: 0|req: 8/17] 127.0.0.1 () {42 vars in 1061 bytes} [Thu Jul 30 16:48:17 2026] GET /v2/images/fb94d6e3-28d4-406f-8bad-19349d5f8454 => generated 976 bytes in 249 msecs (HTTP/1.1 200) 4 headers in 157 bytes (1 switches on core 0)
Jul 30 16:48:18 devstack devstack@g-api.service[78216]: DEBUG glance.api.middleware.version_negotiation [None req-1219f2c9-0aa5-42ca-998f-0a4c3e394223 tempest-ServerRescueNegativeTestJSON-1366830861 tempest-ServerRescueNegativeTestJSON-1366830861-project-member] Determining version of request: GET /v2/schemas/image Accept: */* {{(pid=78216) process_request /opt/stack/glance/glance/api/middleware/version_negotiation.py:44}}
Jul 30 16:48:18 devstack devstack@g-api.service[78216]: DEBUG glance.api.middleware.version_negotiation [None req-1219f2c9-0aa5-42ca-998f-0a4c3e394223 tempest-ServerRescueNegativeTestJSON-1366830861 tempest-ServerRescueNegativeTestJSON-1366830861-project-member] Using url versioning {{(pid=78216) process_request /opt/stack/glance/glance/api/middleware/version_negotiation.py:57}}
Jul 30 16:48:18 devstack devstack@g-api.service[78216]: DEBUG glance.api.middleware.version_negotiation [None req-1219f2c9-0aa5-42ca-998f-0a4c3e394223 tempest-ServerRescueNegativeTestJSON-1366830861 tempest-ServerRescueNegativeTestJSON-1366830861-project-member] Matched version: v2 {{(pid=78216) process_request /opt/stack/glance/glance/api/middleware/version_negotiation.py:69}}
Jul 30 16:48:18 devstack devstack@g-api.service[78216]: DEBUG glance.api.middleware.version_negotiation [None req-1219f2c9-0aa5-42ca-998f-0a4c3e394223 tempest-ServerRescueNegativeTestJSON-1366830861 tempest-ServerRescueNegativeTestJSON-1366830861-project-member] new path /v2/schemas/image {{(pid=78216) process_request /opt/stack/glance/glance/api/middleware/version_negotiation.py:70}}
Jul 30 16:48:18 devstack devstack@g-api.service[78216]: [pid: 78216|app: 0|req: 10/18] 127.0.0.1 () {42 vars in 1001 bytes} [Thu Jul 30 16:48:18 2026] GET /v2/schemas/image => generated 6083 bytes in 15 msecs (HTTP/1.1 200) 4 headers in 158 bytes (1 switches on core 0)
Jul 30 16:48:24 devstack devstack@g-api.service[78215]: DEBUG glance.api.middleware.version_negotiation [None req-6142b56a-a8d3-46e7-93d7-2ee984967453 tempest-DeleteServersTestJSON-294110885 tempest-DeleteServersTestJSON-294110885-project-member] Determining version of request: GET /v2/images/fb94d6e3-28d4-406f-8bad-19349d5f8454 Accept: */* {{(pid=78215) process_request /opt/stack/glance/glance/api/middleware/version_negotiation.py:44}}
Jul 30 16:48:24 devstack devstack@g-api.service[78215]: DEBUG glance.api.middleware.version_negotiation [None req-6142b56a-a8d3-46e7-93d7-2ee984967453 tempest-DeleteServersTestJSON-294110885 tempest-DeleteServersTestJSON-294110885-project-member] Using url versioning {{(pid=78215) process_request /opt/stack/glance/glance/api/middleware/version_negotiation.py:57}}
Jul 30 16:48:24 devstack devstack@g-api.service[78215]: DEBUG glance.api.middleware.version_negotiation [None req-6142b56a-a8d3-46e7-93d7-2ee984967453 tempest-DeleteServersTestJSON-294110885 tempest-DeleteServersTestJSON-294110885-project-member] Matched version: v2 {{(pid=78215) process_request /opt/stack/glance/glance/api/middleware/version_negotiation.py:69}}
Jul 30 16:48:24 devstack devstack@g-api.service[78215]: DEBUG glance.api.middleware.version_negotiation [None req-6142b56a-a8d3-46e7-93d7-2ee984967453 tempest-DeleteServersTestJSON-294110885 tempest-DeleteServersTestJSON-294110885-project-member] new path /v2/images/fb94d6e3-28d4-406f-8bad-19349d5f8454 {{(pid=78215) process_request /opt/stack/glance/glance/api/middleware/version_negotiation.py:70}}
Jul 30 16:48:25 devstack devstack@g-api.service[78215]: [pid: 78215|app: 0|req: 9/19] 127.0.0.1 () {42 vars in 1061 bytes} [Thu Jul 30 16:48:24 2026] GET /v2/images/fb94d6e3-28d4-406f-8bad-19349d5f8454 => generated 976 bytes in 54 msecs (HTTP/1.1 200) 4 headers in 157 bytes (1 switches on core 0)
Jul 30 16:48:25 devstack devstack@g-api.service[78216]: DEBUG glance.api.middleware.version_negotiation [None req-6142b56a-a8d3-46e7-93d7-2ee984967453 tempest-DeleteServersTestJSON-294110885 tempest-DeleteServersTestJSON-294110885-project-member] Determining version of request: GET /v2/schemas/image Accept: */* {{(pid=78216) process_request /opt/stack/glance/glance/api/middleware/version_negotiation.py:44}}
Jul 30 16:48:25 devstack devstack@g-api.service[78216]: DEBUG glance.api.middleware.version_negotiation [None req-6142b56a-a8d3-46e7-93d7-2ee984967453 tempest-DeleteServersTestJSON-294110885 tempest-DeleteServersTestJSON-294110885-project-member] Using url versioning {{(pid=78216) process_request /opt/stack/glance/glance/api/middleware/version_negotiation.py:57}}
Jul 30 16:48:25 devstack devstack@g-api.service[78216]: DEBUG glance.api.middleware.version_negotiation [None req-6142b56a-a8d3-46e7-93d7-2ee984967453 tempest-DeleteServersTestJSON-294110885 tempest-DeleteServersTestJSON-294110885-project-member] Matched version: v2 {{(pid=78216) process_request /opt/stack/glance/glance/api/middleware/version_negotiation.py:69}}
Jul 30 16:48:25 devstack devstack@g-api.service[78216]: DEBUG glance.api.middleware.version_negotiation [None req-6142b56a-a8d3-46e7-93d7-2ee984967453 tempest-DeleteServersTestJSON-294110885 tempest-DeleteServersTestJSON-294110885-project-member] new path /v2/schemas/image {{(pid=78216) process_request /opt/stack/glance/glance/api/middleware/version_negotiation.py:70}}
Jul 30 16:48:25 devstack devstack@g-api.service[78216]: [pid: 78216|app: 0|req: 11/20] 127.0.0.1 () {42 vars in 1001 bytes} [Thu Jul 30 16:48:25 2026] GET /v2/schemas/image => generated 6083 bytes in 27 msecs (HTTP/1.1 200) 4 headers in 158 bytes (1 switches on core 0)
Jul 30 16:48:25 devstack devstack@g-api.service[78216]: DEBUG dbcounter [-] [78216] Writing DB stats glance:SELECT=2 {{(pid=78216) stat_writer /opt/stack/data/venv/lib/python3.12/site-packages/dbcounter.py:115}}
Jul 30 16:48:27 devstack devstack@g-api.service[78215]: DEBUG glance.api.middleware.version_negotiation [None req-f2388c4e-9ff2-410d-84dc-cb90f2369cdb tempest-ServerRescueNegativeTestJSON-1366830861 tempest-ServerRescueNegativeTestJSON-1366830861-project-member] Determining version of request: GET /v2/images/fb94d6e3-28d4-406f-8bad-19349d5f8454 Accept: */* {{(pid=78215) process_request /opt/stack/glance/glance/api/middleware/version_negotiation.py:44}}
Jul 30 16:48:27 devstack devstack@g-api.service[78215]: DEBUG glance.api.middleware.version_negotiation [None req-f2388c4e-9ff2-410d-84dc-cb90f2369cdb tempest-ServerRescueNegativeTestJSON-1366830861 tempest-ServerRescueNegativeTestJSON-1366830861-project-member] Using url versioning {{(pid=78215) process_request /opt/stack/glance/glance/api/middleware/version_negotiation.py:57}}
Jul 30 16:48:27 devstack devstack@g-api.service[78215]: DEBUG glance.api.middleware.version_negotiation [None req-f2388c4e-9ff2-410d-84dc-cb90f2369cdb tempest-ServerRescueNegativeTestJSON-1366830861 tempest-ServerRescueNegativeTestJSON-1366830861-project-member] Matched version: v2 {{(pid=78215) process_request /opt/stack/glance/glance/api/middleware/version_negotiation.py:69}}
Jul 30 16:48:27 devstack devstack@g-api.service[78215]: DEBUG glance.api.middleware.version_negotiation [None req-f2388c4e-9ff2-410d-84dc-cb90f2369cdb tempest-ServerRescueNegativeTestJSON-1366830861 tempest-ServerRescueNegativeTestJSON-1366830861-project-member] new path /v2/images/fb94d6e3-28d4-406f-8bad-19349d5f8454 {{(pid=78215) process_request /opt/stack/glance/glance/api/middleware/version_negotiation.py:70}}
Jul 30 16:48:27 devstack devstack@g-api.service[78215]: [pid: 78215|app: 0|req: 10/21] 127.0.0.1 () {42 vars in 1061 bytes} [Thu Jul 30 16:48:27 2026] GET /v2/images/fb94d6e3-28d4-406f-8bad-19349d5f8454 => generated 976 bytes in 233 msecs (HTTP/1.1 200) 4 headers in 157 bytes (1 switches on core 0)
Jul 30 16:48:27 devstack devstack@g-api.service[78216]: DEBUG glance.api.middleware.version_negotiation [None req-f2388c4e-9ff2-410d-84dc-cb90f2369cdb tempest-ServerRescueNegativeTestJSON-1366830861 tempest-ServerRescueNegativeTestJSON-1366830861-project-member] Determining version of request: GET /v2/images/fb94d6e3-28d4-406f-8bad-19349d5f8454/file Accept: */* {{(pid=78216) process_request /opt/stack/glance/glance/api/middleware/version_negotiation.py:44}}
Jul 30 16:48:27 devstack devstack@g-api.service[78216]: DEBUG glance.api.middleware.version_negotiation [None req-f2388c4e-9ff2-410d-84dc-cb90f2369cdb tempest-ServerRescueNegativeTestJSON-1366830861 tempest-ServerRescueNegativeTestJSON-1366830861-project-member] Using url versioning {{(pid=78216) process_request /opt/stack/glance/glance/api/middleware/version_negotiation.py:57}}
Jul 30 16:48:27 devstack devstack@g-api.service[78216]: DEBUG glance.api.middleware.version_negotiation [None req-f2388c4e-9ff2-410d-84dc-cb90f2369cdb tempest-ServerRescueNegativeTestJSON-1366830861 tempest-ServerRescueNegativeTestJSON-1366830861-project-member] Matched version: v2 {{(pid=78216) process_request /opt/stack/glance/glance/api/middleware/version_negotiation.py:69}}
Jul 30 16:48:27 devstack devstack@g-api.service[78216]: DEBUG glance.api.middleware.version_negotiation [None req-f2388c4e-9ff2-410d-84dc-cb90f2369cdb tempest-ServerRescueNegativeTestJSON-1366830861 tempest-ServerRescueNegativeTestJSON-1366830861-project-member] new path /v2/images/fb94d6e3-28d4-406f-8bad-19349d5f8454/file {{(pid=78216) process_request /opt/stack/glance/glance/api/middleware/version_negotiation.py:70}}
Jul 30 16:48:27 devstack devstack@g-api.service[78216]: DEBUG glance_store._drivers.filesystem [None req-1219f2c9-0aa5-42ca-998f-0a4c3e394223 tempest-ServerRescueNegativeTestJSON-1366830861 tempest-ServerRescueNegativeTestJSON-1366830861-project-member] Found image at /opt/stack/data/glance/images/fb94d6e3-28d4-406f-8bad-19349d5f8454. Returning in ChunkedFile. {{(pid=78216) get /opt/stack/data/venv/lib/python3.12/site-packages/glance_store/_drivers/filesystem.py:724}}
Jul 30 16:48:27 devstack devstack@g-api.service[78216]: DEBUG glance.image_cache [None req-1219f2c9-0aa5-42ca-998f-0a4c3e394223 tempest-ServerRescueNegativeTestJSON-1366830861 tempest-ServerRescueNegativeTestJSON-1366830861-project-member] Tee'ing image 'fb94d6e3-28d4-406f-8bad-19349d5f8454' into cache {{(pid=78216) get_caching_iter /opt/stack/glance/glance/image_cache/__init__.py:356}}
Jul 30 16:48:27 devstack devstack@g-api.service[78216]: DEBUG glance.image_cache.drivers.centralized_db [None req-1219f2c9-0aa5-42ca-998f-0a4c3e394223 tempest-ServerRescueNegativeTestJSON-1366830861 tempest-ServerRescueNegativeTestJSON-1366830861-project-member] Fetch finished, moving '/opt/stack/data/glance/cache/incomplete/fb94d6e3-28d4-406f-8bad-19349d5f8454' to '/opt/stack/data/glance/cache/fb94d6e3-28d4-406f-8bad-19349d5f8454' {{(pid=78216) commit /opt/stack/glance/glance/image_cache/drivers/centralized_db.py:243}}
Jul 30 16:48:28 devstack devstack@g-api.service[78216]: DEBUG glance.image_cache.drivers.centralized_db [None req-1219f2c9-0aa5-42ca-998f-0a4c3e394223 tempest-ServerRescueNegativeTestJSON-1366830861 tempest-ServerRescueNegativeTestJSON-1366830861-project-member] Image cached successfully. {{(pid=78216) commit /opt/stack/glance/glance/image_cache/drivers/centralized_db.py:258}}
Jul 30 16:48:28 devstack devstack@g-api.service[78216]: [pid: 78216|app: 0|req: 12/22] 127.0.0.1 () {42 vars in 1071 bytes} [Thu Jul 30 16:48:27 2026] GET /v2/images/fb94d6e3-28d4-406f-8bad-19349d5f8454/file => generated 21692416 bytes in 521 msecs (HTTP/1.1 200) 4 headers in 191 bytes (336 switches on core 0)
Jul 30 16:48:28 devstack devstack@g-api.service[78215]: DEBUG glance.api.middleware.version_negotiation [None req-1219f2c9-0aa5-42ca-998f-0a4c3e394223 tempest-ServerRescueNegativeTestJSON-1366830861 tempest-ServerRescueNegativeTestJSON-1366830861-project-member] Determining version of request: GET /v2/images/fb94d6e3-28d4-406f-8bad-19349d5f8454 Accept: */* {{(pid=78215) process_request /opt/stack/glance/glance/api/middleware/version_negotiation.py:44}}
Jul 30 16:48:28 devstack devstack@g-api.service[78215]: DEBUG glance.api.middleware.version_negotiation [None req-1219f2c9-0aa5-42ca-998f-0a4c3e394223 tempest-ServerRescueNegativeTestJSON-1366830861 tempest-ServerRescueNegativeTestJSON-1366830861-project-member] Using url versioning {{(pid=78215) process_request /opt/stack/glance/glance/api/middleware/version_negotiation.py:57}}
Jul 30 16:48:28 devstack devstack@g-api.service[78215]: DEBUG glance.api.middleware.version_negotiation [None req-1219f2c9-0aa5-42ca-998f-0a4c3e394223 tempest-ServerRescueNegativeTestJSON-1366830861 tempest-ServerRescueNegativeTestJSON-1366830861-project-member] Matched version: v2 {{(pid=78215) process_request /opt/stack/glance/glance/api/middleware/version_negotiation.py:69}}
Jul 30 16:48:28 devstack devstack@g-api.service[78215]: DEBUG glance.api.middleware.version_negotiation [None req-1219f2c9-0aa5-42ca-998f-0a4c3e394223 tempest-ServerRescueNegativeTestJSON-1366830861 tempest-ServerRescueNegativeTestJSON-1366830861-project-member] new path /v2/images/fb94d6e3-28d4-406f-8bad-19349d5f8454 {{(pid=78215) process_request /opt/stack/glance/glance/api/middleware/version_negotiation.py:70}}
Jul 30 16:48:28 devstack devstack@g-api.service[78215]: [pid: 78215|app: 0|req: 11/23] 127.0.0.1 () {42 vars in 1061 bytes} [Thu Jul 30 16:48:28 2026] GET /v2/images/fb94d6e3-28d4-406f-8bad-19349d5f8454 => generated 976 bytes in 35 msecs (HTTP/1.1 200) 4 headers in 157 bytes (1 switches on core 0)
Jul 30 16:48:28 devstack devstack@g-api.service[78216]: DEBUG glance.api.middleware.version_negotiation [None req-1219f2c9-0aa5-42ca-998f-0a4c3e394223 tempest-ServerRescueNegativeTestJSON-1366830861 tempest-ServerRescueNegativeTestJSON-1366830861-project-member] Determining version of request: GET /v2/schemas/image Accept: */* {{(pid=78216) process_request /opt/stack/glance/glance/api/middleware/version_negotiation.py:44}}
Jul 30 16:48:28 devstack devstack@g-api.service[78216]: DEBUG glance.api.middleware.version_negotiation [None req-1219f2c9-0aa5-42ca-998f-0a4c3e394223 tempest-ServerRescueNegativeTestJSON-1366830861 tempest-ServerRescueNegativeTestJSON-1366830861-project-member] Using url versioning {{(pid=78216) process_request /opt/stack/glance/glance/api/middleware/version_negotiation.py:57}}
Jul 30 16:48:28 devstack devstack@g-api.service[78216]: DEBUG glance.api.middleware.version_negotiation [None req-1219f2c9-0aa5-42ca-998f-0a4c3e394223 tempest-ServerRescueNegativeTestJSON-1366830861 tempest-ServerRescueNegativeTestJSON-1366830861-project-member] Matched version: v2 {{(pid=78216) process_request /opt/stack/glance/glance/api/middleware/version_negotiation.py:69}}
Jul 30 16:48:28 devstack devstack@g-api.service[78216]: DEBUG glance.api.middleware.version_negotiation [None req-1219f2c9-0aa5-42ca-998f-0a4c3e394223 tempest-ServerRescueNegativeTestJSON-1366830861 tempest-ServerRescueNegativeTestJSON-1366830861-project-member] new path /v2/schemas/image {{(pid=78216) process_request /opt/stack/glance/glance/api/middleware/version_negotiation.py:70}}
Jul 30 16:48:28 devstack devstack@g-api.service[78216]: [pid: 78216|app: 0|req: 13/24] 127.0.0.1 () {42 vars in 1001 bytes} [Thu Jul 30 16:48:28 2026] GET /v2/schemas/image => generated 6083 bytes in 12 msecs (HTTP/1.1 200) 4 headers in 158 bytes (1 switches on core 0)
Jul 30 16:48:38 devstack devstack@g-api.service[78216]: DEBUG dbcounter [-] [78216] Writing DB stats glance:SELECT=5,glance:INSERT=1 {{(pid=78216) stat_writer /opt/stack/data/venv/lib/python3.12/site-packages/dbcounter.py:115}}
Jul 30 16:48:38 devstack devstack@g-api.service[78215]: DEBUG dbcounter [-] [78215] Writing DB stats glance:SELECT=8 {{(pid=78215) stat_writer /opt/stack/data/venv/lib/python3.12/site-packages/dbcounter.py:115}}
