Jun 17 14:01:04 devstack cinder-volume[91867]: DEBUG oslo_concurrency.processutils [None req-4e3cd727-66e9-4147-9335-8752af4f36fa tempest-SnapshotsActionsTest-119766606 None] Running cmd (subprocess): sudo cinder-rootwrap /etc/cinder/rootwrap.conf qemu-img rebase -u -b volume-a7c8242d-9af0-4dd9-9774-71c646a96af7.6a0f7a36-f5c8-45c6-9e9f-1c2fb0216947 -F qcow2 /opt/stack/data/cinder/mnt/79df375e58151a2fd03c9a902064d1d9/volume-a7c8242d-9af0-4dd9-9774-71c646a96af7.a0f0f425-311f-4d4c-8161-cb5e5f3309fe {{(pid=91867) execute /opt/stack/data/venv/lib/python3.12/site-packages/oslo_concurrency/processutils.py:440}}
Jun 17 14:01:04 devstack sudo[95472]: quobyte : PWD=/ ; USER=root ; COMMAND=/opt/stack/data/venv/bin/cinder-rootwrap /etc/cinder/rootwrap.conf qemu-img rebase -u -b volume-a7c8242d-9af0-4dd9-9774-71c646a96af7.6a0f7a36-f5c8-45c6-9e9f-1c2fb0216947 -F qcow2 /opt/stack/data/cinder/mnt/79df375e58151a2fd03c9a902064d1d9/volume-a7c8242d-9af0-4dd9-9774-71c646a96af7.a0f0f425-311f-4d4c-8161-cb5e5f3309fe
Jun 17 14:01:04 devstack sudo[95472]: pam_unix(sudo:session): session opened for user root(uid=0) by (uid=1000)
Jun 17 14:01:04 devstack cinder-volume[91867]: DEBUG oslo_concurrency.lockutils [req-0c012f35-4cde-433a-ac2d-79a85b3156f9 req-57f40cc8-4726-4a89-b200-43f352ee8fb0 tempest-ServerActionsTestOtherA-919097897 None] Acquiring lock "quobyte" by "cinder.volume.drivers.quobyte.QuobyteDriver.initialize_connection" {{(pid=91867) inner /opt/stack/data/venv/lib/python3.12/site-packages/oslo_concurrency/lockutils.py:511}}
Jun 17 14:01:04 devstack sudo[95472]: pam_unix(sudo:session): session closed for user root
Jun 17 14:01:04 devstack cinder-volume[91867]: DEBUG oslo_concurrency.processutils [None req-4e3cd727-66e9-4147-9335-8752af4f36fa tempest-SnapshotsActionsTest-119766606 None] CMD "sudo cinder-rootwrap /etc/cinder/rootwrap.conf qemu-img rebase -u -b volume-a7c8242d-9af0-4dd9-9774-71c646a96af7.6a0f7a36-f5c8-45c6-9e9f-1c2fb0216947 -F qcow2 /opt/stack/data/cinder/mnt/79df375e58151a2fd03c9a902064d1d9/volume-a7c8242d-9af0-4dd9-9774-71c646a96af7.a0f0f425-311f-4d4c-8161-cb5e5f3309fe" returned: 0 in 0.874s {{(pid=91867) execute /opt/stack/data/venv/lib/python3.12/site-packages/oslo_concurrency/processutils.py:468}}
Jun 17 14:01:04 devstack cinder-volume[91867]: WARNING cinder.volume.drivers.remotefs [None req-4e3cd727-66e9-4147-9335-8752af4f36fa tempest-SnapshotsActionsTest-119766606 None] /opt/stack/data/cinder/mnt/79df375e58151a2fd03c9a902064d1d9/volume-a7c8242d-9af0-4dd9-9774-71c646a96af7.a0f0f425-311f-4d4c-8161-cb5e5f3309fe is being set with open permissions: ugo+rw
Jun 17 14:01:04 devstack cinder-volume[91867]: DEBUG oslo_concurrency.processutils [None req-4e3cd727-66e9-4147-9335-8752af4f36fa tempest-SnapshotsActionsTest-119766606 None] Running cmd (subprocess): sudo cinder-rootwrap /etc/cinder/rootwrap.conf chmod ugo+rw /opt/stack/data/cinder/mnt/79df375e58151a2fd03c9a902064d1d9/volume-a7c8242d-9af0-4dd9-9774-71c646a96af7.a0f0f425-311f-4d4c-8161-cb5e5f3309fe {{(pid=91867) execute /opt/stack/data/venv/lib/python3.12/site-packages/oslo_concurrency/processutils.py:440}}
Jun 17 14:01:05 devstack sudo[95479]: quobyte : PWD=/ ; USER=root ; COMMAND=/opt/stack/data/venv/bin/cinder-rootwrap /etc/cinder/rootwrap.conf chmod ugo+rw /opt/stack/data/cinder/mnt/79df375e58151a2fd03c9a902064d1d9/volume-a7c8242d-9af0-4dd9-9774-71c646a96af7.a0f0f425-311f-4d4c-8161-cb5e5f3309fe
Jun 17 14:01:05 devstack sudo[95479]: pam_unix(sudo:session): session opened for user root(uid=0) by (uid=1000)
Jun 17 14:01:05 devstack sudo[95479]: pam_unix(sudo:session): session closed for user root
Jun 17 14:01:05 devstack cinder-volume[91867]: DEBUG oslo_concurrency.processutils [None req-4e3cd727-66e9-4147-9335-8752af4f36fa tempest-SnapshotsActionsTest-119766606 None] CMD "sudo cinder-rootwrap /etc/cinder/rootwrap.conf chmod ugo+rw /opt/stack/data/cinder/mnt/79df375e58151a2fd03c9a902064d1d9/volume-a7c8242d-9af0-4dd9-9774-71c646a96af7.a0f0f425-311f-4d4c-8161-cb5e5f3309fe" returned: 0 in 0.818s {{(pid=91867) execute /opt/stack/data/venv/lib/python3.12/site-packages/oslo_concurrency/processutils.py:468}}
Jun 17 14:01:05 devstack cinder-volume[91867]: DEBUG oslo_concurrency.lockutils [None req-4e3cd727-66e9-4147-9335-8752af4f36fa tempest-SnapshotsActionsTest-119766606 None] Lock "quobyte" "released" by "cinder.volume.drivers.quobyte.QuobyteDriver.create_snapshot" :: held 3.875s {{(pid=91867) inner /opt/stack/data/venv/lib/python3.12/site-packages/oslo_concurrency/lockutils.py:543}}
Jun 17 14:01:05 devstack cinder-volume[91867]: DEBUG oslo_concurrency.lockutils [req-0c012f35-4cde-433a-ac2d-79a85b3156f9 req-57f40cc8-4726-4a89-b200-43f352ee8fb0 tempest-ServerActionsTestOtherA-919097897 None] Lock "quobyte" acquired by "cinder.volume.drivers.quobyte.QuobyteDriver.initialize_connection" :: waited 1.649s {{(pid=91867) inner /opt/stack/data/venv/lib/python3.12/site-packages/oslo_concurrency/lockutils.py:524}}
Jun 17 14:01:05 devstack cinder-volume[91867]: DEBUG oslo.privsep.daemon [-] privsep: reply[6a93bb20-d552-425b-930c-9aafe76fc0c2]: (4, 'qcow2') {{(pid=93345) _call_back /opt/stack/data/venv/lib/python3.12/site-packages/oslo_privsep/daemon.py:580}}
Jun 17 14:01:05 devstack cinder-volume[91867]: DEBUG oslo_concurrency.processutils [req-0c012f35-4cde-433a-ac2d-79a85b3156f9 req-57f40cc8-4726-4a89-b200-43f352ee8fb0 tempest-ServerActionsTestOtherA-919097897 None] Running cmd (subprocess): /opt/stack/data/venv/bin/python3.12 -m oslo_concurrency.prlimit --as=1073741824 --cpu=60 -- sudo cinder-rootwrap /etc/cinder/rootwrap.conf env LC_ALL=C qemu-img info -f qcow2 --output=json --force-share /opt/stack/data/cinder/mnt/79df375e58151a2fd03c9a902064d1d9/volume-d1da83f7-d647-4b1e-adc0-87aa58d70887 {{(pid=91867) execute /opt/stack/data/venv/lib/python3.12/site-packages/oslo_concurrency/processutils.py:440}}
Jun 17 14:01:05 devstack cinder-volume[91867]: INFO cinder.volume.manager [None req-4e3cd727-66e9-4147-9335-8752af4f36fa tempest-SnapshotsActionsTest-119766606 None] Create snapshot completed successfully
Jun 17 14:01:06 devstack sudo[95484]: quobyte : PWD=/ ; USER=root ; COMMAND=/opt/stack/data/venv/bin/cinder-rootwrap /etc/cinder/rootwrap.conf env LC_ALL=C qemu-img info -f qcow2 --output=json --force-share /opt/stack/data/cinder/mnt/79df375e58151a2fd03c9a902064d1d9/volume-d1da83f7-d647-4b1e-adc0-87aa58d70887
Jun 17 14:01:06 devstack sudo[95484]: pam_unix(sudo:session): session opened for user root(uid=0) by (uid=1000)
Jun 17 14:01:06 devstack cinder-volume[91867]: DEBUG cinder.coordination [None req-d188ec0d-023d-4e16-9533-81a072da7ae1 tempest-SnapshotsActionsTest-1012026309 None] Acquiring lock "cinder-a0f0f425-311f-4d4c-8161-cb5e5f3309fe-delete_snapshot" by "delete_snapshot" {{(pid=91867) __acquire /opt/stack/cinder/cinder/coordination.py:138}}
Jun 17 14:01:06 devstack cinder-volume[91867]: DEBUG cinder.coordination [None req-d188ec0d-023d-4e16-9533-81a072da7ae1 tempest-SnapshotsActionsTest-1012026309 None] Lock "cinder-a0f0f425-311f-4d4c-8161-cb5e5f3309fe-delete_snapshot" acquired by "delete_snapshot" :: waited 0.032s {{(pid=91867) __acquire /opt/stack/cinder/cinder/coordination.py:141}}
Jun 17 14:01:06 devstack cinder-volume[91867]: DEBUG cinder.coordination [None req-d188ec0d-023d-4e16-9533-81a072da7ae1 tempest-SnapshotsActionsTest-1012026309 None] Acquiring lock "cinder-quobyte-a7c8242d-9af0-4dd9-9774-71c646a96af7" by "delete_snapshot" {{(pid=91867) __acquire /opt/stack/cinder/cinder/coordination.py:138}}
Jun 17 14:01:06 devstack cinder-volume[91867]: DEBUG cinder.coordination [None req-d188ec0d-023d-4e16-9533-81a072da7ae1 tempest-SnapshotsActionsTest-1012026309 None] Lock "cinder-quobyte-a7c8242d-9af0-4dd9-9774-71c646a96af7" acquired by "delete_snapshot" :: waited 0.024s {{(pid=91867) __acquire /opt/stack/cinder/cinder/coordination.py:141}}
Jun 17 14:01:06 devstack cinder-volume[91867]: DEBUG cinder.coordination [None req-d188ec0d-023d-4e16-9533-81a072da7ae1 tempest-SnapshotsActionsTest-1012026309 None] Acquiring lock "cinder-quobyte-a0f0f425-311f-4d4c-8161-cb5e5f3309fe" by "_delete_snapshot" {{(pid=91867) __acquire /opt/stack/cinder/cinder/coordination.py:138}}
Jun 17 14:01:06 devstack cinder-volume[91867]: DEBUG cinder.coordination [None req-d188ec0d-023d-4e16-9533-81a072da7ae1 tempest-SnapshotsActionsTest-1012026309 None] Lock "cinder-quobyte-a0f0f425-311f-4d4c-8161-cb5e5f3309fe" acquired by "_delete_snapshot" :: waited 0.033s {{(pid=91867) __acquire /opt/stack/cinder/cinder/coordination.py:141}}
Jun 17 14:01:06 devstack cinder-volume[91867]: DEBUG cinder.volume.drivers.remotefs [None req-d188ec0d-023d-4e16-9533-81a072da7ae1 tempest-SnapshotsActionsTest-1012026309 None] Deleting offline snapshot a0f0f425-311f-4d4c-8161-cb5e5f3309fe of volume a7c8242d-9af0-4dd9-9774-71c646a96af7 {{(pid=91867) _delete_snapshot /opt/stack/cinder/cinder/volume/drivers/remotefs.py:1288}}
Jun 17 14:01:06 devstack cinder-volume[91867]: DEBUG cinder.volume.drivers.remotefs [None req-d188ec0d-023d-4e16-9533-81a072da7ae1 tempest-SnapshotsActionsTest-1012026309 None] snapshot_file for this snap is: volume-a7c8242d-9af0-4dd9-9774-71c646a96af7.a0f0f425-311f-4d4c-8161-cb5e5f3309fe {{(pid=91867) _delete_snapshot /opt/stack/cinder/cinder/volume/drivers/remotefs.py:1317}}
Jun 17 14:01:06 devstack cinder-volume[91867]: DEBUG oslo.privsep.daemon [-] privsep: reply[355ab0a2-d467-48cc-9f92-d54dfc6d2e07]: (4, 'qcow2') {{(pid=93345) _call_back /opt/stack/data/venv/lib/python3.12/site-packages/oslo_privsep/daemon.py:580}}
Jun 17 14:01:06 devstack cinder-volume[91867]: DEBUG oslo_concurrency.processutils [None req-d188ec0d-023d-4e16-9533-81a072da7ae1 tempest-SnapshotsActionsTest-1012026309 None] Running cmd (subprocess): /opt/stack/data/venv/bin/python3.12 -m oslo_concurrency.prlimit --as=1073741824 --cpu=60 -- sudo cinder-rootwrap /etc/cinder/rootwrap.conf env LC_ALL=C qemu-img info -f qcow2 --output=json --force-share /opt/stack/data/cinder/mnt/79df375e58151a2fd03c9a902064d1d9/volume-a7c8242d-9af0-4dd9-9774-71c646a96af7.a0f0f425-311f-4d4c-8161-cb5e5f3309fe {{(pid=91867) execute /opt/stack/data/venv/lib/python3.12/site-packages/oslo_concurrency/processutils.py:440}}
Jun 17 14:01:06 devstack sudo[95487]: quobyte : PWD=/ ; USER=root ; COMMAND=/opt/stack/data/venv/bin/cinder-rootwrap /etc/cinder/rootwrap.conf env LC_ALL=C qemu-img info -f qcow2 --output=json --force-share /opt/stack/data/cinder/mnt/79df375e58151a2fd03c9a902064d1d9/volume-a7c8242d-9af0-4dd9-9774-71c646a96af7.a0f0f425-311f-4d4c-8161-cb5e5f3309fe
Jun 17 14:01:06 devstack sudo[95487]: pam_unix(sudo:session): session opened for user root(uid=0) by (uid=1000)
Jun 17 14:01:06 devstack sudo[95484]: pam_unix(sudo:session): session closed for user root
Jun 17 14:01:06 devstack cinder-volume[91867]: DEBUG oslo_concurrency.processutils [req-0c012f35-4cde-433a-ac2d-79a85b3156f9 req-57f40cc8-4726-4a89-b200-43f352ee8fb0 tempest-ServerActionsTestOtherA-919097897 None] CMD "/opt/stack/data/venv/bin/python3.12 -m oslo_concurrency.prlimit --as=1073741824 --cpu=60 -- sudo cinder-rootwrap /etc/cinder/rootwrap.conf env LC_ALL=C qemu-img info -f qcow2 --output=json --force-share /opt/stack/data/cinder/mnt/79df375e58151a2fd03c9a902064d1d9/volume-d1da83f7-d647-4b1e-adc0-87aa58d70887" returned: 0 in 1.010s {{(pid=91867) execute /opt/stack/data/venv/lib/python3.12/site-packages/oslo_concurrency/processutils.py:468}}
Jun 17 14:01:06 devstack cinder-volume[91867]: DEBUG oslo_concurrency.lockutils [req-0c012f35-4cde-433a-ac2d-79a85b3156f9 req-57f40cc8-4726-4a89-b200-43f352ee8fb0 tempest-ServerActionsTestOtherA-919097897 None] Lock "quobyte" "released" by "cinder.volume.drivers.quobyte.QuobyteDriver.initialize_connection" :: held 1.037s {{(pid=91867) inner /opt/stack/data/venv/lib/python3.12/site-packages/oslo_concurrency/lockutils.py:543}}
Jun 17 14:01:06 devstack cinder-volume[91867]: DEBUG cinder.volume.manager [req-0c012f35-4cde-433a-ac2d-79a85b3156f9 req-57f40cc8-4726-4a89-b200-43f352ee8fb0 tempest-ServerActionsTestOtherA-919097897 None] Connection info returned from driver {'export': 'osci02.corp.quobyte.com/cinder-vol-f3987439-68ee-473d-acc8-770f3d8f1fcf', 'name': 'volume-d1da83f7-d647-4b1e-adc0-87aa58d70887', 'options': None, 'format': 'qcow2', 'qos_specs': None, 'access_mode': 'rw', 'encrypted': False, 'cacheable': False, 'driver_volume_type': 'quobyte', 'mount_point_base': '/opt/stack/data/cinder/mnt', 'attachment_id': '24b8d01d-e8b5-46fc-be54-a511ca5d52bb', 'enforce_multipath': True} {{(pid=91867) _connection_create /opt/stack/cinder/cinder/volume/manager.py:4924}}
Jun 17 14:01:07 devstack cinder-volume[91867]: INFO cinder.volume.manager [req-0c012f35-4cde-433a-ac2d-79a85b3156f9 req-57f40cc8-4726-4a89-b200-43f352ee8fb0 tempest-ServerActionsTestOtherA-919097897 None] attachment_update completed successfully.
Jun 17 14:01:07 devstack sudo[95487]: pam_unix(sudo:session): session closed for user root
Jun 17 14:01:07 devstack cinder-volume[91867]: DEBUG oslo_concurrency.processutils [None req-d188ec0d-023d-4e16-9533-81a072da7ae1 tempest-SnapshotsActionsTest-1012026309 None] CMD "/opt/stack/data/venv/bin/python3.12 -m oslo_concurrency.prlimit --as=1073741824 --cpu=60 -- sudo cinder-rootwrap /etc/cinder/rootwrap.conf env LC_ALL=C qemu-img info -f qcow2 --output=json --force-share /opt/stack/data/cinder/mnt/79df375e58151a2fd03c9a902064d1d9/volume-a7c8242d-9af0-4dd9-9774-71c646a96af7.a0f0f425-311f-4d4c-8161-cb5e5f3309fe" returned: 0 in 0.893s {{(pid=91867) execute /opt/stack/data/venv/lib/python3.12/site-packages/oslo_concurrency/processutils.py:468}}
Jun 17 14:01:07 devstack cinder-volume[91867]: DEBUG cinder.volume.drivers.remotefs [None req-d188ec0d-023d-4e16-9533-81a072da7ae1 tempest-SnapshotsActionsTest-1012026309 None] Fetching qemu-img info with special backing_file_template: (/opt/stack/data/cinder/mnt/[0-9a-f]+/)?(volume-a7c8242d-9af0-4dd9-9774-71c646a96af7(.(tmp-snap-)?[0-9a-f-]+)?|volume_from_snapshot_cache/(tmp-snap-)?[0-9a-f-]+(.(child-|parent-)[0-9a-f-]+)?)$ {{(pid=91867) _qemu_img_info_base /opt/stack/cinder/cinder/volume/drivers/remotefs.py:896}}
Jun 17 14:01:07 devstack cinder-volume[91867]: DEBUG oslo.privsep.daemon [-] privsep: reply[d04407c8-ef76-4dc2-81df-29ad481a7324]: (4, 'qcow2') {{(pid=93345) _call_back /opt/stack/data/venv/lib/python3.12/site-packages/oslo_privsep/daemon.py:580}}
Jun 17 14:01:07 devstack cinder-volume[91867]: DEBUG oslo_concurrency.processutils [None req-d188ec0d-023d-4e16-9533-81a072da7ae1 tempest-SnapshotsActionsTest-1012026309 None] Running cmd (subprocess): /opt/stack/data/venv/bin/python3.12 -m oslo_concurrency.prlimit --as=1073741824 --cpu=60 -- sudo cinder-rootwrap /etc/cinder/rootwrap.conf env LC_ALL=C qemu-img info -f qcow2 --output=json --force-share /opt/stack/data/cinder/mnt/79df375e58151a2fd03c9a902064d1d9/volume-a7c8242d-9af0-4dd9-9774-71c646a96af7.6a0f7a36-f5c8-45c6-9e9f-1c2fb0216947 {{(pid=91867) execute /opt/stack/data/venv/lib/python3.12/site-packages/oslo_concurrency/processutils.py:440}}
Jun 17 14:01:07 devstack sudo[95497]: quobyte : PWD=/ ; USER=root ; COMMAND=/opt/stack/data/venv/bin/cinder-rootwrap /etc/cinder/rootwrap.conf env LC_ALL=C qemu-img info -f qcow2 --output=json --force-share /opt/stack/data/cinder/mnt/79df375e58151a2fd03c9a902064d1d9/volume-a7c8242d-9af0-4dd9-9774-71c646a96af7.6a0f7a36-f5c8-45c6-9e9f-1c2fb0216947
Jun 17 14:01:07 devstack sudo[95497]: pam_unix(sudo:session): session opened for user root(uid=0) by (uid=1000)
Jun 17 14:01:08 devstack sudo[95497]: pam_unix(sudo:session): session closed for user root
Jun 17 14:01:08 devstack cinder-volume[91867]: DEBUG oslo_concurrency.processutils [None req-d188ec0d-023d-4e16-9533-81a072da7ae1 tempest-SnapshotsActionsTest-1012026309 None] CMD "/opt/stack/data/venv/bin/python3.12 -m oslo_concurrency.prlimit --as=1073741824 --cpu=60 -- sudo cinder-rootwrap /etc/cinder/rootwrap.conf env LC_ALL=C qemu-img info -f qcow2 --output=json --force-share /opt/stack/data/cinder/mnt/79df375e58151a2fd03c9a902064d1d9/volume-a7c8242d-9af0-4dd9-9774-71c646a96af7.6a0f7a36-f5c8-45c6-9e9f-1c2fb0216947" returned: 0 in 0.827s {{(pid=91867) execute /opt/stack/data/venv/lib/python3.12/site-packages/oslo_concurrency/processutils.py:468}}
Jun 17 14:01:08 devstack cinder-volume[91867]: DEBUG cinder.volume.drivers.remotefs [None req-d188ec0d-023d-4e16-9533-81a072da7ae1 tempest-SnapshotsActionsTest-1012026309 None] Fetching qemu-img info with special backing_file_template: (/opt/stack/data/cinder/mnt/[0-9a-f]+/)?(volume-a7c8242d-9af0-4dd9-9774-71c646a96af7(.(tmp-snap-)?[0-9a-f-]+)?|volume_from_snapshot_cache/(tmp-snap-)?[0-9a-f-]+(.(child-|parent-)[0-9a-f-]+)?)$ {{(pid=91867) _qemu_img_info_base /opt/stack/cinder/cinder/volume/drivers/remotefs.py:896}}
Jun 17 14:01:08 devstack cinder-volume[91867]: DEBUG oslo_concurrency.processutils [None req-d188ec0d-023d-4e16-9533-81a072da7ae1 tempest-SnapshotsActionsTest-1012026309 None] Running cmd (subprocess): sudo cinder-rootwrap /etc/cinder/rootwrap.conf qemu-img commit -d /opt/stack/data/cinder/mnt/79df375e58151a2fd03c9a902064d1d9/volume-a7c8242d-9af0-4dd9-9774-71c646a96af7.a0f0f425-311f-4d4c-8161-cb5e5f3309fe {{(pid=91867) execute /opt/stack/data/venv/lib/python3.12/site-packages/oslo_concurrency/processutils.py:440}}
Jun 17 14:01:08 devstack sudo[95503]: quobyte : PWD=/ ; USER=root ; COMMAND=/opt/stack/data/venv/bin/cinder-rootwrap /etc/cinder/rootwrap.conf qemu-img commit -d /opt/stack/data/cinder/mnt/79df375e58151a2fd03c9a902064d1d9/volume-a7c8242d-9af0-4dd9-9774-71c646a96af7.a0f0f425-311f-4d4c-8161-cb5e5f3309fe
Jun 17 14:01:08 devstack sudo[95503]: pam_unix(sudo:session): session opened for user root(uid=0) by (uid=1000)
Jun 17 14:01:09 devstack sudo[95503]: pam_unix(sudo:session): session closed for user root
Jun 17 14:01:09 devstack cinder-volume[91867]: DEBUG oslo_concurrency.processutils [None req-d188ec0d-023d-4e16-9533-81a072da7ae1 tempest-SnapshotsActionsTest-1012026309 None] CMD "sudo cinder-rootwrap /etc/cinder/rootwrap.conf qemu-img commit -d /opt/stack/data/cinder/mnt/79df375e58151a2fd03c9a902064d1d9/volume-a7c8242d-9af0-4dd9-9774-71c646a96af7.a0f0f425-311f-4d4c-8161-cb5e5f3309fe" returned: 0 in 0.971s {{(pid=91867) execute /opt/stack/data/venv/lib/python3.12/site-packages/oslo_concurrency/processutils.py:468}}
Jun 17 14:01:09 devstack cinder-volume[91867]: DEBUG oslo_concurrency.processutils [None req-d188ec0d-023d-4e16-9533-81a072da7ae1 tempest-SnapshotsActionsTest-1012026309 None] Running cmd (subprocess): sudo cinder-rootwrap /etc/cinder/rootwrap.conf rm -f /opt/stack/data/cinder/mnt/79df375e58151a2fd03c9a902064d1d9/volume-a7c8242d-9af0-4dd9-9774-71c646a96af7.a0f0f425-311f-4d4c-8161-cb5e5f3309fe {{(pid=91867) execute /opt/stack/data/venv/lib/python3.12/site-packages/oslo_concurrency/processutils.py:440}}
Jun 17 14:01:09 devstack sudo[95520]: quobyte : PWD=/ ; USER=root ; COMMAND=/opt/stack/data/venv/bin/cinder-rootwrap /etc/cinder/rootwrap.conf rm -f /opt/stack/data/cinder/mnt/79df375e58151a2fd03c9a902064d1d9/volume-a7c8242d-9af0-4dd9-9774-71c646a96af7.a0f0f425-311f-4d4c-8161-cb5e5f3309fe
Jun 17 14:01:09 devstack sudo[95520]: pam_unix(sudo:session): session opened for user root(uid=0) by (uid=1000)
Jun 17 14:01:09 devstack cinder-volume[91867]: DEBUG oslo_service.periodic_task [None req-8336b4f8-e76b-4ade-a7d9-55db70658761 None None] Running periodic task VolumeManager.publish_service_capabilities {{(pid=91867) run_periodic_tasks /opt/stack/data/venv/lib/python3.12/site-packages/oslo_service/periodic_task.py:225}}
Jun 17 14:01:09 devstack cinder-volume[91867]: DEBUG oslo_concurrency.lockutils [None req-8336b4f8-e76b-4ade-a7d9-55db70658761 None None] Acquiring lock "quobyte_ensure" by "cinder.volume.drivers.quobyte.QuobyteDriver._ensure_shares_mounted" {{(pid=91867) inner /opt/stack/data/venv/lib/python3.12/site-packages/oslo_concurrency/lockutils.py:511}}
Jun 17 14:01:09 devstack cinder-volume[91867]: DEBUG oslo_concurrency.lockutils [None req-8336b4f8-e76b-4ade-a7d9-55db70658761 None None] Lock "quobyte_ensure" acquired by "cinder.volume.drivers.quobyte.QuobyteDriver._ensure_shares_mounted" :: waited 0.000s {{(pid=91867) inner /opt/stack/data/venv/lib/python3.12/site-packages/oslo_concurrency/lockutils.py:524}}
Jun 17 14:01:09 devstack cinder-volume[91867]: DEBUG cinder.volume.drivers.quobyte [None req-8336b4f8-e76b-4ade-a7d9-55db70658761 None None] Quobyte Volume URL set to: {'osci02.corp.quobyte.com/cinder-vol-f3987439-68ee-473d-acc8-770f3d8f1fcf': None} {{(pid=91867) _load_shares_config /opt/stack/cinder/cinder/volume/drivers/quobyte.py:617}}
Jun 17 14:01:09 devstack cinder-volume[91867]: DEBUG cinder.volume.drivers.quobyte [None req-8336b4f8-e76b-4ade-a7d9-55db70658761 None None] Available shares ['osci02.corp.quobyte.com/cinder-vol-f3987439-68ee-473d-acc8-770f3d8f1fcf'] {{(pid=91867) _ensure_shares_mounted /opt/stack/cinder/cinder/volume/drivers/quobyte.py:647}}
Jun 17 14:01:09 devstack cinder-volume[91867]: DEBUG oslo_concurrency.lockutils [None req-8336b4f8-e76b-4ade-a7d9-55db70658761 None None] Lock "quobyte_ensure" "released" by "cinder.volume.drivers.quobyte.QuobyteDriver._ensure_shares_mounted" :: held 0.012s {{(pid=91867) inner /opt/stack/data/venv/lib/python3.12/site-packages/oslo_concurrency/lockutils.py:543}}
Jun 17 14:01:09 devstack cinder-volume[91867]: DEBUG oslo_concurrency.processutils [None req-8336b4f8-e76b-4ade-a7d9-55db70658761 None None] Running cmd (subprocess): sudo cinder-rootwrap /etc/cinder/rootwrap.conf df --portability --block-size 1 /opt/stack/data/cinder/mnt/79df375e58151a2fd03c9a902064d1d9 {{(pid=91867) execute /opt/stack/data/venv/lib/python3.12/site-packages/oslo_concurrency/processutils.py:440}}
Jun 17 14:01:09 devstack sudo[95530]: quobyte : PWD=/ ; USER=root ; COMMAND=/opt/stack/data/venv/bin/cinder-rootwrap /etc/cinder/rootwrap.conf df --portability --block-size 1 /opt/stack/data/cinder/mnt/79df375e58151a2fd03c9a902064d1d9
Jun 17 14:01:09 devstack sudo[95530]: pam_unix(sudo:session): session opened for user root(uid=0) by (uid=1000)
Jun 17 14:01:10 devstack sudo[95520]: pam_unix(sudo:session): session closed for user root
Jun 17 14:01:10 devstack cinder-volume[91867]: DEBUG oslo_concurrency.processutils [None req-d188ec0d-023d-4e16-9533-81a072da7ae1 tempest-SnapshotsActionsTest-1012026309 None] CMD "sudo cinder-rootwrap /etc/cinder/rootwrap.conf rm -f /opt/stack/data/cinder/mnt/79df375e58151a2fd03c9a902064d1d9/volume-a7c8242d-9af0-4dd9-9774-71c646a96af7.a0f0f425-311f-4d4c-8161-cb5e5f3309fe" returned: 0 in 1.042s {{(pid=91867) execute /opt/stack/data/venv/lib/python3.12/site-packages/oslo_concurrency/processutils.py:468}}
Jun 17 14:01:10 devstack cinder-volume[91867]: DEBUG cinder.coordination [None req-d188ec0d-023d-4e16-9533-81a072da7ae1 tempest-SnapshotsActionsTest-1012026309 None] Lock "cinder-quobyte-a0f0f425-311f-4d4c-8161-cb5e5f3309fe" released by "_delete_snapshot" :: held 3.896s {{(pid=91867) __release /opt/stack/cinder/cinder/coordination.py:152}}
Jun 17 14:01:10 devstack cinder-volume[91867]: DEBUG cinder.coordination [None req-d188ec0d-023d-4e16-9533-81a072da7ae1 tempest-SnapshotsActionsTest-1012026309 None] Lock "cinder-quobyte-a7c8242d-9af0-4dd9-9774-71c646a96af7" released by "delete_snapshot" :: held 3.952s {{(pid=91867) __release /opt/stack/cinder/cinder/coordination.py:152}}
Jun 17 14:01:10 devstack cinder-volume[91867]: WARNING cinder.quota [None req-d188ec0d-023d-4e16-9533-81a072da7ae1 tempest-SnapshotsActionsTest-1012026309 None] Deprecated: Default quota for resource: snapshots_QuobyteHD is set by the default quota flag: quota_snapshots_QuobyteHD, it is now deprecated. Please use the default quota class for default quota.
Jun 17 14:01:10 devstack cinder-volume[91867]: DEBUG cinder.quota [None req-d188ec0d-023d-4e16-9533-81a072da7ae1 tempest-SnapshotsActionsTest-1012026309 None] Created reservations ['323e5ed5-68dd-49bb-835b-33da02e52e77', '0c19341f-a979-48b5-9229-8c4698222683', 'b0104006-a090-45e9-b812-2b8363af5446', 'afef25c0-c17d-4dc1-a95b-53c24274921d'] {{(pid=91867) reserve /opt/stack/cinder/cinder/quota.py:752}}
Jun 17 14:01:10 devstack cinder-volume[91867]: INFO cinder.volume.manager [None req-d188ec0d-023d-4e16-9533-81a072da7ae1 tempest-SnapshotsActionsTest-1012026309 None] Delete snapshot completed successfully.
Jun 17 14:01:10 devstack cinder-volume[91867]: DEBUG cinder.coordination [None req-d188ec0d-023d-4e16-9533-81a072da7ae1 tempest-SnapshotsActionsTest-1012026309 None] Lock "cinder-a0f0f425-311f-4d4c-8161-cb5e5f3309fe-delete_snapshot" released by "delete_snapshot" :: held 4.181s {{(pid=91867) __release /opt/stack/cinder/cinder/coordination.py:152}}
Jun 17 14:01:10 devstack sudo[95530]: pam_unix(sudo:session): session closed for user root
Jun 17 14:01:10 devstack cinder-volume[91867]: DEBUG oslo_concurrency.processutils [None req-8336b4f8-e76b-4ade-a7d9-55db70658761 None None] CMD "sudo cinder-rootwrap /etc/cinder/rootwrap.conf df --portability --block-size 1 /opt/stack/data/cinder/mnt/79df375e58151a2fd03c9a902064d1d9" returned: 0 in 0.819s {{(pid=91867) execute /opt/stack/data/venv/lib/python3.12/site-packages/oslo_concurrency/processutils.py:468}}
Jun 17 14:01:10 devstack cinder-volume[91867]: DEBUG cinder.manager [None req-8336b4f8-e76b-4ade-a7d9-55db70658761 None None] Notifying Schedulers of capabilities ... {{(pid=91867) _publish_service_capabilities /opt/stack/cinder/cinder/manager.py:219}}
Jun 17 14:01:10 devstack cinder-volume[91867]: DEBUG oslo_service.periodic_task [None req-8336b4f8-e76b-4ade-a7d9-55db70658761 None None] Running periodic task VolumeManager._thread_info {{(pid=91867) run_periodic_tasks /opt/stack/data/venv/lib/python3.12/site-packages/oslo_service/periodic_task.py:225}}
Jun 17 14:01:10 devstack cinder-volume[91867]: DEBUG cinder.volume.manager [None req-8336b4f8-e76b-4ade-a7d9-55db70658761 None None] thread count: 8 {{(pid=91867) _thread_info /opt/stack/cinder/cinder/volume/manager.py:5472}}
Jun 17 14:01:10 devstack cinder-volume[91867]: DEBUG cinder.volume.manager [None req-8336b4f8-e76b-4ade-a7d9-55db70658761 None None] thread info: [<_MainThread(MainThread, started 135282011517056)>, , , , , , , ] {{(pid=91867) _thread_info /opt/stack/cinder/cinder/volume/manager.py:5473}}
Jun 17 14:01:11 devstack cinder-volume[91867]: DEBUG oslo_concurrency.lockutils [None req-b7b94077-90d2-48bc-b906-c2286a8f2188 tempest-SnapshotsActionsTest-119766606 None] Acquiring lock "quobyte" by "cinder.volume.drivers.quobyte.QuobyteDriver.create_snapshot" {{(pid=91867) inner /opt/stack/data/venv/lib/python3.12/site-packages/oslo_concurrency/lockutils.py:511}}
Jun 17 14:01:11 devstack cinder-volume[91867]: DEBUG oslo_concurrency.lockutils [None req-b7b94077-90d2-48bc-b906-c2286a8f2188 tempest-SnapshotsActionsTest-119766606 None] Lock "quobyte" acquired by "cinder.volume.drivers.quobyte.QuobyteDriver.create_snapshot" :: waited 0.001s {{(pid=91867) inner /opt/stack/data/venv/lib/python3.12/site-packages/oslo_concurrency/lockutils.py:524}}
Jun 17 14:01:11 devstack cinder-volume[91867]: DEBUG cinder.volume.drivers.remotefs [None req-b7b94077-90d2-48bc-b906-c2286a8f2188 tempest-SnapshotsActionsTest-119766606 None] Creating offline snapshot 93b734ef-2f98-4980-92e5-488f0e29d732 of volume a7c8242d-9af0-4dd9-9774-71c646a96af7 {{(pid=91867) _create_snapshot /opt/stack/cinder/cinder/volume/drivers/remotefs.py:1816}}
Jun 17 14:01:11 devstack cinder-volume[91867]: DEBUG oslo.privsep.daemon [-] privsep: reply[0d8338e9-ce35-46de-a90d-52a5f4dbc2c9]: (4, 'qcow2') {{(pid=93345) _call_back /opt/stack/data/venv/lib/python3.12/site-packages/oslo_privsep/daemon.py:580}}
Jun 17 14:01:11 devstack cinder-volume[91867]: DEBUG oslo_concurrency.processutils [None req-b7b94077-90d2-48bc-b906-c2286a8f2188 tempest-SnapshotsActionsTest-119766606 None] Running cmd (subprocess): /opt/stack/data/venv/bin/python3.12 -m oslo_concurrency.prlimit --as=1073741824 --cpu=60 -- sudo cinder-rootwrap /etc/cinder/rootwrap.conf env LC_ALL=C qemu-img info -f qcow2 --output=json --force-share /opt/stack/data/cinder/mnt/79df375e58151a2fd03c9a902064d1d9/volume-a7c8242d-9af0-4dd9-9774-71c646a96af7.6a0f7a36-f5c8-45c6-9e9f-1c2fb0216947 {{(pid=91867) execute /opt/stack/data/venv/lib/python3.12/site-packages/oslo_concurrency/processutils.py:440}}
Jun 17 14:01:11 devstack sudo[95605]: quobyte : PWD=/ ; USER=root ; COMMAND=/opt/stack/data/venv/bin/cinder-rootwrap /etc/cinder/rootwrap.conf env LC_ALL=C qemu-img info -f qcow2 --output=json --force-share /opt/stack/data/cinder/mnt/79df375e58151a2fd03c9a902064d1d9/volume-a7c8242d-9af0-4dd9-9774-71c646a96af7.6a0f7a36-f5c8-45c6-9e9f-1c2fb0216947
Jun 17 14:01:11 devstack sudo[95605]: pam_unix(sudo:session): session opened for user root(uid=0) by (uid=1000)
Jun 17 14:01:12 devstack sudo[95605]: pam_unix(sudo:session): session closed for user root
Jun 17 14:01:12 devstack cinder-volume[91867]: DEBUG oslo_concurrency.processutils [None req-b7b94077-90d2-48bc-b906-c2286a8f2188 tempest-SnapshotsActionsTest-119766606 None] CMD "/opt/stack/data/venv/bin/python3.12 -m oslo_concurrency.prlimit --as=1073741824 --cpu=60 -- sudo cinder-rootwrap /etc/cinder/rootwrap.conf env LC_ALL=C qemu-img info -f qcow2 --output=json --force-share /opt/stack/data/cinder/mnt/79df375e58151a2fd03c9a902064d1d9/volume-a7c8242d-9af0-4dd9-9774-71c646a96af7.6a0f7a36-f5c8-45c6-9e9f-1c2fb0216947" returned: 0 in 0.913s {{(pid=91867) execute /opt/stack/data/venv/lib/python3.12/site-packages/oslo_concurrency/processutils.py:468}}
Jun 17 14:01:12 devstack cinder-volume[91867]: DEBUG cinder.volume.drivers.remotefs [None req-b7b94077-90d2-48bc-b906-c2286a8f2188 tempest-SnapshotsActionsTest-119766606 None] Fetching qemu-img info with special backing_file_template: (/opt/stack/data/cinder/mnt/[0-9a-f]+/)?(volume-a7c8242d-9af0-4dd9-9774-71c646a96af7(.(tmp-snap-)?[0-9a-f-]+)?|volume_from_snapshot_cache/(tmp-snap-)?[0-9a-f-]+(.(child-|parent-)[0-9a-f-]+)?)$ {{(pid=91867) _qemu_img_info_base /opt/stack/cinder/cinder/volume/drivers/remotefs.py:896}}
Jun 17 14:01:12 devstack cinder-volume[91867]: DEBUG oslo_concurrency.processutils [None req-b7b94077-90d2-48bc-b906-c2286a8f2188 tempest-SnapshotsActionsTest-119766606 None] Running cmd (subprocess): sudo cinder-rootwrap /etc/cinder/rootwrap.conf qemu-img create -f qcow2 -o backing_file=/opt/stack/data/cinder/mnt/79df375e58151a2fd03c9a902064d1d9/volume-a7c8242d-9af0-4dd9-9774-71c646a96af7.6a0f7a36-f5c8-45c6-9e9f-1c2fb0216947,backing_fmt=qcow2 /opt/stack/data/cinder/mnt/79df375e58151a2fd03c9a902064d1d9/volume-a7c8242d-9af0-4dd9-9774-71c646a96af7.93b734ef-2f98-4980-92e5-488f0e29d732 1G {{(pid=91867) execute /opt/stack/data/venv/lib/python3.12/site-packages/oslo_concurrency/processutils.py:440}}
Jun 17 14:01:12 devstack sudo[95611]: quobyte : PWD=/ ; USER=root ; COMMAND=/opt/stack/data/venv/bin/cinder-rootwrap /etc/cinder/rootwrap.conf qemu-img create -f qcow2 -o backing_file=/opt/stack/data/cinder/mnt/79df375e58151a2fd03c9a902064d1d9/volume-a7c8242d-9af0-4dd9-9774-71c646a96af7.6a0f7a36-f5c8-45c6-9e9f-1c2fb0216947,backing_fmt=qcow2 /opt/stack/data/cinder/mnt/79df375e58151a2fd03c9a902064d1d9/volume-a7c8242d-9af0-4dd9-9774-71c646a96af7.93b734ef-2f98-4980-92e5-488f0e29d732 1G
Jun 17 14:01:12 devstack sudo[95611]: pam_unix(sudo:session): session opened for user root(uid=0) by (uid=1000)
Jun 17 14:01:13 devstack sudo[95611]: pam_unix(sudo:session): session closed for user root
Jun 17 14:01:13 devstack cinder-volume[91867]: DEBUG oslo_concurrency.processutils [None req-b7b94077-90d2-48bc-b906-c2286a8f2188 tempest-SnapshotsActionsTest-119766606 None] CMD "sudo cinder-rootwrap /etc/cinder/rootwrap.conf qemu-img create -f qcow2 -o backing_file=/opt/stack/data/cinder/mnt/79df375e58151a2fd03c9a902064d1d9/volume-a7c8242d-9af0-4dd9-9774-71c646a96af7.6a0f7a36-f5c8-45c6-9e9f-1c2fb0216947,backing_fmt=qcow2 /opt/stack/data/cinder/mnt/79df375e58151a2fd03c9a902064d1d9/volume-a7c8242d-9af0-4dd9-9774-71c646a96af7.93b734ef-2f98-4980-92e5-488f0e29d732 1G" returned: 0 in 1.443s {{(pid=91867) execute /opt/stack/data/venv/lib/python3.12/site-packages/oslo_concurrency/processutils.py:468}}
Jun 17 14:01:13 devstack cinder-volume[91867]: DEBUG oslo_concurrency.processutils [None req-b7b94077-90d2-48bc-b906-c2286a8f2188 tempest-SnapshotsActionsTest-119766606 None] Running cmd (subprocess): sudo cinder-rootwrap /etc/cinder/rootwrap.conf qemu-img rebase -u -b volume-a7c8242d-9af0-4dd9-9774-71c646a96af7.6a0f7a36-f5c8-45c6-9e9f-1c2fb0216947 -F qcow2 /opt/stack/data/cinder/mnt/79df375e58151a2fd03c9a902064d1d9/volume-a7c8242d-9af0-4dd9-9774-71c646a96af7.93b734ef-2f98-4980-92e5-488f0e29d732 {{(pid=91867) execute /opt/stack/data/venv/lib/python3.12/site-packages/oslo_concurrency/processutils.py:440}}
Jun 17 14:01:13 devstack sudo[95972]: quobyte : PWD=/ ; USER=root ; COMMAND=/opt/stack/data/venv/bin/cinder-rootwrap /etc/cinder/rootwrap.conf qemu-img rebase -u -b volume-a7c8242d-9af0-4dd9-9774-71c646a96af7.6a0f7a36-f5c8-45c6-9e9f-1c2fb0216947 -F qcow2 /opt/stack/data/cinder/mnt/79df375e58151a2fd03c9a902064d1d9/volume-a7c8242d-9af0-4dd9-9774-71c646a96af7.93b734ef-2f98-4980-92e5-488f0e29d732
Jun 17 14:01:13 devstack sudo[95972]: pam_unix(sudo:session): session opened for user root(uid=0) by (uid=1000)
Jun 17 14:01:14 devstack sudo[95972]: pam_unix(sudo:session): session closed for user root
Jun 17 14:01:14 devstack cinder-volume[91867]: DEBUG oslo_concurrency.processutils [None req-b7b94077-90d2-48bc-b906-c2286a8f2188 tempest-SnapshotsActionsTest-119766606 None] CMD "sudo cinder-rootwrap /etc/cinder/rootwrap.conf qemu-img rebase -u -b volume-a7c8242d-9af0-4dd9-9774-71c646a96af7.6a0f7a36-f5c8-45c6-9e9f-1c2fb0216947 -F qcow2 /opt/stack/data/cinder/mnt/79df375e58151a2fd03c9a902064d1d9/volume-a7c8242d-9af0-4dd9-9774-71c646a96af7.93b734ef-2f98-4980-92e5-488f0e29d732" returned: 0 in 1.058s {{(pid=91867) execute /opt/stack/data/venv/lib/python3.12/site-packages/oslo_concurrency/processutils.py:468}}
Jun 17 14:01:14 devstack cinder-volume[91867]: WARNING cinder.volume.drivers.remotefs [None req-b7b94077-90d2-48bc-b906-c2286a8f2188 tempest-SnapshotsActionsTest-119766606 None] /opt/stack/data/cinder/mnt/79df375e58151a2fd03c9a902064d1d9/volume-a7c8242d-9af0-4dd9-9774-71c646a96af7.93b734ef-2f98-4980-92e5-488f0e29d732 is being set with open permissions: ugo+rw
Jun 17 14:01:14 devstack cinder-volume[91867]: DEBUG oslo_concurrency.processutils [None req-b7b94077-90d2-48bc-b906-c2286a8f2188 tempest-SnapshotsActionsTest-119766606 None] Running cmd (subprocess): sudo cinder-rootwrap /etc/cinder/rootwrap.conf chmod ugo+rw /opt/stack/data/cinder/mnt/79df375e58151a2fd03c9a902064d1d9/volume-a7c8242d-9af0-4dd9-9774-71c646a96af7.93b734ef-2f98-4980-92e5-488f0e29d732 {{(pid=91867) execute /opt/stack/data/venv/lib/python3.12/site-packages/oslo_concurrency/processutils.py:440}}
Jun 17 14:01:14 devstack sudo[95981]: quobyte : PWD=/ ; USER=root ; COMMAND=/opt/stack/data/venv/bin/cinder-rootwrap /etc/cinder/rootwrap.conf chmod ugo+rw /opt/stack/data/cinder/mnt/79df375e58151a2fd03c9a902064d1d9/volume-a7c8242d-9af0-4dd9-9774-71c646a96af7.93b734ef-2f98-4980-92e5-488f0e29d732
Jun 17 14:01:14 devstack sudo[95981]: pam_unix(sudo:session): session opened for user root(uid=0) by (uid=1000)
Jun 17 14:01:15 devstack sudo[95981]: pam_unix(sudo:session): session closed for user root
Jun 17 14:01:15 devstack cinder-volume[91867]: DEBUG oslo_concurrency.processutils [None req-b7b94077-90d2-48bc-b906-c2286a8f2188 tempest-SnapshotsActionsTest-119766606 None] CMD "sudo cinder-rootwrap /etc/cinder/rootwrap.conf chmod ugo+rw /opt/stack/data/cinder/mnt/79df375e58151a2fd03c9a902064d1d9/volume-a7c8242d-9af0-4dd9-9774-71c646a96af7.93b734ef-2f98-4980-92e5-488f0e29d732" returned: 0 in 1.173s {{(pid=91867) execute /opt/stack/data/venv/lib/python3.12/site-packages/oslo_concurrency/processutils.py:468}}
Jun 17 14:01:16 devstack cinder-volume[91867]: DEBUG oslo_concurrency.lockutils [None req-b7b94077-90d2-48bc-b906-c2286a8f2188 tempest-SnapshotsActionsTest-119766606 None] Lock "quobyte" "released" by "cinder.volume.drivers.quobyte.QuobyteDriver.create_snapshot" :: held 4.820s {{(pid=91867) inner /opt/stack/data/venv/lib/python3.12/site-packages/oslo_concurrency/lockutils.py:543}}
Jun 17 14:01:16 devstack cinder-volume[91867]: INFO cinder.volume.manager [None req-b7b94077-90d2-48bc-b906-c2286a8f2188 tempest-SnapshotsActionsTest-119766606 None] Create snapshot completed successfully
Jun 17 14:01:16 devstack cinder-volume[91867]: DEBUG cinder.coordination [None req-a152e051-2c55-4d22-bed3-9019e21e9b77 tempest-SnapshotsActionsTest-1012026309 None] Acquiring lock "cinder-93b734ef-2f98-4980-92e5-488f0e29d732-delete_snapshot" by "delete_snapshot" {{(pid=91867) __acquire /opt/stack/cinder/cinder/coordination.py:138}}
Jun 17 14:01:16 devstack cinder-volume[91867]: DEBUG cinder.coordination [None req-a152e051-2c55-4d22-bed3-9019e21e9b77 tempest-SnapshotsActionsTest-1012026309 None] Lock "cinder-93b734ef-2f98-4980-92e5-488f0e29d732-delete_snapshot" acquired by "delete_snapshot" :: waited 0.030s {{(pid=91867) __acquire /opt/stack/cinder/cinder/coordination.py:141}}
Jun 17 14:01:16 devstack cinder-volume[91867]: DEBUG cinder.coordination [None req-a152e051-2c55-4d22-bed3-9019e21e9b77 tempest-SnapshotsActionsTest-1012026309 None] Acquiring lock "cinder-quobyte-a7c8242d-9af0-4dd9-9774-71c646a96af7" by "delete_snapshot" {{(pid=91867) __acquire /opt/stack/cinder/cinder/coordination.py:138}}
Jun 17 14:01:16 devstack cinder-volume[91867]: DEBUG cinder.coordination [None req-a152e051-2c55-4d22-bed3-9019e21e9b77 tempest-SnapshotsActionsTest-1012026309 None] Lock "cinder-quobyte-a7c8242d-9af0-4dd9-9774-71c646a96af7" acquired by "delete_snapshot" :: waited 0.037s {{(pid=91867) __acquire /opt/stack/cinder/cinder/coordination.py:141}}
Jun 17 14:01:16 devstack cinder-volume[91867]: DEBUG cinder.coordination [None req-a152e051-2c55-4d22-bed3-9019e21e9b77 tempest-SnapshotsActionsTest-1012026309 None] Acquiring lock "cinder-quobyte-93b734ef-2f98-4980-92e5-488f0e29d732" by "_delete_snapshot" {{(pid=91867) __acquire /opt/stack/cinder/cinder/coordination.py:138}}
Jun 17 14:01:16 devstack cinder-volume[91867]: DEBUG cinder.coordination [None req-a152e051-2c55-4d22-bed3-9019e21e9b77 tempest-SnapshotsActionsTest-1012026309 None] Lock "cinder-quobyte-93b734ef-2f98-4980-92e5-488f0e29d732" acquired by "_delete_snapshot" :: waited 0.030s {{(pid=91867) __acquire /opt/stack/cinder/cinder/coordination.py:141}}
Jun 17 14:01:16 devstack cinder-volume[91867]: DEBUG cinder.volume.drivers.remotefs [None req-a152e051-2c55-4d22-bed3-9019e21e9b77 tempest-SnapshotsActionsTest-1012026309 None] Deleting offline snapshot 93b734ef-2f98-4980-92e5-488f0e29d732 of volume a7c8242d-9af0-4dd9-9774-71c646a96af7 {{(pid=91867) _delete_snapshot /opt/stack/cinder/cinder/volume/drivers/remotefs.py:1288}}
Jun 17 14:01:16 devstack cinder-volume[91867]: DEBUG cinder.volume.drivers.remotefs [None req-a152e051-2c55-4d22-bed3-9019e21e9b77 tempest-SnapshotsActionsTest-1012026309 None] snapshot_file for this snap is: volume-a7c8242d-9af0-4dd9-9774-71c646a96af7.93b734ef-2f98-4980-92e5-488f0e29d732 {{(pid=91867) _delete_snapshot /opt/stack/cinder/cinder/volume/drivers/remotefs.py:1317}}
Jun 17 14:01:16 devstack cinder-volume[91867]: DEBUG oslo.privsep.daemon [-] privsep: reply[0477a737-c374-41f0-8394-a46ecdde8b98]: (4, 'qcow2') {{(pid=93345) _call_back /opt/stack/data/venv/lib/python3.12/site-packages/oslo_privsep/daemon.py:580}}
Jun 17 14:01:16 devstack cinder-volume[91867]: DEBUG oslo_concurrency.processutils [None req-a152e051-2c55-4d22-bed3-9019e21e9b77 tempest-SnapshotsActionsTest-1012026309 None] Running cmd (subprocess): /opt/stack/data/venv/bin/python3.12 -m oslo_concurrency.prlimit --as=1073741824 --cpu=60 -- sudo cinder-rootwrap /etc/cinder/rootwrap.conf env LC_ALL=C qemu-img info -f qcow2 --output=json --force-share /opt/stack/data/cinder/mnt/79df375e58151a2fd03c9a902064d1d9/volume-a7c8242d-9af0-4dd9-9774-71c646a96af7.93b734ef-2f98-4980-92e5-488f0e29d732 {{(pid=91867) execute /opt/stack/data/venv/lib/python3.12/site-packages/oslo_concurrency/processutils.py:440}}
Jun 17 14:01:17 devstack sudo[95985]: quobyte : PWD=/ ; USER=root ; COMMAND=/opt/stack/data/venv/bin/cinder-rootwrap /etc/cinder/rootwrap.conf env LC_ALL=C qemu-img info -f qcow2 --output=json --force-share /opt/stack/data/cinder/mnt/79df375e58151a2fd03c9a902064d1d9/volume-a7c8242d-9af0-4dd9-9774-71c646a96af7.93b734ef-2f98-4980-92e5-488f0e29d732
Jun 17 14:01:17 devstack sudo[95985]: pam_unix(sudo:session): session opened for user root(uid=0) by (uid=1000)
Jun 17 14:01:18 devstack sudo[95985]: pam_unix(sudo:session): session closed for user root
Jun 17 14:01:18 devstack cinder-volume[91867]: DEBUG oslo_concurrency.processutils [None req-a152e051-2c55-4d22-bed3-9019e21e9b77 tempest-SnapshotsActionsTest-1012026309 None] CMD "/opt/stack/data/venv/bin/python3.12 -m oslo_concurrency.prlimit --as=1073741824 --cpu=60 -- sudo cinder-rootwrap /etc/cinder/rootwrap.conf env LC_ALL=C qemu-img info -f qcow2 --output=json --force-share /opt/stack/data/cinder/mnt/79df375e58151a2fd03c9a902064d1d9/volume-a7c8242d-9af0-4dd9-9774-71c646a96af7.93b734ef-2f98-4980-92e5-488f0e29d732" returned: 0 in 1.135s {{(pid=91867) execute /opt/stack/data/venv/lib/python3.12/site-packages/oslo_concurrency/processutils.py:468}}
Jun 17 14:01:18 devstack cinder-volume[91867]: DEBUG cinder.volume.drivers.remotefs [None req-a152e051-2c55-4d22-bed3-9019e21e9b77 tempest-SnapshotsActionsTest-1012026309 None] Fetching qemu-img info with special backing_file_template: (/opt/stack/data/cinder/mnt/[0-9a-f]+/)?(volume-a7c8242d-9af0-4dd9-9774-71c646a96af7(.(tmp-snap-)?[0-9a-f-]+)?|volume_from_snapshot_cache/(tmp-snap-)?[0-9a-f-]+(.(child-|parent-)[0-9a-f-]+)?)$ {{(pid=91867) _qemu_img_info_base /opt/stack/cinder/cinder/volume/drivers/remotefs.py:896}}
Jun 17 14:01:18 devstack cinder-volume[91867]: DEBUG oslo.privsep.daemon [-] privsep: reply[ba188141-9be2-4876-9ba3-6ebf9f7a0898]: (4, 'qcow2') {{(pid=93345) _call_back /opt/stack/data/venv/lib/python3.12/site-packages/oslo_privsep/daemon.py:580}}
Jun 17 14:01:18 devstack cinder-volume[91867]: DEBUG oslo_concurrency.processutils [None req-a152e051-2c55-4d22-bed3-9019e21e9b77 tempest-SnapshotsActionsTest-1012026309 None] Running cmd (subprocess): /opt/stack/data/venv/bin/python3.12 -m oslo_concurrency.prlimit --as=1073741824 --cpu=60 -- sudo cinder-rootwrap /etc/cinder/rootwrap.conf env LC_ALL=C qemu-img info -f qcow2 --output=json --force-share /opt/stack/data/cinder/mnt/79df375e58151a2fd03c9a902064d1d9/volume-a7c8242d-9af0-4dd9-9774-71c646a96af7.6a0f7a36-f5c8-45c6-9e9f-1c2fb0216947 {{(pid=91867) execute /opt/stack/data/venv/lib/python3.12/site-packages/oslo_concurrency/processutils.py:440}}
Jun 17 14:01:18 devstack sudo[95990]: quobyte : PWD=/ ; USER=root ; COMMAND=/opt/stack/data/venv/bin/cinder-rootwrap /etc/cinder/rootwrap.conf env LC_ALL=C qemu-img info -f qcow2 --output=json --force-share /opt/stack/data/cinder/mnt/79df375e58151a2fd03c9a902064d1d9/volume-a7c8242d-9af0-4dd9-9774-71c646a96af7.6a0f7a36-f5c8-45c6-9e9f-1c2fb0216947
Jun 17 14:01:18 devstack sudo[95990]: pam_unix(sudo:session): session opened for user root(uid=0) by (uid=1000)
Jun 17 14:01:19 devstack sudo[95990]: pam_unix(sudo:session): session closed for user root
Jun 17 14:01:19 devstack cinder-volume[91867]: DEBUG oslo_concurrency.processutils [None req-a152e051-2c55-4d22-bed3-9019e21e9b77 tempest-SnapshotsActionsTest-1012026309 None] CMD "/opt/stack/data/venv/bin/python3.12 -m oslo_concurrency.prlimit --as=1073741824 --cpu=60 -- sudo cinder-rootwrap /etc/cinder/rootwrap.conf env LC_ALL=C qemu-img info -f qcow2 --output=json --force-share /opt/stack/data/cinder/mnt/79df375e58151a2fd03c9a902064d1d9/volume-a7c8242d-9af0-4dd9-9774-71c646a96af7.6a0f7a36-f5c8-45c6-9e9f-1c2fb0216947" returned: 0 in 1.141s {{(pid=91867) execute /opt/stack/data/venv/lib/python3.12/site-packages/oslo_concurrency/processutils.py:468}}
Jun 17 14:01:19 devstack cinder-volume[91867]: DEBUG cinder.volume.drivers.remotefs [None req-a152e051-2c55-4d22-bed3-9019e21e9b77 tempest-SnapshotsActionsTest-1012026309 None] Fetching qemu-img info with special backing_file_template: (/opt/stack/data/cinder/mnt/[0-9a-f]+/)?(volume-a7c8242d-9af0-4dd9-9774-71c646a96af7(.(tmp-snap-)?[0-9a-f-]+)?|volume_from_snapshot_cache/(tmp-snap-)?[0-9a-f-]+(.(child-|parent-)[0-9a-f-]+)?)$ {{(pid=91867) _qemu_img_info_base /opt/stack/cinder/cinder/volume/drivers/remotefs.py:896}}
Jun 17 14:01:19 devstack cinder-volume[91867]: DEBUG oslo_concurrency.processutils [None req-a152e051-2c55-4d22-bed3-9019e21e9b77 tempest-SnapshotsActionsTest-1012026309 None] Running cmd (subprocess): sudo cinder-rootwrap /etc/cinder/rootwrap.conf qemu-img commit -d /opt/stack/data/cinder/mnt/79df375e58151a2fd03c9a902064d1d9/volume-a7c8242d-9af0-4dd9-9774-71c646a96af7.93b734ef-2f98-4980-92e5-488f0e29d732 {{(pid=91867) execute /opt/stack/data/venv/lib/python3.12/site-packages/oslo_concurrency/processutils.py:440}}
Jun 17 14:01:19 devstack sudo[95995]: quobyte : PWD=/ ; USER=root ; COMMAND=/opt/stack/data/venv/bin/cinder-rootwrap /etc/cinder/rootwrap.conf qemu-img commit -d /opt/stack/data/cinder/mnt/79df375e58151a2fd03c9a902064d1d9/volume-a7c8242d-9af0-4dd9-9774-71c646a96af7.93b734ef-2f98-4980-92e5-488f0e29d732
Jun 17 14:01:19 devstack sudo[95995]: pam_unix(sudo:session): session opened for user root(uid=0) by (uid=1000)
Jun 17 14:01:20 devstack sudo[95995]: pam_unix(sudo:session): session closed for user root
Jun 17 14:01:20 devstack cinder-volume[91867]: DEBUG oslo_concurrency.processutils [None req-a152e051-2c55-4d22-bed3-9019e21e9b77 tempest-SnapshotsActionsTest-1012026309 None] CMD "sudo cinder-rootwrap /etc/cinder/rootwrap.conf qemu-img commit -d /opt/stack/data/cinder/mnt/79df375e58151a2fd03c9a902064d1d9/volume-a7c8242d-9af0-4dd9-9774-71c646a96af7.93b734ef-2f98-4980-92e5-488f0e29d732" returned: 0 in 1.161s {{(pid=91867) execute /opt/stack/data/venv/lib/python3.12/site-packages/oslo_concurrency/processutils.py:468}}
Jun 17 14:01:20 devstack cinder-volume[91867]: DEBUG oslo_concurrency.processutils [None req-a152e051-2c55-4d22-bed3-9019e21e9b77 tempest-SnapshotsActionsTest-1012026309 None] Running cmd (subprocess): sudo cinder-rootwrap /etc/cinder/rootwrap.conf rm -f /opt/stack/data/cinder/mnt/79df375e58151a2fd03c9a902064d1d9/volume-a7c8242d-9af0-4dd9-9774-71c646a96af7.93b734ef-2f98-4980-92e5-488f0e29d732 {{(pid=91867) execute /opt/stack/data/venv/lib/python3.12/site-packages/oslo_concurrency/processutils.py:440}}
Jun 17 14:01:20 devstack sudo[96000]: quobyte : PWD=/ ; USER=root ; COMMAND=/opt/stack/data/venv/bin/cinder-rootwrap /etc/cinder/rootwrap.conf rm -f /opt/stack/data/cinder/mnt/79df375e58151a2fd03c9a902064d1d9/volume-a7c8242d-9af0-4dd9-9774-71c646a96af7.93b734ef-2f98-4980-92e5-488f0e29d732
Jun 17 14:01:20 devstack sudo[96000]: pam_unix(sudo:session): session opened for user root(uid=0) by (uid=1000)
Jun 17 14:01:21 devstack sudo[96000]: pam_unix(sudo:session): session closed for user root
Jun 17 14:01:21 devstack cinder-volume[91867]: DEBUG oslo_concurrency.processutils [None req-a152e051-2c55-4d22-bed3-9019e21e9b77 tempest-SnapshotsActionsTest-1012026309 None] CMD "sudo cinder-rootwrap /etc/cinder/rootwrap.conf rm -f /opt/stack/data/cinder/mnt/79df375e58151a2fd03c9a902064d1d9/volume-a7c8242d-9af0-4dd9-9774-71c646a96af7.93b734ef-2f98-4980-92e5-488f0e29d732" returned: 0 in 1.073s {{(pid=91867) execute /opt/stack/data/venv/lib/python3.12/site-packages/oslo_concurrency/processutils.py:468}}
Jun 17 14:01:21 devstack cinder-volume[91867]: DEBUG cinder.coordination [None req-a152e051-2c55-4d22-bed3-9019e21e9b77 tempest-SnapshotsActionsTest-1012026309 None] Lock "cinder-quobyte-93b734ef-2f98-4980-92e5-488f0e29d732" released by "_delete_snapshot" :: held 4.662s {{(pid=91867) __release /opt/stack/cinder/cinder/coordination.py:152}}
Jun 17 14:01:21 devstack cinder-volume[91867]: DEBUG cinder.coordination [None req-a152e051-2c55-4d22-bed3-9019e21e9b77 tempest-SnapshotsActionsTest-1012026309 None] Lock "cinder-quobyte-a7c8242d-9af0-4dd9-9774-71c646a96af7" released by "delete_snapshot" :: held 4.706s {{(pid=91867) __release /opt/stack/cinder/cinder/coordination.py:152}}
Jun 17 14:01:21 devstack cinder-volume[91867]: DEBUG dbcounter [-] [91867] Writing DB stats cinder:SELECT=52,cinder:UPDATE=39,cinder:INSERT=7,cinder:DELETE=4 {{(pid=91867) stat_writer /opt/stack/data/venv/lib/python3.12/site-packages/dbcounter.py:115}}
Jun 17 14:01:21 devstack cinder-volume[91867]: DEBUG dbcounter [-] [91867] Writing DB stats cinder:SELECT=55,cinder:UPDATE=40,cinder:INSERT=9,cinder:DELETE=3 {{(pid=91867) stat_writer /opt/stack/data/venv/lib/python3.12/site-packages/dbcounter.py:115}}
Jun 17 14:01:21 devstack cinder-volume[91867]: DEBUG cinder.quota [None req-a152e051-2c55-4d22-bed3-9019e21e9b77 tempest-SnapshotsActionsTest-1012026309 None] Created reservations ['fe8c7503-1198-4696-ab85-eb3c14d418dd', 'bdec8dab-09f2-4879-9bb4-986a366d6cfb', '50128c28-f455-4d0b-87cb-10d32b4a9d81', '9be5e6b3-49e6-4e15-8d69-4a5c22e2f0c0'] {{(pid=91867) reserve /opt/stack/cinder/cinder/quota.py:752}}
Jun 17 14:01:21 devstack cinder-volume[91867]: INFO cinder.volume.manager [None req-a152e051-2c55-4d22-bed3-9019e21e9b77 tempest-SnapshotsActionsTest-1012026309 None] Delete snapshot completed successfully.
Jun 17 14:01:21 devstack cinder-volume[91867]: DEBUG cinder.coordination [None req-a152e051-2c55-4d22-bed3-9019e21e9b77 tempest-SnapshotsActionsTest-1012026309 None] Lock "cinder-93b734ef-2f98-4980-92e5-488f0e29d732-delete_snapshot" released by "delete_snapshot" :: held 4.953s {{(pid=91867) __release /opt/stack/cinder/cinder/coordination.py:152}}
Jun 17 14:01:22 devstack cinder-volume[91867]: DEBUG oslo_concurrency.lockutils [None req-076af978-549f-4751-9880-a6522499a63b tempest-SnapshotsActionsTest-119766606 None] Acquiring lock "quobyte" by "cinder.volume.drivers.quobyte.QuobyteDriver.create_snapshot" {{(pid=91867) inner /opt/stack/data/venv/lib/python3.12/site-packages/oslo_concurrency/lockutils.py:511}}
