Jan 30 11:37:00 devstack cinder-volume[82976]: DEBUG cinder.volume.drivers.remotefs [None req-28208ae1-9afe-4954-8b16-e706e76e5186 tempest-SnapshotsActionsTest-1790314647 None] snapshot_file for this snap is: volume-35e2e9fb-1dc3-41cc-bf62-e81bd76f44c4.91291d71-7393-45ff-b5de-7765a03ca7e7 {{(pid=82976) _delete_snapshot /opt/stack/cinder/cinder/volume/drivers/remotefs.py:1319}}
Jan 30 11:37:00 devstack cinder-volume[82976]: DEBUG oslo.privsep.daemon [-] privsep: reply[f4a9c6a8-a3f7-40bb-a612-7c9521731489]: (4, 'qcow2') {{(pid=83780) _call_back /opt/stack/data/venv/lib/python3.10/site-packages/oslo_privsep/daemon.py:515}}
Jan 30 11:37:00 devstack cinder-volume[82976]: DEBUG oslo_concurrency.processutils [None req-28208ae1-9afe-4954-8b16-e706e76e5186 tempest-SnapshotsActionsTest-1790314647 None] Running cmd (subprocess): /opt/stack/data/venv/bin/python3.10 -m oslo_concurrency.prlimit --as=1073741824 --cpu=60 -- sudo cinder-rootwrap /etc/cinder/rootwrap.conf env LC_ALL=C qemu-img info -f qcow2 --output=json --force-share /opt/stack/data/cinder/mnt/7c9bcd4678232b1e89237e510464f8f1/volume-35e2e9fb-1dc3-41cc-bf62-e81bd76f44c4.91291d71-7393-45ff-b5de-7765a03ca7e7 {{(pid=82976) execute /opt/stack/data/venv/lib/python3.10/site-packages/oslo_concurrency/processutils.py:368}}
Jan 30 11:37:00 devstack sudo[96102]: quobyte : PWD=/ ; USER=root ; COMMAND=/opt/stack/data/venv/bin/cinder-rootwrap /etc/cinder/rootwrap.conf env LC_ALL=C qemu-img info -f qcow2 --output=json --force-share /opt/stack/data/cinder/mnt/7c9bcd4678232b1e89237e510464f8f1/volume-35e2e9fb-1dc3-41cc-bf62-e81bd76f44c4.91291d71-7393-45ff-b5de-7765a03ca7e7
Jan 30 11:37:00 devstack sudo[96102]: pam_unix(sudo:session): session opened for user root(uid=0) by (uid=1000)
Jan 30 11:37:00 devstack sudo[96102]: pam_unix(sudo:session): session closed for user root
Jan 30 11:37:00 devstack cinder-volume[82976]: DEBUG oslo_concurrency.processutils [None req-28208ae1-9afe-4954-8b16-e706e76e5186 tempest-SnapshotsActionsTest-1790314647 None] CMD "/opt/stack/data/venv/bin/python3.10 -m oslo_concurrency.prlimit --as=1073741824 --cpu=60 -- sudo cinder-rootwrap /etc/cinder/rootwrap.conf env LC_ALL=C qemu-img info -f qcow2 --output=json --force-share /opt/stack/data/cinder/mnt/7c9bcd4678232b1e89237e510464f8f1/volume-35e2e9fb-1dc3-41cc-bf62-e81bd76f44c4.91291d71-7393-45ff-b5de-7765a03ca7e7" returned: 0 in 0.847s {{(pid=82976) execute /opt/stack/data/venv/lib/python3.10/site-packages/oslo_concurrency/processutils.py:396}}
Jan 30 11:37:00 devstack cinder-volume[82976]: DEBUG cinder.volume.drivers.remotefs [None req-28208ae1-9afe-4954-8b16-e706e76e5186 tempest-SnapshotsActionsTest-1790314647 None] Fetching qemu-img info with special backing_file_template: (/opt/stack/data/cinder/mnt/[0-9a-f]+/)?(volume-35e2e9fb-1dc3-41cc-bf62-e81bd76f44c4(.(tmp-snap-)?[0-9a-f-]+)?|volume_from_snapshot_cache/(tmp-snap-)?[0-9a-f-]+(.(child-|parent-)[0-9a-f-]+)?)$ {{(pid=82976) _qemu_img_info_base /opt/stack/cinder/cinder/volume/drivers/remotefs.py:898}}
Jan 30 11:37:00 devstack cinder-volume[82976]: DEBUG oslo.privsep.daemon [-] privsep: reply[2f5883a6-8a61-4dc9-b4a0-3a77225e72c0]: (4, 'qcow2') {{(pid=83780) _call_back /opt/stack/data/venv/lib/python3.10/site-packages/oslo_privsep/daemon.py:515}}
Jan 30 11:37:00 devstack cinder-volume[82976]: DEBUG oslo_concurrency.processutils [None req-28208ae1-9afe-4954-8b16-e706e76e5186 tempest-SnapshotsActionsTest-1790314647 None] Running cmd (subprocess): /opt/stack/data/venv/bin/python3.10 -m oslo_concurrency.prlimit --as=1073741824 --cpu=60 -- sudo cinder-rootwrap /etc/cinder/rootwrap.conf env LC_ALL=C qemu-img info -f qcow2 --output=json --force-share /opt/stack/data/cinder/mnt/7c9bcd4678232b1e89237e510464f8f1/volume-35e2e9fb-1dc3-41cc-bf62-e81bd76f44c4.48d2c35d-07ed-46c1-a243-9a6ae8eb33d9 {{(pid=82976) execute /opt/stack/data/venv/lib/python3.10/site-packages/oslo_concurrency/processutils.py:368}}
Jan 30 11:37:01 devstack sudo[96109]: quobyte : PWD=/ ; USER=root ; COMMAND=/opt/stack/data/venv/bin/cinder-rootwrap /etc/cinder/rootwrap.conf env LC_ALL=C qemu-img info -f qcow2 --output=json --force-share /opt/stack/data/cinder/mnt/7c9bcd4678232b1e89237e510464f8f1/volume-35e2e9fb-1dc3-41cc-bf62-e81bd76f44c4.48d2c35d-07ed-46c1-a243-9a6ae8eb33d9
Jan 30 11:37:01 devstack sudo[96109]: pam_unix(sudo:session): session opened for user root(uid=0) by (uid=1000)
Jan 30 11:37:01 devstack sudo[96109]: pam_unix(sudo:session): session closed for user root
Jan 30 11:37:01 devstack cinder-volume[82976]: DEBUG oslo_concurrency.processutils [None req-28208ae1-9afe-4954-8b16-e706e76e5186 tempest-SnapshotsActionsTest-1790314647 None] CMD "/opt/stack/data/venv/bin/python3.10 -m oslo_concurrency.prlimit --as=1073741824 --cpu=60 -- sudo cinder-rootwrap /etc/cinder/rootwrap.conf env LC_ALL=C qemu-img info -f qcow2 --output=json --force-share /opt/stack/data/cinder/mnt/7c9bcd4678232b1e89237e510464f8f1/volume-35e2e9fb-1dc3-41cc-bf62-e81bd76f44c4.48d2c35d-07ed-46c1-a243-9a6ae8eb33d9" returned: 0 in 0.748s {{(pid=82976) execute /opt/stack/data/venv/lib/python3.10/site-packages/oslo_concurrency/processutils.py:396}}
Jan 30 11:37:01 devstack cinder-volume[82976]: DEBUG cinder.volume.drivers.remotefs [None req-28208ae1-9afe-4954-8b16-e706e76e5186 tempest-SnapshotsActionsTest-1790314647 None] Fetching qemu-img info with special backing_file_template: (/opt/stack/data/cinder/mnt/[0-9a-f]+/)?(volume-35e2e9fb-1dc3-41cc-bf62-e81bd76f44c4(.(tmp-snap-)?[0-9a-f-]+)?|volume_from_snapshot_cache/(tmp-snap-)?[0-9a-f-]+(.(child-|parent-)[0-9a-f-]+)?)$ {{(pid=82976) _qemu_img_info_base /opt/stack/cinder/cinder/volume/drivers/remotefs.py:898}}
Jan 30 11:37:01 devstack cinder-volume[82976]: DEBUG oslo_concurrency.processutils [None req-28208ae1-9afe-4954-8b16-e706e76e5186 tempest-SnapshotsActionsTest-1790314647 None] Running cmd (subprocess): sudo cinder-rootwrap /etc/cinder/rootwrap.conf qemu-img commit -d /opt/stack/data/cinder/mnt/7c9bcd4678232b1e89237e510464f8f1/volume-35e2e9fb-1dc3-41cc-bf62-e81bd76f44c4.91291d71-7393-45ff-b5de-7765a03ca7e7 {{(pid=82976) execute /opt/stack/data/venv/lib/python3.10/site-packages/oslo_concurrency/processutils.py:368}}
Jan 30 11:37:01 devstack sudo[96118]: quobyte : PWD=/ ; USER=root ; COMMAND=/opt/stack/data/venv/bin/cinder-rootwrap /etc/cinder/rootwrap.conf qemu-img commit -d /opt/stack/data/cinder/mnt/7c9bcd4678232b1e89237e510464f8f1/volume-35e2e9fb-1dc3-41cc-bf62-e81bd76f44c4.91291d71-7393-45ff-b5de-7765a03ca7e7
Jan 30 11:37:01 devstack sudo[96118]: pam_unix(sudo:session): session opened for user root(uid=0) by (uid=1000)
Jan 30 11:37:02 devstack cinder-volume[82976]: DEBUG oslo_concurrency.lockutils [req-74cb6fe6-de7d-4b91-9b0c-9950a8a3a4c9 req-eab48531-255d-4bd1-8bf3-2685508ae38b tempest-ServerRescueNegativeTestJSON-1515296458 None] Acquiring lock "quobyte" by "cinder.volume.drivers.quobyte.QuobyteDriver.initialize_connection" {{(pid=82976) inner /opt/stack/data/venv/lib/python3.10/site-packages/oslo_concurrency/lockutils.py:506}}
Jan 30 11:37:02 devstack cinder-volume[82976]: DEBUG oslo_concurrency.lockutils [req-74cb6fe6-de7d-4b91-9b0c-9950a8a3a4c9 req-eab48531-255d-4bd1-8bf3-2685508ae38b tempest-ServerRescueNegativeTestJSON-1515296458 None] Lock "quobyte" acquired by "cinder.volume.drivers.quobyte.QuobyteDriver.initialize_connection" :: waited 0.001s {{(pid=82976) inner /opt/stack/data/venv/lib/python3.10/site-packages/oslo_concurrency/lockutils.py:519}}
Jan 30 11:37:02 devstack cinder-volume[82976]: DEBUG oslo.privsep.daemon [-] privsep: reply[0b497623-42e2-49e3-8cca-b34b38a8c15b]: (4, 'qcow2') {{(pid=83780) _call_back /opt/stack/data/venv/lib/python3.10/site-packages/oslo_privsep/daemon.py:515}}
Jan 30 11:37:02 devstack cinder-volume[82976]: DEBUG oslo_concurrency.processutils [req-74cb6fe6-de7d-4b91-9b0c-9950a8a3a4c9 req-eab48531-255d-4bd1-8bf3-2685508ae38b tempest-ServerRescueNegativeTestJSON-1515296458 None] Running cmd (subprocess): /opt/stack/data/venv/bin/python3.10 -m oslo_concurrency.prlimit --as=1073741824 --cpu=60 -- sudo cinder-rootwrap /etc/cinder/rootwrap.conf env LC_ALL=C qemu-img info -f qcow2 --output=json --force-share /opt/stack/data/cinder/mnt/7c9bcd4678232b1e89237e510464f8f1/volume-b4e6f302-4c1d-4970-a7ef-81bee741e169 {{(pid=82976) execute /opt/stack/data/venv/lib/python3.10/site-packages/oslo_concurrency/processutils.py:368}}
Jan 30 11:37:02 devstack sudo[96118]: pam_unix(sudo:session): session closed for user root
Jan 30 11:37:02 devstack cinder-volume[82976]: DEBUG oslo_concurrency.processutils [None req-28208ae1-9afe-4954-8b16-e706e76e5186 tempest-SnapshotsActionsTest-1790314647 None] CMD "sudo cinder-rootwrap /etc/cinder/rootwrap.conf qemu-img commit -d /opt/stack/data/cinder/mnt/7c9bcd4678232b1e89237e510464f8f1/volume-35e2e9fb-1dc3-41cc-bf62-e81bd76f44c4.91291d71-7393-45ff-b5de-7765a03ca7e7" returned: 0 in 0.635s {{(pid=82976) execute /opt/stack/data/venv/lib/python3.10/site-packages/oslo_concurrency/processutils.py:396}}
Jan 30 11:37:02 devstack cinder-volume[82976]: DEBUG oslo_concurrency.processutils [None req-28208ae1-9afe-4954-8b16-e706e76e5186 tempest-SnapshotsActionsTest-1790314647 None] Running cmd (subprocess): sudo cinder-rootwrap /etc/cinder/rootwrap.conf rm -f /opt/stack/data/cinder/mnt/7c9bcd4678232b1e89237e510464f8f1/volume-35e2e9fb-1dc3-41cc-bf62-e81bd76f44c4.91291d71-7393-45ff-b5de-7765a03ca7e7 {{(pid=82976) execute /opt/stack/data/venv/lib/python3.10/site-packages/oslo_concurrency/processutils.py:368}}
Jan 30 11:37:02 devstack sudo[96147]: quobyte : PWD=/ ; USER=root ; COMMAND=/opt/stack/data/venv/bin/cinder-rootwrap /etc/cinder/rootwrap.conf rm -f /opt/stack/data/cinder/mnt/7c9bcd4678232b1e89237e510464f8f1/volume-35e2e9fb-1dc3-41cc-bf62-e81bd76f44c4.91291d71-7393-45ff-b5de-7765a03ca7e7
Jan 30 11:37:02 devstack sudo[96147]: pam_unix(sudo:session): session opened for user root(uid=0) by (uid=1000)
Jan 30 11:37:02 devstack sudo[96129]: quobyte : PWD=/ ; USER=root ; COMMAND=/opt/stack/data/venv/bin/cinder-rootwrap /etc/cinder/rootwrap.conf env LC_ALL=C qemu-img info -f qcow2 --output=json --force-share /opt/stack/data/cinder/mnt/7c9bcd4678232b1e89237e510464f8f1/volume-b4e6f302-4c1d-4970-a7ef-81bee741e169
Jan 30 11:37:02 devstack sudo[96129]: pam_unix(sudo:session): session opened for user root(uid=0) by (uid=1000)
Jan 30 11:37:03 devstack sudo[96129]: pam_unix(sudo:session): session closed for user root
Jan 30 11:37:03 devstack cinder-volume[82976]: DEBUG oslo_concurrency.processutils [req-74cb6fe6-de7d-4b91-9b0c-9950a8a3a4c9 req-eab48531-255d-4bd1-8bf3-2685508ae38b tempest-ServerRescueNegativeTestJSON-1515296458 None] CMD "/opt/stack/data/venv/bin/python3.10 -m oslo_concurrency.prlimit --as=1073741824 --cpu=60 -- sudo cinder-rootwrap /etc/cinder/rootwrap.conf env LC_ALL=C qemu-img info -f qcow2 --output=json --force-share /opt/stack/data/cinder/mnt/7c9bcd4678232b1e89237e510464f8f1/volume-b4e6f302-4c1d-4970-a7ef-81bee741e169" returned: 0 in 0.911s {{(pid=82976) execute /opt/stack/data/venv/lib/python3.10/site-packages/oslo_concurrency/processutils.py:396}}
Jan 30 11:37:03 devstack cinder-volume[82976]: DEBUG oslo_concurrency.lockutils [req-74cb6fe6-de7d-4b91-9b0c-9950a8a3a4c9 req-eab48531-255d-4bd1-8bf3-2685508ae38b tempest-ServerRescueNegativeTestJSON-1515296458 None] Lock "quobyte" "released" by "cinder.volume.drivers.quobyte.QuobyteDriver.initialize_connection" :: held 0.921s {{(pid=82976) inner /opt/stack/data/venv/lib/python3.10/site-packages/oslo_concurrency/lockutils.py:538}}
Jan 30 11:37:03 devstack cinder-volume[82976]: DEBUG cinder.volume.manager [req-74cb6fe6-de7d-4b91-9b0c-9950a8a3a4c9 req-eab48531-255d-4bd1-8bf3-2685508ae38b tempest-ServerRescueNegativeTestJSON-1515296458 None] Connection info returned from driver {'export': 'osci02.corp.quobyte.com/cinder-vol-e6b6771a-fb73-4704-87f7-c468ffd231d8', 'name': 'volume-b4e6f302-4c1d-4970-a7ef-81bee741e169', 'options': None, 'format': 'qcow2', 'qos_specs': None, 'access_mode': 'rw', 'encrypted': False, 'cacheable': False, 'driver_volume_type': 'quobyte', 'mount_point_base': '/opt/stack/data/cinder/mnt', 'attachment_id': '30096aef-ad33-4444-8e32-7485092ac386', 'enforce_multipath': True} {{(pid=82976) _connection_create /opt/stack/cinder/cinder/volume/manager.py:4893}}
Jan 30 11:37:03 devstack cinder-volume[82976]: WARNING cinder.volume.volume_utils [req-74cb6fe6-de7d-4b91-9b0c-9950a8a3a4c9 req-eab48531-255d-4bd1-8bf3-2685508ae38b tempest-ServerRescueNegativeTestJSON-1515296458 None] Volume driver (QuobyteDriver 1.1.14) is currently unsupported and may be removed in the next release of OpenStack. Use at your own risk.
Jan 30 11:37:03 devstack cinder-volume[82976]: INFO cinder.volume.manager [req-74cb6fe6-de7d-4b91-9b0c-9950a8a3a4c9 req-eab48531-255d-4bd1-8bf3-2685508ae38b tempest-ServerRescueNegativeTestJSON-1515296458 None] attachment_update completed successfully.
Jan 30 11:37:03 devstack sudo[96147]: pam_unix(sudo:session): session closed for user root
Jan 30 11:37:03 devstack cinder-volume[82976]: DEBUG oslo_concurrency.processutils [None req-28208ae1-9afe-4954-8b16-e706e76e5186 tempest-SnapshotsActionsTest-1790314647 None] CMD "sudo cinder-rootwrap /etc/cinder/rootwrap.conf rm -f /opt/stack/data/cinder/mnt/7c9bcd4678232b1e89237e510464f8f1/volume-35e2e9fb-1dc3-41cc-bf62-e81bd76f44c4.91291d71-7393-45ff-b5de-7765a03ca7e7" returned: 0 in 0.803s {{(pid=82976) execute /opt/stack/data/venv/lib/python3.10/site-packages/oslo_concurrency/processutils.py:396}}
Jan 30 11:37:03 devstack cinder-volume[82976]: DEBUG cinder.coordination [None req-28208ae1-9afe-4954-8b16-e706e76e5186 tempest-SnapshotsActionsTest-1790314647 None] Lock "cinder-quobyte-91291d71-7393-45ff-b5de-7765a03ca7e7" released by "_delete_snapshot" :: held 3.186s {{(pid=82976) __release /opt/stack/cinder/cinder/coordination.py:157}}
Jan 30 11:37:03 devstack cinder-volume[82976]: DEBUG cinder.coordination [None req-28208ae1-9afe-4954-8b16-e706e76e5186 tempest-SnapshotsActionsTest-1790314647 None] Lock "cinder-quobyte-35e2e9fb-1dc3-41cc-bf62-e81bd76f44c4" released by "delete_snapshot" :: held 3.215s {{(pid=82976) __release /opt/stack/cinder/cinder/coordination.py:157}}
Jan 30 11:37:03 devstack cinder-volume[82976]: WARNING cinder.quota [None req-28208ae1-9afe-4954-8b16-e706e76e5186 tempest-SnapshotsActionsTest-1790314647 None] Deprecated: Default quota for resource: snapshots_QuobyteHD is set by the default quota flag: quota_snapshots_QuobyteHD, it is now deprecated. Please use the default quota class for default quota.
Jan 30 11:37:03 devstack cinder-volume[82976]: DEBUG cinder.quota [None req-28208ae1-9afe-4954-8b16-e706e76e5186 tempest-SnapshotsActionsTest-1790314647 None] Created reservations ['8e9cb3ad-bd10-4f08-b50f-f21c18bdd808', '8ea38c4b-a835-4346-a3ab-cf319811ffad', 'cd1cd07f-9643-41fc-9621-d88e5b252cd3', '127fbedd-7cb5-4604-b159-60038284f5dc'] {{(pid=82976) reserve /opt/stack/cinder/cinder/quota.py:752}}
Jan 30 11:37:03 devstack cinder-volume[82976]: INFO cinder.volume.manager [None req-28208ae1-9afe-4954-8b16-e706e76e5186 tempest-SnapshotsActionsTest-1790314647 None] Delete snapshot completed successfully.
Jan 30 11:37:03 devstack cinder-volume[82976]: DEBUG cinder.coordination [None req-28208ae1-9afe-4954-8b16-e706e76e5186 tempest-SnapshotsActionsTest-1790314647 None] Lock "cinder-91291d71-7393-45ff-b5de-7765a03ca7e7-delete_snapshot" released by "delete_snapshot" :: held 3.307s {{(pid=82976) __release /opt/stack/cinder/cinder/coordination.py:157}}
Jan 30 11:37:04 devstack cinder-volume[82976]: WARNING cinder.volume.volume_utils [None req-f424d01b-14f1-41e7-a5bf-8a4367bd1d05 tempest-SnapshotsActionsTest-407425288 None] Volume driver (QuobyteDriver 1.1.14) is currently unsupported and may be removed in the next release of OpenStack. Use at your own risk.
Jan 30 11:37:04 devstack cinder-volume[82976]: DEBUG oslo_concurrency.lockutils [None req-f424d01b-14f1-41e7-a5bf-8a4367bd1d05 tempest-SnapshotsActionsTest-407425288 None] Acquiring lock "quobyte" by "cinder.volume.drivers.quobyte.QuobyteDriver.create_snapshot" {{(pid=82976) inner /opt/stack/data/venv/lib/python3.10/site-packages/oslo_concurrency/lockutils.py:506}}
Jan 30 11:37:04 devstack cinder-volume[82976]: DEBUG oslo_concurrency.lockutils [None req-f424d01b-14f1-41e7-a5bf-8a4367bd1d05 tempest-SnapshotsActionsTest-407425288 None] Lock "quobyte" acquired by "cinder.volume.drivers.quobyte.QuobyteDriver.create_snapshot" :: waited 0.000s {{(pid=82976) inner /opt/stack/data/venv/lib/python3.10/site-packages/oslo_concurrency/lockutils.py:519}}
Jan 30 11:37:04 devstack cinder-volume[82976]: DEBUG cinder.volume.drivers.remotefs [None req-f424d01b-14f1-41e7-a5bf-8a4367bd1d05 tempest-SnapshotsActionsTest-407425288 None] Creating offline snapshot aba67f93-5486-4712-8fc0-9732248c0dd4 of volume 35e2e9fb-1dc3-41cc-bf62-e81bd76f44c4 {{(pid=82976) _create_snapshot /opt/stack/cinder/cinder/volume/drivers/remotefs.py:1817}}
Jan 30 11:37:04 devstack cinder-volume[82976]: DEBUG oslo.privsep.daemon [-] privsep: reply[c47b5b98-dde3-4ab1-af87-5e96213fa5d7]: (4, 'qcow2') {{(pid=83780) _call_back /opt/stack/data/venv/lib/python3.10/site-packages/oslo_privsep/daemon.py:515}}
Jan 30 11:37:04 devstack cinder-volume[82976]: DEBUG oslo_concurrency.processutils [None req-f424d01b-14f1-41e7-a5bf-8a4367bd1d05 tempest-SnapshotsActionsTest-407425288 None] Running cmd (subprocess): /opt/stack/data/venv/bin/python3.10 -m oslo_concurrency.prlimit --as=1073741824 --cpu=60 -- sudo cinder-rootwrap /etc/cinder/rootwrap.conf env LC_ALL=C qemu-img info -f qcow2 --output=json --force-share /opt/stack/data/cinder/mnt/7c9bcd4678232b1e89237e510464f8f1/volume-35e2e9fb-1dc3-41cc-bf62-e81bd76f44c4.48d2c35d-07ed-46c1-a243-9a6ae8eb33d9 {{(pid=82976) execute /opt/stack/data/venv/lib/python3.10/site-packages/oslo_concurrency/processutils.py:368}}
Jan 30 11:37:04 devstack sudo[96195]: quobyte : PWD=/ ; USER=root ; COMMAND=/opt/stack/data/venv/bin/cinder-rootwrap /etc/cinder/rootwrap.conf env LC_ALL=C qemu-img info -f qcow2 --output=json --force-share /opt/stack/data/cinder/mnt/7c9bcd4678232b1e89237e510464f8f1/volume-35e2e9fb-1dc3-41cc-bf62-e81bd76f44c4.48d2c35d-07ed-46c1-a243-9a6ae8eb33d9
Jan 30 11:37:04 devstack sudo[96195]: pam_unix(sudo:session): session opened for user root(uid=0) by (uid=1000)
Jan 30 11:37:05 devstack sudo[96195]: pam_unix(sudo:session): session closed for user root
Jan 30 11:37:05 devstack cinder-volume[82976]: DEBUG oslo_concurrency.processutils [None req-f424d01b-14f1-41e7-a5bf-8a4367bd1d05 tempest-SnapshotsActionsTest-407425288 None] CMD "/opt/stack/data/venv/bin/python3.10 -m oslo_concurrency.prlimit --as=1073741824 --cpu=60 -- sudo cinder-rootwrap /etc/cinder/rootwrap.conf env LC_ALL=C qemu-img info -f qcow2 --output=json --force-share /opt/stack/data/cinder/mnt/7c9bcd4678232b1e89237e510464f8f1/volume-35e2e9fb-1dc3-41cc-bf62-e81bd76f44c4.48d2c35d-07ed-46c1-a243-9a6ae8eb33d9" returned: 0 in 1.128s {{(pid=82976) execute /opt/stack/data/venv/lib/python3.10/site-packages/oslo_concurrency/processutils.py:396}}
Jan 30 11:37:05 devstack cinder-volume[82976]: DEBUG cinder.volume.drivers.remotefs [None req-f424d01b-14f1-41e7-a5bf-8a4367bd1d05 tempest-SnapshotsActionsTest-407425288 None] Fetching qemu-img info with special backing_file_template: (/opt/stack/data/cinder/mnt/[0-9a-f]+/)?(volume-35e2e9fb-1dc3-41cc-bf62-e81bd76f44c4(.(tmp-snap-)?[0-9a-f-]+)?|volume_from_snapshot_cache/(tmp-snap-)?[0-9a-f-]+(.(child-|parent-)[0-9a-f-]+)?)$ {{(pid=82976) _qemu_img_info_base /opt/stack/cinder/cinder/volume/drivers/remotefs.py:898}}
Jan 30 11:37:05 devstack cinder-volume[82976]: DEBUG oslo_concurrency.processutils [None req-f424d01b-14f1-41e7-a5bf-8a4367bd1d05 tempest-SnapshotsActionsTest-407425288 None] Running cmd (subprocess): sudo cinder-rootwrap /etc/cinder/rootwrap.conf qemu-img create -f qcow2 -o backing_file=/opt/stack/data/cinder/mnt/7c9bcd4678232b1e89237e510464f8f1/volume-35e2e9fb-1dc3-41cc-bf62-e81bd76f44c4.48d2c35d-07ed-46c1-a243-9a6ae8eb33d9,backing_fmt=qcow2 /opt/stack/data/cinder/mnt/7c9bcd4678232b1e89237e510464f8f1/volume-35e2e9fb-1dc3-41cc-bf62-e81bd76f44c4.aba67f93-5486-4712-8fc0-9732248c0dd4 1G {{(pid=82976) execute /opt/stack/data/venv/lib/python3.10/site-packages/oslo_concurrency/processutils.py:368}}
Jan 30 11:37:05 devstack sudo[96255]: quobyte : PWD=/ ; USER=root ; COMMAND=/opt/stack/data/venv/bin/cinder-rootwrap /etc/cinder/rootwrap.conf qemu-img create -f qcow2 -o backing_file=/opt/stack/data/cinder/mnt/7c9bcd4678232b1e89237e510464f8f1/volume-35e2e9fb-1dc3-41cc-bf62-e81bd76f44c4.48d2c35d-07ed-46c1-a243-9a6ae8eb33d9,backing_fmt=qcow2 /opt/stack/data/cinder/mnt/7c9bcd4678232b1e89237e510464f8f1/volume-35e2e9fb-1dc3-41cc-bf62-e81bd76f44c4.aba67f93-5486-4712-8fc0-9732248c0dd4 1G
Jan 30 11:37:05 devstack sudo[96255]: pam_unix(sudo:session): session opened for user root(uid=0) by (uid=1000)
Jan 30 11:37:06 devstack sudo[96255]: pam_unix(sudo:session): session closed for user root
Jan 30 11:37:06 devstack cinder-volume[82976]: DEBUG oslo_concurrency.processutils [None req-f424d01b-14f1-41e7-a5bf-8a4367bd1d05 tempest-SnapshotsActionsTest-407425288 None] CMD "sudo cinder-rootwrap /etc/cinder/rootwrap.conf qemu-img create -f qcow2 -o backing_file=/opt/stack/data/cinder/mnt/7c9bcd4678232b1e89237e510464f8f1/volume-35e2e9fb-1dc3-41cc-bf62-e81bd76f44c4.48d2c35d-07ed-46c1-a243-9a6ae8eb33d9,backing_fmt=qcow2 /opt/stack/data/cinder/mnt/7c9bcd4678232b1e89237e510464f8f1/volume-35e2e9fb-1dc3-41cc-bf62-e81bd76f44c4.aba67f93-5486-4712-8fc0-9732248c0dd4 1G" returned: 0 in 0.687s {{(pid=82976) execute /opt/stack/data/venv/lib/python3.10/site-packages/oslo_concurrency/processutils.py:396}}
Jan 30 11:37:06 devstack cinder-volume[82976]: DEBUG oslo_concurrency.processutils [None req-f424d01b-14f1-41e7-a5bf-8a4367bd1d05 tempest-SnapshotsActionsTest-407425288 None] Running cmd (subprocess): sudo cinder-rootwrap /etc/cinder/rootwrap.conf qemu-img rebase -u -b volume-35e2e9fb-1dc3-41cc-bf62-e81bd76f44c4.48d2c35d-07ed-46c1-a243-9a6ae8eb33d9 -F qcow2 /opt/stack/data/cinder/mnt/7c9bcd4678232b1e89237e510464f8f1/volume-35e2e9fb-1dc3-41cc-bf62-e81bd76f44c4.aba67f93-5486-4712-8fc0-9732248c0dd4 {{(pid=82976) execute /opt/stack/data/venv/lib/python3.10/site-packages/oslo_concurrency/processutils.py:368}}
Jan 30 11:37:06 devstack sudo[96268]: quobyte : PWD=/ ; USER=root ; COMMAND=/opt/stack/data/venv/bin/cinder-rootwrap /etc/cinder/rootwrap.conf qemu-img rebase -u -b volume-35e2e9fb-1dc3-41cc-bf62-e81bd76f44c4.48d2c35d-07ed-46c1-a243-9a6ae8eb33d9 -F qcow2 /opt/stack/data/cinder/mnt/7c9bcd4678232b1e89237e510464f8f1/volume-35e2e9fb-1dc3-41cc-bf62-e81bd76f44c4.aba67f93-5486-4712-8fc0-9732248c0dd4
Jan 30 11:37:06 devstack sudo[96268]: pam_unix(sudo:session): session opened for user root(uid=0) by (uid=1000)
Jan 30 11:37:06 devstack sudo[96268]: pam_unix(sudo:session): session closed for user root
Jan 30 11:37:06 devstack cinder-volume[82976]: DEBUG oslo_concurrency.processutils [None req-f424d01b-14f1-41e7-a5bf-8a4367bd1d05 tempest-SnapshotsActionsTest-407425288 None] CMD "sudo cinder-rootwrap /etc/cinder/rootwrap.conf qemu-img rebase -u -b volume-35e2e9fb-1dc3-41cc-bf62-e81bd76f44c4.48d2c35d-07ed-46c1-a243-9a6ae8eb33d9 -F qcow2 /opt/stack/data/cinder/mnt/7c9bcd4678232b1e89237e510464f8f1/volume-35e2e9fb-1dc3-41cc-bf62-e81bd76f44c4.aba67f93-5486-4712-8fc0-9732248c0dd4" returned: 0 in 0.536s {{(pid=82976) execute /opt/stack/data/venv/lib/python3.10/site-packages/oslo_concurrency/processutils.py:396}}
Jan 30 11:37:06 devstack cinder-volume[82976]: WARNING cinder.volume.drivers.remotefs [None req-f424d01b-14f1-41e7-a5bf-8a4367bd1d05 tempest-SnapshotsActionsTest-407425288 None] /opt/stack/data/cinder/mnt/7c9bcd4678232b1e89237e510464f8f1/volume-35e2e9fb-1dc3-41cc-bf62-e81bd76f44c4.aba67f93-5486-4712-8fc0-9732248c0dd4 is being set with open permissions: ugo+rw
Jan 30 11:37:06 devstack cinder-volume[82976]: DEBUG oslo_concurrency.processutils [None req-f424d01b-14f1-41e7-a5bf-8a4367bd1d05 tempest-SnapshotsActionsTest-407425288 None] Running cmd (subprocess): sudo cinder-rootwrap /etc/cinder/rootwrap.conf chmod ugo+rw /opt/stack/data/cinder/mnt/7c9bcd4678232b1e89237e510464f8f1/volume-35e2e9fb-1dc3-41cc-bf62-e81bd76f44c4.aba67f93-5486-4712-8fc0-9732248c0dd4 {{(pid=82976) execute /opt/stack/data/venv/lib/python3.10/site-packages/oslo_concurrency/processutils.py:368}}
Jan 30 11:37:06 devstack sudo[96274]: quobyte : PWD=/ ; USER=root ; COMMAND=/opt/stack/data/venv/bin/cinder-rootwrap /etc/cinder/rootwrap.conf chmod ugo+rw /opt/stack/data/cinder/mnt/7c9bcd4678232b1e89237e510464f8f1/volume-35e2e9fb-1dc3-41cc-bf62-e81bd76f44c4.aba67f93-5486-4712-8fc0-9732248c0dd4
Jan 30 11:37:06 devstack sudo[96274]: pam_unix(sudo:session): session opened for user root(uid=0) by (uid=1000)
Jan 30 11:37:07 devstack sudo[96274]: pam_unix(sudo:session): session closed for user root
Jan 30 11:37:07 devstack cinder-volume[82976]: DEBUG oslo_concurrency.processutils [None req-f424d01b-14f1-41e7-a5bf-8a4367bd1d05 tempest-SnapshotsActionsTest-407425288 None] CMD "sudo cinder-rootwrap /etc/cinder/rootwrap.conf chmod ugo+rw /opt/stack/data/cinder/mnt/7c9bcd4678232b1e89237e510464f8f1/volume-35e2e9fb-1dc3-41cc-bf62-e81bd76f44c4.aba67f93-5486-4712-8fc0-9732248c0dd4" returned: 0 in 0.451s {{(pid=82976) execute /opt/stack/data/venv/lib/python3.10/site-packages/oslo_concurrency/processutils.py:396}}
Jan 30 11:37:07 devstack cinder-volume[82976]: DEBUG oslo_concurrency.lockutils [None req-f424d01b-14f1-41e7-a5bf-8a4367bd1d05 tempest-SnapshotsActionsTest-407425288 None] Lock "quobyte" "released" by "cinder.volume.drivers.quobyte.QuobyteDriver.create_snapshot" :: held 2.892s {{(pid=82976) inner /opt/stack/data/venv/lib/python3.10/site-packages/oslo_concurrency/lockutils.py:538}}
Jan 30 11:37:07 devstack cinder-volume[82976]: INFO cinder.volume.manager [None req-f424d01b-14f1-41e7-a5bf-8a4367bd1d05 tempest-SnapshotsActionsTest-407425288 None] Create snapshot completed successfully
Jan 30 11:37:07 devstack cinder-volume[82976]: DEBUG cinder.coordination [None req-9d7e7746-393a-4e17-b464-06cc746fb903 tempest-SnapshotsActionsTest-1790314647 None] Acquiring lock "cinder-aba67f93-5486-4712-8fc0-9732248c0dd4-delete_snapshot" by "delete_snapshot" {{(pid=82976) __acquire /opt/stack/cinder/cinder/coordination.py:143}}
Jan 30 11:37:07 devstack cinder-volume[82976]: DEBUG cinder.coordination [None req-9d7e7746-393a-4e17-b464-06cc746fb903 tempest-SnapshotsActionsTest-1790314647 None] Lock "cinder-aba67f93-5486-4712-8fc0-9732248c0dd4-delete_snapshot" acquired by "delete_snapshot" :: waited 0.031s {{(pid=82976) __acquire /opt/stack/cinder/cinder/coordination.py:146}}
Jan 30 11:37:07 devstack cinder-volume[82976]: WARNING cinder.volume.volume_utils [None req-9d7e7746-393a-4e17-b464-06cc746fb903 tempest-SnapshotsActionsTest-1790314647 None] Volume driver (QuobyteDriver 1.1.14) is currently unsupported and may be removed in the next release of OpenStack. Use at your own risk.
Jan 30 11:37:07 devstack cinder-volume[82976]: DEBUG cinder.coordination [None req-9d7e7746-393a-4e17-b464-06cc746fb903 tempest-SnapshotsActionsTest-1790314647 None] Acquiring lock "cinder-quobyte-35e2e9fb-1dc3-41cc-bf62-e81bd76f44c4" by "delete_snapshot" {{(pid=82976) __acquire /opt/stack/cinder/cinder/coordination.py:143}}
Jan 30 11:37:07 devstack cinder-volume[82976]: DEBUG cinder.coordination [None req-9d7e7746-393a-4e17-b464-06cc746fb903 tempest-SnapshotsActionsTest-1790314647 None] Lock "cinder-quobyte-35e2e9fb-1dc3-41cc-bf62-e81bd76f44c4" acquired by "delete_snapshot" :: waited 0.007s {{(pid=82976) __acquire /opt/stack/cinder/cinder/coordination.py:146}}
Jan 30 11:37:07 devstack cinder-volume[82976]: DEBUG cinder.coordination [None req-9d7e7746-393a-4e17-b464-06cc746fb903 tempest-SnapshotsActionsTest-1790314647 None] Acquiring lock "cinder-quobyte-aba67f93-5486-4712-8fc0-9732248c0dd4" by "_delete_snapshot" {{(pid=82976) __acquire /opt/stack/cinder/cinder/coordination.py:143}}
Jan 30 11:37:07 devstack cinder-volume[82976]: DEBUG cinder.coordination [None req-9d7e7746-393a-4e17-b464-06cc746fb903 tempest-SnapshotsActionsTest-1790314647 None] Lock "cinder-quobyte-aba67f93-5486-4712-8fc0-9732248c0dd4" acquired by "_delete_snapshot" :: waited 0.006s {{(pid=82976) __acquire /opt/stack/cinder/cinder/coordination.py:146}}
Jan 30 11:37:07 devstack cinder-volume[82976]: DEBUG cinder.volume.drivers.remotefs [None req-9d7e7746-393a-4e17-b464-06cc746fb903 tempest-SnapshotsActionsTest-1790314647 None] Deleting offline snapshot aba67f93-5486-4712-8fc0-9732248c0dd4 of volume 35e2e9fb-1dc3-41cc-bf62-e81bd76f44c4 {{(pid=82976) _delete_snapshot /opt/stack/cinder/cinder/volume/drivers/remotefs.py:1290}}
Jan 30 11:37:07 devstack cinder-volume[82976]: DEBUG cinder.volume.drivers.remotefs [None req-9d7e7746-393a-4e17-b464-06cc746fb903 tempest-SnapshotsActionsTest-1790314647 None] snapshot_file for this snap is: volume-35e2e9fb-1dc3-41cc-bf62-e81bd76f44c4.aba67f93-5486-4712-8fc0-9732248c0dd4 {{(pid=82976) _delete_snapshot /opt/stack/cinder/cinder/volume/drivers/remotefs.py:1319}}
Jan 30 11:37:07 devstack cinder-volume[82976]: DEBUG oslo.privsep.daemon [-] privsep: reply[7bf7a930-1dd4-45e8-85f8-0747d27c0557]: (4, 'qcow2') {{(pid=83780) _call_back /opt/stack/data/venv/lib/python3.10/site-packages/oslo_privsep/daemon.py:515}}
Jan 30 11:37:07 devstack cinder-volume[82976]: DEBUG oslo_concurrency.processutils [None req-9d7e7746-393a-4e17-b464-06cc746fb903 tempest-SnapshotsActionsTest-1790314647 None] Running cmd (subprocess): /opt/stack/data/venv/bin/python3.10 -m oslo_concurrency.prlimit --as=1073741824 --cpu=60 -- sudo cinder-rootwrap /etc/cinder/rootwrap.conf env LC_ALL=C qemu-img info -f qcow2 --output=json --force-share /opt/stack/data/cinder/mnt/7c9bcd4678232b1e89237e510464f8f1/volume-35e2e9fb-1dc3-41cc-bf62-e81bd76f44c4.aba67f93-5486-4712-8fc0-9732248c0dd4 {{(pid=82976) execute /opt/stack/data/venv/lib/python3.10/site-packages/oslo_concurrency/processutils.py:368}}
Jan 30 11:37:07 devstack sudo[96277]: quobyte : PWD=/ ; USER=root ; COMMAND=/opt/stack/data/venv/bin/cinder-rootwrap /etc/cinder/rootwrap.conf env LC_ALL=C qemu-img info -f qcow2 --output=json --force-share /opt/stack/data/cinder/mnt/7c9bcd4678232b1e89237e510464f8f1/volume-35e2e9fb-1dc3-41cc-bf62-e81bd76f44c4.aba67f93-5486-4712-8fc0-9732248c0dd4
Jan 30 11:37:07 devstack sudo[96277]: pam_unix(sudo:session): session opened for user root(uid=0) by (uid=1000)
Jan 30 11:37:08 devstack sudo[96277]: pam_unix(sudo:session): session closed for user root
Jan 30 11:37:08 devstack cinder-volume[82976]: DEBUG oslo_concurrency.processutils [None req-9d7e7746-393a-4e17-b464-06cc746fb903 tempest-SnapshotsActionsTest-1790314647 None] CMD "/opt/stack/data/venv/bin/python3.10 -m oslo_concurrency.prlimit --as=1073741824 --cpu=60 -- sudo cinder-rootwrap /etc/cinder/rootwrap.conf env LC_ALL=C qemu-img info -f qcow2 --output=json --force-share /opt/stack/data/cinder/mnt/7c9bcd4678232b1e89237e510464f8f1/volume-35e2e9fb-1dc3-41cc-bf62-e81bd76f44c4.aba67f93-5486-4712-8fc0-9732248c0dd4" returned: 0 in 0.637s {{(pid=82976) execute /opt/stack/data/venv/lib/python3.10/site-packages/oslo_concurrency/processutils.py:396}}
Jan 30 11:37:08 devstack cinder-volume[82976]: DEBUG cinder.volume.drivers.remotefs [None req-9d7e7746-393a-4e17-b464-06cc746fb903 tempest-SnapshotsActionsTest-1790314647 None] Fetching qemu-img info with special backing_file_template: (/opt/stack/data/cinder/mnt/[0-9a-f]+/)?(volume-35e2e9fb-1dc3-41cc-bf62-e81bd76f44c4(.(tmp-snap-)?[0-9a-f-]+)?|volume_from_snapshot_cache/(tmp-snap-)?[0-9a-f-]+(.(child-|parent-)[0-9a-f-]+)?)$ {{(pid=82976) _qemu_img_info_base /opt/stack/cinder/cinder/volume/drivers/remotefs.py:898}}
Jan 30 11:37:08 devstack cinder-volume[82976]: DEBUG oslo.privsep.daemon [-] privsep: reply[3e2aaef1-8d98-49ae-899e-dbe85229bc1a]: (4, 'qcow2') {{(pid=83780) _call_back /opt/stack/data/venv/lib/python3.10/site-packages/oslo_privsep/daemon.py:515}}
Jan 30 11:37:08 devstack cinder-volume[82976]: DEBUG oslo_concurrency.processutils [None req-9d7e7746-393a-4e17-b464-06cc746fb903 tempest-SnapshotsActionsTest-1790314647 None] Running cmd (subprocess): /opt/stack/data/venv/bin/python3.10 -m oslo_concurrency.prlimit --as=1073741824 --cpu=60 -- sudo cinder-rootwrap /etc/cinder/rootwrap.conf env LC_ALL=C qemu-img info -f qcow2 --output=json --force-share /opt/stack/data/cinder/mnt/7c9bcd4678232b1e89237e510464f8f1/volume-35e2e9fb-1dc3-41cc-bf62-e81bd76f44c4.48d2c35d-07ed-46c1-a243-9a6ae8eb33d9 {{(pid=82976) execute /opt/stack/data/venv/lib/python3.10/site-packages/oslo_concurrency/processutils.py:368}}
Jan 30 11:37:08 devstack sudo[96282]: quobyte : PWD=/ ; USER=root ; COMMAND=/opt/stack/data/venv/bin/cinder-rootwrap /etc/cinder/rootwrap.conf env LC_ALL=C qemu-img info -f qcow2 --output=json --force-share /opt/stack/data/cinder/mnt/7c9bcd4678232b1e89237e510464f8f1/volume-35e2e9fb-1dc3-41cc-bf62-e81bd76f44c4.48d2c35d-07ed-46c1-a243-9a6ae8eb33d9
Jan 30 11:37:08 devstack sudo[96282]: pam_unix(sudo:session): session opened for user root(uid=0) by (uid=1000)
Jan 30 11:37:08 devstack sudo[96282]: pam_unix(sudo:session): session closed for user root
Jan 30 11:37:08 devstack cinder-volume[82976]: DEBUG oslo_concurrency.processutils [None req-9d7e7746-393a-4e17-b464-06cc746fb903 tempest-SnapshotsActionsTest-1790314647 None] CMD "/opt/stack/data/venv/bin/python3.10 -m oslo_concurrency.prlimit --as=1073741824 --cpu=60 -- sudo cinder-rootwrap /etc/cinder/rootwrap.conf env LC_ALL=C qemu-img info -f qcow2 --output=json --force-share /opt/stack/data/cinder/mnt/7c9bcd4678232b1e89237e510464f8f1/volume-35e2e9fb-1dc3-41cc-bf62-e81bd76f44c4.48d2c35d-07ed-46c1-a243-9a6ae8eb33d9" returned: 0 in 0.606s {{(pid=82976) execute /opt/stack/data/venv/lib/python3.10/site-packages/oslo_concurrency/processutils.py:396}}
Jan 30 11:37:08 devstack cinder-volume[82976]: DEBUG cinder.volume.drivers.remotefs [None req-9d7e7746-393a-4e17-b464-06cc746fb903 tempest-SnapshotsActionsTest-1790314647 None] Fetching qemu-img info with special backing_file_template: (/opt/stack/data/cinder/mnt/[0-9a-f]+/)?(volume-35e2e9fb-1dc3-41cc-bf62-e81bd76f44c4(.(tmp-snap-)?[0-9a-f-]+)?|volume_from_snapshot_cache/(tmp-snap-)?[0-9a-f-]+(.(child-|parent-)[0-9a-f-]+)?)$ {{(pid=82976) _qemu_img_info_base /opt/stack/cinder/cinder/volume/drivers/remotefs.py:898}}
Jan 30 11:37:08 devstack cinder-volume[82976]: DEBUG oslo_concurrency.processutils [None req-9d7e7746-393a-4e17-b464-06cc746fb903 tempest-SnapshotsActionsTest-1790314647 None] Running cmd (subprocess): sudo cinder-rootwrap /etc/cinder/rootwrap.conf qemu-img commit -d /opt/stack/data/cinder/mnt/7c9bcd4678232b1e89237e510464f8f1/volume-35e2e9fb-1dc3-41cc-bf62-e81bd76f44c4.aba67f93-5486-4712-8fc0-9732248c0dd4 {{(pid=82976) execute /opt/stack/data/venv/lib/python3.10/site-packages/oslo_concurrency/processutils.py:368}}
Jan 30 11:37:08 devstack sudo[96287]: quobyte : PWD=/ ; USER=root ; COMMAND=/opt/stack/data/venv/bin/cinder-rootwrap /etc/cinder/rootwrap.conf qemu-img commit -d /opt/stack/data/cinder/mnt/7c9bcd4678232b1e89237e510464f8f1/volume-35e2e9fb-1dc3-41cc-bf62-e81bd76f44c4.aba67f93-5486-4712-8fc0-9732248c0dd4
Jan 30 11:37:08 devstack sudo[96287]: pam_unix(sudo:session): session opened for user root(uid=0) by (uid=1000)
Jan 30 11:37:09 devstack cinder-volume[82976]: DEBUG oslo_service.periodic_task [None req-cbf97045-9d53-4211-9ae3-1ea9172749f8 None None] Running periodic task VolumeManager.publish_service_capabilities {{(pid=82976) run_periodic_tasks /opt/stack/data/venv/lib/python3.10/site-packages/oslo_service/periodic_task.py:210}}
Jan 30 11:37:09 devstack cinder-volume[82976]: DEBUG oslo_concurrency.lockutils [None req-cbf97045-9d53-4211-9ae3-1ea9172749f8 None None] Acquiring lock "quobyte_ensure" by "cinder.volume.drivers.quobyte.QuobyteDriver._ensure_shares_mounted" {{(pid=82976) inner /opt/stack/data/venv/lib/python3.10/site-packages/oslo_concurrency/lockutils.py:506}}
Jan 30 11:37:09 devstack cinder-volume[82976]: DEBUG oslo_concurrency.lockutils [None req-cbf97045-9d53-4211-9ae3-1ea9172749f8 None None] Lock "quobyte_ensure" acquired by "cinder.volume.drivers.quobyte.QuobyteDriver._ensure_shares_mounted" :: waited 0.000s {{(pid=82976) inner /opt/stack/data/venv/lib/python3.10/site-packages/oslo_concurrency/lockutils.py:519}}
Jan 30 11:37:09 devstack cinder-volume[82976]: DEBUG cinder.volume.drivers.quobyte [None req-cbf97045-9d53-4211-9ae3-1ea9172749f8 None None] Quobyte Volume URL set to: {'osci02.corp.quobyte.com/cinder-vol-e6b6771a-fb73-4704-87f7-c468ffd231d8': None} {{(pid=82976) _load_shares_config /opt/stack/cinder/cinder/volume/drivers/quobyte.py:620}}
Jan 30 11:37:09 devstack cinder-volume[82976]: DEBUG cinder.volume.drivers.quobyte [None req-cbf97045-9d53-4211-9ae3-1ea9172749f8 None None] Available shares ['osci02.corp.quobyte.com/cinder-vol-e6b6771a-fb73-4704-87f7-c468ffd231d8'] {{(pid=82976) _ensure_shares_mounted /opt/stack/cinder/cinder/volume/drivers/quobyte.py:650}}
Jan 30 11:37:09 devstack cinder-volume[82976]: DEBUG oslo_concurrency.lockutils [None req-cbf97045-9d53-4211-9ae3-1ea9172749f8 None None] Lock "quobyte_ensure" "released" by "cinder.volume.drivers.quobyte.QuobyteDriver._ensure_shares_mounted" :: held 0.005s {{(pid=82976) inner /opt/stack/data/venv/lib/python3.10/site-packages/oslo_concurrency/lockutils.py:538}}
Jan 30 11:37:09 devstack cinder-volume[82976]: DEBUG oslo_concurrency.processutils [None req-cbf97045-9d53-4211-9ae3-1ea9172749f8 None None] Running cmd (subprocess): sudo cinder-rootwrap /etc/cinder/rootwrap.conf df --portability --block-size 1 /opt/stack/data/cinder/mnt/7c9bcd4678232b1e89237e510464f8f1 {{(pid=82976) execute /opt/stack/data/venv/lib/python3.10/site-packages/oslo_concurrency/processutils.py:368}}
Jan 30 11:37:09 devstack sudo[96289]: quobyte : PWD=/ ; USER=root ; COMMAND=/opt/stack/data/venv/bin/cinder-rootwrap /etc/cinder/rootwrap.conf df --portability --block-size 1 /opt/stack/data/cinder/mnt/7c9bcd4678232b1e89237e510464f8f1
Jan 30 11:37:09 devstack sudo[96289]: pam_unix(sudo:session): session opened for user root(uid=0) by (uid=1000)
Jan 30 11:37:09 devstack sudo[96287]: pam_unix(sudo:session): session closed for user root
Jan 30 11:37:09 devstack cinder-volume[82976]: DEBUG oslo_concurrency.processutils [None req-9d7e7746-393a-4e17-b464-06cc746fb903 tempest-SnapshotsActionsTest-1790314647 None] CMD "sudo cinder-rootwrap /etc/cinder/rootwrap.conf qemu-img commit -d /opt/stack/data/cinder/mnt/7c9bcd4678232b1e89237e510464f8f1/volume-35e2e9fb-1dc3-41cc-bf62-e81bd76f44c4.aba67f93-5486-4712-8fc0-9732248c0dd4" returned: 0 in 0.707s {{(pid=82976) execute /opt/stack/data/venv/lib/python3.10/site-packages/oslo_concurrency/processutils.py:396}}
Jan 30 11:37:09 devstack cinder-volume[82976]: DEBUG oslo_concurrency.processutils [None req-9d7e7746-393a-4e17-b464-06cc746fb903 tempest-SnapshotsActionsTest-1790314647 None] Running cmd (subprocess): sudo cinder-rootwrap /etc/cinder/rootwrap.conf rm -f /opt/stack/data/cinder/mnt/7c9bcd4678232b1e89237e510464f8f1/volume-35e2e9fb-1dc3-41cc-bf62-e81bd76f44c4.aba67f93-5486-4712-8fc0-9732248c0dd4 {{(pid=82976) execute /opt/stack/data/venv/lib/python3.10/site-packages/oslo_concurrency/processutils.py:368}}
Jan 30 11:37:09 devstack sudo[96294]: quobyte : PWD=/ ; USER=root ; COMMAND=/opt/stack/data/venv/bin/cinder-rootwrap /etc/cinder/rootwrap.conf rm -f /opt/stack/data/cinder/mnt/7c9bcd4678232b1e89237e510464f8f1/volume-35e2e9fb-1dc3-41cc-bf62-e81bd76f44c4.aba67f93-5486-4712-8fc0-9732248c0dd4
Jan 30 11:37:09 devstack sudo[96294]: pam_unix(sudo:session): session opened for user root(uid=0) by (uid=1000)
Jan 30 11:37:09 devstack sudo[96289]: pam_unix(sudo:session): session closed for user root
Jan 30 11:37:09 devstack cinder-volume[82976]: DEBUG oslo_concurrency.processutils [None req-cbf97045-9d53-4211-9ae3-1ea9172749f8 None None] CMD "sudo cinder-rootwrap /etc/cinder/rootwrap.conf df --portability --block-size 1 /opt/stack/data/cinder/mnt/7c9bcd4678232b1e89237e510464f8f1" returned: 0 in 0.545s {{(pid=82976) execute /opt/stack/data/venv/lib/python3.10/site-packages/oslo_concurrency/processutils.py:396}}
Jan 30 11:37:09 devstack cinder-volume[82976]: DEBUG cinder.manager [None req-cbf97045-9d53-4211-9ae3-1ea9172749f8 None None] Notifying Schedulers of capabilities ... {{(pid=82976) _publish_service_capabilities /opt/stack/cinder/cinder/manager.py:202}}
Jan 30 11:37:10 devstack sudo[96294]: pam_unix(sudo:session): session closed for user root
Jan 30 11:37:10 devstack cinder-volume[82976]: DEBUG oslo_concurrency.processutils [None req-9d7e7746-393a-4e17-b464-06cc746fb903 tempest-SnapshotsActionsTest-1790314647 None] CMD "sudo cinder-rootwrap /etc/cinder/rootwrap.conf rm -f /opt/stack/data/cinder/mnt/7c9bcd4678232b1e89237e510464f8f1/volume-35e2e9fb-1dc3-41cc-bf62-e81bd76f44c4.aba67f93-5486-4712-8fc0-9732248c0dd4" returned: 0 in 0.463s {{(pid=82976) execute /opt/stack/data/venv/lib/python3.10/site-packages/oslo_concurrency/processutils.py:396}}
Jan 30 11:37:10 devstack cinder-volume[82976]: DEBUG cinder.coordination [None req-9d7e7746-393a-4e17-b464-06cc746fb903 tempest-SnapshotsActionsTest-1790314647 None] Lock "cinder-quobyte-aba67f93-5486-4712-8fc0-9732248c0dd4" released by "_delete_snapshot" :: held 2.484s {{(pid=82976) __release /opt/stack/cinder/cinder/coordination.py:157}}
Jan 30 11:37:10 devstack cinder-volume[82976]: DEBUG cinder.coordination [None req-9d7e7746-393a-4e17-b464-06cc746fb903 tempest-SnapshotsActionsTest-1790314647 None] Lock "cinder-quobyte-35e2e9fb-1dc3-41cc-bf62-e81bd76f44c4" released by "delete_snapshot" :: held 2.494s {{(pid=82976) __release /opt/stack/cinder/cinder/coordination.py:157}}
Jan 30 11:37:10 devstack cinder-volume[82976]: DEBUG cinder.quota [None req-9d7e7746-393a-4e17-b464-06cc746fb903 tempest-SnapshotsActionsTest-1790314647 None] Created reservations ['7a6983d5-98c0-4e00-b551-646d9d10e84f', '64eff2fe-4089-4ca0-b2ee-ecf1d4b0139f', '64b1f497-beea-4ece-90a4-29f099b2f268', '016c9a1b-c39c-47a0-b0fe-b0be954c4a4c'] {{(pid=82976) reserve /opt/stack/cinder/cinder/quota.py:752}}
Jan 30 11:37:10 devstack cinder-volume[82976]: INFO cinder.volume.manager [None req-9d7e7746-393a-4e17-b464-06cc746fb903 tempest-SnapshotsActionsTest-1790314647 None] Delete snapshot completed successfully.
Jan 30 11:37:10 devstack cinder-volume[82976]: DEBUG cinder.coordination [None req-9d7e7746-393a-4e17-b464-06cc746fb903 tempest-SnapshotsActionsTest-1790314647 None] Lock "cinder-aba67f93-5486-4712-8fc0-9732248c0dd4-delete_snapshot" released by "delete_snapshot" :: held 2.572s {{(pid=82976) __release /opt/stack/cinder/cinder/coordination.py:157}}
Jan 30 11:37:10 devstack cinder-volume[82976]: WARNING cinder.volume.volume_utils [None req-7f9048ff-56e3-4e39-97de-68f2de9276bf tempest-SnapshotsActionsTest-407425288 None] Volume driver (QuobyteDriver 1.1.14) is currently unsupported and may be removed in the next release of OpenStack. Use at your own risk.
Jan 30 11:37:10 devstack cinder-volume[82976]: DEBUG oslo_concurrency.lockutils [None req-7f9048ff-56e3-4e39-97de-68f2de9276bf tempest-SnapshotsActionsTest-407425288 None] Acquiring lock "quobyte" by "cinder.volume.drivers.quobyte.QuobyteDriver.create_snapshot" {{(pid=82976) inner /opt/stack/data/venv/lib/python3.10/site-packages/oslo_concurrency/lockutils.py:506}}
Jan 30 11:37:10 devstack cinder-volume[82976]: DEBUG oslo_concurrency.lockutils [None req-7f9048ff-56e3-4e39-97de-68f2de9276bf tempest-SnapshotsActionsTest-407425288 None] Lock "quobyte" acquired by "cinder.volume.drivers.quobyte.QuobyteDriver.create_snapshot" :: waited 0.000s {{(pid=82976) inner /opt/stack/data/venv/lib/python3.10/site-packages/oslo_concurrency/lockutils.py:519}}
Jan 30 11:37:11 devstack cinder-volume[82976]: DEBUG cinder.volume.drivers.remotefs [None req-7f9048ff-56e3-4e39-97de-68f2de9276bf tempest-SnapshotsActionsTest-407425288 None] Creating offline snapshot ea6bcaa3-a2da-494c-937e-b3e75408a1d3 of volume 35e2e9fb-1dc3-41cc-bf62-e81bd76f44c4 {{(pid=82976) _create_snapshot /opt/stack/cinder/cinder/volume/drivers/remotefs.py:1817}}
Jan 30 11:37:11 devstack cinder-volume[82976]: DEBUG oslo.privsep.daemon [-] privsep: reply[d02da0d4-76ca-44c7-a9b8-18bc9edd11be]: (4, 'qcow2') {{(pid=83780) _call_back /opt/stack/data/venv/lib/python3.10/site-packages/oslo_privsep/daemon.py:515}}
Jan 30 11:37:11 devstack cinder-volume[82976]: DEBUG oslo_concurrency.processutils [None req-7f9048ff-56e3-4e39-97de-68f2de9276bf tempest-SnapshotsActionsTest-407425288 None] Running cmd (subprocess): /opt/stack/data/venv/bin/python3.10 -m oslo_concurrency.prlimit --as=1073741824 --cpu=60 -- sudo cinder-rootwrap /etc/cinder/rootwrap.conf env LC_ALL=C qemu-img info -f qcow2 --output=json --force-share /opt/stack/data/cinder/mnt/7c9bcd4678232b1e89237e510464f8f1/volume-35e2e9fb-1dc3-41cc-bf62-e81bd76f44c4.48d2c35d-07ed-46c1-a243-9a6ae8eb33d9 {{(pid=82976) execute /opt/stack/data/venv/lib/python3.10/site-packages/oslo_concurrency/processutils.py:368}}
Jan 30 11:37:11 devstack sudo[96304]: quobyte : PWD=/ ; USER=root ; COMMAND=/opt/stack/data/venv/bin/cinder-rootwrap /etc/cinder/rootwrap.conf env LC_ALL=C qemu-img info -f qcow2 --output=json --force-share /opt/stack/data/cinder/mnt/7c9bcd4678232b1e89237e510464f8f1/volume-35e2e9fb-1dc3-41cc-bf62-e81bd76f44c4.48d2c35d-07ed-46c1-a243-9a6ae8eb33d9
Jan 30 11:37:11 devstack sudo[96304]: pam_unix(sudo:session): session opened for user root(uid=0) by (uid=1000)
Jan 30 11:37:11 devstack sudo[96304]: pam_unix(sudo:session): session closed for user root
Jan 30 11:37:11 devstack cinder-volume[82976]: DEBUG oslo_concurrency.processutils [None req-7f9048ff-56e3-4e39-97de-68f2de9276bf tempest-SnapshotsActionsTest-407425288 None] CMD "/opt/stack/data/venv/bin/python3.10 -m oslo_concurrency.prlimit --as=1073741824 --cpu=60 -- sudo cinder-rootwrap /etc/cinder/rootwrap.conf env LC_ALL=C qemu-img info -f qcow2 --output=json --force-share /opt/stack/data/cinder/mnt/7c9bcd4678232b1e89237e510464f8f1/volume-35e2e9fb-1dc3-41cc-bf62-e81bd76f44c4.48d2c35d-07ed-46c1-a243-9a6ae8eb33d9" returned: 0 in 0.576s {{(pid=82976) execute /opt/stack/data/venv/lib/python3.10/site-packages/oslo_concurrency/processutils.py:396}}
Jan 30 11:37:11 devstack cinder-volume[82976]: DEBUG cinder.volume.drivers.remotefs [None req-7f9048ff-56e3-4e39-97de-68f2de9276bf tempest-SnapshotsActionsTest-407425288 None] Fetching qemu-img info with special backing_file_template: (/opt/stack/data/cinder/mnt/[0-9a-f]+/)?(volume-35e2e9fb-1dc3-41cc-bf62-e81bd76f44c4(.(tmp-snap-)?[0-9a-f-]+)?|volume_from_snapshot_cache/(tmp-snap-)?[0-9a-f-]+(.(child-|parent-)[0-9a-f-]+)?)$ {{(pid=82976) _qemu_img_info_base /opt/stack/cinder/cinder/volume/drivers/remotefs.py:898}}
Jan 30 11:37:11 devstack cinder-volume[82976]: DEBUG oslo_concurrency.processutils [None req-7f9048ff-56e3-4e39-97de-68f2de9276bf tempest-SnapshotsActionsTest-407425288 None] Running cmd (subprocess): sudo cinder-rootwrap /etc/cinder/rootwrap.conf qemu-img create -f qcow2 -o backing_file=/opt/stack/data/cinder/mnt/7c9bcd4678232b1e89237e510464f8f1/volume-35e2e9fb-1dc3-41cc-bf62-e81bd76f44c4.48d2c35d-07ed-46c1-a243-9a6ae8eb33d9,backing_fmt=qcow2 /opt/stack/data/cinder/mnt/7c9bcd4678232b1e89237e510464f8f1/volume-35e2e9fb-1dc3-41cc-bf62-e81bd76f44c4.ea6bcaa3-a2da-494c-937e-b3e75408a1d3 1G {{(pid=82976) execute /opt/stack/data/venv/lib/python3.10/site-packages/oslo_concurrency/processutils.py:368}}
Jan 30 11:37:11 devstack sudo[96310]: quobyte : PWD=/ ; USER=root ; COMMAND=/opt/stack/data/venv/bin/cinder-rootwrap /etc/cinder/rootwrap.conf qemu-img create -f qcow2 -o backing_file=/opt/stack/data/cinder/mnt/7c9bcd4678232b1e89237e510464f8f1/volume-35e2e9fb-1dc3-41cc-bf62-e81bd76f44c4.48d2c35d-07ed-46c1-a243-9a6ae8eb33d9,backing_fmt=qcow2 /opt/stack/data/cinder/mnt/7c9bcd4678232b1e89237e510464f8f1/volume-35e2e9fb-1dc3-41cc-bf62-e81bd76f44c4.ea6bcaa3-a2da-494c-937e-b3e75408a1d3 1G
Jan 30 11:37:11 devstack sudo[96310]: pam_unix(sudo:session): session opened for user root(uid=0) by (uid=1000)
Jan 30 11:37:12 devstack sudo[96310]: pam_unix(sudo:session): session closed for user root
Jan 30 11:37:12 devstack cinder-volume[82976]: DEBUG oslo_concurrency.processutils [None req-7f9048ff-56e3-4e39-97de-68f2de9276bf tempest-SnapshotsActionsTest-407425288 None] CMD "sudo cinder-rootwrap /etc/cinder/rootwrap.conf qemu-img create -f qcow2 -o backing_file=/opt/stack/data/cinder/mnt/7c9bcd4678232b1e89237e510464f8f1/volume-35e2e9fb-1dc3-41cc-bf62-e81bd76f44c4.48d2c35d-07ed-46c1-a243-9a6ae8eb33d9,backing_fmt=qcow2 /opt/stack/data/cinder/mnt/7c9bcd4678232b1e89237e510464f8f1/volume-35e2e9fb-1dc3-41cc-bf62-e81bd76f44c4.ea6bcaa3-a2da-494c-937e-b3e75408a1d3 1G" returned: 0 in 0.903s {{(pid=82976) execute /opt/stack/data/venv/lib/python3.10/site-packages/oslo_concurrency/processutils.py:396}}
Jan 30 11:37:12 devstack cinder-volume[82976]: DEBUG oslo_concurrency.processutils [None req-7f9048ff-56e3-4e39-97de-68f2de9276bf tempest-SnapshotsActionsTest-407425288 None] Running cmd (subprocess): sudo cinder-rootwrap /etc/cinder/rootwrap.conf qemu-img rebase -u -b volume-35e2e9fb-1dc3-41cc-bf62-e81bd76f44c4.48d2c35d-07ed-46c1-a243-9a6ae8eb33d9 -F qcow2 /opt/stack/data/cinder/mnt/7c9bcd4678232b1e89237e510464f8f1/volume-35e2e9fb-1dc3-41cc-bf62-e81bd76f44c4.ea6bcaa3-a2da-494c-937e-b3e75408a1d3 {{(pid=82976) execute /opt/stack/data/venv/lib/python3.10/site-packages/oslo_concurrency/processutils.py:368}}
Jan 30 11:37:12 devstack sudo[96387]: quobyte : PWD=/ ; USER=root ; COMMAND=/opt/stack/data/venv/bin/cinder-rootwrap /etc/cinder/rootwrap.conf qemu-img rebase -u -b volume-35e2e9fb-1dc3-41cc-bf62-e81bd76f44c4.48d2c35d-07ed-46c1-a243-9a6ae8eb33d9 -F qcow2 /opt/stack/data/cinder/mnt/7c9bcd4678232b1e89237e510464f8f1/volume-35e2e9fb-1dc3-41cc-bf62-e81bd76f44c4.ea6bcaa3-a2da-494c-937e-b3e75408a1d3
Jan 30 11:37:12 devstack sudo[96387]: pam_unix(sudo:session): session opened for user root(uid=0) by (uid=1000)
Jan 30 11:37:12 devstack sudo[96387]: pam_unix(sudo:session): session closed for user root
